[INFO] fetching crate opi-sandbox 0.8.1...
[INFO] testing opi-sandbox-0.8.1 against 1.100.0-beta.1+cargoflags=--release for beta-release-1.100-2
[INFO] extracting crate opi-sandbox 0.8.1 into /workspace/builds/worker-6-tc2/source
[INFO] started tweaking crates.io crate opi-sandbox 0.8.1
[INFO] removed 0 missing tests
[INFO] finished tweaking crates.io crate opi-sandbox 0.8.1
[INFO] tweaked toml for crates.io crate opi-sandbox 0.8.1 written to /workspace/builds/worker-6-tc2/source/Cargo.toml
[INFO] validating manifest of crates.io crate opi-sandbox 0.8.1 on toolchain 1.100.0-beta.1
[INFO] running `Command { std: CARGO_HOME="/workspace/cargo-home" RUSTUP_HOME="/workspace/rustup-home" "/workspace/cargo-home/bin/cargo" "+1.100.0-beta.1" "metadata" "--manifest-path" "Cargo.toml" "--no-deps", kill_on_drop: false }`
[INFO] crate crates.io crate opi-sandbox 0.8.1 already has a lockfile, it will not be regenerated
[INFO] running `Command { std: CARGO_HOME="/workspace/cargo-home" RUSTUP_HOME="/workspace/rustup-home" "/workspace/cargo-home/bin/cargo" "+1.100.0-beta.1" "fetch" "--manifest-path" "Cargo.toml", kill_on_drop: false }`
[INFO] running `Command { std: "docker" "create" "-v" "/var/lib/crater-agent-workspace/builds/worker-6-tc2/source:/opt/rustwide/workdir:ro,Z" "-v" "/var/lib/crater-agent-workspace/builds/worker-6-tc2/target:/opt/rustwide/target:rw,Z" "-v" "/var/lib/crater-agent-workspace/cargo-home:/opt/rustwide/cargo-home:ro,Z" "-v" "/var/lib/crater-agent-workspace/rustup-home:/opt/rustwide/rustup-home:ro,Z" "-m" "1610612736" "--network" "none" "ghcr.io/rust-lang/crates-build-env/linux@sha256:77db811e55d90add9212f6832c23229e3de5f1c1f9905e8cb07319ea15df73ac" "sleep" "infinity", kill_on_drop: false }`
[INFO] [stdout] 53cb5ea1ecd6c64a373f6cc7551f468c9c3f6d6e0397693bbb521a31ba44487a
[INFO] running `Command { std: "docker" "start" "53cb5ea1ecd6c64a373f6cc7551f468c9c3f6d6e0397693bbb521a31ba44487a", kill_on_drop: false }`
[INFO] running `Command { std: "docker" "inspect" "53cb5ea1ecd6c64a373f6cc7551f468c9c3f6d6e0397693bbb521a31ba44487a", kill_on_drop: false }`
[INFO] running `Command { std: "docker" "exec" "-e" "SOURCE_DIR=/opt/rustwide/workdir" "-e" "CARGO_HOME=/opt/rustwide/cargo-home" "-e" "RUSTUP_HOME=/opt/rustwide/rustup-home" "-e" "CARGO_TARGET_DIR=/opt/rustwide/target" "-w" "/opt/rustwide/workdir" "--user" "0:0" "53cb5ea1ecd6c64a373f6cc7551f468c9c3f6d6e0397693bbb521a31ba44487a" "/opt/rustwide/cargo-home/bin/cargo" "+1.100.0-beta.1" "metadata" "--no-deps" "--format-version=1", kill_on_drop: false }`
[INFO] running `Command { std: "docker" "inspect" "53cb5ea1ecd6c64a373f6cc7551f468c9c3f6d6e0397693bbb521a31ba44487a", kill_on_drop: false }`
[INFO] running `Command { std: "docker" "exec" "-e" "SOURCE_DIR=/opt/rustwide/workdir" "-e" "CARGO_HOME=/opt/rustwide/cargo-home" "-e" "RUSTUP_HOME=/opt/rustwide/rustup-home" "-e" "CARGO_TARGET_DIR=/opt/rustwide/target" "-e" "CARGO_INCREMENTAL=0" "-e" "RUST_BACKTRACE=full" "-e" "RUSTFLAGS=--cap-lints=warn" "-e" "RUSTDOCFLAGS=--cap-lints=warn" "-w" "/opt/rustwide/workdir" "--user" "0:0" "53cb5ea1ecd6c64a373f6cc7551f468c9c3f6d6e0397693bbb521a31ba44487a" "/opt/rustwide/cargo-home/bin/cargo" "+1.100.0-beta.1" "build" "--frozen" "--message-format=json" "--release", kill_on_drop: false }`
[INFO] [stderr]    Compiling zerocopy v0.8.48
[INFO] [stderr]    Compiling ref-cast v1.0.25
[INFO] [stderr]    Compiling serde_json v1.0.149
[INFO] [stderr]    Compiling getrandom v0.2.17
[INFO] [stderr]    Compiling serde_derive_internals v0.29.1
[INFO] [stderr]    Compiling thiserror-impl v2.0.18
[INFO] [stderr]    Compiling ref-cast-impl v1.0.25
[INFO] [stderr]    Compiling serde_derive v1.0.228
[INFO] [stderr]    Compiling memchr v2.8.0
[INFO] [stderr]    Compiling rand_core v0.6.4
[INFO] [stderr]    Compiling tokio-macros v2.7.0
[INFO] [stderr]    Compiling enumflags2_derive v0.7.12
[INFO] [stderr]    Compiling opi-sandbox v0.8.1 (/opt/rustwide/workdir)
[INFO] [stderr]    Compiling tempfile v3.27.0
[INFO] [stderr]    Compiling enumflags2 v0.7.12
[INFO] [stderr]    Compiling tokio v1.52.3
[INFO] [stderr]    Compiling schemars_derive v1.2.1
[INFO] [stderr]    Compiling thiserror v2.0.18
[INFO] [stderr]    Compiling landlock v0.4.5
[INFO] [stderr]    Compiling seccompiler v0.5.0
[INFO] [stderr]    Compiling serde v1.0.228
[INFO] [stderr]    Compiling schemars v1.2.1
[INFO] [stderr]    Compiling opi-protocol v0.8.1
[INFO] [stderr]    Compiling ppv-lite86 v0.2.21
[INFO] [stderr]    Compiling rand_chacha v0.3.1
[INFO] [stderr]    Compiling rand v0.8.6
[INFO] [stderr]    Compiling tokio-util v0.7.18
[INFO] [stderr]     Finished `release` profile [optimized] target(s) in 45.70s
[INFO] running `Command { std: "docker" "inspect" "53cb5ea1ecd6c64a373f6cc7551f468c9c3f6d6e0397693bbb521a31ba44487a", kill_on_drop: false }`
[INFO] running `Command { std: "docker" "exec" "-e" "SOURCE_DIR=/opt/rustwide/workdir" "-e" "CARGO_HOME=/opt/rustwide/cargo-home" "-e" "RUSTUP_HOME=/opt/rustwide/rustup-home" "-e" "CARGO_TARGET_DIR=/opt/rustwide/target" "-e" "CARGO_INCREMENTAL=0" "-e" "RUST_BACKTRACE=full" "-e" "RUSTFLAGS=--cap-lints=warn" "-e" "RUSTDOCFLAGS=--cap-lints=warn" "-w" "/opt/rustwide/workdir" "--user" "0:0" "53cb5ea1ecd6c64a373f6cc7551f468c9c3f6d6e0397693bbb521a31ba44487a" "/opt/rustwide/cargo-home/bin/cargo" "+1.100.0-beta.1" "test" "--frozen" "--no-run" "--message-format=json" "--release", kill_on_drop: false }`
[INFO] [stderr]    Compiling quote v1.0.45
[INFO] [stderr]    Compiling futures-macro v0.3.32
[INFO] [stderr]    Compiling syn v2.0.117
[INFO] [stderr]    Compiling futures-util v0.3.32
[INFO] [stderr]    Compiling opi-sandbox v0.8.1 (/opt/rustwide/workdir)
[INFO] [stderr]     Finished `release` profile [optimized] target(s) in 51.84s
[INFO] running `Command { std: "docker" "inspect" "53cb5ea1ecd6c64a373f6cc7551f468c9c3f6d6e0397693bbb521a31ba44487a", kill_on_drop: false }`
[INFO] running `Command { std: "docker" "exec" "-e" "SOURCE_DIR=/opt/rustwide/workdir" "-e" "CARGO_HOME=/opt/rustwide/cargo-home" "-e" "RUSTUP_HOME=/opt/rustwide/rustup-home" "-e" "CARGO_TARGET_DIR=/opt/rustwide/target" "-e" "CARGO_INCREMENTAL=0" "-e" "RUST_BACKTRACE=full" "-e" "RUSTFLAGS=--cap-lints=warn" "-e" "RUSTDOCFLAGS=--cap-lints=warn" "-w" "/opt/rustwide/workdir" "--user" "0:0" "53cb5ea1ecd6c64a373f6cc7551f468c9c3f6d6e0397693bbb521a31ba44487a" "/opt/rustwide/cargo-home/bin/cargo" "+1.100.0-beta.1" "test" "--frozen" "--release", kill_on_drop: false }`
[INFO] [stderr]     Finished `release` profile [optimized] target(s) in 0.15s
[INFO] [stderr]      Running unittests src/lib.rs (/opt/rustwide/target/release/build/opi-sandbox/5812d31637cfa6f7/out/opi_sandbox-5812d31637cfa6f7)
[INFO] [stdout] 
[INFO] [stdout] running 56 tests
[INFO] [stdout] test backend::tests::ended_execution_stream_emits_execution_failed_in_execution_phase ... ok
[INFO] [stdout] test backend::tests::drain_rejects_completed_run_with_unconfirmed_cleanup ... ok
[INFO] [stdout] test backend::tests::empty_adapter_config_maps_to_the_exact_default_policy ... ok
[INFO] [stdout] test backend::tests::cancel_before_execute_emits_handshake_failure_without_starting_target ... ok
[INFO] [stdout] test cli::reusable_dispatch_tests::reusable_dispatch_rejects_process_only_backend_route ... ok
[INFO] [stdout] test helper::tests::build_request_maps_fields_and_cancel ... ok
[INFO] [stdout] test backend::tests::stuck_cleanup_stops_at_the_original_deadline_and_reports_unconfirmed ... ok
[INFO] [stdout] test helper::tests::build_request_pins_stdin_to_null ... ok
[INFO] [stdout] test helper::tests::map_setup_failure_table ... ok
[INFO] [stdout] test helper::tests::start_refuses_unsupported_platform_with_unavailable ... ok
[INFO] [stdout] test helper::tests::started_payload_native_reports_restricted ... ok
[INFO] [stdout] test helper::tests::started_payload_vocabulary_is_honest_l0_only ... ok
[INFO] [stdout] test platform::linux::tests::danger_blocklist_is_fixed_and_io_uring_free ... ok
[INFO] [stdout] test platform::linux::tests::denied_socket_domains_keep_af_unix ... ok
[INFO] [stdout] test platform::linux::tests::compiled_bpf_returns_exact_actions_for_canonical_syscalls ... ok
[INFO] [stdout] test platform::linux::tests::seccomp_network_layer_gates_socket_and_io_uring ... ok
[INFO] [stdout] test helper::tests::late_gated_run_is_returned_for_confirmed_cleanup ... ok
[INFO] [stdout] test platform::linux::tests::target_arch_accepts_only_verified_architectures ... ok
[INFO] [stdout] test platform::macos::tests::available_probe_is_supported_with_seatbelt_and_deprecation_honesty ... ok
[INFO] [stdout] test platform::macos::tests::canonicalize_falls_back_to_verbatim_for_missing_path ... ok
[INFO] [stdout] test platform::macos::tests::escape_path_neutralizes_seatbelt_metacharacters ... ok
[INFO] [stdout] test platform::macos::tests::profile_paths_with_control_characters_are_refused ... ok
[INFO] [stdout] test platform::macos::tests::profile_paths_with_invalid_native_bytes_are_refused_without_replacement ... ok
[INFO] [stdout] test platform::macos::tests::render_profile_always_emits_version_and_allow_default_base ... ok
[INFO] [stdout] test platform::macos::tests::missing_or_unusable_probe_is_unsupported ... ok
[INFO] [stdout] test platform::macos::tests::render_profile_independent_fs_and_network_toggles ... ok
[INFO] [stdout] test platform::macos::tests::render_profile_escapes_paths_in_exceptions ... ok
[INFO] [stdout] test platform::macos::tests::render_profile_orders_deny_before_allow_exceptions ... ok
[INFO] [stdout] test runner::tests::background_setup_path_has_no_spawn_capability ... ok
[INFO] [stdout] test platform::linux::tests::landlock_tcp_rules_are_independent_of_the_seccomp_socket_gate ... ok
[INFO] [stdout] test runner::tests::direct_run_cancelled_after_spawn_stays_gated_and_cleans_up ... ok
[INFO] [stdout] test helper::tests::expired_preparation_with_failed_cleanup_is_unconfirmed ... ok
[INFO] [stdout] test helper::tests::filesystem_validation_is_bounded_before_admission ... ok
[INFO] [stdout] test runner::tests::fake_launcher_rejection_classifies_as_prestart_restriction_setup ... ok
[INFO] [stdout] test helper::tests::expired_preparation_with_confirmed_cleanup_stays_execution_timed_out ... ok
[INFO] [stdout] test runner::tests::fake_profile_rejection_emits_no_started_event ... ok
[INFO] [stdout] test runner::tests::fake_launcher_early_exit_emits_no_started_event ... ok
[INFO] [stdout] test runner::tests::forged_probe_content_is_rejected_immediately ... ok
[INFO] [stdout] test runner::tests::launcher_exit_wins_when_probe_and_exit_become_ready_together ... ok
[INFO] [stdout] test runner::tests::non_regular_probe_is_rejected_immediately ... ok
[INFO] [stdout] test backend::tests::delayed_filesystem_validation_fails_before_accepted ... ok
[INFO] [stdout] test runner::tests::release_is_idempotent_after_the_execution_deadline ... ok
[INFO] [stdout] test runner::tests::expired_auto_release_keeps_the_target_behind_its_gate ... ok
[INFO] [stdout] test runner::tests::symlink_probe_is_rejected_immediately ... ok
[INFO] [stdout] test runner::tests::injected_cleanup_failures_are_reported_unconfirmed ... ok
[INFO] [stdout] test runner::tests::unix_acknowledgement_does_not_require_request_path ... ok
[INFO] [stdout] test runner::tests::unix_bootstrap_has_no_out_of_profile_filesystem_redirection ... ok
[INFO] [stdout] test runner::tests::unix_bootstrap_preserves_caller_token_environment_variables ... ok
[INFO] [stdout] test runner::tests::unreleased_run_refuses_release_after_the_execution_deadline ... ok
[INFO] [stdout] test runner::tests::unix_acknowledgement_ignores_hostile_request_path_utilities ... ok
[INFO] [stdout] test runner::tests::injected_attach_failure_refuses_before_target_release ... ok
[INFO] [stdout] test runner::tests::started_waits_for_in_profile_acknowledgement_before_release ... ok
[INFO] [stdout] test runner::tests::cancel_after_started_wins_before_auto_release ... ok
[INFO] [stdout] test runner::tests::delayed_temp_removal_is_bounded_by_the_hard_deadline ... ok
[INFO] [stdout] test helper::tests::expired_preparation_cleanup_is_bounded_by_original_hard_deadline ... ok
[INFO] [stdout] test runner::tests::pre_spawn_expiry_does_not_implicitly_block_on_prepared_cleanup ... ok
[INFO] [stdout] 
[INFO] [stdout] test result: ok. 56 passed; 0 failed; 0 ignored; 0 measured; 0 filtered out; finished in 1.33s
[INFO] [stdout] 
[INFO] [stdout] 
[INFO] [stderr]      Running unittests src/main.rs (/opt/rustwide/target/release/build/opi-sandbox/663aecd2f27c3e67/out/opi_sandbox-663aecd2f27c3e67)
[INFO] [stdout] running 2 tests
[INFO] [stdout] test tests::backend_stdio_path_bypasses_runtime_shutdown_waits ... ok
[INFO] [stdout] test tests::process_exit_is_bounded_with_a_non_abortable_blocking_worker ... ok
[INFO] [stdout] 
[INFO] [stdout] test result: ok. 2 passed; 0 failed; 0 ignored; 0 measured; 0 filtered out; finished in 0.02s
[INFO] [stdout] 
[INFO] [stderr]      Running tests/backend_protocol_smoke.rs (/opt/rustwide/target/release/build/opi-sandbox/3f90f7958c399928/out/backend_protocol_smoke-3f90f7958c399928)
[INFO] [stdout] 
[INFO] [stdout] running 3 tests
[INFO] [stdout] test cancellation_after_ready_terminates_without_execute ... ok
[INFO] [stdout] test backend_negotiation_and_execute_contract ... ok
[INFO] [stdout] test silent_host_is_bounded_and_cannot_receive_a_request_scoped_frame ... ok
[INFO] [stderr]      Running tests/cli_contract.rs (/opt/rustwide/target/release/build/opi-sandbox/58f2b2cae8a6963b/out/cli_contract-58f2b2cae8a6963b)
[INFO] [stdout] 
[INFO] [stdout] test result: ok. 3 passed; 0 failed; 0 ignored; 0 measured; 0 filtered out; finished in 5.03s
[INFO] [stdout] 
[INFO] [stdout] 
[INFO] [stdout] running 43 tests
[INFO] [stdout] test build_request_carries_terminal_stdin_inherit ... ok
[INFO] [stdout] test doctor_returns_zero_completed ... ok
[INFO] [stdout] test execute_exit_125_returned_verbatim_not_setup_failed ... ok
[INFO] [stdout] test execute_non_utf8_byte_stdout_pass_through_unix ... ok
[INFO] [stdout] test execute_byte_stdout_pass_through ... ok
[INFO] [stdout] test execute_program_not_found_returns_125 ... ok
[INFO] [stdout] test execute_exit_124_returned_verbatim_not_timeout ... ok
[INFO] [stdout] test execute_byte_stderr_pass_through ... ok
[INFO] [stdout] test execute_exit_2_returned_verbatim_not_usage ... ok
[INFO] [stdout] test parse_run_dd_terminates_flag_parsing_absolutely ... ok
[INFO] [stdout] test parse_run_duplicate_flag_is_usage_error ... ok
[INFO] [stdout] test parse_run_empty_program_after_dd_is_usage_error ... ok
[INFO] [stdout] test parse_run_flag_value_shaped_like_a_flag_is_usage_error ... ok
[INFO] [stdout] test parse_run_flags_may_appear_in_any_order ... ok
[INFO] [stdout] test execute_normal_exit_returned_verbatim ... ok
[INFO] [stdout] test parse_run_missing_dd_separator_is_usage_error ... ok
[INFO] [stdout] test execute_signal_termination_maps_to_128_plus_signal_unix_only ... ok
[INFO] [stdout] test parse_run_missing_profile_is_usage_error ... ok
[INFO] [stdout] test parse_run_missing_workspace_is_usage_error ... ok
[INFO] [stdout] test parse_run_missing_program_after_dd_is_usage_error ... ok
[INFO] [stdout] test parse_run_unknown_network_is_usage_error ... ok
[INFO] [stdout] test parse_run_unknown_profile_is_usage_error ... ok
[INFO] [stdout] test execute_streams_large_stdout_and_stderr_without_loss_or_diagnostics_injection ... ok
[INFO] [stdout] test parse_run_valid_command ... ok
[INFO] [stdout] test execute_exit_130_returned_verbatim_not_cancelled ... ok
[INFO] [stdout] test parse_run_unknown_flag_is_usage_error ... ok
[INFO] [stdout] test run_dispatch_backend_bogus_flag_returns_2 ... ok
[INFO] [stdout] test run_dispatch_backend_without_stdio_returns_2 ... ok
[INFO] [stdout] test parse_run_missing_network_is_usage_error ... ok
[INFO] [stdout] test run_dispatch_help_and_version_return_0 ... ok
[INFO] [stdout] test run_dispatch_malformed_run_argv_returns_2 ... ok
[INFO] [stdout] test run_dispatch_missing_required_flag_returns_2 ... ok
[INFO] [stdout] test run_dispatch_no_args_returns_2 ... ok
[INFO] [stdout] test run_dispatch_doctor_unknown_flag_returns_2 ... ok
[INFO] [stdout] test run_dispatch_unknown_subcommand_returns_2 ... ok
[INFO] [stdout] test real_binary_empty_program_is_a_usage_error_before_execution ... ok
[INFO] [stdout] 
[INFO] [stdout] test real_binary_inherited_stdin_round_trips_exact_bytes ... ok
[INFO] [stdout] test run_dispatch_valid_argv_runs_or_refuses_by_platform ... ok
[INFO] [stdout] test run_dispatch_refuses_before_target_marker_starts_off_linux ... ok
[INFO] [stdout] test execute_stdin_null_target_receives_eof ... ok
[INFO] [stdout] test execute_cancellation_returns_130 ... ok
[INFO] [stdout] test execute_timeout_returns_124 ... ok
[INFO] [stdout] test real_sigint_returns_130_and_kills_descendants ... FAILED
[INFO] [stdout] 
[INFO] [stdout] failures:
[INFO] [stdout] 
[INFO] [stdout] ---- real_sigint_returns_130_and_kills_descendants stdout ----
[INFO] [stdout] 
[INFO] [stdout] thread 'real_sigint_returns_130_and_kills_descendants' (1695) panicked at tests/cli_contract.rs:909:5:
[INFO] [stdout] grandchild 1756 survived CLI SIGINT cleanup
[INFO] [stdout] stack backtrace:
[INFO] [stdout]    0:     0x6440b3969751 - <<std[617be2ca0a6fd877]::sys::backtrace::BacktraceLock>::print::DisplayBacktrace as core[a373ad73a504971]::fmt::Display>::fmt
[INFO] [stdout]    1:     0x6440b398046a - core[a373ad73a504971]::fmt::write
[INFO] [stdout]    2:     0x6440b396f42c - <alloc[2e1b2a31b91974c5]::vec::Vec<u8> as core[a373ad73a504971]::io::write::Write>::write_fmt
[INFO] [stdout]    3:     0x6440b39431b6 - std[617be2ca0a6fd877]::panicking::default_hook::{closure#0}
[INFO] [stdout]    4:     0x6440b3960e29 - std[617be2ca0a6fd877]::panicking::default_hook
[INFO] [stdout]    5:     0x6440b38ad040 - test[aada8e7e76ba119b]::test_main_inner::{closure#0}
[INFO] [stdout]    6:     0x6440b3961152 - std[617be2ca0a6fd877]::panicking::panic_with_hook
[INFO] [stdout]    7:     0x6440b3943262 - std[617be2ca0a6fd877]::panicking::panic_handler::{closure#0}
[INFO] [stdout]    8:     0x6440b393bcc9 - std[617be2ca0a6fd877]::sys::backtrace::__rust_end_short_backtrace::<std[617be2ca0a6fd877]::panicking::panic_handler::{closure#0}, !>
[INFO] [stdout]    9:     0x6440b3943e6d - __rustc[ea4f61d10b84890b]::rust_begin_unwind
[INFO] [stdout]   10:     0x6440b3980bcc - core[a373ad73a504971]::panicking::panic_fmt
[INFO] [stdout]   11:     0x6440b3892e1a - <cli_contract[1ecd6685eef94caa]::real_sigint_returns_130_and_kills_descendants::{closure#0} as core[a373ad73a504971]::ops::function::FnOnce<()>>::call_once
[INFO] [stdout]   12:     0x6440b38a048b - test[aada8e7e76ba119b]::__rust_begin_short_backtrace::<core[a373ad73a504971]::result::Result<(), alloc[2e1b2a31b91974c5]::string::String>, fn() -> core[a373ad73a504971]::result::Result<(), alloc[2e1b2a31b91974c5]::string::String>>
[INFO] [stdout]   13:     0x6440b38ad665 - test[aada8e7e76ba119b]::run_test::{closure#0}
[INFO] [stdout]   14:     0x6440b38a6f54 - std[617be2ca0a6fd877]::sys::backtrace::__rust_begin_short_backtrace::<test[aada8e7e76ba119b]::run_test::{closure#1}, ()>
[INFO] [stdout]   15:     0x6440b38b06f2 - <std[617be2ca0a6fd877]::thread::lifecycle::spawn_unchecked<test[aada8e7e76ba119b]::run_test::{closure#1}, ()>::{closure#1} as core[a373ad73a504971]::ops::function::FnOnce<()>>::call_once::{shim:vtable#0}
[INFO] [stdout]   16:     0x6440b3968c3f - <std[617be2ca0a6fd877]::sys::thread::unix::Thread>::new::thread_start
[INFO] [stdout]   17:     0x72e9d0f06dfa - <unknown>
[INFO] [stdout]   18:     0x72e9d0f9a3d4 - clone
[INFO] [stdout]   19:                0x0 - <unknown>
[INFO] [stdout] 
[INFO] [stdout] 
[INFO] [stdout] failures:
[INFO] [stdout]     real_sigint_returns_130_and_kills_descendants
[INFO] [stdout] 
[INFO] [stdout] test result: FAILED. 42 passed; 1 failed; 0 ignored; 0 measured; 0 filtered out; finished in 4.49s
[INFO] [stdout] 
[INFO] [stderr] error: test failed, to rerun pass `--test cli_contract`
[INFO] running `Command { std: "docker" "inspect" "53cb5ea1ecd6c64a373f6cc7551f468c9c3f6d6e0397693bbb521a31ba44487a", kill_on_drop: false }`
[INFO] running `Command { std: "docker" "rm" "-f" "53cb5ea1ecd6c64a373f6cc7551f468c9c3f6d6e0397693bbb521a31ba44487a", kill_on_drop: false }`
[INFO] [stdout] 53cb5ea1ecd6c64a373f6cc7551f468c9c3f6d6e0397693bbb521a31ba44487a
