[INFO] fetching crate operonx 0.8.5...
[INFO] testing operonx-0.8.5 against 1.100.0-beta.1+cargoflags=--release for beta-release-1.100-2
[INFO] extracting crate operonx 0.8.5 into /workspace/builds/worker-2-tc2/source
[INFO] started tweaking crates.io crate operonx 0.8.5
[INFO] removed 0 missing tests
[INFO] finished tweaking crates.io crate operonx 0.8.5
[INFO] tweaked toml for crates.io crate operonx 0.8.5 written to /workspace/builds/worker-2-tc2/source/Cargo.toml
[INFO] validating manifest of crates.io crate operonx 0.8.5 on toolchain 1.100.0-beta.1
[INFO] running `Command { std: CARGO_HOME="/workspace/cargo-home" RUSTUP_HOME="/workspace/rustup-home" "/workspace/cargo-home/bin/cargo" "+1.100.0-beta.1" "metadata" "--manifest-path" "Cargo.toml" "--no-deps", kill_on_drop: false }`
[INFO] crate crates.io crate operonx 0.8.5 already has a lockfile, it will not be regenerated
[INFO] running `Command { std: CARGO_HOME="/workspace/cargo-home" RUSTUP_HOME="/workspace/rustup-home" "/workspace/cargo-home/bin/cargo" "+1.100.0-beta.1" "fetch" "--manifest-path" "Cargo.toml", kill_on_drop: false }`
[INFO] running `Command { std: "docker" "create" "-v" "/var/lib/crater-agent-workspace/builds/worker-2-tc2/source:/opt/rustwide/workdir:ro,Z" "-v" "/var/lib/crater-agent-workspace/builds/worker-2-tc2/target:/opt/rustwide/target:rw,Z" "-v" "/var/lib/crater-agent-workspace/cargo-home:/opt/rustwide/cargo-home:ro,Z" "-v" "/var/lib/crater-agent-workspace/rustup-home:/opt/rustwide/rustup-home:ro,Z" "-m" "1610612736" "--network" "none" "ghcr.io/rust-lang/crates-build-env/linux@sha256:77db811e55d90add9212f6832c23229e3de5f1c1f9905e8cb07319ea15df73ac" "sleep" "infinity", kill_on_drop: false }`
[INFO] [stdout] d1c25a7f453376963c1ece7e31bcf2cf257c1ac038135cd48f5e4b143e23f06e
[INFO] running `Command { std: "docker" "start" "d1c25a7f453376963c1ece7e31bcf2cf257c1ac038135cd48f5e4b143e23f06e", kill_on_drop: false }`
[INFO] running `Command { std: "docker" "inspect" "d1c25a7f453376963c1ece7e31bcf2cf257c1ac038135cd48f5e4b143e23f06e", kill_on_drop: false }`
[INFO] running `Command { std: "docker" "exec" "-e" "SOURCE_DIR=/opt/rustwide/workdir" "-e" "CARGO_HOME=/opt/rustwide/cargo-home" "-e" "RUSTUP_HOME=/opt/rustwide/rustup-home" "-e" "CARGO_TARGET_DIR=/opt/rustwide/target" "-w" "/opt/rustwide/workdir" "--user" "0:0" "d1c25a7f453376963c1ece7e31bcf2cf257c1ac038135cd48f5e4b143e23f06e" "/opt/rustwide/cargo-home/bin/cargo" "+1.100.0-beta.1" "metadata" "--no-deps" "--format-version=1", kill_on_drop: false }`
[INFO] running `Command { std: "docker" "inspect" "d1c25a7f453376963c1ece7e31bcf2cf257c1ac038135cd48f5e4b143e23f06e", kill_on_drop: false }`
[INFO] running `Command { std: "docker" "exec" "-e" "SOURCE_DIR=/opt/rustwide/workdir" "-e" "CARGO_HOME=/opt/rustwide/cargo-home" "-e" "RUSTUP_HOME=/opt/rustwide/rustup-home" "-e" "CARGO_TARGET_DIR=/opt/rustwide/target" "-e" "CARGO_INCREMENTAL=0" "-e" "RUST_BACKTRACE=full" "-e" "RUSTFLAGS=--cap-lints=warn" "-e" "RUSTDOCFLAGS=--cap-lints=warn" "-w" "/opt/rustwide/workdir" "--user" "0:0" "d1c25a7f453376963c1ece7e31bcf2cf257c1ac038135cd48f5e4b143e23f06e" "/opt/rustwide/cargo-home/bin/cargo" "+1.100.0-beta.1" "build" "--frozen" "--message-format=json" "--release", kill_on_drop: false }`
[INFO] [stderr]    Compiling libc v0.2.185
[INFO] [stderr]    Compiling syn v2.0.117
[INFO] [stderr]    Compiling bytes v1.11.1
[INFO] [stderr]    Compiling futures-io v0.3.32
[INFO] [stderr]    Compiling cc v1.2.60
[INFO] [stderr]    Compiling zerocopy v0.8.48
[INFO] [stderr]    Compiling rustls-pki-types v1.14.0
[INFO] [stderr]    Compiling rustls v0.23.38
[INFO] [stderr]    Compiling serde_json v1.0.149
[INFO] [stderr]    Compiling num-traits v0.2.19
[INFO] [stderr]    Compiling ipnet v2.12.0
[INFO] [stderr]    Compiling log v0.4.29
[INFO] [stderr]    Compiling regex-automata v0.4.14
[INFO] [stderr]    Compiling http v1.4.0
[INFO] [stderr]    Compiling webpki-roots v1.0.7
[INFO] [stderr]    Compiling errno v0.3.14
[INFO] [stderr]    Compiling mio v1.2.0
[INFO] [stderr]    Compiling signal-hook-registry v1.4.8
[INFO] [stderr]    Compiling socket2 v0.6.3
[INFO] [stderr]    Compiling getrandom v0.2.17
[INFO] [stderr]    Compiling ring v0.17.14
[INFO] [stderr]    Compiling rand_core v0.6.4
[INFO] [stderr]    Compiling http-body v1.0.1
[INFO] [stderr]    Compiling iri-string v0.7.12
[INFO] [stderr]    Compiling hashbrown v0.17.0
[INFO] [stderr]    Compiling indexmap v2.14.0
[INFO] [stderr]    Compiling matchers v0.2.0
[INFO] [stderr]    Compiling http-body-util v0.1.3
[INFO] [stderr]    Compiling synstructure v0.13.2
[INFO] [stderr]    Compiling getrandom v0.4.2
[INFO] [stderr]    Compiling tracing-log v0.2.0
[INFO] [stderr]    Compiling ahash v0.8.12
[INFO] [stderr]    Compiling hashbrown v0.14.5
[INFO] [stderr]    Compiling ppv-lite86 v0.2.21
[INFO] [stderr]    Compiling uuid v1.23.1
[INFO] [stderr]    Compiling rand_chacha v0.3.1
[INFO] [stderr]    Compiling rand v0.8.6
[INFO] [stderr]    Compiling serde_derive v1.0.228
[INFO] [stderr]    Compiling zerofrom-derive v0.1.7
[INFO] [stderr]    Compiling yoke-derive v0.8.2
[INFO] [stderr]    Compiling zerovec-derive v0.11.3
[INFO] [stderr]    Compiling displaydoc v0.2.5
[INFO] [stderr]    Compiling tokio-macros v2.7.0
[INFO] [stderr]    Compiling futures-macro v0.3.32
[INFO] [stderr]    Compiling tracing-attributes v0.1.31
[INFO] [stderr]    Compiling thiserror-impl v1.0.69
[INFO] [stderr]    Compiling zerofrom v0.1.7
[INFO] [stderr]    Compiling yoke v0.8.2
[INFO] [stderr]    Compiling futures-util v0.3.32
[INFO] [stderr]    Compiling async-stream-impl v0.3.6
[INFO] [stderr]    Compiling zerovec v0.11.6
[INFO] [stderr]    Compiling zerotrie v0.2.4
[INFO] [stderr]    Compiling tinystr v0.8.3
[INFO] [stderr]    Compiling potential_utf v0.1.5
[INFO] [stderr]    Compiling icu_locale_core v2.2.0
[INFO] [stderr]    Compiling icu_collections v2.2.0
[INFO] [stderr]    Compiling tracing v0.1.44
[INFO] [stderr]    Compiling thiserror v1.0.69
[INFO] [stderr]    Compiling async-stream v0.3.6
[INFO] [stderr]    Compiling async-trait v0.1.89
[INFO] [stderr]    Compiling operonx-macros v0.8.5
[INFO] [stderr]    Compiling icu_provider v2.2.0
[INFO] [stderr]    Compiling serde v1.0.228
[INFO] [stderr]    Compiling icu_properties v2.2.0
[INFO] [stderr]    Compiling smallvec v1.15.1
[INFO] [stderr]    Compiling tracing-serde v0.2.0
[INFO] [stderr]    Compiling serde_urlencoded v0.7.1
[INFO] [stderr]    Compiling quick-xml v0.36.2
[INFO] [stderr]    Compiling serde_yaml v0.9.34+deprecated
[INFO] [stderr]    Compiling chrono v0.4.44
[INFO] [stderr]    Compiling parking_lot_core v0.9.12
[INFO] [stderr]    Compiling icu_normalizer v2.2.0
[INFO] [stderr]    Compiling parking_lot v0.12.5
[INFO] [stderr]    Compiling dashmap v6.1.0
[INFO] [stderr]    Compiling tokio v1.52.1
[INFO] [stderr]    Compiling idna_adapter v1.2.1
[INFO] [stderr]    Compiling idna v1.1.0
[INFO] [stderr]    Compiling futures-executor v0.3.32
[INFO] [stderr]    Compiling futures v0.3.32
[INFO] [stderr]    Compiling lasso v0.7.3
[INFO] [stderr]    Compiling url v2.5.8
[INFO] [stderr]    Compiling tracing-subscriber v0.3.23
[INFO] [stderr]    Compiling rustls-webpki v0.103.12
[INFO] [stderr]    Compiling hyper v1.9.0
[INFO] [stderr]    Compiling tower v0.5.3
[INFO] [stderr]    Compiling tokio-util v0.7.18
[INFO] [stderr]    Compiling tower-http v0.6.8
[INFO] [stderr]    Compiling hyper-util v0.1.20
[INFO] [stderr]    Compiling tokio-rustls v0.26.4
[INFO] [stderr]    Compiling hyper-rustls v0.27.9
[INFO] [stderr]    Compiling reqwest v0.12.28
[INFO] [stderr]    Compiling operonx v0.8.5 (/opt/rustwide/workdir)
[INFO] [stdout] warning: unexpected `cfg` condition name: `unused`
[INFO] [stdout]    --> src/core/tracing/flush_worker.rs:155:7
[INFO] [stdout]     |
[INFO] [stdout] 155 | #[cfg(unused)]
[INFO] [stdout]     |       ^^^^^^
[INFO] [stdout]     |
[INFO] [stdout]     = help: expected names are: `docsrs`, `feature`, and `test` and 34 more
[INFO] [stdout]     = help: consider using a Cargo feature instead
[INFO] [stdout]     = help: or consider adding in `Cargo.toml` the `check-cfg` lint config for the lint:
[INFO] [stdout]              [lints.rust]
[INFO] [stdout]              unexpected_cfgs = { level = "warn", check-cfg = ['cfg(unused)'] }
[INFO] [stdout]     = help: or consider adding `println!("cargo::rustc-check-cfg=cfg(unused)");` to the top of the `build.rs`
[INFO] [stdout]     = note: see <https://doc.rust-lang.org/nightly/rustc/check-cfg/cargo-specifics.html> for more information about checking conditional configuration
[INFO] [stdout]     = note: `#[warn(unexpected_cfgs)]` on by default
[INFO] [stdout] 
[INFO] [stdout] 
[INFO] [stdout] warning: unused import: `warn`
[INFO] [stdout]   --> src/core/tracing/flush_worker.rs:12:22
[INFO] [stdout]    |
[INFO] [stdout] 12 | use tracing::{error, warn};
[INFO] [stdout]    |                      ^^^^
[INFO] [stdout]    |
[INFO] [stdout]    = note: `#[warn(unused_imports)]` (part of `#[warn(unused)]`) on by default
[INFO] [stdout] 
[INFO] [stdout] 
[INFO] [stdout] warning: associated function `new` is never used
[INFO] [stdout]    --> src/core/engine.rs:225:19
[INFO] [stdout]     |
[INFO] [stdout] 221 | impl ExecutionHandle {
[INFO] [stdout]     | -------------------- associated function in this implementation
[INFO] [stdout] ...
[INFO] [stdout] 225 |     pub(crate) fn new(cancel: CancellationToken, ctx: MiddlewareContext) -> (Self, FrameSender) {
[INFO] [stdout]     |                   ^^^
[INFO] [stdout]     |
[INFO] [stdout]     = note: `#[warn(dead_code)]` (part of `#[warn(unused)]`) on by default
[INFO] [stdout] 
[INFO] [stdout] 
[INFO] [stdout] warning: function `default_resources_path` is never used
[INFO] [stdout]     --> src/core/engine.rs:1274:4
[INFO] [stdout]      |
[INFO] [stdout] 1274 | fn default_resources_path() -> PathBuf {
[INFO] [stdout]      |    ^^^^^^^^^^^^^^^^^^^^^^
[INFO] [stdout] 
[INFO] [stdout] 
[INFO] [stdout] warning: function `event_op` is never used
[INFO] [stdout]    --> src/core/ops/graph/task_scheduler.rs:357:4
[INFO] [stdout]     |
[INFO] [stdout] 357 | fn event_op(ev: &SchedulerEvent) -> &str {
[INFO] [stdout]     |    ^^^^^^^^
[INFO] [stdout] 
[INFO] [stdout] 
[INFO] [stdout] warning: function `strip_code_fences` is never used
[INFO] [stdout]    --> src/core/ops/transform/parser_op.rs:353:4
[INFO] [stdout]     |
[INFO] [stdout] 353 | fn strip_code_fences(text: &str) -> &str {
[INFO] [stdout]     |    ^^^^^^^^^^^^^^^^^
[INFO] [stdout] 
[INFO] [stdout] 
[INFO] [stdout] warning: methods `register_slot`, `set_pull_ref`, `set_push_ref`, and `set_stream_policy` are never used
[INFO] [stdout]    --> src/core/states/schema.rs:101:19
[INFO] [stdout]     |
[INFO] [stdout]  44 | impl StateSchema {
[INFO] [stdout]     | ---------------- methods in this implementation
[INFO] [stdout] ...
[INFO] [stdout] 101 |     pub(crate) fn register_slot(
[INFO] [stdout]     |                   ^^^^^^^^^^^^^
[INFO] [stdout] ...
[INFO] [stdout] 124 |     pub(crate) fn set_pull_ref(&mut self, idx: usize, pull: RefConfig) {
[INFO] [stdout]     |                   ^^^^^^^^^^^^
[INFO] [stdout] ...
[INFO] [stdout] 131 |     pub(crate) fn set_push_ref(&mut self, idx: usize, push: RefConfig) {
[INFO] [stdout]     |                   ^^^^^^^^^^^^
[INFO] [stdout] ...
[INFO] [stdout] 138 |     pub(crate) fn set_stream_policy(
[INFO] [stdout]     |                   ^^^^^^^^^^^^^^^^^
[INFO] [stdout] 
[INFO] [stdout] 
[INFO] [stdout] warning: method `cells` is never used
[INFO] [stdout]    --> src/core/states/state.rs:135:19
[INFO] [stdout]     |
[INFO] [stdout]  39 | impl MemoryState {
[INFO] [stdout]     | ---------------- method in this implementation
[INFO] [stdout] ...
[INFO] [stdout] 135 |     pub(crate) fn cells(&self) -> &[Cell] {
[INFO] [stdout]     |                   ^^^^^
[INFO] [stdout] 
[INFO] [stdout] 
[INFO] [stdout] warning: function `block_on_async` is never used
[INFO] [stdout]   --> src/core/runtime.rs:35:15
[INFO] [stdout]    |
[INFO] [stdout] 35 | pub(crate) fn block_on_async<F: Future>(future: F) -> F::Output {
[INFO] [stdout]    |               ^^^^^^^^^^^^^^
[INFO] [stdout] 
[INFO] [stdout] 
[INFO] [stdout] warning: unused `std::result::Result` that must be used
[INFO] [stdout]    --> src/core/ops/graph/task_scheduler.rs:868:29
[INFO] [stdout]     |
[INFO] [stdout] 868 | / ...                   sender
[INFO] [stdout] 869 | | ...                       .send(crate::core::engine::FrameEvent {
[INFO] [stdout] 870 | | ...                           op: "__interrupt__".to_string(),
[INFO] [stdout] 871 | | ...                           context: emit_ctx,
[INFO] [stdout] 872 | | ...                           data: payload,
[INFO] [stdout] 873 | | ...                       })
[INFO] [stdout] 874 | | ...                       .await;
[INFO] [stdout]     | |________________________________^
[INFO] [stdout]     |
[INFO] [stdout]     = note: this `Result` may be an `Err` variant, which should be handled
[INFO] [stdout]     = note: `#[warn(unused_must_use)]` (part of `#[warn(unused)]`) on by default
[INFO] [stdout] help: use `let _ = ...` to ignore the resulting value
[INFO] [stdout]     |
[INFO] [stdout] 868 |                             let _ = sender
[INFO] [stdout]     |                             +++++++
[INFO] [stdout] 
[INFO] [stdout] 
[INFO] [stderr]     Finished `release` profile [optimized] target(s) in 1m 32s
[INFO] running `Command { std: "docker" "inspect" "d1c25a7f453376963c1ece7e31bcf2cf257c1ac038135cd48f5e4b143e23f06e", kill_on_drop: false }`
[INFO] running `Command { std: "docker" "exec" "-e" "SOURCE_DIR=/opt/rustwide/workdir" "-e" "CARGO_HOME=/opt/rustwide/cargo-home" "-e" "RUSTUP_HOME=/opt/rustwide/rustup-home" "-e" "CARGO_TARGET_DIR=/opt/rustwide/target" "-e" "CARGO_INCREMENTAL=0" "-e" "RUST_BACKTRACE=full" "-e" "RUSTFLAGS=--cap-lints=warn" "-e" "RUSTDOCFLAGS=--cap-lints=warn" "-w" "/opt/rustwide/workdir" "--user" "0:0" "d1c25a7f453376963c1ece7e31bcf2cf257c1ac038135cd48f5e4b143e23f06e" "/opt/rustwide/cargo-home/bin/cargo" "+1.100.0-beta.1" "test" "--frozen" "--no-run" "--message-format=json" "--release", kill_on_drop: false }`
[INFO] [stderr]    Compiling futures-util v0.3.32
[INFO] [stderr]    Compiling regex-syntax v0.8.10
[INFO] [stderr]    Compiling num_cpus v1.17.0
[INFO] [stderr]    Compiling deadpool-runtime v0.1.4
[INFO] [stderr]    Compiling assert-json-diff v2.0.2
[INFO] [stderr]    Compiling tokio-stream v0.1.18
[INFO] [stderr]    Compiling tempfile v3.27.0
[INFO] [stderr]    Compiling deadpool v0.12.3
[INFO] [stderr]    Compiling regex-automata v0.4.14
[INFO] [stderr]    Compiling tokio-util v0.7.18
[INFO] [stderr]    Compiling tower v0.5.3
[INFO] [stderr]    Compiling futures-executor v0.3.32
[INFO] [stderr]    Compiling futures v0.3.32
[INFO] [stderr]    Compiling tower-http v0.6.8
[INFO] [stderr]    Compiling h2 v0.4.13
[INFO] [stderr]    Compiling matchers v0.2.0
[INFO] [stderr]    Compiling regex v1.12.3
[INFO] [stderr]    Compiling tracing-subscriber v0.3.23
[INFO] [stderr]    Compiling hyper v1.9.0
[INFO] [stderr]    Compiling hyper-util v0.1.20
[INFO] [stderr]    Compiling hyper-rustls v0.27.9
[INFO] [stderr]    Compiling wiremock v0.6.5
[INFO] [stderr]    Compiling reqwest v0.12.28
[INFO] [stderr]    Compiling operonx v0.8.5 (/opt/rustwide/workdir)
[INFO] [stdout] warning: unexpected `cfg` condition name: `unused`
[INFO] [stdout]    --> src/core/tracing/flush_worker.rs:155:7
[INFO] [stdout]     |
[INFO] [stdout] 155 | #[cfg(unused)]
[INFO] [stdout]     |       ^^^^^^
[INFO] [stdout]     |
[INFO] [stdout]     = help: expected names are: `docsrs`, `feature`, and `test` and 34 more
[INFO] [stdout]     = help: consider using a Cargo feature instead
[INFO] [stdout]     = help: or consider adding in `Cargo.toml` the `check-cfg` lint config for the lint:
[INFO] [stdout]              [lints.rust]
[INFO] [stdout]              unexpected_cfgs = { level = "warn", check-cfg = ['cfg(unused)'] }
[INFO] [stdout]     = help: or consider adding `println!("cargo::rustc-check-cfg=cfg(unused)");` to the top of the `build.rs`
[INFO] [stdout]     = note: see <https://doc.rust-lang.org/nightly/rustc/check-cfg/cargo-specifics.html> for more information about checking conditional configuration
[INFO] [stdout]     = note: `#[warn(unexpected_cfgs)]` on by default
[INFO] [stdout] 
[INFO] [stdout] 
[INFO] [stdout] warning: unused import: `warn`
[INFO] [stdout]   --> src/core/tracing/flush_worker.rs:12:22
[INFO] [stdout]    |
[INFO] [stdout] 12 | use tracing::{error, warn};
[INFO] [stdout]    |                      ^^^^
[INFO] [stdout]    |
[INFO] [stdout]    = note: `#[warn(unused_imports)]` (part of `#[warn(unused)]`) on by default
[INFO] [stdout] 
[INFO] [stdout] 
[INFO] [stdout] warning: unexpected `cfg` condition name: `unused`
[INFO] [stdout]    --> src/core/tracing/flush_worker.rs:155:7
[INFO] [stdout]     |
[INFO] [stdout] 155 | #[cfg(unused)]
[INFO] [stdout]     |       ^^^^^^
[INFO] [stdout]     |
[INFO] [stdout]     = help: expected names are: `docsrs`, `feature`, and `test` and 34 more
[INFO] [stdout]     = help: consider using a Cargo feature instead
[INFO] [stdout]     = help: or consider adding in `Cargo.toml` the `check-cfg` lint config for the lint:
[INFO] [stdout]              [lints.rust]
[INFO] [stdout]              unexpected_cfgs = { level = "warn", check-cfg = ['cfg(unused)'] }
[INFO] [stdout]     = help: or consider adding `println!("cargo::rustc-check-cfg=cfg(unused)");` to the top of the `build.rs`
[INFO] [stdout]     = note: see <https://doc.rust-lang.org/nightly/rustc/check-cfg/cargo-specifics.html> for more information about checking conditional configuration
[INFO] [stdout]     = note: `#[warn(unexpected_cfgs)]` on by default
[INFO] [stdout] 
[INFO] [stdout] 
[INFO] [stdout] warning: unused import: `warn`
[INFO] [stdout]   --> src/core/tracing/flush_worker.rs:12:22
[INFO] [stdout]    |
[INFO] [stdout] 12 | use tracing::{error, warn};
[INFO] [stdout]    |                      ^^^^
[INFO] [stdout]    |
[INFO] [stdout]    = note: `#[warn(unused_imports)]` (part of `#[warn(unused)]`) on by default
[INFO] [stdout] 
[INFO] [stdout] 
[INFO] [stdout] warning: associated function `new` is never used
[INFO] [stdout]    --> src/core/engine.rs:225:19
[INFO] [stdout]     |
[INFO] [stdout] 221 | impl ExecutionHandle {
[INFO] [stdout]     | -------------------- associated function in this implementation
[INFO] [stdout] ...
[INFO] [stdout] 225 |     pub(crate) fn new(cancel: CancellationToken, ctx: MiddlewareContext) -> (Self, FrameSender) {
[INFO] [stdout]     |                   ^^^
[INFO] [stdout]     |
[INFO] [stdout]     = note: `#[warn(dead_code)]` (part of `#[warn(unused)]`) on by default
[INFO] [stdout] 
[INFO] [stdout] 
[INFO] [stdout] warning: function `default_resources_path` is never used
[INFO] [stdout]     --> src/core/engine.rs:1274:4
[INFO] [stdout]      |
[INFO] [stdout] 1274 | fn default_resources_path() -> PathBuf {
[INFO] [stdout]      |    ^^^^^^^^^^^^^^^^^^^^^^
[INFO] [stdout] 
[INFO] [stdout] 
[INFO] [stdout] warning: function `event_op` is never used
[INFO] [stdout]    --> src/core/ops/graph/task_scheduler.rs:357:4
[INFO] [stdout]     |
[INFO] [stdout] 357 | fn event_op(ev: &SchedulerEvent) -> &str {
[INFO] [stdout]     |    ^^^^^^^^
[INFO] [stdout] 
[INFO] [stdout] 
[INFO] [stdout] warning: function `strip_code_fences` is never used
[INFO] [stdout]    --> src/core/ops/transform/parser_op.rs:353:4
[INFO] [stdout]     |
[INFO] [stdout] 353 | fn strip_code_fences(text: &str) -> &str {
[INFO] [stdout]     |    ^^^^^^^^^^^^^^^^^
[INFO] [stdout] 
[INFO] [stdout] 
[INFO] [stdout] warning: methods `register_slot`, `set_pull_ref`, `set_push_ref`, and `set_stream_policy` are never used
[INFO] [stdout]    --> src/core/states/schema.rs:101:19
[INFO] [stdout]     |
[INFO] [stdout]  44 | impl StateSchema {
[INFO] [stdout]     | ---------------- methods in this implementation
[INFO] [stdout] ...
[INFO] [stdout] 101 |     pub(crate) fn register_slot(
[INFO] [stdout]     |                   ^^^^^^^^^^^^^
[INFO] [stdout] ...
[INFO] [stdout] 124 |     pub(crate) fn set_pull_ref(&mut self, idx: usize, pull: RefConfig) {
[INFO] [stdout]     |                   ^^^^^^^^^^^^
[INFO] [stdout] ...
[INFO] [stdout] 131 |     pub(crate) fn set_push_ref(&mut self, idx: usize, push: RefConfig) {
[INFO] [stdout]     |                   ^^^^^^^^^^^^
[INFO] [stdout] ...
[INFO] [stdout] 138 |     pub(crate) fn set_stream_policy(
[INFO] [stdout]     |                   ^^^^^^^^^^^^^^^^^
[INFO] [stdout] 
[INFO] [stdout] 
[INFO] [stdout] warning: method `cells` is never used
[INFO] [stdout]    --> src/core/states/state.rs:135:19
[INFO] [stdout]     |
[INFO] [stdout]  39 | impl MemoryState {
[INFO] [stdout]     | ---------------- method in this implementation
[INFO] [stdout] ...
[INFO] [stdout] 135 |     pub(crate) fn cells(&self) -> &[Cell] {
[INFO] [stdout]     |                   ^^^^^
[INFO] [stdout] 
[INFO] [stdout] 
[INFO] [stdout] warning: function `block_on_async` is never used
[INFO] [stdout]   --> src/core/runtime.rs:35:15
[INFO] [stdout]    |
[INFO] [stdout] 35 | pub(crate) fn block_on_async<F: Future>(future: F) -> F::Output {
[INFO] [stdout]    |               ^^^^^^^^^^^^^^
[INFO] [stdout] 
[INFO] [stdout] 
[INFO] [stdout] warning: unused `std::result::Result` that must be used
[INFO] [stdout]    --> src/core/ops/graph/task_scheduler.rs:868:29
[INFO] [stdout]     |
[INFO] [stdout] 868 | / ...                   sender
[INFO] [stdout] 869 | | ...                       .send(crate::core::engine::FrameEvent {
[INFO] [stdout] 870 | | ...                           op: "__interrupt__".to_string(),
[INFO] [stdout] 871 | | ...                           context: emit_ctx,
[INFO] [stdout] 872 | | ...                           data: payload,
[INFO] [stdout] 873 | | ...                       })
[INFO] [stdout] 874 | | ...                       .await;
[INFO] [stdout]     | |________________________________^
[INFO] [stdout]     |
[INFO] [stdout]     = note: this `Result` may be an `Err` variant, which should be handled
[INFO] [stdout]     = note: `#[warn(unused_must_use)]` (part of `#[warn(unused)]`) on by default
[INFO] [stdout] help: use `let _ = ...` to ignore the resulting value
[INFO] [stdout]     |
[INFO] [stdout] 868 |                             let _ = sender
[INFO] [stdout]     |                             +++++++
[INFO] [stdout] 
[INFO] [stdout] 
[INFO] [stdout] warning: function `default_resources_path` is never used
[INFO] [stdout]     --> src/core/engine.rs:1274:4
[INFO] [stdout]      |
[INFO] [stdout] 1274 | fn default_resources_path() -> PathBuf {
[INFO] [stdout]      |    ^^^^^^^^^^^^^^^^^^^^^^
[INFO] [stdout]      |
[INFO] [stdout]      = note: `#[warn(dead_code)]` (part of `#[warn(unused)]`) on by default
[INFO] [stdout] 
[INFO] [stdout] 
[INFO] [stdout] warning: function `event_op` is never used
[INFO] [stdout]    --> src/core/ops/graph/task_scheduler.rs:357:4
[INFO] [stdout]     |
[INFO] [stdout] 357 | fn event_op(ev: &SchedulerEvent) -> &str {
[INFO] [stdout]     |    ^^^^^^^^
[INFO] [stdout] 
[INFO] [stdout] 
[INFO] [stdout] warning: function `strip_code_fences` is never used
[INFO] [stdout]    --> src/core/ops/transform/parser_op.rs:353:4
[INFO] [stdout]     |
[INFO] [stdout] 353 | fn strip_code_fences(text: &str) -> &str {
[INFO] [stdout]     |    ^^^^^^^^^^^^^^^^^
[INFO] [stdout] 
[INFO] [stdout] 
[INFO] [stdout] warning: methods `set_pull_ref`, `set_push_ref`, and `set_stream_policy` are never used
[INFO] [stdout]    --> src/core/states/schema.rs:124:19
[INFO] [stdout]     |
[INFO] [stdout]  44 | impl StateSchema {
[INFO] [stdout]     | ---------------- methods in this implementation
[INFO] [stdout] ...
[INFO] [stdout] 124 |     pub(crate) fn set_pull_ref(&mut self, idx: usize, pull: RefConfig) {
[INFO] [stdout]     |                   ^^^^^^^^^^^^
[INFO] [stdout] ...
[INFO] [stdout] 131 |     pub(crate) fn set_push_ref(&mut self, idx: usize, push: RefConfig) {
[INFO] [stdout]     |                   ^^^^^^^^^^^^
[INFO] [stdout] ...
[INFO] [stdout] 138 |     pub(crate) fn set_stream_policy(
[INFO] [stdout]     |                   ^^^^^^^^^^^^^^^^^
[INFO] [stdout] 
[INFO] [stdout] 
[INFO] [stdout] warning: method `cells` is never used
[INFO] [stdout]    --> src/core/states/state.rs:135:19
[INFO] [stdout]     |
[INFO] [stdout]  39 | impl MemoryState {
[INFO] [stdout]     | ---------------- method in this implementation
[INFO] [stdout] ...
[INFO] [stdout] 135 |     pub(crate) fn cells(&self) -> &[Cell] {
[INFO] [stdout]     |                   ^^^^^
[INFO] [stdout] 
[INFO] [stdout] 
[INFO] [stdout] warning: function `block_on_async` is never used
[INFO] [stdout]   --> src/core/runtime.rs:35:15
[INFO] [stdout]    |
[INFO] [stdout] 35 | pub(crate) fn block_on_async<F: Future>(future: F) -> F::Output {
[INFO] [stdout]    |               ^^^^^^^^^^^^^^
[INFO] [stdout] 
[INFO] [stdout] 
[INFO] [stdout] warning: unused `std::result::Result` that must be used
[INFO] [stdout]    --> src/core/ops/graph/task_scheduler.rs:868:29
[INFO] [stdout]     |
[INFO] [stdout] 868 | / ...                   sender
[INFO] [stdout] 869 | | ...                       .send(crate::core::engine::FrameEvent {
[INFO] [stdout] 870 | | ...                           op: "__interrupt__".to_string(),
[INFO] [stdout] 871 | | ...                           context: emit_ctx,
[INFO] [stdout] 872 | | ...                           data: payload,
[INFO] [stdout] 873 | | ...                       })
[INFO] [stdout] 874 | | ...                       .await;
[INFO] [stdout]     | |________________________________^
[INFO] [stdout]     |
[INFO] [stdout]     = note: this `Result` may be an `Err` variant, which should be handled
[INFO] [stdout]     = note: `#[warn(unused_must_use)]` (part of `#[warn(unused)]`) on by default
[INFO] [stdout] help: use `let _ = ...` to ignore the resulting value
[INFO] [stdout]     |
[INFO] [stdout] 868 |                             let _ = sender
[INFO] [stdout]     |                             +++++++
[INFO] [stdout] 
[INFO] [stdout] 
[INFO] [stderr]     Finished `release` profile [optimized] target(s) in 1m 33s
[INFO] running `Command { std: "docker" "inspect" "d1c25a7f453376963c1ece7e31bcf2cf257c1ac038135cd48f5e4b143e23f06e", kill_on_drop: false }`
[INFO] running `Command { std: "docker" "exec" "-e" "SOURCE_DIR=/opt/rustwide/workdir" "-e" "CARGO_HOME=/opt/rustwide/cargo-home" "-e" "RUSTUP_HOME=/opt/rustwide/rustup-home" "-e" "CARGO_TARGET_DIR=/opt/rustwide/target" "-e" "CARGO_INCREMENTAL=0" "-e" "RUST_BACKTRACE=full" "-e" "RUSTFLAGS=--cap-lints=warn" "-e" "RUSTDOCFLAGS=--cap-lints=warn" "-w" "/opt/rustwide/workdir" "--user" "0:0" "d1c25a7f453376963c1ece7e31bcf2cf257c1ac038135cd48f5e4b143e23f06e" "/opt/rustwide/cargo-home/bin/cargo" "+1.100.0-beta.1" "test" "--frozen" "--release", kill_on_drop: false }`
[INFO] [stderr] warning: unexpected `cfg` condition name: `unused`
[INFO] [stderr]    --> src/core/tracing/flush_worker.rs:155:7
[INFO] [stderr]     |
[INFO] [stderr] 155 | #[cfg(unused)]
[INFO] [stderr]     |       ^^^^^^
[INFO] [stderr]     |
[INFO] [stderr]     = help: expected names are: `docsrs`, `feature`, and `test` and 34 more
[INFO] [stderr]     = help: consider using a Cargo feature instead
[INFO] [stderr]     = help: or consider adding in `Cargo.toml` the `check-cfg` lint config for the lint:
[INFO] [stderr]              [lints.rust]
[INFO] [stderr]              unexpected_cfgs = { level = "warn", check-cfg = ['cfg(unused)'] }
[INFO] [stderr]     = help: or consider adding `println!("cargo::rustc-check-cfg=cfg(unused)");` to the top of the `build.rs`
[INFO] [stderr]     = note: see <https://doc.rust-lang.org/nightly/rustc/check-cfg/cargo-specifics.html> for more information about checking conditional configuration
[INFO] [stderr]     = note: `#[warn(unexpected_cfgs)]` on by default
[INFO] [stderr] 
[INFO] [stderr] warning: unused import: `warn`
[INFO] [stderr]   --> src/core/tracing/flush_worker.rs:12:22
[INFO] [stderr]    |
[INFO] [stderr] 12 | use tracing::{error, warn};
[INFO] [stderr]    |                      ^^^^
[INFO] [stderr]    |
[INFO] [stderr]    = note: `#[warn(unused_imports)]` (part of `#[warn(unused)]`) on by default
[INFO] [stderr] 
[INFO] [stderr] warning: associated function `new` is never used
[INFO] [stderr]    --> src/core/engine.rs:225:19
[INFO] [stderr]     |
[INFO] [stderr] 221 | impl ExecutionHandle {
[INFO] [stderr]     | -------------------- associated function in this implementation
[INFO] [stderr] ...
[INFO] [stderr] 225 |     pub(crate) fn new(cancel: CancellationToken, ctx: MiddlewareContext) -> (Self, FrameSender) {
[INFO] [stderr]     |                   ^^^
[INFO] [stderr]     |
[INFO] [stderr]     = note: `#[warn(dead_code)]` (part of `#[warn(unused)]`) on by default
[INFO] [stderr] 
[INFO] [stderr] warning: function `default_resources_path` is never used
[INFO] [stderr]     --> src/core/engine.rs:1274:4
[INFO] [stderr]      |
[INFO] [stderr] 1274 | fn default_resources_path() -> PathBuf {
[INFO] [stderr]      |    ^^^^^^^^^^^^^^^^^^^^^^
[INFO] [stderr] 
[INFO] [stderr] warning: function `event_op` is never used
[INFO] [stderr]    --> src/core/ops/graph/task_scheduler.rs:357:4
[INFO] [stderr]     |
[INFO] [stderr] 357 | fn event_op(ev: &SchedulerEvent) -> &str {
[INFO] [stderr]     |    ^^^^^^^^
[INFO] [stderr] 
[INFO] [stderr] warning: function `strip_code_fences` is never used
[INFO] [stderr]    --> src/core/ops/transform/parser_op.rs:353:4
[INFO] [stderr]     |
[INFO] [stderr] 353 | fn strip_code_fences(text: &str) -> &str {
[INFO] [stderr]     |    ^^^^^^^^^^^^^^^^^
[INFO] [stderr] 
[INFO] [stderr] warning: methods `register_slot`, `set_pull_ref`, `set_push_ref`, and `set_stream_policy` are never used
[INFO] [stderr]    --> src/core/states/schema.rs:101:19
[INFO] [stderr]     |
[INFO] [stderr]  44 | impl StateSchema {
[INFO] [stderr]     | ---------------- methods in this implementation
[INFO] [stderr] ...
[INFO] [stderr] 101 |     pub(crate) fn register_slot(
[INFO] [stderr]     |                   ^^^^^^^^^^^^^
[INFO] [stderr] ...
[INFO] [stderr] 124 |     pub(crate) fn set_pull_ref(&mut self, idx: usize, pull: RefConfig) {
[INFO] [stderr]     |                   ^^^^^^^^^^^^
[INFO] [stderr] ...
[INFO] [stderr] 131 |     pub(crate) fn set_push_ref(&mut self, idx: usize, push: RefConfig) {
[INFO] [stderr]     |                   ^^^^^^^^^^^^
[INFO] [stderr] ...
[INFO] [stderr] 138 |     pub(crate) fn set_stream_policy(
[INFO] [stderr]     |                   ^^^^^^^^^^^^^^^^^
[INFO] [stderr] 
[INFO] [stderr] warning: method `cells` is never used
[INFO] [stderr]    --> src/core/states/state.rs:135:19
[INFO] [stderr]     |
[INFO] [stderr]  39 | impl MemoryState {
[INFO] [stderr]     | ---------------- method in this implementation
[INFO] [stderr] ...
[INFO] [stderr] 135 |     pub(crate) fn cells(&self) -> &[Cell] {
[INFO] [stderr]     |                   ^^^^^
[INFO] [stderr] 
[INFO] [stderr] warning: function `block_on_async` is never used
[INFO] [stderr]   --> src/core/runtime.rs:35:15
[INFO] [stderr]    |
[INFO] [stderr] 35 | pub(crate) fn block_on_async<F: Future>(future: F) -> F::Output {
[INFO] [stderr]    |               ^^^^^^^^^^^^^^
[INFO] [stderr] 
[INFO] [stderr] warning: unused `std::result::Result` that must be used
[INFO] [stderr]    --> src/core/ops/graph/task_scheduler.rs:868:29
[INFO] [stderr]     |
[INFO] [stderr] 868 | / ...                   sender
[INFO] [stderr] 869 | | ...                       .send(crate::core::engine::FrameEvent {
[INFO] [stderr] 870 | | ...                           op: "__interrupt__".to_string(),
[INFO] [stderr] 871 | | ...                           context: emit_ctx,
[INFO] [stderr] 872 | | ...                           data: payload,
[INFO] [stderr] 873 | | ...                       })
[INFO] [stderr] 874 | | ...                       .await;
[INFO] [stderr]     | |________________________________^
[INFO] [stderr]     |
[INFO] [stderr]     = note: this `Result` may be an `Err` variant, which should be handled
[INFO] [stderr]     = note: `#[warn(unused_must_use)]` (part of `#[warn(unused)]`) on by default
[INFO] [stderr] help: use `let _ = ...` to ignore the resulting value
[INFO] [stderr]     |
[INFO] [stderr] 868 |                             let _ = sender
[INFO] [stderr]     |                             +++++++
[INFO] [stderr] 
[INFO] [stderr] warning: `operonx` (lib) generated 10 warnings (run `cargo fix --lib -p operonx` to apply 1 suggestion)
[INFO] [stderr] warning: function `default_resources_path` is never used
[INFO] [stderr]     --> src/core/engine.rs:1274:4
[INFO] [stderr]      |
[INFO] [stderr] 1274 | fn default_resources_path() -> PathBuf {
[INFO] [stderr]      |    ^^^^^^^^^^^^^^^^^^^^^^
[INFO] [stderr]      |
[INFO] [stderr]      = note: `#[warn(dead_code)]` (part of `#[warn(unused)]`) on by default
[INFO] [stderr] 
[INFO] [stderr] warning: methods `set_pull_ref`, `set_push_ref`, and `set_stream_policy` are never used
[INFO] [stderr]    --> src/core/states/schema.rs:124:19
[INFO] [stderr]     |
[INFO] [stderr]  44 | impl StateSchema {
[INFO] [stderr]     | ---------------- methods in this implementation
[INFO] [stderr] ...
[INFO] [stderr] 124 |     pub(crate) fn set_pull_ref(&mut self, idx: usize, pull: RefConfig) {
[INFO] [stderr]     |                   ^^^^^^^^^^^^
[INFO] [stderr] ...
[INFO] [stderr] 131 |     pub(crate) fn set_push_ref(&mut self, idx: usize, push: RefConfig) {
[INFO] [stderr]     |                   ^^^^^^^^^^^^
[INFO] [stderr] ...
[INFO] [stderr] 138 |     pub(crate) fn set_stream_policy(
[INFO] [stderr]     |                   ^^^^^^^^^^^^^^^^^
[INFO] [stderr] 
[INFO] [stderr] warning: `operonx` (lib test) generated 9 warnings (7 duplicates)
[INFO] [stderr]     Finished `release` profile [optimized] target(s) in 0.13s
[INFO] [stderr]      Running unittests src/lib.rs (/opt/rustwide/target/release/build/operonx/113cc4487989cebe/out/operonx-113cc4487989cebe)
[INFO] [stdout] 
[INFO] [stdout] running 150 tests
[INFO] [stdout] test core::configs::op_config::tests::loop_config_only_accepts_string_until ... ok
[INFO] [stdout] test core::configs::op_config::tests::compiled_link_roundtrips_as_tuple ... ok
[INFO] [stdout] test core::configs::op_config::tests::python_callable_is_accepted_and_dropped_on_reserialize ... ok
[INFO] [stdout] test core::configs::op_config::tests::op_config_parses_graph_envelope ... ok
[INFO] [stdout] test core::engine::tests::cancel_terminates_stream ... ok
[INFO] [stdout] test core::engine::tests::end_to_end_double_op_runs_to_completion ... ok
[INFO] [stdout] test core::engine::tests::end_to_end_prompt_op_renders_messages ... ok
[INFO] [stdout] test core::configs::op_config::tests::op_config_parses_func_op ... ok
[INFO] [stdout] test core::engine::tests::parses_graph_envelope ... ok
[INFO] [stdout] test core::engine::tests::rejects_wrong_schema_version ... ok
[INFO] [stdout] test core::engine::tests::collect_group_merges_by_key ... ok
[INFO] [stdout] test core::media::tests::extract_media_strips_and_collects ... ok
[INFO] [stdout] test core::engine::tests::end_to_end_two_op_chain ... ok
[INFO] [stdout] test core::media::tests::media_url_reference ... ok
[INFO] [stdout] test core::engine::tests::scheduler_stub_returns_error_via_handle ... ok
[INFO] [stdout] test core::media::tests::substitute_replaces_placeholder ... ok
[INFO] [stdout] test core::middleware::tests::before_run_can_mutate_inputs ... ok
[INFO] [stdout] test core::middleware::tests::default_hooks_passthrough ... ok
[INFO] [stdout] test core::ops::edges::tests::is_sentinel_recognizes_all_three ... ok
[INFO] [stdout] test core::ops::edges::tests::sentinels_match_python_literals ... ok
[INFO] [stdout] test core::media::tests::media_roundtrip_via_value ... ok
[INFO] [stdout] test core::ops::events::tests::from_frame_value_handles_minimal_shape ... ok
[INFO] [stdout] test core::ops::events::tests::from_frame_value_returns_none_on_non_interrupt_shapes ... ok
[INFO] [stdout] test core::ops::events::tests::interrupt_round_trips_through_canonical_json ... ok
[INFO] [stdout] test core::ops::graph::task_scheduler::tests::eval_until_bool_var ... ok
[INFO] [stdout] test core::engine::tests::handle_streams_then_ends ... ok
[INFO] [stdout] test core::ops::graph::task_scheduler::tests::eval_until_numeric ... ok
[INFO] [stdout] test core::ops::graph::task_scheduler::tests::next_loop_ctx_progression ... ok
[INFO] [stdout] test core::ops::graph::task_scheduler::tests::runtime_state_parent_walk_on_read ... ok
[INFO] [stdout] test core::ops::graph::validation::tests::accepts_valid_graph ... ok
[INFO] [stdout] test core::ops::graph::validation::tests::rejects_missing_entry ... ok
[INFO] [stdout] test core::ops::graph::validation::tests::rejects_non_graph_root ... ok
[INFO] [stdout] test core::ops::graph::validation::tests::rejects_unknown_edge_target ... ok
[INFO] [stdout] test core::ops::graph::validation::tests::rejects_unknown_entry ... ok
[INFO] [stdout] test core::ops::transform::parser_op::tests::convert_type_bool_true_strings ... ok
[INFO] [stdout] test core::ops::transform::parser_op::tests::convert_type_bool_false_strings ... ok
[INFO] [stdout] test core::ops::transform::parser_op::tests::convert_type_int_str_to_number ... ok
[INFO] [stdout] test core::ops::transform::parser_op::tests::extract_field_defaults_to_any_when_no_type_suffix ... ok
[INFO] [stdout] test core::ops::transform::parser_op::tests::convert_type_str_strips_whitespace ... ok
[INFO] [stdout] test core::ops::transform::parser_op::tests::extract_field_parses_dot_path_with_type ... ok
[INFO] [stdout] test core::ops::transform::parser_op::tests::extract_value_by_path_missing_returns_null ... ok
[INFO] [stdout] test core::ops::transform::parser_op::tests::extract_value_by_path_walks_dict ... ok
[INFO] [stdout] test core::ops::transform::parser_op::tests::parse_json_handles_raw_text ... ok
[INFO] [stdout] test core::ops::transform::parser_op::tests::parse_json_strips_code_fence ... ok
[INFO] [stdout] test core::ops::transform::parser_op::tests::parse_xml_multiple_roots_get_flattened ... ok
[INFO] [stdout] test core::ops::transform::parser_op::tests::parse_xml_repeated_tag_becomes_list ... ok
[INFO] [stdout] test core::ops::transform::parser_op::tests::parse_xml_single_root ... ok
[INFO] [stdout] test core::ops::transform::parser_op::tests::parse_yaml_basic ... ok
[INFO] [stdout] test core::registry::config_registry::tests::duplicate_category_errors ... ok
[INFO] [stdout] test core::registry::config_registry::tests::register_and_create_roundtrip ... ok
[INFO] [stdout] test core::registry::config_registry::tests::unknown_category_errors ... ok
[INFO] [stdout] test core::registry::inventory::tests::qualified_name_deep_module ... ok
[INFO] [stdout] test core::registry::inventory::tests::qualified_name_handles_crate_root ... ok
[INFO] [stdout] test core::registry::inventory::tests::qualified_name_strips_crate_prefix ... ok
[INFO] [stdout] test core::registry::op_registry::tests::register_and_dispatch_async ... ok
[INFO] [stdout] test core::registry::op_registry::tests::register_and_dispatch_sync ... ok
[INFO] [stdout] test core::registry::op_registry::tests::unknown_func_returns_none ... ok
[INFO] [stdout] test core::registry::resource_hub::tests::get_from_cache_roundtrip ... ok
[INFO] [stdout] test core::registry::resource_hub::tests::instance_errors_before_set ... ok
[INFO] [stdout] test core::registry::storage::yaml::tests::collects_missing_required_var ... ok
[INFO] [stdout] test core::registry::storage::yaml::tests::interpolates_nested_structure ... ok
[INFO] [stdout] test core::registry::storage::yaml::tests::interpolates_simple_var ... ok
[INFO] [stdout] test core::registry::storage::yaml::tests::uses_default_when_unset ... ok
[INFO] [stdout] test core::states::cell::tests::default_value_returned_when_nothing_found ... ok
[INFO] [stdout] test core::states::cell::tests::exact_context_beats_ancestor ... ok
[INFO] [stdout] test core::states::cell::tests::parent_walk_finds_value_at_ancestor_context ... ok
[INFO] [stdout] test core::states::cell::tests::shared_cell_folds_writes_to_default ... ok
[INFO] [stdout] test core::states::state::tests::initial_inputs_land_on_root_op ... ok
[INFO] [stdout] test core::states::state::tests::set_and_get_roundtrip ... ok
[INFO] [stdout] test core::states::state::tests::unknown_slot_errors ... ok
[INFO] [stdout] test core::tracing::collector::tests::collects_root_and_flat_spans ... ok
[INFO] [stdout] test core::tracing::collector::tests::stream_context_wraps_per_non_root_context ... ok
[INFO] [stdout] test core::tracing::emitter::tests::annotate_reads_current_op_task_local ... ok
[INFO] [stdout] test core::tracing::emitter::tests::group_guard_emits_start_and_end_on_drop ... ok
[INFO] [stdout] test core::tracing::emitter::tests::null_emitter_is_inactive_and_silent ... ok
[INFO] [stdout] test core::tracing::emitter::tests::op_end_idempotent_when_called_twice ... ok
[INFO] [stdout] test core::tracing::events::tests::event_kind_json_serializes_as_snake_case_string ... ok
[INFO] [stdout] test core::tracing::events::tests::event_kind_strings_match_python ... ok
[INFO] [stdout] test core::tracing::events::tests::ordering_uses_timestamp_then_seq ... ok
[INFO] [stdout] test core::tracing::events::tests::trace_event_round_trips_through_json ... ok
[INFO] [stdout] test core::tracing::exporters::local_file::tests::final_flush_writes_sorted_array ... ok
[INFO] [stdout] test core::tracing::exporters::local_file::tests::partial_flush_appends_jsonl ... ok
[INFO] [stdout] test core::tracing::flush_worker::tests::merge_tags_dedupes ... ok
[INFO] [stdout] test core::tracing::labels::tests::labels_store_records_and_advances ... ok
[INFO] [stdout] test core::tracing::legacy::tests::empty_filter_produces_empty_chain ... ok
[INFO] [stdout] test core::tracing::labels::tests::label_outside_scope_is_noop ... ok
[INFO] [stdout] test core::tracing::legacy::tests::exclude_ops_adds_drop_ops ... ok
[INFO] [stdout] test core::tracing::emitter::tests::op_start_op_end_round_trip_records_duration ... ok
[INFO] [stdout] test core::tracing::legacy::tests::skip_empty_plus_max_io_size_compose ... ok
[INFO] [stdout] test core::tracing::flush_worker::tests::flush_runs_every_tracer ... ok
[INFO] [stdout] test core::tracing::pipeline::tests::push_appends_to_buffer ... ok
[INFO] [stdout] test core::tracing::pipeline::tests::drain_resets_buffer ... ok
[INFO] [stdout] test core::tracing::processors::drop::tests::drop_empty_drops_all_null_op_end ... ok
[INFO] [stdout] test core::engine::tests::wait_for_resolves_after_frame ... ok
[INFO] [stdout] test core::tracing::processors::drop::tests::drop_kinds_filters_by_event_kind ... ok
[INFO] [stdout] test core::tracing::local::tests::flush_writes_atomic_json_file ... ok
[INFO] [stdout] test core::tracing::processors::drop::tests::keep_ops_passes_synthetic_events ... ok
[INFO] [stdout] test core::tracing::processors::redact::tests::redacts_matching_keys_in_inputs ... ok
[INFO] [stdout] test core::tracing::processors::sample::tests::rate_one_passes_everything ... ok
[INFO] [stdout] test core::tracing::processors::redact::tests::custom_marker ... ok
[INFO] [stdout] test core::tracing::pipeline::tests::flush_runs_processors_then_exporters ... ok
[INFO] [stdout] test core::tracing::processors::sample::tests::same_request_id_decided_once ... ok
[INFO] [stdout] test core::tracing::processors::truncate::tests::short_strings_pass_through ... ok
[INFO] [stdout] test core::tracing::processors::sample::tests::rate_zero_drops_everything ... ok
[INFO] [stdout] test core::tracing::processors::drop::tests::drop_ops_matches_full_and_short_name ... ok
[INFO] [stdout] test core::tracing::processors::truncate::tests::truncates_long_string_in_inputs ... ok
[INFO] [stdout] test core::tracing::trace_filter::tests::empty_synthetic_wrappers_are_pruned ... ok
[INFO] [stdout] test core::tracing::trace_filter::tests::exclude_ops_drops_match_and_reparents ... ok
[INFO] [stdout] test core::tracing::trace_filter::tests::max_io_size_truncates_long_strings ... ok
[INFO] [stdout] test core::tracing::trace_filter::tests::protected_types_survive ... ok
[INFO] [stdout] test core::tracing::trace_filter::tests::skip_empty_drops_null_outputs ... ok
[INFO] [stdout] test providers::embeddings::config::tests::parses_onnx_embedding ... ok
[INFO] [stdout] test providers::embeddings::config::tests::parses_openai_embedding ... ok
[INFO] [stdout] test providers::embeddings::tei::tests::tei_url_uses_base_or_default ... ok
[INFO] [stdout] test providers::http::tests::get_client_returns_stable_singleton ... ok
[INFO] [stdout] test providers::http::tests::provider_error_display_with_status ... ok
[INFO] [stdout] test providers::http::tests::provider_error_flows_into_operon_error ... ok
[INFO] [stdout] test providers::llms::anthropic::tests::build_request_body_omits_none_fields ... ok
[INFO] [stdout] test providers::llms::anthropic::tests::map_stop_reason_handles_known_strings ... ok
[INFO] [stdout] test providers::llms::anthropic::tests::parse_sse_event_handles_content_block_delta ... ok
[INFO] [stdout] test providers::llms::anthropic::tests::split_system_pulls_system_to_field ... ok
[INFO] [stdout] test providers::llms::azure::tests::azure_url_embeds_deployment_and_api_version ... ok
[INFO] [stdout] test providers::llms::config::tests::anthropic_config_parses_defaults ... ok
[INFO] [stdout] test providers::llms::config::tests::openai_config_roundtrip ... ok
[INFO] [stdout] test providers::llms::config::tests::vllm_is_openai_variant ... ok
[INFO] [stdout] test providers::llms::openai::tests::build_request_body_omits_none_fields ... ok
[INFO] [stdout] test providers::llms::openai::tests::completions_url_uses_override_base ... ok
[INFO] [stdout] test providers::llms::response::tests::make_chunk_tags_last_with_stop ... ok
[INFO] [stdout] test providers::llms::anthropic::tests::to_chat_completion_concatenates_text_blocks ... ok
[INFO] [stdout] test providers::llms::response::tests::parse_decodes_valid_chunk ... ok
[INFO] [stdout] test providers::llms::response::tests::parse_handles_done_sentinel ... ok
[INFO] [stdout] test providers::llms::response::tests::process_filters_unparseable ... ok
[INFO] [stdout] test providers::onnx::config::tests::parses_with_defaults ... ok
[INFO] [stdout] test providers::ops::chain::tests::ask_graph_round_trips ... ok
[INFO] [stdout] test providers::ops::prompt::tests::format_string_handles_escaped_braces ... ok
[INFO] [stdout] test providers::ops::chain::tests::chat_graph_round_trips_through_envelope ... ok
[INFO] [stdout] test providers::ops::prompt::tests::history_inserts_before_last_user ... ok
[INFO] [stdout] test providers::ops::prompt::tests::list_template_passthrough ... ok
[INFO] [stdout] test providers::ops::prompt::tests::missing_var_errors ... ok
[INFO] [stdout] test providers::ops::prompt::tests::string_template_becomes_user_message ... ok
[INFO] [stdout] test providers::ops::chain::tests::ask_graph_requires_fields ... ok
[INFO] [stdout] test providers::ops::prompt::tests::system_user_template ... ok
[INFO] [stdout] test providers::registry::tests::register_all_installs_every_category ... ok
[INFO] [stdout] test providers::rerankers::config::tests::parses_cohere ... ok
[INFO] [stdout] test providers::rerankers::config::tests::parses_pinecone ... ok
[INFO] [stdout] test telemetry::backends::langfuse::config::tests::parses_yaml_shape_with_defaults ... ok
[INFO] [stdout] test telemetry::exporters::langfuse::tests::build_batch_emits_generation_create_when_llm_usage_present ... ok
[INFO] [stdout] test telemetry::exporters::langfuse::tests::build_batch_emits_trace_then_spans ... ok
[INFO] [stdout] test telemetry::plugin::tests::register_all_installs_langfuse ... ok
[INFO] [stdout] test core::engine::tests::end_to_end_local_tracer_receives_trace ... ok
[INFO] [stdout] 
[INFO] [stdout] test result: ok. 150 passed; 0 failed; 0 ignored; 0 measured; 0 filtered out; finished in 0.03s
[INFO] [stdout] 
[INFO] [stderr]      Running tests/internal_core.rs (/opt/rustwide/target/release/build/operonx/372edcc5e0a589d9/out/internal_core-372edcc5e0a589d9)
[INFO] [stdout] 
[INFO] [stdout] running 65 tests
[INFO] [stdout] test common::tests::strip_timing_preserves_non_timing_keys ... ok
[INFO] [stdout] test common::tests::strip_timing_removes_dollar_keys ... ok
[INFO] [stdout] test core::exceptions::op_error_branch_display_includes_condition_and_candidates ... ok
[INFO] [stdout] test core::exceptions::op_error_code_display_includes_function_and_source ... ok
[INFO] [stdout] test core::exceptions::op_error_condition_eval_phase_with_iteration ... ok
[INFO] [stdout] test core::exceptions::op_error_condition_compile_phase ... ok
[INFO] [stdout] test core::exceptions::op_error_embedding_includes_resource_and_count ... ok
[INFO] [stdout] test core::exceptions::op_error_kind_discriminator ... ok
[INFO] [stdout] test core::exceptions::op_error_parser_field_access ... ok
[INFO] [stdout] test core::exceptions::op_error_iteration_for_loop_index_format ... ok
[INFO] [stdout] test core::exceptions::op_error_parser_basic_display_includes_tag_and_message ... ok
[INFO] [stdout] test core::exceptions::op_error_code_long_source_truncated ... ok
[INFO] [stdout] test core::exceptions::op_error_pattern_match_via_matches_macro ... ok
[INFO] [stdout] test core::exceptions::op_error_parser_long_input_truncated ... ok
[INFO] [stdout] test core::exceptions::op_error_parser_with_original_error_renders_error_line ... ok
[INFO] [stdout] test core::exceptions::op_error_prompt_missing_vars_render ... ok
[INFO] [stdout] test core::exceptions::op_error_rerank_includes_resource_query_count ... ok
[INFO] [stdout] test core::exceptions::operon_error_display_through_op_wrapper_shows_tag ... ok
[INFO] [stdout] test core::exceptions::operon_error_from_op_error_preserves_variant ... ok
[INFO] [stdout] test core::exceptions::truncate_custom_max_length_respected ... ok
[INFO] [stdout] test core::exceptions::truncate_long_text_gets_ellipsis ... ok
[INFO] [stdout] test core::exceptions::truncate_short_text_unchanged ... ok
[INFO] [stdout] test core::exceptions::truncate_exact_length_unchanged ... ok
[INFO] [stdout] test core::handle_api::handle_scratch_pre_seed_via_lock_visible_to_op ... ok
[INFO] [stdout] test core::handle_api::handle_scratch_arc_is_visible_post_run ... ok
[INFO] [stdout] test core::handle_api::handle_scratch_type_is_hash_map_string_value ... ok
[INFO] [stdout] test core::handle_api::handle_scratch_seed_round_trips_to_op_input ... ok
[INFO] [stdout] test core::handle_api::handle_interrupts_returns_typed_list_from_synthetic_frames ... ok
[INFO] [stdout] test core::parser_dispatch::parser_dispatch_bool_coercion_from_xml_string ... ok
[INFO] [stdout] test core::macros::typed_op_surfaces_deserialize_error_as_output ... ok
[INFO] [stdout] test core::interrupt::interrupt_aborts_in_flight_task ... ok
[INFO] [stdout] test core::macros::auto_register_dispatches_untyped_op ... ok
[INFO] [stdout] test core::parser_dispatch::parser_dispatch_empty_text_returns_error_field ... ok
[INFO] [stdout] test core::macros::auto_register_dispatches_typed_op ... ok
[INFO] [stdout] test core::parser_dispatch::parser_dispatch_parse_error_returns_error_field ... ok
[INFO] [stdout] test core::parser_dispatch::parser_dispatch_validator_at_default_fallback ... ok
[INFO] [stdout] test core::parser_dispatch::parser_dispatch_missing_field_returns_null ... ok
[INFO] [stdout] test core::parser_dispatch::parser_dispatch_xml_single_root ... ok
[INFO] [stdout] test core::parser_dispatch::parser_dispatch_xml_repeated_tags_become_list ... ok
[INFO] [stdout] test core::parser_dispatch::parser_dispatch_json_with_code_fence ... ok
[INFO] [stdout] test core::parser_dispatch::parser_dispatch_validator_no_default_returns_error ... ok
[INFO] [stdout] test core::refs::call_errors_with_named_message ... ok
[INFO] [stdout] test core::refs::getattr_on_int_errors_with_attribute_error_message ... ok
[INFO] [stdout] test core::parser_dispatch::parser_dispatch_yaml_basic ... ok
[INFO] [stdout] test core::refs::apply_errors_with_named_message ... ok
[INFO] [stdout] test core::refs::getattr_on_object_missing_key_returns_null ... ok
[INFO] [stdout] test core::refs::getattr_on_string_errors_with_attribute_error_message ... ok
[INFO] [stdout] test core::refs::getattr_on_object_returns_key ... ok
[INFO] [stdout] test core::refs::getitem_negative_index_wraps_python_style ... ok
[INFO] [stdout] test core::refs::rmatmul_errors_with_named_message ... ok
[INFO] [stdout] test core::refs::getitem_on_object_returns_key ... ok
[INFO] [stdout] test core::refs::getitem_on_array_returns_index ... ok
[INFO] [stdout] test core::refs::matmul_errors_with_named_message ... ok
[INFO] [stdout] test core::resource_hub_setup::auto_finds_yaml_in_cwd ... ok
[INFO] [stdout] test core::resource_hub_setup::auto_idempotent_when_hub_already_set ... ok
[INFO] [stdout] test core::resource_hub_setup::auto_returns_none_when_missing ... ok
[INFO] [stdout] test core::resource_hub_setup::bootstrap_idempotent ... ok
[INFO] [stdout] test core::stream_policy::collect_policy_merges_frames_then_dispatches_once ... ok
[INFO] [stdout] test core::resource_hub_setup::bootstrap_with_explicit_path ... ok
[INFO] [stdout] test core::stream_policy::parallel_policy_routes_immediately ... ok
[INFO] [stdout] test core::resource_hub_setup::get_raises_envvarunset_on_missing_var ... ok
[INFO] [stdout] test core::resource_hub_setup::not_found_message_includes_source_and_available ... ok
[INFO] [stdout] test core::resource_hub_setup::operon_builder_does_not_clobber_preinstalled_hub ... ok
[INFO] [stdout] test core::interrupt_seq_cancel::b1b_descendant_queued_items_dropped_on_subtree_sweep ... ok
[INFO] [stdout] test core::interrupt_seq_cancel::b1b_siblings_dispatch_after_active_item_cancel ... ok
[INFO] [stdout] 
[INFO] [stdout] test result: ok. 65 passed; 0 failed; 0 ignored; 0 measured; 0 filtered out; finished in 0.46s
[INFO] [stdout] 
[INFO] [stderr]      Running tests/internal_providers.rs (/opt/rustwide/target/release/build/operonx/25a43565ec53c91f/out/internal_providers-25a43565ec53c91f)
[INFO] [stdout] 
[INFO] [stdout] running 7 tests
[INFO] [stdout] test common::tests::strip_timing_preserves_non_timing_keys ... ok
[INFO] [stdout] test common::tests::strip_timing_removes_dollar_keys ... ok
[INFO] [stdout] test providers::wiremock_llm::openai_llm_stream_decodes_sse_chunks_and_done_sentinel ... ok
[INFO] [stdout] test providers::wiremock_llm::openai_llm_stream_handles_split_events_across_chunks ... ok
[INFO] [stdout] test providers::wiremock_llm::openai_llm_generate_posts_bearer_auth_and_parses_completion ... ok
[INFO] [stdout] test providers::wiremock_llm::openai_llm_stream_surfaces_http_error ... ok
[INFO] [stdout] test providers::wiremock_llm::openai_llm_generate_surfaces_http_error ... ok
[INFO] [stdout] 
[INFO] [stdout] test result: ok. 7 passed; 0 failed; 0 ignored; 0 measured; 0 filtered out; finished in 0.00s
[INFO] [stdout] 
[INFO] [stderr]      Running tests/internal_telemetry.rs (/opt/rustwide/target/release/build/operonx/327c5d98fb9bf270/out/internal_telemetry-327c5d98fb9bf270)
[INFO] [stdout] 
[INFO] [stdout] running 4 tests
[INFO] [stdout] test common::tests::strip_timing_preserves_non_timing_keys ... ok
[INFO] [stdout] test common::tests::strip_timing_removes_dollar_keys ... ok
[INFO] [stdout] test telemetry::langfuse_export::langfuse_exporter_skips_request_when_disabled ... ok
[INFO] [stdout] test telemetry::langfuse_export::langfuse_exporter_posts_batch_to_ingestion_endpoint ... ok
[INFO] [stdout] 
[INFO] [stdout] test result: ok. 4 passed; 0 failed; 0 ignored; 0 measured; 0 filtered out; finished in 0.00s
[INFO] [stdout] 
[INFO] [stderr]      Running tests/spec_core.rs (/opt/rustwide/target/release/build/operonx/a92dead6a776ff07/out/spec_core-a92dead6a776ff07)
[INFO] [stdout] 
[INFO] [stdout] running 18 tests
[INFO] [stdout] test common::tests::strip_timing_preserves_non_timing_keys ... ok
[INFO] [stdout] test common::tests::strip_timing_removes_dollar_keys ... ok
[INFO] [stdout] test core::ops::classify_branch ... FAILED
[INFO] [stdout] test core::iteration::loop_counter_until ... FAILED
[INFO] [stdout] test core::ops::parser_json_extract ... FAILED
[INFO] [stdout] test core::ops::prompt_basic ... FAILED
[INFO] [stdout] test core::ops::prompt_list_passthrough ... FAILED
[INFO] [stdout] test core::ops::parser_yaml_extract ... FAILED
[INFO] [stdout] test core::state::explicit_output_mapping ... FAILED
[INFO] [stdout] test core::ops::parser_xml_extract ... FAILED
[INFO] [stdout] test core::refs::getattr_dict ... FAILED
[INFO] [stdout] test core::scheduler::parallel_branches ... FAILED
[INFO] [stdout] test core::scheduler::single_code_op ... FAILED
[INFO] [stdout] test core::scheduler::two_op_chain ... FAILED
[INFO] [stdout] test core::ops::wrap_user_message ... FAILED
[INFO] [stdout] test core::state::parent_input_forward ... FAILED
[INFO] [stdout] test core::state::scratch_ref_input ... FAILED
[INFO] [stdout] test core::state::sum_list_input ... FAILED
[INFO] [stdout] 
[INFO] [stdout] failures:
[INFO] [stdout] 
[INFO] [stdout] ---- core::ops::classify_branch stdout ----
[INFO] [stdout] 
[INFO] [stdout] thread 'core::ops::classify_branch' (2866) panicked at tests/common/mod.rs:50:29:
[INFO] [stdout] failed to read /opt/rustwide/workdir/tests/spec/core/ops/classify_branch/graph.json: No such file or directory (os error 2)
[INFO] [stdout] stack backtrace:
[INFO] [stdout]    0:     0x5bdaf51b0391 - <<std[617be2ca0a6fd877]::sys::backtrace::BacktraceLock>::print::DisplayBacktrace as core[a373ad73a504971]::fmt::Display>::fmt
[INFO] [stdout]    1:     0x5bdaf51c6a1a - core[a373ad73a504971]::fmt::write
[INFO] [stdout]    2:     0x5bdaf51b48ac - <alloc[2e1b2a31b91974c5]::vec::Vec<u8> as core[a373ad73a504971]::io::write::Write>::write_fmt
[INFO] [stdout]    3:     0x5bdaf518b046 - std[617be2ca0a6fd877]::panicking::default_hook::{closure#0}
[INFO] [stdout]    4:     0x5bdaf51a8029 - std[617be2ca0a6fd877]::panicking::default_hook
[INFO] [stdout]    5:     0x5bdaf4fe85e0 - test[aada8e7e76ba119b]::test_main_inner::{closure#0}
[INFO] [stdout]    6:     0x5bdaf51a8352 - std[617be2ca0a6fd877]::panicking::panic_with_hook
[INFO] [stdout]    7:     0x5bdaf518b0f2 - std[617be2ca0a6fd877]::panicking::panic_handler::{closure#0}
[INFO] [stdout]    8:     0x5bdaf5183999 - std[617be2ca0a6fd877]::sys::backtrace::__rust_end_short_backtrace::<std[617be2ca0a6fd877]::panicking::panic_handler::{closure#0}, !>
[INFO] [stdout]    9:     0x5bdaf518bd9d - __rustc[ea4f61d10b84890b]::rust_begin_unwind
[INFO] [stdout]   10:     0x5bdaf51c717c - core[a373ad73a504971]::panicking::panic_fmt
[INFO] [stdout]   11:     0x5bdaf4fc5f69 - spec_core[d634b49c71a11333]::common::load_json::{closure#0}
[INFO] [stdout]   12:     0x5bdaf4fca037 - spec_core[d634b49c71a11333]::common::load_json
[INFO] [stdout]   13:     0x5bdaf4fa5dad - spec_core[d634b49c71a11333]::common::run_fixture::{closure#0}
[INFO] [stdout]   14:     0x5bdaf4fa9c36 - spec_core[d634b49c71a11333]::core::ops::classify_branch::{closure#0}
[INFO] [stdout]   15:     0x5bdaf4fcd893 - <tokio[2a6b50828ea3ea90]::runtime::scheduler::current_thread::Context>::enter::<core[a373ad73a504971]::task::poll::Poll<()>, <tokio[2a6b50828ea3ea90]::runtime::scheduler::current_thread::CoreGuard>::block_on<core[a373ad73a504971]::pin::Pin<&mut core[a373ad73a504971]::pin::Pin<&mut dyn core[a373ad73a504971]::future::future::Future<Output = ()>>>>::{closure#0}::{closure#0}>
[INFO] [stdout]   16:     0x5bdaf4fdb039 - <std[617be2ca0a6fd877]::thread::local::LocalKey<tokio[2a6b50828ea3ea90]::runtime::context::Context>>::with::<tokio[2a6b50828ea3ea90]::runtime::context::set_scheduler<(alloc[2e1b2a31b91974c5]::boxed::Box<tokio[2a6b50828ea3ea90]::runtime::scheduler::current_thread::Core>, core[a373ad73a504971]::option::Option<()>), <tokio[2a6b50828ea3ea90]::runtime::scheduler::current_thread::CoreGuard>::enter<<tokio[2a6b50828ea3ea90]::runtime::scheduler::current_thread::CoreGuard>::block_on<core[a373ad73a504971]::pin::Pin<&mut core[a373ad73a504971]::pin::Pin<&mut dyn core[a373ad73a504971]::future::future::Future<Output = ()>>>>::{closure#0}, core[a373ad73a504971]::option::Option<()>>::{closure#0}>::{closure#0}, (alloc[2e1b2a31b91974c5]::boxed::Box<tokio[2a6b50828ea3ea90]::runtime::scheduler::current_thread::Core>, core[a373ad73a504971]::option::Option<()>)>
[INFO] [stdout]   17:     0x5bdaf4fcde97 - <tokio[2a6b50828ea3ea90]::runtime::scheduler::current_thread::CoreGuard>::block_on::<core[a373ad73a504971]::pin::Pin<&mut core[a373ad73a504971]::pin::Pin<&mut dyn core[a373ad73a504971]::future::future::Future<Output = ()>>>>
[INFO] [stdout]   18:     0x5bdaf4fd1e87 - tokio[2a6b50828ea3ea90]::runtime::context::runtime::enter_runtime::<<tokio[2a6b50828ea3ea90]::runtime::scheduler::current_thread::CurrentThread>::block_on<core[a373ad73a504971]::pin::Pin<&mut dyn core[a373ad73a504971]::future::future::Future<Output = ()>>>::{closure#0}, ()>
[INFO] [stdout]   19:     0x5bdaf4fd104a - <tokio[2a6b50828ea3ea90]::runtime::runtime::Runtime>::block_on::<core[a373ad73a504971]::pin::Pin<&mut dyn core[a373ad73a504971]::future::future::Future<Output = ()>>>
[INFO] [stdout]   20:     0x5bdaf4faa27e - <spec_core[d634b49c71a11333]::core::ops::classify_branch::{closure#0} as core[a373ad73a504971]::ops::function::FnOnce<()>>::call_once
[INFO] [stdout]   21:     0x5bdaf4fdba2b - test[aada8e7e76ba119b]::__rust_begin_short_backtrace::<core[a373ad73a504971]::result::Result<(), alloc[2e1b2a31b91974c5]::string::String>, fn() -> core[a373ad73a504971]::result::Result<(), alloc[2e1b2a31b91974c5]::string::String>>
[INFO] [stdout]   22:     0x5bdaf4fe8c05 - test[aada8e7e76ba119b]::run_test::{closure#0}
[INFO] [stdout]   23:     0x5bdaf4fe24f4 - std[617be2ca0a6fd877]::sys::backtrace::__rust_begin_short_backtrace::<test[aada8e7e76ba119b]::run_test::{closure#1}, ()>
[INFO] [stdout]   24:     0x5bdaf4febc92 - <std[617be2ca0a6fd877]::thread::lifecycle::spawn_unchecked<test[aada8e7e76ba119b]::run_test::{closure#1}, ()>::{closure#1} as core[a373ad73a504971]::ops::function::FnOnce<()>>::call_once::{shim:vtable#0}
[INFO] [stdout]   25:     0x5bdaf51af66f - <std[617be2ca0a6fd877]::sys::thread::unix::Thread>::new::thread_start
[INFO] [stdout]   26:     0x78867b44bdfa - <unknown>
[INFO] [stdout]   27:     0x78867b4df3d4 - clone
[INFO] [stdout]   28:                0x0 - <unknown>
[INFO] [stdout] 
[INFO] [stdout] ---- core::iteration::loop_counter_until stdout ----
[INFO] [stdout] 
[INFO] [stdout] thread 'core::iteration::loop_counter_until' (2865) panicked at tests/common/mod.rs:50:29:
[INFO] [stdout] failed to read /opt/rustwide/workdir/tests/spec/core/iteration/loop_counter_until/graph.json: No such file or directory (os error 2)
[INFO] [stdout] stack backtrace:
[INFO] [stdout]    0:     0x5bdaf51b0391 - <<std[617be2ca0a6fd877]::sys::backtrace::BacktraceLock>::print::DisplayBacktrace as core[a373ad73a504971]::fmt::Display>::fmt
[INFO] [stdout]    1:     0x5bdaf51c6a1a - core[a373ad73a504971]::fmt::write
[INFO] [stdout]    2:     0x5bdaf51b48ac - <alloc[2e1b2a31b91974c5]::vec::Vec<u8> as core[a373ad73a504971]::io::write::Write>::write_fmt
[INFO] [stdout]    3:     0x5bdaf518b046 - std[617be2ca0a6fd877]::panicking::default_hook::{closure#0}
[INFO] [stdout]    4:     0x5bdaf51a8029 - std[617be2ca0a6fd877]::panicking::default_hook
[INFO] [stdout]    5:     0x5bdaf4fe85e0 - test[aada8e7e76ba119b]::test_main_inner::{closure#0}
[INFO] [stdout]    6:     0x5bdaf51a8352 - std[617be2ca0a6fd877]::panicking::panic_with_hook
[INFO] [stdout]    7:     0x5bdaf518b0f2 - std[617be2ca0a6fd877]::panicking::panic_handler::{closure#0}
[INFO] [stdout]    8:     0x5bdaf5183999 - std[617be2ca0a6fd877]::sys::backtrace::__rust_end_short_backtrace::<std[617be2ca0a6fd877]::panicking::panic_handler::{closure#0}, !>
[INFO] [stdout]    9:     0x5bdaf518bd9d - __rustc[ea4f61d10b84890b]::rust_begin_unwind
[INFO] [stdout]   10:     0x5bdaf51c717c - core[a373ad73a504971]::panicking::panic_fmt
[INFO] [stdout]   11:     0x5bdaf4fc5f69 - spec_core[d634b49c71a11333]::common::load_json::{closure#0}
[INFO] [stdout]   12:     0x5bdaf4fca037 - spec_core[d634b49c71a11333]::common::load_json
[INFO] [stdout]   13:     0x5bdaf4fbafdd - spec_core[d634b49c71a11333]::core::iteration::loop_counter_until::{closure#0}
[INFO] [stdout]   14:     0x5bdaf4fcd893 - <tokio[2a6b50828ea3ea90]::runtime::scheduler::current_thread::Context>::enter::<core[a373ad73a504971]::task::poll::Poll<()>, <tokio[2a6b50828ea3ea90]::runtime::scheduler::current_thread::CoreGuard>::block_on<core[a373ad73a504971]::pin::Pin<&mut core[a373ad73a504971]::pin::Pin<&mut dyn core[a373ad73a504971]::future::future::Future<Output = ()>>>>::{closure#0}::{closure#0}>
[INFO] [stdout]   15:     0x5bdaf4fdb039 - <std[617be2ca0a6fd877]::thread::local::LocalKey<tokio[2a6b50828ea3ea90]::runtime::context::Context>>::with::<tokio[2a6b50828ea3ea90]::runtime::context::set_scheduler<(alloc[2e1b2a31b91974c5]::boxed::Box<tokio[2a6b50828ea3ea90]::runtime::scheduler::current_thread::Core>, core[a373ad73a504971]::option::Option<()>), <tokio[2a6b50828ea3ea90]::runtime::scheduler::current_thread::CoreGuard>::enter<<tokio[2a6b50828ea3ea90]::runtime::scheduler::current_thread::CoreGuard>::block_on<core[a373ad73a504971]::pin::Pin<&mut core[a373ad73a504971]::pin::Pin<&mut dyn core[a373ad73a504971]::future::future::Future<Output = ()>>>>::{closure#0}, core[a373ad73a504971]::option::Option<()>>::{closure#0}>::{closure#0}, (alloc[2e1b2a31b91974c5]::boxed::Box<tokio[2a6b50828ea3ea90]::runtime::scheduler::current_thread::Core>, core[a373ad73a504971]::option::Option<()>)>
[INFO] [stdout]   16:     0x5bdaf4fcde97 - <tokio[2a6b50828ea3ea90]::runtime::scheduler::current_thread::CoreGuard>::block_on::<core[a373ad73a504971]::pin::Pin<&mut core[a373ad73a504971]::pin::Pin<&mut dyn core[a373ad73a504971]::future::future::Future<Output = ()>>>>
[INFO] [stdout]   17:     0x5bdaf4fd1e87 - tokio[2a6b50828ea3ea90]::runtime::context::runtime::enter_runtime::<<tokio[2a6b50828ea3ea90]::runtime::scheduler::current_thread::CurrentThread>::block_on<core[a373ad73a504971]::pin::Pin<&mut dyn core[a373ad73a504971]::future::future::Future<Output = ()>>>::{closure#0}, ()>
[INFO] [stdout]   18:     0x5bdaf4fd104a - <tokio[2a6b50828ea3ea90]::runtime::runtime::Runtime>::block_on::<core[a373ad73a504971]::pin::Pin<&mut dyn core[a373ad73a504971]::future::future::Future<Output = ()>>>
[INFO] [stdout]   19:     0x5bdaf4fbee4e - <spec_core[d634b49c71a11333]::core::iteration::loop_counter_until::{closure#0} as core[a373ad73a504971]::ops::function::FnOnce<()>>::call_once
[INFO] [stdout]   20:     0x5bdaf4fdba2b - test[aada8e7e76ba119b]::__rust_begin_short_backtrace::<core[a373ad73a504971]::result::Result<(), alloc[2e1b2a31b91974c5]::string::String>, fn() -> core[a373ad73a504971]::result::Result<(), alloc[2e1b2a31b91974c5]::string::String>>
[INFO] [stdout]   21:     0x5bdaf4fe8c05 - test[aada8e7e76ba119b]::run_test::{closure#0}
[INFO] [stdout]   22:     0x5bdaf4fe24f4 - std[617be2ca0a6fd877]::sys::backtrace::__rust_begin_short_backtrace::<test[aada8e7e76ba119b]::run_test::{closure#1}, ()>
[INFO] [stdout]   23:     0x5bdaf4febc92 - <std[617be2ca0a6fd877]::thread::lifecycle::spawn_unchecked<test[aada8e7e76ba119b]::run_test::{closure#1}, ()>::{closure#1} as core[a373ad73a504971]::ops::function::FnOnce<()>>::call_once::{shim:vtable#0}
[INFO] [stdout]   24:     0x5bdaf51af66f - <std[617be2ca0a6fd877]::sys::thread::unix::Thread>::new::thread_start
[INFO] [stdout]   25:     0x78867b44bdfa - <unknown>
[INFO] [stdout]   26:     0x78867b4df3d4 - clone
[INFO] [stdout]   27:                0x0 - <unknown>
[INFO] [stderr] error: test failed, to rerun pass `--test spec_core`
[INFO] [stdout] 
[INFO] [stdout] ---- core::ops::parser_json_extract stdout ----
[INFO] [stdout] 
[INFO] [stdout] thread 'core::ops::parser_json_extract' (2867) panicked at tests/common/mod.rs:50:29:
[INFO] [stdout] failed to read /opt/rustwide/workdir/tests/spec/core/ops/parser_json_extract/graph.json: No such file or directory (os error 2)
[INFO] [stdout] stack backtrace:
[INFO] [stdout]    0:     0x5bdaf51b0391 - <<std[617be2ca0a6fd877]::sys::backtrace::BacktraceLock>::print::DisplayBacktrace as core[a373ad73a504971]::fmt::Display>::fmt
[INFO] [stdout]    1:     0x5bdaf51c6a1a - core[a373ad73a504971]::fmt::write
[INFO] [stdout]    2:     0x5bdaf51b48ac - <alloc[2e1b2a31b91974c5]::vec::Vec<u8> as core[a373ad73a504971]::io::write::Write>::write_fmt
[INFO] [stdout]    3:     0x5bdaf518b046 - std[617be2ca0a6fd877]::panicking::default_hook::{closure#0}
[INFO] [stdout]    4:     0x5bdaf51a8029 - std[617be2ca0a6fd877]::panicking::default_hook
[INFO] [stdout]    5:     0x5bdaf4fe85e0 - test[aada8e7e76ba119b]::test_main_inner::{closure#0}
[INFO] [stdout]    6:     0x5bdaf51a8352 - std[617be2ca0a6fd877]::panicking::panic_with_hook
[INFO] [stdout]    7:     0x5bdaf518b0f2 - std[617be2ca0a6fd877]::panicking::panic_handler::{closure#0}
[INFO] [stdout]    8:     0x5bdaf5183999 - std[617be2ca0a6fd877]::sys::backtrace::__rust_end_short_backtrace::<std[617be2ca0a6fd877]::panicking::panic_handler::{closure#0}, !>
[INFO] [stdout]    9:     0x5bdaf518bd9d - __rustc[ea4f61d10b84890b]::rust_begin_unwind
[INFO] [stdout]   10:     0x5bdaf51c717c - core[a373ad73a504971]::panicking::panic_fmt
[INFO] [stdout]   11:     0x5bdaf4fc5f69 - spec_core[d634b49c71a11333]::common::load_json::{closure#0}
[INFO] [stdout]   12:     0x5bdaf4fca037 - spec_core[d634b49c71a11333]::common::load_json
[INFO] [stdout]   13:     0x5bdaf4fa5dad - spec_core[d634b49c71a11333]::common::run_fixture::{closure#0}
[INFO] [stdout]   14:     0x5bdaf4fa9e76 - spec_core[d634b49c71a11333]::core::ops::parser_json_extract::{closure#0}
[INFO] [stdout]   15:     0x5bdaf4fcd893 - <tokio[2a6b50828ea3ea90]::runtime::scheduler::current_thread::Context>::enter::<core[a373ad73a504971]::task::poll::Poll<()>, <tokio[2a6b50828ea3ea90]::runtime::scheduler::current_thread::CoreGuard>::block_on<core[a373ad73a504971]::pin::Pin<&mut core[a373ad73a504971]::pin::Pin<&mut dyn core[a373ad73a504971]::future::future::Future<Output = ()>>>>::{closure#0}::{closure#0}>
[INFO] [stdout]   16:     0x5bdaf4fdb039 - <std[617be2ca0a6fd877]::thread::local::LocalKey<tokio[2a6b50828ea3ea90]::runtime::context::Context>>::with::<tokio[2a6b50828ea3ea90]::runtime::context::set_scheduler<(alloc[2e1b2a31b91974c5]::boxed::Box<tokio[2a6b50828ea3ea90]::runtime::scheduler::current_thread::Core>, core[a373ad73a504971]::option::Option<()>), <tokio[2a6b50828ea3ea90]::runtime::scheduler::current_thread::CoreGuard>::enter<<tokio[2a6b50828ea3ea90]::runtime::scheduler::current_thread::CoreGuard>::block_on<core[a373ad73a504971]::pin::Pin<&mut core[a373ad73a504971]::pin::Pin<&mut dyn core[a373ad73a504971]::future::future::Future<Output = ()>>>>::{closure#0}, core[a373ad73a504971]::option::Option<()>>::{closure#0}>::{closure#0}, (alloc[2e1b2a31b91974c5]::boxed::Box<tokio[2a6b50828ea3ea90]::runtime::scheduler::current_thread::Core>, core[a373ad73a504971]::option::Option<()>)>
[INFO] [stdout]   17:     0x5bdaf4fcde97 - <tokio[2a6b50828ea3ea90]::runtime::scheduler::current_thread::CoreGuard>::block_on::<core[a373ad73a504971]::pin::Pin<&mut core[a373ad73a504971]::pin::Pin<&mut dyn core[a373ad73a504971]::future::future::Future<Output = ()>>>>
[INFO] [stdout]   18:     0x5bdaf4fd1e87 - tokio[2a6b50828ea3ea90]::runtime::context::runtime::enter_runtime::<<tokio[2a6b50828ea3ea90]::runtime::scheduler::current_thread::CurrentThread>::block_on<core[a373ad73a504971]::pin::Pin<&mut dyn core[a373ad73a504971]::future::future::Future<Output = ()>>>::{closure#0}, ()>
[INFO] [stdout]   19:     0x5bdaf4fd104a - <tokio[2a6b50828ea3ea90]::runtime::runtime::Runtime>::block_on::<core[a373ad73a504971]::pin::Pin<&mut dyn core[a373ad73a504971]::future::future::Future<Output = ()>>>
[INFO] [stdout]   20:     0x5bdaf4faa6ce - <spec_core[d634b49c71a11333]::core::ops::parser_json_extract::{closure#0} as core[a373ad73a504971]::ops::function::FnOnce<()>>::call_once
[INFO] [stdout]   21:     0x5bdaf4fdba2b - test[aada8e7e76ba119b]::__rust_begin_short_backtrace::<core[a373ad73a504971]::result::Result<(), alloc[2e1b2a31b91974c5]::string::String>, fn() -> core[a373ad73a504971]::result::Result<(), alloc[2e1b2a31b91974c5]::string::String>>
[INFO] [stdout]   22:     0x5bdaf4fe8c05 - test[aada8e7e76ba119b]::run_test::{closure#0}
[INFO] [stdout]   23:     0x5bdaf4fe24f4 - std[617be2ca0a6fd877]::sys::backtrace::__rust_begin_short_backtrace::<test[aada8e7e76ba119b]::run_test::{closure#1}, ()>
[INFO] [stdout]   24:     0x5bdaf4febc92 - <std[617be2ca0a6fd877]::thread::lifecycle::spawn_unchecked<test[aada8e7e76ba119b]::run_test::{closure#1}, ()>::{closure#1} as core[a373ad73a504971]::ops::function::FnOnce<()>>::call_once::{shim:vtable#0}
[INFO] [stdout]   25:     0x5bdaf51af66f - <std[617be2ca0a6fd877]::sys::thread::unix::Thread>::new::thread_start
[INFO] [stdout]   26:     0x78867b44bdfa - <unknown>
[INFO] [stdout]   27:     0x78867b4df3d4 - clone
[INFO] [stdout]   28:                0x0 - <unknown>
[INFO] [stdout] 
[INFO] [stdout] ---- core::ops::prompt_basic stdout ----
[INFO] [stdout] 
[INFO] [stdout] thread 'core::ops::prompt_basic' (2870) panicked at tests/common/mod.rs:50:29:
[INFO] [stdout] failed to read /opt/rustwide/workdir/tests/spec/core/ops/prompt_basic/graph.json: No such file or directory (os error 2)
[INFO] [stdout] stack backtrace:
[INFO] [stdout]    0:     0x5bdaf51b0391 - <<std[617be2ca0a6fd877]::sys::backtrace::BacktraceLock>::print::DisplayBacktrace as core[a373ad73a504971]::fmt::Display>::fmt
[INFO] [stdout]    1:     0x5bdaf51c6a1a - core[a373ad73a504971]::fmt::write
[INFO] [stdout]    2:     0x5bdaf51b48ac - <alloc[2e1b2a31b91974c5]::vec::Vec<u8> as core[a373ad73a504971]::io::write::Write>::write_fmt
[INFO] [stdout]    3:     0x5bdaf518b046 - std[617be2ca0a6fd877]::panicking::default_hook::{closure#0}
[INFO] [stdout]    4:     0x5bdaf51a8029 - std[617be2ca0a6fd877]::panicking::default_hook
[INFO] [stdout]    5:     0x5bdaf4fe85e0 - test[aada8e7e76ba119b]::test_main_inner::{closure#0}
[INFO] [stdout]    6:     0x5bdaf51a8352 - std[617be2ca0a6fd877]::panicking::panic_with_hook
[INFO] [stdout]    7:     0x5bdaf518b0f2 - std[617be2ca0a6fd877]::panicking::panic_handler::{closure#0}
[INFO] [stdout]    8:     0x5bdaf5183999 - std[617be2ca0a6fd877]::sys::backtrace::__rust_end_short_backtrace::<std[617be2ca0a6fd877]::panicking::panic_handler::{closure#0}, !>
[INFO] [stdout]    9:     0x5bdaf518bd9d - __rustc[ea4f61d10b84890b]::rust_begin_unwind
[INFO] [stdout]   10:     0x5bdaf51c717c - core[a373ad73a504971]::panicking::panic_fmt
[INFO] [stdout]   11:     0x5bdaf4fc5f69 - spec_core[d634b49c71a11333]::common::load_json::{closure#0}
[INFO] [stdout]   12:     0x5bdaf4fca037 - spec_core[d634b49c71a11333]::common::load_json
[INFO] [stdout]   13:     0x5bdaf4fa5dad - spec_core[d634b49c71a11333]::common::run_fixture::{closure#0}
[INFO] [stdout]   14:     0x5bdaf4fa9b76 - spec_core[d634b49c71a11333]::core::ops::prompt_basic::{closure#0}
[INFO] [stdout]   15:     0x5bdaf4fcd893 - <tokio[2a6b50828ea3ea90]::runtime::scheduler::current_thread::Context>::enter::<core[a373ad73a504971]::task::poll::Poll<()>, <tokio[2a6b50828ea3ea90]::runtime::scheduler::current_thread::CoreGuard>::block_on<core[a373ad73a504971]::pin::Pin<&mut core[a373ad73a504971]::pin::Pin<&mut dyn core[a373ad73a504971]::future::future::Future<Output = ()>>>>::{closure#0}::{closure#0}>
[INFO] [stdout]   16:     0x5bdaf4fdb039 - <std[617be2ca0a6fd877]::thread::local::LocalKey<tokio[2a6b50828ea3ea90]::runtime::context::Context>>::with::<tokio[2a6b50828ea3ea90]::runtime::context::set_scheduler<(alloc[2e1b2a31b91974c5]::boxed::Box<tokio[2a6b50828ea3ea90]::runtime::scheduler::current_thread::Core>, core[a373ad73a504971]::option::Option<()>), <tokio[2a6b50828ea3ea90]::runtime::scheduler::current_thread::CoreGuard>::enter<<tokio[2a6b50828ea3ea90]::runtime::scheduler::current_thread::CoreGuard>::block_on<core[a373ad73a504971]::pin::Pin<&mut core[a373ad73a504971]::pin::Pin<&mut dyn core[a373ad73a504971]::future::future::Future<Output = ()>>>>::{closure#0}, core[a373ad73a504971]::option::Option<()>>::{closure#0}>::{closure#0}, (alloc[2e1b2a31b91974c5]::boxed::Box<tokio[2a6b50828ea3ea90]::runtime::scheduler::current_thread::Core>, core[a373ad73a504971]::option::Option<()>)>
[INFO] [stdout]   17:     0x5bdaf4fcde97 - <tokio[2a6b50828ea3ea90]::runtime::scheduler::current_thread::CoreGuard>::block_on::<core[a373ad73a504971]::pin::Pin<&mut core[a373ad73a504971]::pin::Pin<&mut dyn core[a373ad73a504971]::future::future::Future<Output = ()>>>>
[INFO] [stdout]   18:     0x5bdaf4fd1e87 - tokio[2a6b50828ea3ea90]::runtime::context::runtime::enter_runtime::<<tokio[2a6b50828ea3ea90]::runtime::scheduler::current_thread::CurrentThread>::block_on<core[a373ad73a504971]::pin::Pin<&mut dyn core[a373ad73a504971]::future::future::Future<Output = ()>>>::{closure#0}, ()>
[INFO] [stdout]   19:     0x5bdaf4fd104a - <tokio[2a6b50828ea3ea90]::runtime::runtime::Runtime>::block_on::<core[a373ad73a504971]::pin::Pin<&mut dyn core[a373ad73a504971]::future::future::Future<Output = ()>>>
[INFO] [stdout]   20:     0x5bdaf4faa10e - <spec_core[d634b49c71a11333]::core::ops::prompt_basic::{closure#0} as core[a373ad73a504971]::ops::function::FnOnce<()>>::call_once
[INFO] [stdout]   21:     0x5bdaf4fdba2b - test[aada8e7e76ba119b]::__rust_begin_short_backtrace::<core[a373ad73a504971]::result::Result<(), alloc[2e1b2a31b91974c5]::string::String>, fn() -> core[a373ad73a504971]::result::Result<(), alloc[2e1b2a31b91974c5]::string::String>>
[INFO] [stdout]   22:     0x5bdaf4fe8c05 - test[aada8e7e76ba119b]::run_test::{closure#0}
[INFO] [stdout]   23:     0x5bdaf4fe24f4 - std[617be2ca0a6fd877]::sys::backtrace::__rust_begin_short_backtrace::<test[aada8e7e76ba119b]::run_test::{closure#1}, ()>
[INFO] [stdout]   24:     0x5bdaf4febc92 - <std[617be2ca0a6fd877]::thread::lifecycle::spawn_unchecked<test[aada8e7e76ba119b]::run_test::{closure#1}, ()>::{closure#1} as core[a373ad73a504971]::ops::function::FnOnce<()>>::call_once::{shim:vtable#0}
[INFO] [stdout]   25:     0x5bdaf51af66f - <std[617be2ca0a6fd877]::sys::thread::unix::Thread>::new::thread_start
[INFO] [stdout]   26:     0x78867b44bdfa - <unknown>
[INFO] [stdout]   27:     0x78867b4df3d4 - clone
[INFO] [stdout]   28:                0x0 - <unknown>
[INFO] [stdout] 
[INFO] [stdout] ---- core::ops::prompt_list_passthrough stdout ----
[INFO] [stdout] 
[INFO] [stdout] thread 'core::ops::prompt_list_passthrough' (2871) panicked at tests/common/mod.rs:50:29:
[INFO] [stdout] failed to read /opt/rustwide/workdir/tests/spec/core/ops/prompt_list_passthrough/graph.json: No such file or directory (os error 2)
[INFO] [stdout] stack backtrace:
[INFO] [stdout]    0:     0x5bdaf51b0391 - <<std[617be2ca0a6fd877]::sys::backtrace::BacktraceLock>::print::DisplayBacktrace as core[a373ad73a504971]::fmt::Display>::fmt
[INFO] [stdout]    1:     0x5bdaf51c6a1a - core[a373ad73a504971]::fmt::write
[INFO] [stdout]    2:     0x5bdaf51b48ac - <alloc[2e1b2a31b91974c5]::vec::Vec<u8> as core[a373ad73a504971]::io::write::Write>::write_fmt
[INFO] [stdout]    3:     0x5bdaf518b046 - std[617be2ca0a6fd877]::panicking::default_hook::{closure#0}
[INFO] [stdout]    4:     0x5bdaf51a8029 - std[617be2ca0a6fd877]::panicking::default_hook
[INFO] [stdout]    5:     0x5bdaf4fe85e0 - test[aada8e7e76ba119b]::test_main_inner::{closure#0}
[INFO] [stdout]    6:     0x5bdaf51a8352 - std[617be2ca0a6fd877]::panicking::panic_with_hook
[INFO] [stdout]    7:     0x5bdaf518b0f2 - std[617be2ca0a6fd877]::panicking::panic_handler::{closure#0}
[INFO] [stdout]    8:     0x5bdaf5183999 - std[617be2ca0a6fd877]::sys::backtrace::__rust_end_short_backtrace::<std[617be2ca0a6fd877]::panicking::panic_handler::{closure#0}, !>
[INFO] [stdout]    9:     0x5bdaf518bd9d - __rustc[ea4f61d10b84890b]::rust_begin_unwind
[INFO] [stdout]   10:     0x5bdaf51c717c - core[a373ad73a504971]::panicking::panic_fmt
[INFO] [stdout]   11:     0x5bdaf4fc5f69 - spec_core[d634b49c71a11333]::common::load_json::{closure#0}
[INFO] [stdout]   12:     0x5bdaf4fca037 - spec_core[d634b49c71a11333]::common::load_json
[INFO] [stdout]   13:     0x5bdaf4fa5dad - spec_core[d634b49c71a11333]::common::run_fixture::{closure#0}
[INFO] [stdout]   14:     0x5bdaf4fa9ff6 - spec_core[d634b49c71a11333]::core::ops::prompt_list_passthrough::{closure#0}
[INFO] [stdout]   15:     0x5bdaf4fcd893 - <tokio[2a6b50828ea3ea90]::runtime::scheduler::current_thread::Context>::enter::<core[a373ad73a504971]::task::poll::Poll<()>, <tokio[2a6b50828ea3ea90]::runtime::scheduler::current_thread::CoreGuard>::block_on<core[a373ad73a504971]::pin::Pin<&mut core[a373ad73a504971]::pin::Pin<&mut dyn core[a373ad73a504971]::future::future::Future<Output = ()>>>>::{closure#0}::{closure#0}>
[INFO] [stdout]   16:     0x5bdaf4fdb039 - <std[617be2ca0a6fd877]::thread::local::LocalKey<tokio[2a6b50828ea3ea90]::runtime::context::Context>>::with::<tokio[2a6b50828ea3ea90]::runtime::context::set_scheduler<(alloc[2e1b2a31b91974c5]::boxed::Box<tokio[2a6b50828ea3ea90]::runtime::scheduler::current_thread::Core>, core[a373ad73a504971]::option::Option<()>), <tokio[2a6b50828ea3ea90]::runtime::scheduler::current_thread::CoreGuard>::enter<<tokio[2a6b50828ea3ea90]::runtime::scheduler::current_thread::CoreGuard>::block_on<core[a373ad73a504971]::pin::Pin<&mut core[a373ad73a504971]::pin::Pin<&mut dyn core[a373ad73a504971]::future::future::Future<Output = ()>>>>::{closure#0}, core[a373ad73a504971]::option::Option<()>>::{closure#0}>::{closure#0}, (alloc[2e1b2a31b91974c5]::boxed::Box<tokio[2a6b50828ea3ea90]::runtime::scheduler::current_thread::Core>, core[a373ad73a504971]::option::Option<()>)>
[INFO] [stdout]   17:     0x5bdaf4fcde97 - <tokio[2a6b50828ea3ea90]::runtime::scheduler::current_thread::CoreGuard>::block_on::<core[a373ad73a504971]::pin::Pin<&mut core[a373ad73a504971]::pin::Pin<&mut dyn core[a373ad73a504971]::future::future::Future<Output = ()>>>>
[INFO] [stdout]   18:     0x5bdaf4fd1e87 - tokio[2a6b50828ea3ea90]::runtime::context::runtime::enter_runtime::<<tokio[2a6b50828ea3ea90]::runtime::scheduler::current_thread::CurrentThread>::block_on<core[a373ad73a504971]::pin::Pin<&mut dyn core[a373ad73a504971]::future::future::Future<Output = ()>>>::{closure#0}, ()>
[INFO] [stdout]   19:     0x5bdaf4fd104a - <tokio[2a6b50828ea3ea90]::runtime::runtime::Runtime>::block_on::<core[a373ad73a504971]::pin::Pin<&mut dyn core[a373ad73a504971]::future::future::Future<Output = ()>>>
[INFO] [stdout]   20:     0x5bdaf4faa9ae - <spec_core[d634b49c71a11333]::core::ops::prompt_list_passthrough::{closure#0} as core[a373ad73a504971]::ops::function::FnOnce<()>>::call_once
[INFO] [stdout]   21:     0x5bdaf4fdba2b - test[aada8e7e76ba119b]::__rust_begin_short_backtrace::<core[a373ad73a504971]::result::Result<(), alloc[2e1b2a31b91974c5]::string::String>, fn() -> core[a373ad73a504971]::result::Result<(), alloc[2e1b2a31b91974c5]::string::String>>
[INFO] [stdout]   22:     0x5bdaf4fe8c05 - test[aada8e7e76ba119b]::run_test::{closure#0}
[INFO] [stdout]   23:     0x5bdaf4fe24f4 - std[617be2ca0a6fd877]::sys::backtrace::__rust_begin_short_backtrace::<test[aada8e7e76ba119b]::run_test::{closure#1}, ()>
[INFO] [stdout]   24:     0x5bdaf4febc92 - <std[617be2ca0a6fd877]::thread::lifecycle::spawn_unchecked<test[aada8e7e76ba119b]::run_test::{closure#1}, ()>::{closure#1} as core[a373ad73a504971]::ops::function::FnOnce<()>>::call_once::{shim:vtable#0}
[INFO] [stdout]   25:     0x5bdaf51af66f - <std[617be2ca0a6fd877]::sys::thread::unix::Thread>::new::thread_start
[INFO] [stdout]   26:     0x78867b44bdfa - <unknown>
[INFO] [stdout]   27:     0x78867b4df3d4 - clone
[INFO] [stdout]   28:                0x0 - <unknown>
[INFO] [stdout] 
[INFO] [stdout] ---- core::ops::parser_yaml_extract stdout ----
[INFO] [stdout] 
[INFO] [stdout] thread 'core::ops::parser_yaml_extract' (2869) panicked at tests/common/mod.rs:50:29:
[INFO] [stdout] failed to read /opt/rustwide/workdir/tests/spec/core/ops/parser_yaml_extract/graph.json: No such file or directory (os error 2)
[INFO] [stdout] stack backtrace:
[INFO] [stdout]    0:     0x5bdaf51b0391 - <<std[617be2ca0a6fd877]::sys::backtrace::BacktraceLock>::print::DisplayBacktrace as core[a373ad73a504971]::fmt::Display>::fmt
[INFO] [stdout]    1:     0x5bdaf51c6a1a - core[a373ad73a504971]::fmt::write
[INFO] [stdout]    2:     0x5bdaf51b48ac - <alloc[2e1b2a31b91974c5]::vec::Vec<u8> as core[a373ad73a504971]::io::write::Write>::write_fmt
[INFO] [stdout]    3:     0x5bdaf518b046 - std[617be2ca0a6fd877]::panicking::default_hook::{closure#0}
[INFO] [stdout]    4:     0x5bdaf51a8029 - std[617be2ca0a6fd877]::panicking::default_hook
[INFO] [stdout]    5:     0x5bdaf4fe85e0 - test[aada8e7e76ba119b]::test_main_inner::{closure#0}
[INFO] [stdout]    6:     0x5bdaf51a8352 - std[617be2ca0a6fd877]::panicking::panic_with_hook
[INFO] [stdout]    7:     0x5bdaf518b0f2 - std[617be2ca0a6fd877]::panicking::panic_handler::{closure#0}
[INFO] [stdout]    8:     0x5bdaf5183999 - std[617be2ca0a6fd877]::sys::backtrace::__rust_end_short_backtrace::<std[617be2ca0a6fd877]::panicking::panic_handler::{closure#0}, !>
[INFO] [stdout]    9:     0x5bdaf518bd9d - __rustc[ea4f61d10b84890b]::rust_begin_unwind
[INFO] [stdout]   10:     0x5bdaf51c717c - core[a373ad73a504971]::panicking::panic_fmt
[INFO] [stdout]   11:     0x5bdaf4fc5f69 - spec_core[d634b49c71a11333]::common::load_json::{closure#0}
[INFO] [stdout]   12:     0x5bdaf4fca037 - spec_core[d634b49c71a11333]::common::load_json
[INFO] [stdout]   13:     0x5bdaf4fa5dad - spec_core[d634b49c71a11333]::common::run_fixture::{closure#0}
[INFO] [stdout]   14:     0x5bdaf4fa9f36 - spec_core[d634b49c71a11333]::core::ops::parser_yaml_extract::{closure#0}
[INFO] [stdout]   15:     0x5bdaf4fcd893 - <tokio[2a6b50828ea3ea90]::runtime::scheduler::current_thread::Context>::enter::<core[a373ad73a504971]::task::poll::Poll<()>, <tokio[2a6b50828ea3ea90]::runtime::scheduler::current_thread::CoreGuard>::block_on<core[a373ad73a504971]::pin::Pin<&mut core[a373ad73a504971]::pin::Pin<&mut dyn core[a373ad73a504971]::future::future::Future<Output = ()>>>>::{closure#0}::{closure#0}>
[INFO] [stdout]   16:     0x5bdaf4fdb039 - <std[617be2ca0a6fd877]::thread::local::LocalKey<tokio[2a6b50828ea3ea90]::runtime::context::Context>>::with::<tokio[2a6b50828ea3ea90]::runtime::context::set_scheduler<(alloc[2e1b2a31b91974c5]::boxed::Box<tokio[2a6b50828ea3ea90]::runtime::scheduler::current_thread::Core>, core[a373ad73a504971]::option::Option<()>), <tokio[2a6b50828ea3ea90]::runtime::scheduler::current_thread::CoreGuard>::enter<<tokio[2a6b50828ea3ea90]::runtime::scheduler::current_thread::CoreGuard>::block_on<core[a373ad73a504971]::pin::Pin<&mut core[a373ad73a504971]::pin::Pin<&mut dyn core[a373ad73a504971]::future::future::Future<Output = ()>>>>::{closure#0}, core[a373ad73a504971]::option::Option<()>>::{closure#0}>::{closure#0}, (alloc[2e1b2a31b91974c5]::boxed::Box<tokio[2a6b50828ea3ea90]::runtime::scheduler::current_thread::Core>, core[a373ad73a504971]::option::Option<()>)>
[INFO] [stdout]   17:     0x5bdaf4fcde97 - <tokio[2a6b50828ea3ea90]::runtime::scheduler::current_thread::CoreGuard>::block_on::<core[a373ad73a504971]::pin::Pin<&mut core[a373ad73a504971]::pin::Pin<&mut dyn core[a373ad73a504971]::future::future::Future<Output = ()>>>>
[INFO] [stdout]   18:     0x5bdaf4fd1e87 - tokio[2a6b50828ea3ea90]::runtime::context::runtime::enter_runtime::<<tokio[2a6b50828ea3ea90]::runtime::scheduler::current_thread::CurrentThread>::block_on<core[a373ad73a504971]::pin::Pin<&mut dyn core[a373ad73a504971]::future::future::Future<Output = ()>>>::{closure#0}, ()>
[INFO] [stdout]   19:     0x5bdaf4fd104a - <tokio[2a6b50828ea3ea90]::runtime::runtime::Runtime>::block_on::<core[a373ad73a504971]::pin::Pin<&mut dyn core[a373ad73a504971]::future::future::Future<Output = ()>>>
[INFO] [stdout]   20:     0x5bdaf4faa83e - <spec_core[d634b49c71a11333]::core::ops::parser_yaml_extract::{closure#0} as core[a373ad73a504971]::ops::function::FnOnce<()>>::call_once
[INFO] [stdout]   21:     0x5bdaf4fdba2b - test[aada8e7e76ba119b]::__rust_begin_short_backtrace::<core[a373ad73a504971]::result::Result<(), alloc[2e1b2a31b91974c5]::string::String>, fn() -> core[a373ad73a504971]::result::Result<(), alloc[2e1b2a31b91974c5]::string::String>>
[INFO] [stdout]   22:     0x5bdaf4fe8c05 - test[aada8e7e76ba119b]::run_test::{closure#0}
[INFO] [stdout]   23:     0x5bdaf4fe24f4 - std[617be2ca0a6fd877]::sys::backtrace::__rust_begin_short_backtrace::<test[aada8e7e76ba119b]::run_test::{closure#1}, ()>
[INFO] [stdout]   24:     0x5bdaf4febc92 - <std[617be2ca0a6fd877]::thread::lifecycle::spawn_unchecked<test[aada8e7e76ba119b]::run_test::{closure#1}, ()>::{closure#1} as core[a373ad73a504971]::ops::function::FnOnce<()>>::call_once::{shim:vtable#0}
[INFO] [stdout]   25:     0x5bdaf51af66f - <std[617be2ca0a6fd877]::sys::thread::unix::Thread>::new::thread_start
[INFO] [stdout]   26:     0x78867b44bdfa - <unknown>
[INFO] [stdout]   27:     0x78867b4df3d4 - clone
[INFO] [stdout]   28:                0x0 - <unknown>
[INFO] [stdout] 
[INFO] [stdout] ---- core::state::explicit_output_mapping stdout ----
[INFO] [stdout] 
[INFO] [stdout] thread 'core::state::explicit_output_mapping' (2877) panicked at tests/common/mod.rs:50:29:
[INFO] [stdout] failed to read /opt/rustwide/workdir/tests/spec/core/state/explicit_output_mapping/graph.json: No such file or directory (os error 2)
[INFO] [stdout] stack backtrace:
[INFO] [stdout]    0:     0x5bdaf51b0391 - <<std[617be2ca0a6fd877]::sys::backtrace::BacktraceLock>::print::DisplayBacktrace as core[a373ad73a504971]::fmt::Display>::fmt
[INFO] [stdout]    1:     0x5bdaf51c6a1a - core[a373ad73a504971]::fmt::write
[INFO] [stdout]    2:     0x5bdaf51b48ac - <alloc[2e1b2a31b91974c5]::vec::Vec<u8> as core[a373ad73a504971]::io::write::Write>::write_fmt
[INFO] [stdout]    3:     0x5bdaf518b046 - std[617be2ca0a6fd877]::panicking::default_hook::{closure#0}
[INFO] [stdout]    4:     0x5bdaf51a8029 - std[617be2ca0a6fd877]::panicking::default_hook
[INFO] [stdout]    5:     0x5bdaf4fe85e0 - test[aada8e7e76ba119b]::test_main_inner::{closure#0}
[INFO] [stdout]    6:     0x5bdaf51a8352 - std[617be2ca0a6fd877]::panicking::panic_with_hook
[INFO] [stdout]    7:     0x5bdaf518b0f2 - std[617be2ca0a6fd877]::panicking::panic_handler::{closure#0}
[INFO] [stdout]    8:     0x5bdaf5183999 - std[617be2ca0a6fd877]::sys::backtrace::__rust_end_short_backtrace::<std[617be2ca0a6fd877]::panicking::panic_handler::{closure#0}, !>
[INFO] [stdout]    9:     0x5bdaf518bd9d - __rustc[ea4f61d10b84890b]::rust_begin_unwind
[INFO] [stdout]   10:     0x5bdaf51c717c - core[a373ad73a504971]::panicking::panic_fmt
[INFO] [stdout]   11:     0x5bdaf4fc5f69 - spec_core[d634b49c71a11333]::common::load_json::{closure#0}
[INFO] [stdout]   12:     0x5bdaf4fca037 - spec_core[d634b49c71a11333]::common::load_json
[INFO] [stdout]   13:     0x5bdaf4fad35d - spec_core[d634b49c71a11333]::common::run_fixture::{closure#0}
[INFO] [stdout]   14:     0x5bdaf4fb1366 - spec_core[d634b49c71a11333]::core::state::explicit_output_mapping::{closure#0}
[INFO] [stdout]   15:     0x5bdaf4fcd893 - <tokio[2a6b50828ea3ea90]::runtime::scheduler::current_thread::Context>::enter::<core[a373ad73a504971]::task::poll::Poll<()>, <tokio[2a6b50828ea3ea90]::runtime::scheduler::current_thread::CoreGuard>::block_on<core[a373ad73a504971]::pin::Pin<&mut core[a373ad73a504971]::pin::Pin<&mut dyn core[a373ad73a504971]::future::future::Future<Output = ()>>>>::{closure#0}::{closure#0}>
[INFO] [stdout]   16:     0x5bdaf4fdb039 - <std[617be2ca0a6fd877]::thread::local::LocalKey<tokio[2a6b50828ea3ea90]::runtime::context::Context>>::with::<tokio[2a6b50828ea3ea90]::runtime::context::set_scheduler<(alloc[2e1b2a31b91974c5]::boxed::Box<tokio[2a6b50828ea3ea90]::runtime::scheduler::current_thread::Core>, core[a373ad73a504971]::option::Option<()>), <tokio[2a6b50828ea3ea90]::runtime::scheduler::current_thread::CoreGuard>::enter<<tokio[2a6b50828ea3ea90]::runtime::scheduler::current_thread::CoreGuard>::block_on<core[a373ad73a504971]::pin::Pin<&mut core[a373ad73a504971]::pin::Pin<&mut dyn core[a373ad73a504971]::future::future::Future<Output = ()>>>>::{closure#0}, core[a373ad73a504971]::option::Option<()>>::{closure#0}>::{closure#0}, (alloc[2e1b2a31b91974c5]::boxed::Box<tokio[2a6b50828ea3ea90]::runtime::scheduler::current_thread::Core>, core[a373ad73a504971]::option::Option<()>)>
[INFO] [stdout]   17:     0x5bdaf4fcde97 - <tokio[2a6b50828ea3ea90]::runtime::scheduler::current_thread::CoreGuard>::block_on::<core[a373ad73a504971]::pin::Pin<&mut core[a373ad73a504971]::pin::Pin<&mut dyn core[a373ad73a504971]::future::future::Future<Output = ()>>>>
[INFO] [stdout]   18:     0x5bdaf4fd1e87 - tokio[2a6b50828ea3ea90]::runtime::context::runtime::enter_runtime::<<tokio[2a6b50828ea3ea90]::runtime::scheduler::current_thread::CurrentThread>::block_on<core[a373ad73a504971]::pin::Pin<&mut dyn core[a373ad73a504971]::future::future::Future<Output = ()>>>::{closure#0}, ()>
[INFO] [stdout]   19:     0x5bdaf4fd104a - <tokio[2a6b50828ea3ea90]::runtime::runtime::Runtime>::block_on::<core[a373ad73a504971]::pin::Pin<&mut dyn core[a373ad73a504971]::future::future::Future<Output = ()>>>
[INFO] [stdout]   20:     0x5bdaf4fb18ce - <spec_core[d634b49c71a11333]::core::state::explicit_output_mapping::{closure#0} as core[a373ad73a504971]::ops::function::FnOnce<()>>::call_once
[INFO] [stdout]   21:     0x5bdaf4fdba2b - test[aada8e7e76ba119b]::__rust_begin_short_backtrace::<core[a373ad73a504971]::result::Result<(), alloc[2e1b2a31b91974c5]::string::String>, fn() -> core[a373ad73a504971]::result::Result<(), alloc[2e1b2a31b91974c5]::string::String>>
[INFO] [stdout]   22:     0x5bdaf4fe8c05 - test[aada8e7e76ba119b]::run_test::{closure#0}
[INFO] [stdout]   23:     0x5bdaf4fe24f4 - std[617be2ca0a6fd877]::sys::backtrace::__rust_begin_short_backtrace::<test[aada8e7e76ba119b]::run_test::{closure#1}, ()>
[INFO] [stdout]   24:     0x5bdaf4febc92 - <std[617be2ca0a6fd877]::thread::lifecycle::spawn_unchecked<test[aada8e7e76ba119b]::run_test::{closure#1}, ()>::{closure#1} as core[a373ad73a504971]::ops::function::FnOnce<()>>::call_once::{shim:vtable#0}
[INFO] [stdout]   25:     0x5bdaf51af66f - <std[617be2ca0a6fd877]::sys::thread::unix::Thread>::new::thread_start
[INFO] [stdout]   26:     0x78867b44bdfa - <unknown>
[INFO] [stdout]   27:     0x78867b4df3d4 - clone
[INFO] [stdout]   28:                0x0 - <unknown>
[INFO] [stdout] 
[INFO] [stdout] ---- core::ops::parser_xml_extract stdout ----
[INFO] [stdout] 
[INFO] [stdout] thread 'core::ops::parser_xml_extract' (2868) panicked at tests/common/mod.rs:50:29:
[INFO] [stdout] failed to read /opt/rustwide/workdir/tests/spec/core/ops/parser_xml_extract/graph.json: No such file or directory (os error 2)
[INFO] [stdout] stack backtrace:
[INFO] [stdout]    0:     0x5bdaf51b0391 - <<std[617be2ca0a6fd877]::sys::backtrace::BacktraceLock>::print::DisplayBacktrace as core[a373ad73a504971]::fmt::Display>::fmt
[INFO] [stdout]    1:     0x5bdaf51c6a1a - core[a373ad73a504971]::fmt::write
[INFO] [stdout]    2:     0x5bdaf51b48ac - <alloc[2e1b2a31b91974c5]::vec::Vec<u8> as core[a373ad73a504971]::io::write::Write>::write_fmt
[INFO] [stdout]    3:     0x5bdaf518b046 - std[617be2ca0a6fd877]::panicking::default_hook::{closure#0}
[INFO] [stdout]    4:     0x5bdaf51a8029 - std[617be2ca0a6fd877]::panicking::default_hook
[INFO] [stdout]    5:     0x5bdaf4fe85e0 - test[aada8e7e76ba119b]::test_main_inner::{closure#0}
[INFO] [stdout]    6:     0x5bdaf51a8352 - std[617be2ca0a6fd877]::panicking::panic_with_hook
[INFO] [stdout]    7:     0x5bdaf518b0f2 - std[617be2ca0a6fd877]::panicking::panic_handler::{closure#0}
[INFO] [stdout]    8:     0x5bdaf5183999 - std[617be2ca0a6fd877]::sys::backtrace::__rust_end_short_backtrace::<std[617be2ca0a6fd877]::panicking::panic_handler::{closure#0}, !>
[INFO] [stdout]    9:     0x5bdaf518bd9d - __rustc[ea4f61d10b84890b]::rust_begin_unwind
[INFO] [stdout]   10:     0x5bdaf51c717c - core[a373ad73a504971]::panicking::panic_fmt
[INFO] [stdout]   11:     0x5bdaf4fc5f69 - spec_core[d634b49c71a11333]::common::load_json::{closure#0}
[INFO] [stdout]   12:     0x5bdaf4fca037 - spec_core[d634b49c71a11333]::common::load_json
[INFO] [stdout]   13:     0x5bdaf4fa5dad - spec_core[d634b49c71a11333]::common::run_fixture::{closure#0}
[INFO] [stdout]   14:     0x5bdaf4fa9db6 - spec_core[d634b49c71a11333]::core::ops::parser_xml_extract::{closure#0}
[INFO] [stdout]   15:     0x5bdaf4fcd893 - <tokio[2a6b50828ea3ea90]::runtime::scheduler::current_thread::Context>::enter::<core[a373ad73a504971]::task::poll::Poll<()>, <tokio[2a6b50828ea3ea90]::runtime::scheduler::current_thread::CoreGuard>::block_on<core[a373ad73a504971]::pin::Pin<&mut core[a373ad73a504971]::pin::Pin<&mut dyn core[a373ad73a504971]::future::future::Future<Output = ()>>>>::{closure#0}::{closure#0}>
[INFO] [stdout]   16:     0x5bdaf4fdb039 - <std[617be2ca0a6fd877]::thread::local::LocalKey<tokio[2a6b50828ea3ea90]::runtime::context::Context>>::with::<tokio[2a6b50828ea3ea90]::runtime::context::set_scheduler<(alloc[2e1b2a31b91974c5]::boxed::Box<tokio[2a6b50828ea3ea90]::runtime::scheduler::current_thread::Core>, core[a373ad73a504971]::option::Option<()>), <tokio[2a6b50828ea3ea90]::runtime::scheduler::current_thread::CoreGuard>::enter<<tokio[2a6b50828ea3ea90]::runtime::scheduler::current_thread::CoreGuard>::block_on<core[a373ad73a504971]::pin::Pin<&mut core[a373ad73a504971]::pin::Pin<&mut dyn core[a373ad73a504971]::future::future::Future<Output = ()>>>>::{closure#0}, core[a373ad73a504971]::option::Option<()>>::{closure#0}>::{closure#0}, (alloc[2e1b2a31b91974c5]::boxed::Box<tokio[2a6b50828ea3ea90]::runtime::scheduler::current_thread::Core>, core[a373ad73a504971]::option::Option<()>)>
[INFO] [stdout]   17:     0x5bdaf4fcde97 - <tokio[2a6b50828ea3ea90]::runtime::scheduler::current_thread::CoreGuard>::block_on::<core[a373ad73a504971]::pin::Pin<&mut core[a373ad73a504971]::pin::Pin<&mut dyn core[a373ad73a504971]::future::future::Future<Output = ()>>>>
[INFO] [stdout]   18:     0x5bdaf4fd1e87 - tokio[2a6b50828ea3ea90]::runtime::context::runtime::enter_runtime::<<tokio[2a6b50828ea3ea90]::runtime::scheduler::current_thread::CurrentThread>::block_on<core[a373ad73a504971]::pin::Pin<&mut dyn core[a373ad73a504971]::future::future::Future<Output = ()>>>::{closure#0}, ()>
[INFO] [stdout]   19:     0x5bdaf4fd104a - <tokio[2a6b50828ea3ea90]::runtime::runtime::Runtime>::block_on::<core[a373ad73a504971]::pin::Pin<&mut dyn core[a373ad73a504971]::future::future::Future<Output = ()>>>
[INFO] [stdout]   20:     0x5bdaf4faa55e - <spec_core[d634b49c71a11333]::core::ops::parser_xml_extract::{closure#0} as core[a373ad73a504971]::ops::function::FnOnce<()>>::call_once
[INFO] [stdout]   21:     0x5bdaf4fdba2b - test[aada8e7e76ba119b]::__rust_begin_short_backtrace::<core[a373ad73a504971]::result::Result<(), alloc[2e1b2a31b91974c5]::string::String>, fn() -> core[a373ad73a504971]::result::Result<(), alloc[2e1b2a31b91974c5]::string::String>>
[INFO] [stdout]   22:     0x5bdaf4fe8c05 - test[aada8e7e76ba119b]::run_test::{closure#0}
[INFO] [stdout]   23:     0x5bdaf4fe24f4 - std[617be2ca0a6fd877]::sys::backtrace::__rust_begin_short_backtrace::<test[aada8e7e76ba119b]::run_test::{closure#1}, ()>
[INFO] [stdout]   24:     0x5bdaf4febc92 - <std[617be2ca0a6fd877]::thread::lifecycle::spawn_unchecked<test[aada8e7e76ba119b]::run_test::{closure#1}, ()>::{closure#1} as core[a373ad73a504971]::ops::function::FnOnce<()>>::call_once::{shim:vtable#0}
[INFO] [stdout]   25:     0x5bdaf51af66f - <std[617be2ca0a6fd877]::sys::thread::unix::Thread>::new::thread_start
[INFO] [stdout]   26:     0x78867b44bdfa - <unknown>
[INFO] [stdout]   27:     0x78867b4df3d4 - clone
[INFO] [stdout]   28:                0x0 - <unknown>
[INFO] [stdout] 
[INFO] [stdout] ---- core::refs::getattr_dict stdout ----
[INFO] [stdout] 
[INFO] [stdout] thread 'core::refs::getattr_dict' (2873) panicked at tests/common/mod.rs:50:29:
[INFO] [stdout] failed to read /opt/rustwide/workdir/tests/spec/core/refs/getattr_dict/graph.json: No such file or directory (os error 2)
[INFO] [stdout] stack backtrace:
[INFO] [stdout]    0:     0x5bdaf51b0391 - <<std[617be2ca0a6fd877]::sys::backtrace::BacktraceLock>::print::DisplayBacktrace as core[a373ad73a504971]::fmt::Display>::fmt
[INFO] [stdout]    1:     0x5bdaf51c6a1a - core[a373ad73a504971]::fmt::write
[INFO] [stdout]    2:     0x5bdaf51b48ac - <alloc[2e1b2a31b91974c5]::vec::Vec<u8> as core[a373ad73a504971]::io::write::Write>::write_fmt
[INFO] [stdout]    3:     0x5bdaf518b046 - std[617be2ca0a6fd877]::panicking::default_hook::{closure#0}
[INFO] [stdout]    4:     0x5bdaf51a8029 - std[617be2ca0a6fd877]::panicking::default_hook
[INFO] [stdout]    5:     0x5bdaf4fe85e0 - test[aada8e7e76ba119b]::test_main_inner::{closure#0}
[INFO] [stdout]    6:     0x5bdaf51a8352 - std[617be2ca0a6fd877]::panicking::panic_with_hook
[INFO] [stdout]    7:     0x5bdaf518b0f2 - std[617be2ca0a6fd877]::panicking::panic_handler::{closure#0}
[INFO] [stdout]    8:     0x5bdaf5183999 - std[617be2ca0a6fd877]::sys::backtrace::__rust_end_short_backtrace::<std[617be2ca0a6fd877]::panicking::panic_handler::{closure#0}, !>
[INFO] [stdout]    9:     0x5bdaf518bd9d - __rustc[ea4f61d10b84890b]::rust_begin_unwind
[INFO] [stdout]   10:     0x5bdaf51c717c - core[a373ad73a504971]::panicking::panic_fmt
[INFO] [stdout]   11:     0x5bdaf4fc5f69 - spec_core[d634b49c71a11333]::common::load_json::{closure#0}
[INFO] [stdout]   12:     0x5bdaf4fca037 - spec_core[d634b49c71a11333]::common::load_json
[INFO] [stdout]   13:     0x5bdaf4fc186d - spec_core[d634b49c71a11333]::core::refs::getattr_dict::{closure#0}
[INFO] [stdout]   14:     0x5bdaf4fcd893 - <tokio[2a6b50828ea3ea90]::runtime::scheduler::current_thread::Context>::enter::<core[a373ad73a504971]::task::poll::Poll<()>, <tokio[2a6b50828ea3ea90]::runtime::scheduler::current_thread::CoreGuard>::block_on<core[a373ad73a504971]::pin::Pin<&mut core[a373ad73a504971]::pin::Pin<&mut dyn core[a373ad73a504971]::future::future::Future<Output = ()>>>>::{closure#0}::{closure#0}>
[INFO] [stdout]   15:     0x5bdaf4fdb039 - <std[617be2ca0a6fd877]::thread::local::LocalKey<tokio[2a6b50828ea3ea90]::runtime::context::Context>>::with::<tokio[2a6b50828ea3ea90]::runtime::context::set_scheduler<(alloc[2e1b2a31b91974c5]::boxed::Box<tokio[2a6b50828ea3ea90]::runtime::scheduler::current_thread::Core>, core[a373ad73a504971]::option::Option<()>), <tokio[2a6b50828ea3ea90]::runtime::scheduler::current_thread::CoreGuard>::enter<<tokio[2a6b50828ea3ea90]::runtime::scheduler::current_thread::CoreGuard>::block_on<core[a373ad73a504971]::pin::Pin<&mut core[a373ad73a504971]::pin::Pin<&mut dyn core[a373ad73a504971]::future::future::Future<Output = ()>>>>::{closure#0}, core[a373ad73a504971]::option::Option<()>>::{closure#0}>::{closure#0}, (alloc[2e1b2a31b91974c5]::boxed::Box<tokio[2a6b50828ea3ea90]::runtime::scheduler::current_thread::Core>, core[a373ad73a504971]::option::Option<()>)>
[INFO] [stdout]   16:     0x5bdaf4fcde97 - <tokio[2a6b50828ea3ea90]::runtime::scheduler::current_thread::CoreGuard>::block_on::<core[a373ad73a504971]::pin::Pin<&mut core[a373ad73a504971]::pin::Pin<&mut dyn core[a373ad73a504971]::future::future::Future<Output = ()>>>>
[INFO] [stdout]   17:     0x5bdaf4fd1e87 - tokio[2a6b50828ea3ea90]::runtime::context::runtime::enter_runtime::<<tokio[2a6b50828ea3ea90]::runtime::scheduler::current_thread::CurrentThread>::block_on<core[a373ad73a504971]::pin::Pin<&mut dyn core[a373ad73a504971]::future::future::Future<Output = ()>>>::{closure#0}, ()>
[INFO] [stdout]   18:     0x5bdaf4fd104a - <tokio[2a6b50828ea3ea90]::runtime::runtime::Runtime>::block_on::<core[a373ad73a504971]::pin::Pin<&mut dyn core[a373ad73a504971]::future::future::Future<Output = ()>>>
[INFO] [stdout]   19:     0x5bdaf4fc56de - <spec_core[d634b49c71a11333]::core::refs::getattr_dict::{closure#0} as core[a373ad73a504971]::ops::function::FnOnce<()>>::call_once
[INFO] [stdout]   20:     0x5bdaf4fdba2b - test[aada8e7e76ba119b]::__rust_begin_short_backtrace::<core[a373ad73a504971]::result::Result<(), alloc[2e1b2a31b91974c5]::string::String>, fn() -> core[a373ad73a504971]::result::Result<(), alloc[2e1b2a31b91974c5]::string::String>>
[INFO] [stdout]   21:     0x5bdaf4fe8c05 - test[aada8e7e76ba119b]::run_test::{closure#0}
[INFO] [stdout]   22:     0x5bdaf4fe24f4 - std[617be2ca0a6fd877]::sys::backtrace::__rust_begin_short_backtrace::<test[aada8e7e76ba119b]::run_test::{closure#1}, ()>
[INFO] [stdout]   23:     0x5bdaf4febc92 - <std[617be2ca0a6fd877]::thread::lifecycle::spawn_unchecked<test[aada8e7e76ba119b]::run_test::{closure#1}, ()>::{closure#1} as core[a373ad73a504971]::ops::function::FnOnce<()>>::call_once::{shim:vtable#0}
[INFO] [stdout]   24:     0x5bdaf51af66f - <std[617be2ca0a6fd877]::sys::thread::unix::Thread>::new::thread_start
[INFO] [stdout]   25:     0x78867b44bdfa - <unknown>
[INFO] [stdout]   26:     0x78867b4df3d4 - clone
[INFO] [stdout]   27:                0x0 - <unknown>
[INFO] [stdout] 
[INFO] [stdout] ---- core::scheduler::parallel_branches stdout ----
[INFO] [stdout] 
[INFO] [stdout] thread 'core::scheduler::parallel_branches' (2874) panicked at tests/common/mod.rs:50:29:
[INFO] [stdout] failed to read /opt/rustwide/workdir/tests/spec/core/scheduler/parallel_branches/graph.json: No such file or directory (os error 2)
[INFO] [stdout] stack backtrace:
[INFO] [stdout]    0:     0x5bdaf51b0391 - <<std[617be2ca0a6fd877]::sys::backtrace::BacktraceLock>::print::DisplayBacktrace as core[a373ad73a504971]::fmt::Display>::fmt
[INFO] [stdout]    1:     0x5bdaf51c6a1a - core[a373ad73a504971]::fmt::write
[INFO] [stdout]    2:     0x5bdaf51b48ac - <alloc[2e1b2a31b91974c5]::vec::Vec<u8> as core[a373ad73a504971]::io::write::Write>::write_fmt
[INFO] [stdout]    3:     0x5bdaf518b046 - std[617be2ca0a6fd877]::panicking::default_hook::{closure#0}
[INFO] [stdout]    4:     0x5bdaf51a8029 - std[617be2ca0a6fd877]::panicking::default_hook
[INFO] [stdout]    5:     0x5bdaf4fe85e0 - test[aada8e7e76ba119b]::test_main_inner::{closure#0}
[INFO] [stdout]    6:     0x5bdaf51a8352 - std[617be2ca0a6fd877]::panicking::panic_with_hook
[INFO] [stdout]    7:     0x5bdaf518b0f2 - std[617be2ca0a6fd877]::panicking::panic_handler::{closure#0}
[INFO] [stdout]    8:     0x5bdaf5183999 - std[617be2ca0a6fd877]::sys::backtrace::__rust_end_short_backtrace::<std[617be2ca0a6fd877]::panicking::panic_handler::{closure#0}, !>
[INFO] [stdout]    9:     0x5bdaf518bd9d - __rustc[ea4f61d10b84890b]::rust_begin_unwind
[INFO] [stdout]   10:     0x5bdaf51c717c - core[a373ad73a504971]::panicking::panic_fmt
[INFO] [stdout]   11:     0x5bdaf4fc5f69 - spec_core[d634b49c71a11333]::common::load_json::{closure#0}
[INFO] [stdout]   12:     0x5bdaf4fca037 - spec_core[d634b49c71a11333]::common::load_json
[INFO] [stdout]   13:     0x5bdaf4fb427d - spec_core[d634b49c71a11333]::common::run_fixture::{closure#0}
[INFO] [stdout]   14:     0x5bdaf4fb81c6 - spec_core[d634b49c71a11333]::core::scheduler::parallel_branches::{closure#0}
[INFO] [stdout]   15:     0x5bdaf4fcd893 - <tokio[2a6b50828ea3ea90]::runtime::scheduler::current_thread::Context>::enter::<core[a373ad73a504971]::task::poll::Poll<()>, <tokio[2a6b50828ea3ea90]::runtime::scheduler::current_thread::CoreGuard>::block_on<core[a373ad73a504971]::pin::Pin<&mut core[a373ad73a504971]::pin::Pin<&mut dyn core[a373ad73a504971]::future::future::Future<Output = ()>>>>::{closure#0}::{closure#0}>
[INFO] [stdout]   16:     0x5bdaf4fdb039 - <std[617be2ca0a6fd877]::thread::local::LocalKey<tokio[2a6b50828ea3ea90]::runtime::context::Context>>::with::<tokio[2a6b50828ea3ea90]::runtime::context::set_scheduler<(alloc[2e1b2a31b91974c5]::boxed::Box<tokio[2a6b50828ea3ea90]::runtime::scheduler::current_thread::Core>, core[a373ad73a504971]::option::Option<()>), <tokio[2a6b50828ea3ea90]::runtime::scheduler::current_thread::CoreGuard>::enter<<tokio[2a6b50828ea3ea90]::runtime::scheduler::current_thread::CoreGuard>::block_on<core[a373ad73a504971]::pin::Pin<&mut core[a373ad73a504971]::pin::Pin<&mut dyn core[a373ad73a504971]::future::future::Future<Output = ()>>>>::{closure#0}, core[a373ad73a504971]::option::Option<()>>::{closure#0}>::{closure#0}, (alloc[2e1b2a31b91974c5]::boxed::Box<tokio[2a6b50828ea3ea90]::runtime::scheduler::current_thread::Core>, core[a373ad73a504971]::option::Option<()>)>
[INFO] [stdout]   17:     0x5bdaf4fcde97 - <tokio[2a6b50828ea3ea90]::runtime::scheduler::current_thread::CoreGuard>::block_on::<core[a373ad73a504971]::pin::Pin<&mut core[a373ad73a504971]::pin::Pin<&mut dyn core[a373ad73a504971]::future::future::Future<Output = ()>>>>
[INFO] [stdout]   18:     0x5bdaf4fd1e87 - tokio[2a6b50828ea3ea90]::runtime::context::runtime::enter_runtime::<<tokio[2a6b50828ea3ea90]::runtime::scheduler::current_thread::CurrentThread>::block_on<core[a373ad73a504971]::pin::Pin<&mut dyn core[a373ad73a504971]::future::future::Future<Output = ()>>>::{closure#0}, ()>
[INFO] [stdout]   19:     0x5bdaf4fd104a - <tokio[2a6b50828ea3ea90]::runtime::runtime::Runtime>::block_on::<core[a373ad73a504971]::pin::Pin<&mut dyn core[a373ad73a504971]::future::future::Future<Output = ()>>>
[INFO] [stdout]   20:     0x5bdaf4fb85be - <spec_core[d634b49c71a11333]::core::scheduler::parallel_branches::{closure#0} as core[a373ad73a504971]::ops::function::FnOnce<()>>::call_once
[INFO] [stdout]   21:     0x5bdaf4fdba2b - test[aada8e7e76ba119b]::__rust_begin_short_backtrace::<core[a373ad73a504971]::result::Result<(), alloc[2e1b2a31b91974c5]::string::String>, fn() -> core[a373ad73a504971]::result::Result<(), alloc[2e1b2a31b91974c5]::string::String>>
[INFO] [stdout]   22:     0x5bdaf4fe8c05 - test[aada8e7e76ba119b]::run_test::{closure#0}
[INFO] [stdout]   23:     0x5bdaf4fe24f4 - std[617be2ca0a6fd877]::sys::backtrace::__rust_begin_short_backtrace::<test[aada8e7e76ba119b]::run_test::{closure#1}, ()>
[INFO] [stdout]   24:     0x5bdaf4febc92 - <std[617be2ca0a6fd877]::thread::lifecycle::spawn_unchecked<test[aada8e7e76ba119b]::run_test::{closure#1}, ()>::{closure#1} as core[a373ad73a504971]::ops::function::FnOnce<()>>::call_once::{shim:vtable#0}
[INFO] [stdout]   25:     0x5bdaf51af66f - <std[617be2ca0a6fd877]::sys::thread::unix::Thread>::new::thread_start
[INFO] [stdout]   26:     0x78867b44bdfa - <unknown>
[INFO] [stdout]   27:     0x78867b4df3d4 - clone
[INFO] [stdout]   28:                0x0 - <unknown>
[INFO] [stdout] 
[INFO] [stdout] ---- core::scheduler::single_code_op stdout ----
[INFO] [stdout] 
[INFO] [stdout] thread 'core::scheduler::single_code_op' (2875) panicked at tests/common/mod.rs:50:29:
[INFO] [stdout] failed to read /opt/rustwide/workdir/tests/spec/core/scheduler/single_code_op/graph.json: No such file or directory (os error 2)
[INFO] [stdout] stack backtrace:
[INFO] [stdout]    0:     0x5bdaf51b0391 - <<std[617be2ca0a6fd877]::sys::backtrace::BacktraceLock>::print::DisplayBacktrace as core[a373ad73a504971]::fmt::Display>::fmt
[INFO] [stdout]    1:     0x5bdaf51c6a1a - core[a373ad73a504971]::fmt::write
[INFO] [stdout]    2:     0x5bdaf51b48ac - <alloc[2e1b2a31b91974c5]::vec::Vec<u8> as core[a373ad73a504971]::io::write::Write>::write_fmt
[INFO] [stdout]    3:     0x5bdaf518b046 - std[617be2ca0a6fd877]::panicking::default_hook::{closure#0}
[INFO] [stdout]    4:     0x5bdaf51a8029 - std[617be2ca0a6fd877]::panicking::default_hook
[INFO] [stdout]    5:     0x5bdaf4fe85e0 - test[aada8e7e76ba119b]::test_main_inner::{closure#0}
[INFO] [stdout]    6:     0x5bdaf51a8352 - std[617be2ca0a6fd877]::panicking::panic_with_hook
[INFO] [stdout]    7:     0x5bdaf518b0f2 - std[617be2ca0a6fd877]::panicking::panic_handler::{closure#0}
[INFO] [stdout]    8:     0x5bdaf5183999 - std[617be2ca0a6fd877]::sys::backtrace::__rust_end_short_backtrace::<std[617be2ca0a6fd877]::panicking::panic_handler::{closure#0}, !>
[INFO] [stdout]    9:     0x5bdaf518bd9d - __rustc[ea4f61d10b84890b]::rust_begin_unwind
[INFO] [stdout]   10:     0x5bdaf51c717c - core[a373ad73a504971]::panicking::panic_fmt
[INFO] [stdout]   11:     0x5bdaf4fc5f69 - spec_core[d634b49c71a11333]::common::load_json::{closure#0}
[INFO] [stdout]   12:     0x5bdaf4fca037 - spec_core[d634b49c71a11333]::common::load_json
[INFO] [stdout]   13:     0x5bdaf4fb427d - spec_core[d634b49c71a11333]::common::run_fixture::{closure#0}
[INFO] [stdout]   14:     0x5bdaf4fb8106 - spec_core[d634b49c71a11333]::core::scheduler::single_code_op::{closure#0}
[INFO] [stdout]   15:     0x5bdaf4fcd893 - <tokio[2a6b50828ea3ea90]::runtime::scheduler::current_thread::Context>::enter::<core[a373ad73a504971]::task::poll::Poll<()>, <tokio[2a6b50828ea3ea90]::runtime::scheduler::current_thread::CoreGuard>::block_on<core[a373ad73a504971]::pin::Pin<&mut core[a373ad73a504971]::pin::Pin<&mut dyn core[a373ad73a504971]::future::future::Future<Output = ()>>>>::{closure#0}::{closure#0}>
[INFO] [stdout]   16:     0x5bdaf4fdb039 - <std[617be2ca0a6fd877]::thread::local::LocalKey<tokio[2a6b50828ea3ea90]::runtime::context::Context>>::with::<tokio[2a6b50828ea3ea90]::runtime::context::set_scheduler<(alloc[2e1b2a31b91974c5]::boxed::Box<tokio[2a6b50828ea3ea90]::runtime::scheduler::current_thread::Core>, core[a373ad73a504971]::option::Option<()>), <tokio[2a6b50828ea3ea90]::runtime::scheduler::current_thread::CoreGuard>::enter<<tokio[2a6b50828ea3ea90]::runtime::scheduler::current_thread::CoreGuard>::block_on<core[a373ad73a504971]::pin::Pin<&mut core[a373ad73a504971]::pin::Pin<&mut dyn core[a373ad73a504971]::future::future::Future<Output = ()>>>>::{closure#0}, core[a373ad73a504971]::option::Option<()>>::{closure#0}>::{closure#0}, (alloc[2e1b2a31b91974c5]::boxed::Box<tokio[2a6b50828ea3ea90]::runtime::scheduler::current_thread::Core>, core[a373ad73a504971]::option::Option<()>)>
[INFO] [stdout]   17:     0x5bdaf4fcde97 - <tokio[2a6b50828ea3ea90]::runtime::scheduler::current_thread::CoreGuard>::block_on::<core[a373ad73a504971]::pin::Pin<&mut core[a373ad73a504971]::pin::Pin<&mut dyn core[a373ad73a504971]::future::future::Future<Output = ()>>>>
[INFO] [stdout]   18:     0x5bdaf4fd1e87 - tokio[2a6b50828ea3ea90]::runtime::context::runtime::enter_runtime::<<tokio[2a6b50828ea3ea90]::runtime::scheduler::current_thread::CurrentThread>::block_on<core[a373ad73a504971]::pin::Pin<&mut dyn core[a373ad73a504971]::future::future::Future<Output = ()>>>::{closure#0}, ()>
[INFO] [stdout]   19:     0x5bdaf4fd104a - <tokio[2a6b50828ea3ea90]::runtime::runtime::Runtime>::block_on::<core[a373ad73a504971]::pin::Pin<&mut dyn core[a373ad73a504971]::future::future::Future<Output = ()>>>
[INFO] [stdout]   20:     0x5bdaf4fb844e - <spec_core[d634b49c71a11333]::core::scheduler::single_code_op::{closure#0} as core[a373ad73a504971]::ops::function::FnOnce<()>>::call_once
[INFO] [stdout]   21:     0x5bdaf4fdba2b - test[aada8e7e76ba119b]::__rust_begin_short_backtrace::<core[a373ad73a504971]::result::Result<(), alloc[2e1b2a31b91974c5]::string::String>, fn() -> core[a373ad73a504971]::result::Result<(), alloc[2e1b2a31b91974c5]::string::String>>
[INFO] [stdout]   22:     0x5bdaf4fe8c05 - test[aada8e7e76ba119b]::run_test::{closure#0}
[INFO] [stdout]   23:     0x5bdaf4fe24f4 - std[617be2ca0a6fd877]::sys::backtrace::__rust_begin_short_backtrace::<test[aada8e7e76ba119b]::run_test::{closure#1}, ()>
[INFO] [stdout]   24:     0x5bdaf4febc92 - <std[617be2ca0a6fd877]::thread::lifecycle::spawn_unchecked<test[aada8e7e76ba119b]::run_test::{closure#1}, ()>::{closure#1} as core[a373ad73a504971]::ops::function::FnOnce<()>>::call_once::{shim:vtable#0}
[INFO] [stdout]   25:     0x5bdaf51af66f - <std[617be2ca0a6fd877]::sys::thread::unix::Thread>::new::thread_start
[INFO] [stdout]   26:     0x78867b44bdfa - <unknown>
[INFO] [stdout]   27:     0x78867b4df3d4 - clone
[INFO] [stdout]   28:                0x0 - <unknown>
[INFO] [stdout] 
[INFO] [stdout] ---- core::scheduler::two_op_chain stdout ----
[INFO] [stdout] 
[INFO] [stdout] thread 'core::scheduler::two_op_chain' (2876) panicked at tests/common/mod.rs:50:29:
[INFO] [stdout] failed to read /opt/rustwide/workdir/tests/spec/core/scheduler/two_op_chain/graph.json: No such file or directory (os error 2)
[INFO] [stdout] stack backtrace:
[INFO] [stdout]    0:     0x5bdaf51b0391 - <<std[617be2ca0a6fd877]::sys::backtrace::BacktraceLock>::print::DisplayBacktrace as core[a373ad73a504971]::fmt::Display>::fmt
[INFO] [stdout]    1:     0x5bdaf51c6a1a - core[a373ad73a504971]::fmt::write
[INFO] [stdout]    2:     0x5bdaf51b48ac - <alloc[2e1b2a31b91974c5]::vec::Vec<u8> as core[a373ad73a504971]::io::write::Write>::write_fmt
[INFO] [stdout]    3:     0x5bdaf518b046 - std[617be2ca0a6fd877]::panicking::default_hook::{closure#0}
[INFO] [stdout]    4:     0x5bdaf51a8029 - std[617be2ca0a6fd877]::panicking::default_hook
[INFO] [stdout]    5:     0x5bdaf4fe85e0 - test[aada8e7e76ba119b]::test_main_inner::{closure#0}
[INFO] [stdout]    6:     0x5bdaf51a8352 - std[617be2ca0a6fd877]::panicking::panic_with_hook
[INFO] [stdout]    7:     0x5bdaf518b0f2 - std[617be2ca0a6fd877]::panicking::panic_handler::{closure#0}
[INFO] [stdout]    8:     0x5bdaf5183999 - std[617be2ca0a6fd877]::sys::backtrace::__rust_end_short_backtrace::<std[617be2ca0a6fd877]::panicking::panic_handler::{closure#0}, !>
[INFO] [stdout]    9:     0x5bdaf518bd9d - __rustc[ea4f61d10b84890b]::rust_begin_unwind
[INFO] [stdout]   10:     0x5bdaf51c717c - core[a373ad73a504971]::panicking::panic_fmt
[INFO] [stdout]   11:     0x5bdaf4fc5f69 - spec_core[d634b49c71a11333]::common::load_json::{closure#0}
[INFO] [stdout]   12:     0x5bdaf4fca037 - spec_core[d634b49c71a11333]::common::load_json
[INFO] [stdout]   13:     0x5bdaf4fb427d - spec_core[d634b49c71a11333]::common::run_fixture::{closure#0}
[INFO] [stdout]   14:     0x5bdaf4fb8046 - spec_core[d634b49c71a11333]::core::scheduler::two_op_chain::{closure#0}
[INFO] [stdout]   15:     0x5bdaf4fcd893 - <tokio[2a6b50828ea3ea90]::runtime::scheduler::current_thread::Context>::enter::<core[a373ad73a504971]::task::poll::Poll<()>, <tokio[2a6b50828ea3ea90]::runtime::scheduler::current_thread::CoreGuard>::block_on<core[a373ad73a504971]::pin::Pin<&mut core[a373ad73a504971]::pin::Pin<&mut dyn core[a373ad73a504971]::future::future::Future<Output = ()>>>>::{closure#0}::{closure#0}>
[INFO] [stdout]   16:     0x5bdaf4fdb039 - <std[617be2ca0a6fd877]::thread::local::LocalKey<tokio[2a6b50828ea3ea90]::runtime::context::Context>>::with::<tokio[2a6b50828ea3ea90]::runtime::context::set_scheduler<(alloc[2e1b2a31b91974c5]::boxed::Box<tokio[2a6b50828ea3ea90]::runtime::scheduler::current_thread::Core>, core[a373ad73a504971]::option::Option<()>), <tokio[2a6b50828ea3ea90]::runtime::scheduler::current_thread::CoreGuard>::enter<<tokio[2a6b50828ea3ea90]::runtime::scheduler::current_thread::CoreGuard>::block_on<core[a373ad73a504971]::pin::Pin<&mut core[a373ad73a504971]::pin::Pin<&mut dyn core[a373ad73a504971]::future::future::Future<Output = ()>>>>::{closure#0}, core[a373ad73a504971]::option::Option<()>>::{closure#0}>::{closure#0}, (alloc[2e1b2a31b91974c5]::boxed::Box<tokio[2a6b50828ea3ea90]::runtime::scheduler::current_thread::Core>, core[a373ad73a504971]::option::Option<()>)>
[INFO] [stdout]   17:     0x5bdaf4fcde97 - <tokio[2a6b50828ea3ea90]::runtime::scheduler::current_thread::CoreGuard>::block_on::<core[a373ad73a504971]::pin::Pin<&mut core[a373ad73a504971]::pin::Pin<&mut dyn core[a373ad73a504971]::future::future::Future<Output = ()>>>>
[INFO] [stdout]   18:     0x5bdaf4fd1e87 - tokio[2a6b50828ea3ea90]::runtime::context::runtime::enter_runtime::<<tokio[2a6b50828ea3ea90]::runtime::scheduler::current_thread::CurrentThread>::block_on<core[a373ad73a504971]::pin::Pin<&mut dyn core[a373ad73a504971]::future::future::Future<Output = ()>>>::{closure#0}, ()>
[INFO] [stdout]   19:     0x5bdaf4fd104a - <tokio[2a6b50828ea3ea90]::runtime::runtime::Runtime>::block_on::<core[a373ad73a504971]::pin::Pin<&mut dyn core[a373ad73a504971]::future::future::Future<Output = ()>>>
[INFO] [stdout]   20:     0x5bdaf4fb82de - <spec_core[d634b49c71a11333]::core::scheduler::two_op_chain::{closure#0} as core[a373ad73a504971]::ops::function::FnOnce<()>>::call_once
[INFO] [stdout]   21:     0x5bdaf4fdba2b - test[aada8e7e76ba119b]::__rust_begin_short_backtrace::<core[a373ad73a504971]::result::Result<(), alloc[2e1b2a31b91974c5]::string::String>, fn() -> core[a373ad73a504971]::result::Result<(), alloc[2e1b2a31b91974c5]::string::String>>
[INFO] [stdout]   22:     0x5bdaf4fe8c05 - test[aada8e7e76ba119b]::run_test::{closure#0}
[INFO] [stdout]   23:     0x5bdaf4fe24f4 - std[617be2ca0a6fd877]::sys::backtrace::__rust_begin_short_backtrace::<test[aada8e7e76ba119b]::run_test::{closure#1}, ()>
[INFO] [stdout]   24:     0x5bdaf4febc92 - <std[617be2ca0a6fd877]::thread::lifecycle::spawn_unchecked<test[aada8e7e76ba119b]::run_test::{closure#1}, ()>::{closure#1} as core[a373ad73a504971]::ops::function::FnOnce<()>>::call_once::{shim:vtable#0}
[INFO] [stdout]   25:     0x5bdaf51af66f - <std[617be2ca0a6fd877]::sys::thread::unix::Thread>::new::thread_start
[INFO] [stdout]   26:     0x78867b44bdfa - <unknown>
[INFO] [stdout]   27:     0x78867b4df3d4 - clone
[INFO] [stdout]   28:                0x0 - <unknown>
[INFO] [stdout] 
[INFO] [stdout] ---- core::ops::wrap_user_message stdout ----
[INFO] [stdout] 
[INFO] [stdout] thread 'core::ops::wrap_user_message' (2872) panicked at tests/common/mod.rs:50:29:
[INFO] [stdout] failed to read /opt/rustwide/workdir/tests/spec/core/ops/wrap_user_message/graph.json: No such file or directory (os error 2)
[INFO] [stdout] stack backtrace:
[INFO] [stdout]    0:     0x5bdaf51b0391 - <<std[617be2ca0a6fd877]::sys::backtrace::BacktraceLock>::print::DisplayBacktrace as core[a373ad73a504971]::fmt::Display>::fmt
[INFO] [stdout]    1:     0x5bdaf51c6a1a - core[a373ad73a504971]::fmt::write
[INFO] [stdout]    2:     0x5bdaf51b48ac - <alloc[2e1b2a31b91974c5]::vec::Vec<u8> as core[a373ad73a504971]::io::write::Write>::write_fmt
[INFO] [stdout]    3:     0x5bdaf518b046 - std[617be2ca0a6fd877]::panicking::default_hook::{closure#0}
[INFO] [stdout]    4:     0x5bdaf51a8029 - std[617be2ca0a6fd877]::panicking::default_hook
[INFO] [stdout]    5:     0x5bdaf4fe85e0 - test[aada8e7e76ba119b]::test_main_inner::{closure#0}
[INFO] [stdout]    6:     0x5bdaf51a8352 - std[617be2ca0a6fd877]::panicking::panic_with_hook
[INFO] [stdout]    7:     0x5bdaf518b0f2 - std[617be2ca0a6fd877]::panicking::panic_handler::{closure#0}
[INFO] [stdout]    8:     0x5bdaf5183999 - std[617be2ca0a6fd877]::sys::backtrace::__rust_end_short_backtrace::<std[617be2ca0a6fd877]::panicking::panic_handler::{closure#0}, !>
[INFO] [stdout]    9:     0x5bdaf518bd9d - __rustc[ea4f61d10b84890b]::rust_begin_unwind
[INFO] [stdout]   10:     0x5bdaf51c717c - core[a373ad73a504971]::panicking::panic_fmt
[INFO] [stdout]   11:     0x5bdaf4fc5f69 - spec_core[d634b49c71a11333]::common::load_json::{closure#0}
[INFO] [stdout]   12:     0x5bdaf4fca037 - spec_core[d634b49c71a11333]::common::load_json
[INFO] [stdout]   13:     0x5bdaf4fa5dad - spec_core[d634b49c71a11333]::common::run_fixture::{closure#0}
[INFO] [stdout]   14:     0x5bdaf4fa9cf6 - spec_core[d634b49c71a11333]::core::ops::wrap_user_message::{closure#0}
[INFO] [stdout]   15:     0x5bdaf4fcd893 - <tokio[2a6b50828ea3ea90]::runtime::scheduler::current_thread::Context>::enter::<core[a373ad73a504971]::task::poll::Poll<()>, <tokio[2a6b50828ea3ea90]::runtime::scheduler::current_thread::CoreGuard>::block_on<core[a373ad73a504971]::pin::Pin<&mut core[a373ad73a504971]::pin::Pin<&mut dyn core[a373ad73a504971]::future::future::Future<Output = ()>>>>::{closure#0}::{closure#0}>
[INFO] [stdout]   16:     0x5bdaf4fdb039 - <std[617be2ca0a6fd877]::thread::local::LocalKey<tokio[2a6b50828ea3ea90]::runtime::context::Context>>::with::<tokio[2a6b50828ea3ea90]::runtime::context::set_scheduler<(alloc[2e1b2a31b91974c5]::boxed::Box<tokio[2a6b50828ea3ea90]::runtime::scheduler::current_thread::Core>, core[a373ad73a504971]::option::Option<()>), <tokio[2a6b50828ea3ea90]::runtime::scheduler::current_thread::CoreGuard>::enter<<tokio[2a6b50828ea3ea90]::runtime::scheduler::current_thread::CoreGuard>::block_on<core[a373ad73a504971]::pin::Pin<&mut core[a373ad73a504971]::pin::Pin<&mut dyn core[a373ad73a504971]::future::future::Future<Output = ()>>>>::{closure#0}, core[a373ad73a504971]::option::Option<()>>::{closure#0}>::{closure#0}, (alloc[2e1b2a31b91974c5]::boxed::Box<tokio[2a6b50828ea3ea90]::runtime::scheduler::current_thread::Core>, core[a373ad73a504971]::option::Option<()>)>
[INFO] [stdout]   17:     0x5bdaf4fcde97 - <tokio[2a6b50828ea3ea90]::runtime::scheduler::current_thread::CoreGuard>::block_on::<core[a373ad73a504971]::pin::Pin<&mut core[a373ad73a504971]::pin::Pin<&mut dyn core[a373ad73a504971]::future::future::Future<Output = ()>>>>
[INFO] [stdout]   18:     0x5bdaf4fd1e87 - tokio[2a6b50828ea3ea90]::runtime::context::runtime::enter_runtime::<<tokio[2a6b50828ea3ea90]::runtime::scheduler::current_thread::CurrentThread>::block_on<core[a373ad73a504971]::pin::Pin<&mut dyn core[a373ad73a504971]::future::future::Future<Output = ()>>>::{closure#0}, ()>
[INFO] [stdout]   19:     0x5bdaf4fd104a - <tokio[2a6b50828ea3ea90]::runtime::runtime::Runtime>::block_on::<core[a373ad73a504971]::pin::Pin<&mut dyn core[a373ad73a504971]::future::future::Future<Output = ()>>>
[INFO] [stdout]   20:     0x5bdaf4faa3ee - <spec_core[d634b49c71a11333]::core::ops::wrap_user_message::{closure#0} as core[a373ad73a504971]::ops::function::FnOnce<()>>::call_once
[INFO] [stdout]   21:     0x5bdaf4fdba2b - test[aada8e7e76ba119b]::__rust_begin_short_backtrace::<core[a373ad73a504971]::result::Result<(), alloc[2e1b2a31b91974c5]::string::String>, fn() -> core[a373ad73a504971]::result::Result<(), alloc[2e1b2a31b91974c5]::string::String>>
[INFO] [stdout]   22:     0x5bdaf4fe8c05 - test[aada8e7e76ba119b]::run_test::{closure#0}
[INFO] [stdout]   23:     0x5bdaf4fe24f4 - std[617be2ca0a6fd877]::sys::backtrace::__rust_begin_short_backtrace::<test[aada8e7e76ba119b]::run_test::{closure#1}, ()>
[INFO] [stdout]   24:     0x5bdaf4febc92 - <std[617be2ca0a6fd877]::thread::lifecycle::spawn_unchecked<test[aada8e7e76ba119b]::run_test::{closure#1}, ()>::{closure#1} as core[a373ad73a504971]::ops::function::FnOnce<()>>::call_once::{shim:vtable#0}
[INFO] [stdout]   25:     0x5bdaf51af66f - <std[617be2ca0a6fd877]::sys::thread::unix::Thread>::new::thread_start
[INFO] [stdout]   26:     0x78867b44bdfa - <unknown>
[INFO] [stdout]   27:     0x78867b4df3d4 - clone
[INFO] [stdout]   28:                0x0 - <unknown>
[INFO] [stdout] 
[INFO] [stdout] ---- core::state::parent_input_forward stdout ----
[INFO] [stdout] 
[INFO] [stdout] thread 'core::state::parent_input_forward' (2878) panicked at tests/common/mod.rs:50:29:
[INFO] [stdout] failed to read /opt/rustwide/workdir/tests/spec/core/state/parent_input_forward/graph.json: No such file or directory (os error 2)
[INFO] [stdout] stack backtrace:
[INFO] [stdout]    0:     0x5bdaf51b0391 - <<std[617be2ca0a6fd877]::sys::backtrace::BacktraceLock>::print::DisplayBacktrace as core[a373ad73a504971]::fmt::Display>::fmt
[INFO] [stdout]    1:     0x5bdaf51c6a1a - core[a373ad73a504971]::fmt::write
[INFO] [stdout]    2:     0x5bdaf51b48ac - <alloc[2e1b2a31b91974c5]::vec::Vec<u8> as core[a373ad73a504971]::io::write::Write>::write_fmt
[INFO] [stdout]    3:     0x5bdaf518b046 - std[617be2ca0a6fd877]::panicking::default_hook::{closure#0}
[INFO] [stdout]    4:     0x5bdaf51a8029 - std[617be2ca0a6fd877]::panicking::default_hook
[INFO] [stdout]    5:     0x5bdaf4fe85e0 - test[aada8e7e76ba119b]::test_main_inner::{closure#0}
[INFO] [stdout]    6:     0x5bdaf51a8352 - std[617be2ca0a6fd877]::panicking::panic_with_hook
[INFO] [stdout]    7:     0x5bdaf518b0f2 - std[617be2ca0a6fd877]::panicking::panic_handler::{closure#0}
[INFO] [stdout]    8:     0x5bdaf5183999 - std[617be2ca0a6fd877]::sys::backtrace::__rust_end_short_backtrace::<std[617be2ca0a6fd877]::panicking::panic_handler::{closure#0}, !>
[INFO] [stdout]    9:     0x5bdaf518bd9d - __rustc[ea4f61d10b84890b]::rust_begin_unwind
[INFO] [stdout]   10:     0x5bdaf51c717c - core[a373ad73a504971]::panicking::panic_fmt
[INFO] [stdout]   11:     0x5bdaf4fc5f69 - spec_core[d634b49c71a11333]::common::load_json::{closure#0}
[INFO] [stdout]   12:     0x5bdaf4fca037 - spec_core[d634b49c71a11333]::common::load_json
[INFO] [stdout]   13:     0x5bdaf4fad35d - spec_core[d634b49c71a11333]::common::run_fixture::{closure#0}
[INFO] [stdout]   14:     0x5bdaf4fb12a6 - spec_core[d634b49c71a11333]::core::state::parent_input_forward::{closure#0}
[INFO] [stdout]   15:     0x5bdaf4fcd893 - <tokio[2a6b50828ea3ea90]::runtime::scheduler::current_thread::Context>::enter::<core[a373ad73a504971]::task::poll::Poll<()>, <tokio[2a6b50828ea3ea90]::runtime::scheduler::current_thread::CoreGuard>::block_on<core[a373ad73a504971]::pin::Pin<&mut core[a373ad73a504971]::pin::Pin<&mut dyn core[a373ad73a504971]::future::future::Future<Output = ()>>>>::{closure#0}::{closure#0}>
[INFO] [stdout]   16:     0x5bdaf4fdb039 - <std[617be2ca0a6fd877]::thread::local::LocalKey<tokio[2a6b50828ea3ea90]::runtime::context::Context>>::with::<tokio[2a6b50828ea3ea90]::runtime::context::set_scheduler<(alloc[2e1b2a31b91974c5]::boxed::Box<tokio[2a6b50828ea3ea90]::runtime::scheduler::current_thread::Core>, core[a373ad73a504971]::option::Option<()>), <tokio[2a6b50828ea3ea90]::runtime::scheduler::current_thread::CoreGuard>::enter<<tokio[2a6b50828ea3ea90]::runtime::scheduler::current_thread::CoreGuard>::block_on<core[a373ad73a504971]::pin::Pin<&mut core[a373ad73a504971]::pin::Pin<&mut dyn core[a373ad73a504971]::future::future::Future<Output = ()>>>>::{closure#0}, core[a373ad73a504971]::option::Option<()>>::{closure#0}>::{closure#0}, (alloc[2e1b2a31b91974c5]::boxed::Box<tokio[2a6b50828ea3ea90]::runtime::scheduler::current_thread::Core>, core[a373ad73a504971]::option::Option<()>)>
[INFO] [stdout]   17:     0x5bdaf4fcde97 - <tokio[2a6b50828ea3ea90]::runtime::scheduler::current_thread::CoreGuard>::block_on::<core[a373ad73a504971]::pin::Pin<&mut core[a373ad73a504971]::pin::Pin<&mut dyn core[a373ad73a504971]::future::future::Future<Output = ()>>>>
[INFO] [stdout]   18:     0x5bdaf4fd1e87 - tokio[2a6b50828ea3ea90]::runtime::context::runtime::enter_runtime::<<tokio[2a6b50828ea3ea90]::runtime::scheduler::current_thread::CurrentThread>::block_on<core[a373ad73a504971]::pin::Pin<&mut dyn core[a373ad73a504971]::future::future::Future<Output = ()>>>::{closure#0}, ()>
[INFO] [stdout]   19:     0x5bdaf4fd104a - <tokio[2a6b50828ea3ea90]::runtime::runtime::Runtime>::block_on::<core[a373ad73a504971]::pin::Pin<&mut dyn core[a373ad73a504971]::future::future::Future<Output = ()>>>
[INFO] [stdout]   20:     0x5bdaf4fb175e - <spec_core[d634b49c71a11333]::core::state::parent_input_forward::{closure#0} as core[a373ad73a504971]::ops::function::FnOnce<()>>::call_once
[INFO] [stdout]   21:     0x5bdaf4fdba2b - test[aada8e7e76ba119b]::__rust_begin_short_backtrace::<core[a373ad73a504971]::result::Result<(), alloc[2e1b2a31b91974c5]::string::String>, fn() -> core[a373ad73a504971]::result::Result<(), alloc[2e1b2a31b91974c5]::string::String>>
[INFO] [stdout]   22:     0x5bdaf4fe8c05 - test[aada8e7e76ba119b]::run_test::{closure#0}
[INFO] [stdout]   23:     0x5bdaf4fe24f4 - std[617be2ca0a6fd877]::sys::backtrace::__rust_begin_short_backtrace::<test[aada8e7e76ba119b]::run_test::{closure#1}, ()>
[INFO] [stdout]   24:     0x5bdaf4febc92 - <std[617be2ca0a6fd877]::thread::lifecycle::spawn_unchecked<test[aada8e7e76ba119b]::run_test::{closure#1}, ()>::{closure#1} as core[a373ad73a504971]::ops::function::FnOnce<()>>::call_once::{shim:vtable#0}
[INFO] [stdout]   25:     0x5bdaf51af66f - <std[617be2ca0a6fd877]::sys::thread::unix::Thread>::new::thread_start
[INFO] [stdout]   26:     0x78867b44bdfa - <unknown>
[INFO] [stdout]   27:     0x78867b4df3d4 - clone
[INFO] [stdout]   28:                0x0 - <unknown>
[INFO] [stdout] 
[INFO] [stdout] ---- core::state::scratch_ref_input stdout ----
[INFO] [stdout] 
[INFO] [stdout] thread 'core::state::scratch_ref_input' (2879) panicked at tests/common/mod.rs:50:29:
[INFO] [stdout] failed to read /opt/rustwide/workdir/tests/spec/core/state/scratch_ref_input/graph.json: No such file or directory (os error 2)
[INFO] [stdout] stack backtrace:
[INFO] [stdout]    0:     0x5bdaf51b0391 - <<std[617be2ca0a6fd877]::sys::backtrace::BacktraceLock>::print::DisplayBacktrace as core[a373ad73a504971]::fmt::Display>::fmt
[INFO] [stdout]    1:     0x5bdaf51c6a1a - core[a373ad73a504971]::fmt::write
[INFO] [stdout]    2:     0x5bdaf51b48ac - <alloc[2e1b2a31b91974c5]::vec::Vec<u8> as core[a373ad73a504971]::io::write::Write>::write_fmt
[INFO] [stdout]    3:     0x5bdaf518b046 - std[617be2ca0a6fd877]::panicking::default_hook::{closure#0}
[INFO] [stdout]    4:     0x5bdaf51a8029 - std[617be2ca0a6fd877]::panicking::default_hook
[INFO] [stdout]    5:     0x5bdaf4fe85e0 - test[aada8e7e76ba119b]::test_main_inner::{closure#0}
[INFO] [stdout]    6:     0x5bdaf51a8352 - std[617be2ca0a6fd877]::panicking::panic_with_hook
[INFO] [stdout]    7:     0x5bdaf518b0f2 - std[617be2ca0a6fd877]::panicking::panic_handler::{closure#0}
[INFO] [stdout]    8:     0x5bdaf5183999 - std[617be2ca0a6fd877]::sys::backtrace::__rust_end_short_backtrace::<std[617be2ca0a6fd877]::panicking::panic_handler::{closure#0}, !>
[INFO] [stdout]    9:     0x5bdaf518bd9d - __rustc[ea4f61d10b84890b]::rust_begin_unwind
[INFO] [stdout]   10:     0x5bdaf51c717c - core[a373ad73a504971]::panicking::panic_fmt
[INFO] [stdout]   11:     0x5bdaf4fc5f69 - spec_core[d634b49c71a11333]::common::load_json::{closure#0}
[INFO] [stdout]   12:     0x5bdaf4fca037 - spec_core[d634b49c71a11333]::common::load_json
[INFO] [stdout]   13:     0x5bdaf4fad35d - spec_core[d634b49c71a11333]::common::run_fixture::{closure#0}
[INFO] [stdout]   14:     0x5bdaf4fb11e6 - spec_core[d634b49c71a11333]::core::state::scratch_ref_input::{closure#0}
[INFO] [stdout]   15:     0x5bdaf4fcd893 - <tokio[2a6b50828ea3ea90]::runtime::scheduler::current_thread::Context>::enter::<core[a373ad73a504971]::task::poll::Poll<()>, <tokio[2a6b50828ea3ea90]::runtime::scheduler::current_thread::CoreGuard>::block_on<core[a373ad73a504971]::pin::Pin<&mut core[a373ad73a504971]::pin::Pin<&mut dyn core[a373ad73a504971]::future::future::Future<Output = ()>>>>::{closure#0}::{closure#0}>
[INFO] [stdout]   16:     0x5bdaf4fdb039 - <std[617be2ca0a6fd877]::thread::local::LocalKey<tokio[2a6b50828ea3ea90]::runtime::context::Context>>::with::<tokio[2a6b50828ea3ea90]::runtime::context::set_scheduler<(alloc[2e1b2a31b91974c5]::boxed::Box<tokio[2a6b50828ea3ea90]::runtime::scheduler::current_thread::Core>, core[a373ad73a504971]::option::Option<()>), <tokio[2a6b50828ea3ea90]::runtime::scheduler::current_thread::CoreGuard>::enter<<tokio[2a6b50828ea3ea90]::runtime::scheduler::current_thread::CoreGuard>::block_on<core[a373ad73a504971]::pin::Pin<&mut core[a373ad73a504971]::pin::Pin<&mut dyn core[a373ad73a504971]::future::future::Future<Output = ()>>>>::{closure#0}, core[a373ad73a504971]::option::Option<()>>::{closure#0}>::{closure#0}, (alloc[2e1b2a31b91974c5]::boxed::Box<tokio[2a6b50828ea3ea90]::runtime::scheduler::current_thread::Core>, core[a373ad73a504971]::option::Option<()>)>
[INFO] [stdout]   17:     0x5bdaf4fcde97 - <tokio[2a6b50828ea3ea90]::runtime::scheduler::current_thread::CoreGuard>::block_on::<core[a373ad73a504971]::pin::Pin<&mut core[a373ad73a504971]::pin::Pin<&mut dyn core[a373ad73a504971]::future::future::Future<Output = ()>>>>
[INFO] [stdout]   18:     0x5bdaf4fd1e87 - tokio[2a6b50828ea3ea90]::runtime::context::runtime::enter_runtime::<<tokio[2a6b50828ea3ea90]::runtime::scheduler::current_thread::CurrentThread>::block_on<core[a373ad73a504971]::pin::Pin<&mut dyn core[a373ad73a504971]::future::future::Future<Output = ()>>>::{closure#0}, ()>
[INFO] [stdout]   19:     0x5bdaf4fd104a - <tokio[2a6b50828ea3ea90]::runtime::runtime::Runtime>::block_on::<core[a373ad73a504971]::pin::Pin<&mut dyn core[a373ad73a504971]::future::future::Future<Output = ()>>>
[INFO] [stdout]   20:     0x5bdaf4fb15ee - <spec_core[d634b49c71a11333]::core::state::scratch_ref_input::{closure#0} as core[a373ad73a504971]::ops::function::FnOnce<()>>::call_once
[INFO] [stdout]   21:     0x5bdaf4fdba2b - test[aada8e7e76ba119b]::__rust_begin_short_backtrace::<core[a373ad73a504971]::result::Result<(), alloc[2e1b2a31b91974c5]::string::String>, fn() -> core[a373ad73a504971]::result::Result<(), alloc[2e1b2a31b91974c5]::string::String>>
[INFO] [stdout]   22:     0x5bdaf4fe8c05 - test[aada8e7e76ba119b]::run_test::{closure#0}
[INFO] [stdout]   23:     0x5bdaf4fe24f4 - std[617be2ca0a6fd877]::sys::backtrace::__rust_begin_short_backtrace::<test[aada8e7e76ba119b]::run_test::{closure#1}, ()>
[INFO] [stdout]   24:     0x5bdaf4febc92 - <std[617be2ca0a6fd877]::thread::lifecycle::spawn_unchecked<test[aada8e7e76ba119b]::run_test::{closure#1}, ()>::{closure#1} as core[a373ad73a504971]::ops::function::FnOnce<()>>::call_once::{shim:vtable#0}
[INFO] [stdout]   25:     0x5bdaf51af66f - <std[617be2ca0a6fd877]::sys::thread::unix::Thread>::new::thread_start
[INFO] [stdout]   26:     0x78867b44bdfa - <unknown>
[INFO] [stdout]   27:     0x78867b4df3d4 - clone
[INFO] [stdout]   28:                0x0 - <unknown>
[INFO] [stdout] 
[INFO] [stdout] ---- core::state::sum_list_input stdout ----
[INFO] [stdout] 
[INFO] [stdout] thread 'core::state::sum_list_input' (2880) panicked at tests/common/mod.rs:50:29:
[INFO] [stdout] failed to read /opt/rustwide/workdir/tests/spec/core/state/sum_list_input/graph.json: No such file or directory (os error 2)
[INFO] [stdout] stack backtrace:
[INFO] [stdout]    0:     0x5bdaf51b0391 - <<std[617be2ca0a6fd877]::sys::backtrace::BacktraceLock>::print::DisplayBacktrace as core[a373ad73a504971]::fmt::Display>::fmt
[INFO] [stdout]    1:     0x5bdaf51c6a1a - core[a373ad73a504971]::fmt::write
[INFO] [stdout]    2:     0x5bdaf51b48ac - <alloc[2e1b2a31b91974c5]::vec::Vec<u8> as core[a373ad73a504971]::io::write::Write>::write_fmt
[INFO] [stdout]    3:     0x5bdaf518b046 - std[617be2ca0a6fd877]::panicking::default_hook::{closure#0}
[INFO] [stdout]    4:     0x5bdaf51a8029 - std[617be2ca0a6fd877]::panicking::default_hook
[INFO] [stdout]    5:     0x5bdaf4fe85e0 - test[aada8e7e76ba119b]::test_main_inner::{closure#0}
[INFO] [stdout]    6:     0x5bdaf51a8352 - std[617be2ca0a6fd877]::panicking::panic_with_hook
[INFO] [stdout]    7:     0x5bdaf518b0f2 - std[617be2ca0a6fd877]::panicking::panic_handler::{closure#0}
[INFO] [stdout]    8:     0x5bdaf5183999 - std[617be2ca0a6fd877]::sys::backtrace::__rust_end_short_backtrace::<std[617be2ca0a6fd877]::panicking::panic_handler::{closure#0}, !>
[INFO] [stdout]    9:     0x5bdaf518bd9d - __rustc[ea4f61d10b84890b]::rust_begin_unwind
[INFO] [stdout]   10:     0x5bdaf51c717c - core[a373ad73a504971]::panicking::panic_fmt
[INFO] [stdout]   11:     0x5bdaf4fc5f69 - spec_core[d634b49c71a11333]::common::load_json::{closure#0}
[INFO] [stdout]   12:     0x5bdaf4fca037 - spec_core[d634b49c71a11333]::common::load_json
[INFO] [stdout]   13:     0x5bdaf4fad35d - spec_core[d634b49c71a11333]::common::run_fixture::{closure#0}
[INFO] [stdout]   14:     0x5bdaf4fb1126 - spec_core[d634b49c71a11333]::core::state::sum_list_input::{closure#0}
[INFO] [stdout]   15:     0x5bdaf4fcd893 - <tokio[2a6b50828ea3ea90]::runtime::scheduler::current_thread::Context>::enter::<core[a373ad73a504971]::task::poll::Poll<()>, <tokio[2a6b50828ea3ea90]::runtime::scheduler::current_thread::CoreGuard>::block_on<core[a373ad73a504971]::pin::Pin<&mut core[a373ad73a504971]::pin::Pin<&mut dyn core[a373ad73a504971]::future::future::Future<Output = ()>>>>::{closure#0}::{closure#0}>
[INFO] [stdout]   16:     0x5bdaf4fdb039 - <std[617be2ca0a6fd877]::thread::local::LocalKey<tokio[2a6b50828ea3ea90]::runtime::context::Context>>::with::<tokio[2a6b50828ea3ea90]::runtime::context::set_scheduler<(alloc[2e1b2a31b91974c5]::boxed::Box<tokio[2a6b50828ea3ea90]::runtime::scheduler::current_thread::Core>, core[a373ad73a504971]::option::Option<()>), <tokio[2a6b50828ea3ea90]::runtime::scheduler::current_thread::CoreGuard>::enter<<tokio[2a6b50828ea3ea90]::runtime::scheduler::current_thread::CoreGuard>::block_on<core[a373ad73a504971]::pin::Pin<&mut core[a373ad73a504971]::pin::Pin<&mut dyn core[a373ad73a504971]::future::future::Future<Output = ()>>>>::{closure#0}, core[a373ad73a504971]::option::Option<()>>::{closure#0}>::{closure#0}, (alloc[2e1b2a31b91974c5]::boxed::Box<tokio[2a6b50828ea3ea90]::runtime::scheduler::current_thread::Core>, core[a373ad73a504971]::option::Option<()>)>
[INFO] [stdout]   17:     0x5bdaf4fcde97 - <tokio[2a6b50828ea3ea90]::runtime::scheduler::current_thread::CoreGuard>::block_on::<core[a373ad73a504971]::pin::Pin<&mut core[a373ad73a504971]::pin::Pin<&mut dyn core[a373ad73a504971]::future::future::Future<Output = ()>>>>
[INFO] [stdout]   18:     0x5bdaf4fd1e87 - tokio[2a6b50828ea3ea90]::runtime::context::runtime::enter_runtime::<<tokio[2a6b50828ea3ea90]::runtime::scheduler::current_thread::CurrentThread>::block_on<core[a373ad73a504971]::pin::Pin<&mut dyn core[a373ad73a504971]::future::future::Future<Output = ()>>>::{closure#0}, ()>
[INFO] [stdout]   19:     0x5bdaf4fd104a - <tokio[2a6b50828ea3ea90]::runtime::runtime::Runtime>::block_on::<core[a373ad73a504971]::pin::Pin<&mut dyn core[a373ad73a504971]::future::future::Future<Output = ()>>>
[INFO] [stdout]   20:     0x5bdaf4fb147e - <spec_core[d634b49c71a11333]::core::state::sum_list_input::{closure#0} as core[a373ad73a504971]::ops::function::FnOnce<()>>::call_once
[INFO] [stdout]   21:     0x5bdaf4fdba2b - test[aada8e7e76ba119b]::__rust_begin_short_backtrace::<core[a373ad73a504971]::result::Result<(), alloc[2e1b2a31b91974c5]::string::String>, fn() -> core[a373ad73a504971]::result::Result<(), alloc[2e1b2a31b91974c5]::string::String>>
[INFO] [stdout]   22:     0x5bdaf4fe8c05 - test[aada8e7e76ba119b]::run_test::{closure#0}
[INFO] [stdout]   23:     0x5bdaf4fe24f4 - std[617be2ca0a6fd877]::sys::backtrace::__rust_begin_short_backtrace::<test[aada8e7e76ba119b]::run_test::{closure#1}, ()>
[INFO] [stdout]   24:     0x5bdaf4febc92 - <std[617be2ca0a6fd877]::thread::lifecycle::spawn_unchecked<test[aada8e7e76ba119b]::run_test::{closure#1}, ()>::{closure#1} as core[a373ad73a504971]::ops::function::FnOnce<()>>::call_once::{shim:vtable#0}
[INFO] [stdout]   25:     0x5bdaf51af66f - <std[617be2ca0a6fd877]::sys::thread::unix::Thread>::new::thread_start
[INFO] [stdout]   26:     0x78867b44bdfa - <unknown>
[INFO] [stdout]   27:     0x78867b4df3d4 - clone
[INFO] [stdout]   28:                0x0 - <unknown>
[INFO] [stdout] 
[INFO] [stdout] 
[INFO] [stdout] failures:
[INFO] [stdout]     core::iteration::loop_counter_until
[INFO] [stdout]     core::ops::classify_branch
[INFO] [stdout]     core::ops::parser_json_extract
[INFO] [stdout]     core::ops::parser_xml_extract
[INFO] [stdout]     core::ops::parser_yaml_extract
[INFO] [stdout]     core::ops::prompt_basic
[INFO] [stdout]     core::ops::prompt_list_passthrough
[INFO] [stdout]     core::ops::wrap_user_message
[INFO] [stdout]     core::refs::getattr_dict
[INFO] [stdout]     core::scheduler::parallel_branches
[INFO] [stdout]     core::scheduler::single_code_op
[INFO] [stdout]     core::scheduler::two_op_chain
[INFO] [stdout]     core::state::explicit_output_mapping
[INFO] [stdout]     core::state::parent_input_forward
[INFO] [stdout]     core::state::scratch_ref_input
[INFO] [stdout]     core::state::sum_list_input
[INFO] [stdout] 
[INFO] [stdout] test result: FAILED. 2 passed; 16 failed; 0 ignored; 0 measured; 0 filtered out; finished in 0.00s
[INFO] [stdout] 
[INFO] running `Command { std: "docker" "inspect" "d1c25a7f453376963c1ece7e31bcf2cf257c1ac038135cd48f5e4b143e23f06e", kill_on_drop: false }`
[INFO] running `Command { std: "docker" "rm" "-f" "d1c25a7f453376963c1ece7e31bcf2cf257c1ac038135cd48f5e4b143e23f06e", kill_on_drop: false }`
[INFO] [stdout] d1c25a7f453376963c1ece7e31bcf2cf257c1ac038135cd48f5e4b143e23f06e
