[INFO] fetching crate opera 1.0.1...
[INFO] testing opera-1.0.1 against 1.100.0-beta.1+cargoflags=--release for beta-release-1.100-2
[INFO] extracting crate opera 1.0.1 into /workspace/builds/worker-2-tc2/source
[INFO] started tweaking crates.io crate opera 1.0.1
[INFO] finished tweaking crates.io crate opera 1.0.1
[INFO] tweaked toml for crates.io crate opera 1.0.1 written to /workspace/builds/worker-2-tc2/source/Cargo.toml
[INFO] validating manifest of crates.io crate opera 1.0.1 on toolchain 1.100.0-beta.1
[INFO] running `Command { std: CARGO_HOME="/workspace/cargo-home" RUSTUP_HOME="/workspace/rustup-home" "/workspace/cargo-home/bin/cargo" "+1.100.0-beta.1" "metadata" "--manifest-path" "Cargo.toml" "--no-deps", kill_on_drop: false }`
[INFO] running `Command { std: CARGO_HOME="/workspace/cargo-home" RUSTUP_HOME="/workspace/rustup-home" "/workspace/cargo-home/bin/cargo" "+1.100.0-beta.1" "generate-lockfile" "--manifest-path" "Cargo.toml", kill_on_drop: false }`
[INFO] [stderr]     Updating crates.io index
[INFO] [stderr]      Locking 27 packages to highest compatible versions
[INFO] running `Command { std: CARGO_HOME="/workspace/cargo-home" RUSTUP_HOME="/workspace/rustup-home" "/workspace/cargo-home/bin/cargo" "+1.100.0-beta.1" "fetch" "--manifest-path" "Cargo.toml", kill_on_drop: false }`
[INFO] running `Command { std: "docker" "create" "-v" "/var/lib/crater-agent-workspace/builds/worker-2-tc2/source:/opt/rustwide/workdir:ro,Z" "-v" "/var/lib/crater-agent-workspace/builds/worker-2-tc2/target:/opt/rustwide/target:rw,Z" "-v" "/var/lib/crater-agent-workspace/cargo-home:/opt/rustwide/cargo-home:ro,Z" "-v" "/var/lib/crater-agent-workspace/rustup-home:/opt/rustwide/rustup-home:ro,Z" "-m" "1610612736" "--network" "none" "ghcr.io/rust-lang/crates-build-env/linux@sha256:77db811e55d90add9212f6832c23229e3de5f1c1f9905e8cb07319ea15df73ac" "sleep" "infinity", kill_on_drop: false }`
[INFO] [stdout] 80259301e0cea55d57ec2e1d0292fafeb1305be8d7fcc48b4097d4c452c6b653
[INFO] running `Command { std: "docker" "start" "80259301e0cea55d57ec2e1d0292fafeb1305be8d7fcc48b4097d4c452c6b653", kill_on_drop: false }`
[INFO] running `Command { std: "docker" "inspect" "80259301e0cea55d57ec2e1d0292fafeb1305be8d7fcc48b4097d4c452c6b653", kill_on_drop: false }`
[INFO] running `Command { std: "docker" "exec" "-e" "SOURCE_DIR=/opt/rustwide/workdir" "-e" "CARGO_HOME=/opt/rustwide/cargo-home" "-e" "RUSTUP_HOME=/opt/rustwide/rustup-home" "-e" "CARGO_TARGET_DIR=/opt/rustwide/target" "-w" "/opt/rustwide/workdir" "--user" "0:0" "80259301e0cea55d57ec2e1d0292fafeb1305be8d7fcc48b4097d4c452c6b653" "/opt/rustwide/cargo-home/bin/cargo" "+1.100.0-beta.1" "metadata" "--no-deps" "--format-version=1", kill_on_drop: false }`
[INFO] running `Command { std: "docker" "inspect" "80259301e0cea55d57ec2e1d0292fafeb1305be8d7fcc48b4097d4c452c6b653", kill_on_drop: false }`
[INFO] running `Command { std: "docker" "exec" "-e" "SOURCE_DIR=/opt/rustwide/workdir" "-e" "CARGO_HOME=/opt/rustwide/cargo-home" "-e" "RUSTUP_HOME=/opt/rustwide/rustup-home" "-e" "CARGO_TARGET_DIR=/opt/rustwide/target" "-e" "CARGO_INCREMENTAL=0" "-e" "RUST_BACKTRACE=full" "-e" "RUSTFLAGS=--cap-lints=warn" "-e" "RUSTDOCFLAGS=--cap-lints=warn" "-w" "/opt/rustwide/workdir" "--user" "0:0" "80259301e0cea55d57ec2e1d0292fafeb1305be8d7fcc48b4097d4c452c6b653" "/opt/rustwide/cargo-home/bin/cargo" "+1.100.0-beta.1" "build" "--frozen" "--message-format=json" "--release", kill_on_drop: false }`
[INFO] [stderr]    Compiling opera v1.0.1 (/opt/rustwide/workdir)
[INFO] [stderr]     Finished `release` profile [optimized] target(s) in 0.12s
[INFO] running `Command { std: "docker" "inspect" "80259301e0cea55d57ec2e1d0292fafeb1305be8d7fcc48b4097d4c452c6b653", kill_on_drop: false }`
[INFO] running `Command { std: "docker" "exec" "-e" "SOURCE_DIR=/opt/rustwide/workdir" "-e" "CARGO_HOME=/opt/rustwide/cargo-home" "-e" "RUSTUP_HOME=/opt/rustwide/rustup-home" "-e" "CARGO_TARGET_DIR=/opt/rustwide/target" "-e" "CARGO_INCREMENTAL=0" "-e" "RUST_BACKTRACE=full" "-e" "RUSTFLAGS=--cap-lints=warn" "-e" "RUSTDOCFLAGS=--cap-lints=warn" "-w" "/opt/rustwide/workdir" "--user" "0:0" "80259301e0cea55d57ec2e1d0292fafeb1305be8d7fcc48b4097d4c452c6b653" "/opt/rustwide/cargo-home/bin/cargo" "+1.100.0-beta.1" "test" "--frozen" "--no-run" "--message-format=json" "--release", kill_on_drop: false }`
[INFO] [stderr]    Compiling proc-macro2 v1.0.107
[INFO] [stderr]    Compiling quote v1.0.47
[INFO] [stderr]    Compiling serde v1.0.229
[INFO] [stderr]    Compiling target-tuple v1.0.2
[INFO] [stderr]    Compiling winnow v1.0.4
[INFO] [stderr]    Compiling toml_datetime v1.1.2+spec-1.1.0
[INFO] [stderr]    Compiling serde_spanned v1.1.2
[INFO] [stderr]    Compiling toml_writer v1.1.3+spec-1.1.0
[INFO] [stderr]    Compiling glob v0.3.4
[INFO] [stderr]    Compiling termcolor v1.4.1
[INFO] [stderr]    Compiling serde_json v1.0.154
[INFO] [stderr]    Compiling toml_parser v1.1.5+spec-1.1.0
[INFO] [stderr]    Compiling toml v1.1.8+spec-1.1.0
[INFO] [stderr]    Compiling syn v3.0.9
[INFO] [stderr]    Compiling serde_derive v1.0.229
[INFO] [stderr]    Compiling trybuild v1.0.122
[INFO] [stderr]    Compiling opera v1.0.1 (/opt/rustwide/workdir)
[INFO] [stderr]     Finished `release` profile [optimized] target(s) in 19.82s
[INFO] running `Command { std: "docker" "inspect" "80259301e0cea55d57ec2e1d0292fafeb1305be8d7fcc48b4097d4c452c6b653", kill_on_drop: false }`
[INFO] running `Command { std: "docker" "exec" "-e" "SOURCE_DIR=/opt/rustwide/workdir" "-e" "CARGO_HOME=/opt/rustwide/cargo-home" "-e" "RUSTUP_HOME=/opt/rustwide/rustup-home" "-e" "CARGO_TARGET_DIR=/opt/rustwide/target" "-e" "CARGO_INCREMENTAL=0" "-e" "RUST_BACKTRACE=full" "-e" "RUSTFLAGS=--cap-lints=warn" "-e" "RUSTDOCFLAGS=--cap-lints=warn" "-w" "/opt/rustwide/workdir" "--user" "0:0" "80259301e0cea55d57ec2e1d0292fafeb1305be8d7fcc48b4097d4c452c6b653" "/opt/rustwide/cargo-home/bin/cargo" "+1.100.0-beta.1" "test" "--frozen" "--release", kill_on_drop: false }`
[INFO] [stderr]     Finished `release` profile [optimized] target(s) in 0.06s
[INFO] [stderr]      Running unittests src/lib.rs (/opt/rustwide/target/release/build/opera/2aa1ca83325c4715/out/opera-2aa1ca83325c4715)
[INFO] [stdout] 
[INFO] [stdout] running 4 tests
[INFO] [stdout] test tests::phantom_not_sync_send ... ok
[INFO] [stdout] test tests::marker_types ... ok
[INFO] [stdout] test tests::phantom_not_send_sync ... ok
[INFO] [stderr]     Checking opera v1.0.1 (/opt/rustwide/workdir)
[INFO] [stderr]     Checking opera-tests v0.0.0 (/opt/rustwide/target/tests/trybuild/opera)
[INFO] [stderr]     Finished `dev` profile [unoptimized + debuginfo] target(s) in 0.15s
[INFO] [stderr] 
[INFO] [stderr] 
[INFO] [stdout] test tests::compile_fail ... FAILED
[INFO] [stderr] test compile-fail/not_send_01.rs ... mismatch
[INFO] [stdout] 
[INFO] [stderr] 
[INFO] [stdout] failures:
[INFO] [stderr] EXPECTED:
[INFO] [stdout] 
[INFO] [stderr] ┈┈┈┈┈┈┈┈┈┈┈┈┈┈┈┈┈┈┈┈┈┈┈┈┈┈┈┈┈┈┈┈┈┈┈┈┈┈┈┈┈┈┈┈┈┈┈┈┈┈┈┈┈┈┈┈┈┈┈┈
[INFO] [stdout] ---- tests::compile_fail stdout ----
[INFO] [stderr] error[E0277]: `*mut u8` cannot be sent between threads safely
[INFO] [stdout] 
[INFO] [stderr]   --> $DIR/not_send_01.rs:12:5
[INFO] [stdout] thread 'tests::compile_fail' (544) panicked at /opt/rustwide/cargo-home/registry/src/index.crates.io-1949cf8c6b5b557f/trybuild-1.0.122/src/run.rs:103:13:
[INFO] [stderr]    |
[INFO] [stdout] 2 of 2 tests failed
[INFO] [stderr] 3  | pub fn assert_send<T: Send>() {
[INFO] [stdout] stack backtrace:
[INFO] [stderr]    |                       ---- required by this bound in `assert_send`
[INFO] [stdout]    0:     0x5618243d8df1 - <<std[617be2ca0a6fd877]::sys::backtrace::BacktraceLock>::print::DisplayBacktrace as core[a373ad73a504971]::fmt::Display>::fmt
[INFO] [stderr] ...
[INFO] [stdout]    1:     0x5618243ef0da - core[a373ad73a504971]::fmt::write
[INFO] [stderr] 12 |     assert_send::<X>();
[INFO] [stdout]    2:     0x5618243dd63c - <alloc[2e1b2a31b91974c5]::vec::Vec<u8> as core[a373ad73a504971]::io::write::Write>::write_fmt
[INFO] [stderr]    |     ^^^^^^^^^^^^^^^^ `*mut u8` cannot be sent between threads safely
[INFO] [stdout]    3:     0x5618243b2256 - std[617be2ca0a6fd877]::panicking::default_hook::{closure#0}
[INFO] [stderr]    |
[INFO] [stdout]    4:     0x5618243d0399 - std[617be2ca0a6fd877]::panicking::default_hook
[INFO] [stderr]    = help: within `X`, the trait `Send` is not implemented for `*mut u8`
[INFO] [stdout]    5:     0x5618242c2ef0 - test[aada8e7e76ba119b]::test_main_inner::{closure#0}
[INFO] [stderr]    = note: required because it appears within the type `PhantomData<*mut u8>`
[INFO] [stdout]    6:     0x5618243d0552 - std[617be2ca0a6fd877]::panicking::panic_with_hook
[INFO] [stderr]    = note: required because it appears within the type `PhantomNotSend`
[INFO] [stdout]    7:     0x5618243b2302 - std[617be2ca0a6fd877]::panicking::panic_handler::{closure#0}
[INFO] [stderr] note: required because it appears within the type `X`
[INFO] [stdout]    8:     0x5618243aab59 - std[617be2ca0a6fd877]::sys::backtrace::__rust_end_short_backtrace::<std[617be2ca0a6fd877]::panicking::panic_handler::{closure#0}, !>
[INFO] [stderr]   --> $DIR/not_send_01.rs:7:8
[INFO] [stdout]    9:     0x5618243b2f0d - __rustc[ea4f61d10b84890b]::rust_begin_unwind
[INFO] [stderr]    |
[INFO] [stdout]   10:     0x5618243ef84c - core[a373ad73a504971]::panicking::panic_fmt
[INFO] [stderr] 7  | struct X {
[INFO] [stdout]   11:     0x5618242fd07b - <trybuild[6656fc012ad59154]::Runner>::run
[INFO] [stderr]    |        ^
[INFO] [stdout]   12:     0x5618243002f0 - <trybuild[6656fc012ad59154]::TestCases as core[a373ad73a504971]::ops::drop::Drop>::drop
[INFO] [stderr] ┈┈┈┈┈┈┈┈┈┈┈┈┈┈┈┈┈┈┈┈┈┈┈┈┈┈┈┈┈┈┈┈┈┈┈┈┈┈┈┈┈┈┈┈┈┈┈┈┈┈┈┈┈┈┈┈┈┈┈┈
[INFO] [stdout]   13:     0x5618242b6220 - <opera[c43ed38b0919e57b]::tests::compile_fail::{closure#0} as core[a373ad73a504971]::ops::function::FnOnce<()>>::call_once
[INFO] [stderr] 
[INFO] [stdout]   14:     0x5618242b633b - test[aada8e7e76ba119b]::__rust_begin_short_backtrace::<core[a373ad73a504971]::result::Result<(), alloc[2e1b2a31b91974c5]::string::String>, fn() -> core[a373ad73a504971]::result::Result<(), alloc[2e1b2a31b91974c5]::string::String>>
[INFO] [stderr] ACTUAL OUTPUT:
[INFO] [stdout]   15:     0x5618242c3515 - test[aada8e7e76ba119b]::run_test::{closure#0}
[INFO] [stderr] ┈┈┈┈┈┈┈┈┈┈┈┈┈┈┈┈┈┈┈┈┈┈┈┈┈┈┈┈┈┈┈┈┈┈┈┈┈┈┈┈┈┈┈┈┈┈┈┈┈┈┈┈┈┈┈┈┈┈┈┈
[INFO] [stdout]   16:     0x5618242bce04 - std[617be2ca0a6fd877]::sys::backtrace::__rust_begin_short_backtrace::<test[aada8e7e76ba119b]::run_test::{closure#1}, ()>
[INFO] [stderr] error[E0277]: `*mut u8` cannot be sent between threads safely
[INFO] [stdout]   17:     0x5618242c65a2 - <std[617be2ca0a6fd877]::thread::lifecycle::spawn_unchecked<test[aada8e7e76ba119b]::run_test::{closure#1}, ()>::{closure#1} as core[a373ad73a504971]::ops::function::FnOnce<()>>::call_once::{shim:vtable#0}
[INFO] [stderr]   --> compile-fail/not_send_01.rs:12:19
[INFO] [stdout]   18:     0x5618243d804f - <std[617be2ca0a6fd877]::sys::thread::unix::Thread>::new::thread_start
[INFO] [stderr]    |
[INFO] [stdout]   19:     0x789c43827dfa - <unknown>
[INFO] [stderr] 12 |     assert_send::<X>();
[INFO] [stdout]   20:     0x789c438bb3d4 - clone
[INFO] [stderr]    |                   ^ `*mut u8` cannot be sent between threads safely
[INFO] [stdout]   21:                0x0 - <unknown>
[INFO] [stderr]    |
[INFO] [stdout] 
[INFO] [stderr]    = help: within `X`, the trait `Send` is not implemented for `*mut u8`
[INFO] [stdout] 
[INFO] [stderr] note: required because it appears within the type `PhantomData<*mut u8>`
[INFO] [stdout] failures:
[INFO] [stderr]   --> $RUST/core/src/marker.rs
[INFO] [stdout]     tests::compile_fail
[INFO] [stderr] note: required because it appears within the type `PhantomNotSend`
[INFO] [stdout] 
[INFO] [stderr]   --> src/lib.rs
[INFO] [stdout] test result: FAILED. 3 passed; 1 failed; 0 ignored; 0 measured; 0 filtered out; finished in 0.45s
[INFO] [stderr]    |
[INFO] [stdout] 
[INFO] [stderr]    | pub struct PhantomNotSend {
[INFO] [stderr]    |            ^^^^^^^^^^^^^^
[INFO] [stderr] note: required because it appears within the type `X`
[INFO] [stderr]   --> compile-fail/not_send_01.rs:8:5
[INFO] [stderr]    |
[INFO] [stderr]  7 | struct X {
[INFO] [stderr]  8 |     marker: PhantomNotSend,
[INFO] [stderr]    |     ^^^^^^^^^^^^^^^^^^^^^^ required by this field
[INFO] [stderr] note: required by a bound in `assert_send`
[INFO] [stderr]   --> compile-fail/not_send_01.rs:3:23
[INFO] [stderr]    |
[INFO] [stderr]  3 | pub fn assert_send<T: Send>() {
[INFO] [stderr]    |                       ^^^^ required by this bound in `assert_send`
[INFO] [stderr] ┈┈┈┈┈┈┈┈┈┈┈┈┈┈┈┈┈┈┈┈┈┈┈┈┈┈┈┈┈┈┈┈┈┈┈┈┈┈┈┈┈┈┈┈┈┈┈┈┈┈┈┈┈┈┈┈┈┈┈┈
[INFO] [stderr] note: If the actual output is the correct output you can bless it by rerunning
[INFO] [stderr]       your test with the environment variable TRYBUILD=overwrite
[INFO] [stderr] 
[INFO] [stderr] test compile-fail/not_sync_01.rs ... mismatch
[INFO] [stderr] 
[INFO] [stderr] EXPECTED:
[INFO] [stderr] ┈┈┈┈┈┈┈┈┈┈┈┈┈┈┈┈┈┈┈┈┈┈┈┈┈┈┈┈┈┈┈┈┈┈┈┈┈┈┈┈┈┈┈┈┈┈┈┈┈┈┈┈┈┈┈┈┈┈┈┈
[INFO] [stderr] error[E0277]: `*mut u8` cannot be shared between threads safely
[INFO] [stderr]   --> $DIR/not_sync_01.rs:12:5
[INFO] [stderr]    |
[INFO] [stderr] 3  | pub fn assert_sync<T: Sync>() {
[INFO] [stderr]    |                       ---- required by this bound in `assert_sync`
[INFO] [stderr] ...
[INFO] [stderr] 12 |     assert_sync::<X>();
[INFO] [stderr]    |     ^^^^^^^^^^^^^^^^ `*mut u8` cannot be shared between threads safely
[INFO] [stderr]    |
[INFO] [stderr]    = help: within `X`, the trait `Sync` is not implemented for `*mut u8`
[INFO] [stderr]    = note: required because it appears within the type `PhantomData<*mut u8>`
[INFO] [stderr]    = note: required because it appears within the type `PhantomNotSync`
[INFO] [stderr] note: required because it appears within the type `X`
[INFO] [stderr]   --> $DIR/not_sync_01.rs:7:8
[INFO] [stderr]    |
[INFO] [stderr] 7  | struct X {
[INFO] [stderr]    |        ^
[INFO] [stderr] ┈┈┈┈┈┈┈┈┈┈┈┈┈┈┈┈┈┈┈┈┈┈┈┈┈┈┈┈┈┈┈┈┈┈┈┈┈┈┈┈┈┈┈┈┈┈┈┈┈┈┈┈┈┈┈┈┈┈┈┈
[INFO] [stderr] 
[INFO] [stderr] ACTUAL OUTPUT:
[INFO] [stderr] ┈┈┈┈┈┈┈┈┈┈┈┈┈┈┈┈┈┈┈┈┈┈┈┈┈┈┈┈┈┈┈┈┈┈┈┈┈┈┈┈┈┈┈┈┈┈┈┈┈┈┈┈┈┈┈┈┈┈┈┈
[INFO] [stderr] error[E0277]: `*mut u8` cannot be shared between threads safely
[INFO] [stderr]   --> compile-fail/not_sync_01.rs:12:19
[INFO] [stderr]    |
[INFO] [stderr] 12 |     assert_sync::<X>();
[INFO] [stderr]    |                   ^ `*mut u8` cannot be shared between threads safely
[INFO] [stderr]    |
[INFO] [stderr]    = help: within `X`, the trait `Sync` is not implemented for `*mut u8`
[INFO] [stderr] note: required because it appears within the type `PhantomData<*mut u8>`
[INFO] [stderr]   --> $RUST/core/src/marker.rs
[INFO] [stderr] note: required because it appears within the type `PhantomNotSync`
[INFO] [stderr]   --> src/lib.rs
[INFO] [stderr]    |
[INFO] [stderr]    | pub struct PhantomNotSync {
[INFO] [stderr]    |            ^^^^^^^^^^^^^^
[INFO] [stderr] note: required because it appears within the type `X`
[INFO] [stderr]   --> compile-fail/not_sync_01.rs:8:5
[INFO] [stderr]    |
[INFO] [stderr]  7 | struct X {
[INFO] [stderr]  8 |     marker: PhantomNotSync,
[INFO] [stderr]    |     ^^^^^^^^^^^^^^^^^^^^^^ required by this field
[INFO] [stderr] note: required by a bound in `assert_sync`
[INFO] [stderr]   --> compile-fail/not_sync_01.rs:3:23
[INFO] [stderr]    |
[INFO] [stderr]  3 | pub fn assert_sync<T: Sync>() {
[INFO] [stderr]    |                       ^^^^ required by this bound in `assert_sync`
[INFO] [stderr] ┈┈┈┈┈┈┈┈┈┈┈┈┈┈┈┈┈┈┈┈┈┈┈┈┈┈┈┈┈┈┈┈┈┈┈┈┈┈┈┈┈┈┈┈┈┈┈┈┈┈┈┈┈┈┈┈┈┈┈┈
[INFO] [stderr] note: If the actual output is the correct output you can bless it by rerunning
[INFO] [stderr]       your test with the environment variable TRYBUILD=overwrite
[INFO] [stderr] 
[INFO] [stderr] 
[INFO] [stderr] 
[INFO] [stderr] error: test failed, to rerun pass `--lib`
[INFO] running `Command { std: "docker" "inspect" "80259301e0cea55d57ec2e1d0292fafeb1305be8d7fcc48b4097d4c452c6b653", kill_on_drop: false }`
[INFO] running `Command { std: "docker" "rm" "-f" "80259301e0cea55d57ec2e1d0292fafeb1305be8d7fcc48b4097d4c452c6b653", kill_on_drop: false }`
[INFO] [stdout] 80259301e0cea55d57ec2e1d0292fafeb1305be8d7fcc48b4097d4c452c6b653
