[INFO] fetching crate openworldformat 0.3.5...
[INFO] testing openworldformat-0.3.5 against 1.99.0-beta.8+cargoflags=--release for beta-release-1.100-2
[INFO] extracting crate openworldformat 0.3.5 into /workspace/builds/worker-4-tc1/source
[INFO] started tweaking crates.io crate openworldformat 0.3.5
[INFO] removed 0 missing examples
[INFO] removed 0 missing tests
[INFO] finished tweaking crates.io crate openworldformat 0.3.5
[INFO] tweaked toml for crates.io crate openworldformat 0.3.5 written to /workspace/builds/worker-4-tc1/source/Cargo.toml
[INFO] validating manifest of crates.io crate openworldformat 0.3.5 on toolchain 1.99.0-beta.8
[INFO] running `Command { std: CARGO_HOME="/workspace/cargo-home" RUSTUP_HOME="/workspace/rustup-home" "/workspace/cargo-home/bin/cargo" "+1.99.0-beta.8" "metadata" "--manifest-path" "Cargo.toml" "--no-deps", kill_on_drop: false }`
[INFO] crate crates.io crate openworldformat 0.3.5 already has a lockfile, it will not be regenerated
[INFO] running `Command { std: CARGO_HOME="/workspace/cargo-home" RUSTUP_HOME="/workspace/rustup-home" "/workspace/cargo-home/bin/cargo" "+1.99.0-beta.8" "fetch" "--manifest-path" "Cargo.toml", kill_on_drop: false }`
[INFO] running `Command { std: "docker" "create" "-v" "/var/lib/crater-agent-workspace/builds/worker-4-tc1/source:/opt/rustwide/workdir:ro,Z" "-v" "/var/lib/crater-agent-workspace/builds/worker-4-tc1/target:/opt/rustwide/target:rw,Z" "-v" "/var/lib/crater-agent-workspace/cargo-home:/opt/rustwide/cargo-home:ro,Z" "-v" "/var/lib/crater-agent-workspace/rustup-home:/opt/rustwide/rustup-home:ro,Z" "-m" "1610612736" "--network" "none" "ghcr.io/rust-lang/crates-build-env/linux@sha256:77db811e55d90add9212f6832c23229e3de5f1c1f9905e8cb07319ea15df73ac" "sleep" "infinity", kill_on_drop: false }`
[INFO] [stdout] 27da7e0dcd108b6b1f546d6e51fc19720c2d58d711f1f3f113789f6b53667895
[INFO] running `Command { std: "docker" "start" "27da7e0dcd108b6b1f546d6e51fc19720c2d58d711f1f3f113789f6b53667895", kill_on_drop: false }`
[INFO] running `Command { std: "docker" "inspect" "27da7e0dcd108b6b1f546d6e51fc19720c2d58d711f1f3f113789f6b53667895", kill_on_drop: false }`
[INFO] running `Command { std: "docker" "exec" "-e" "SOURCE_DIR=/opt/rustwide/workdir" "-e" "CARGO_HOME=/opt/rustwide/cargo-home" "-e" "RUSTUP_HOME=/opt/rustwide/rustup-home" "-e" "CARGO_TARGET_DIR=/opt/rustwide/target" "-w" "/opt/rustwide/workdir" "--user" "0:0" "27da7e0dcd108b6b1f546d6e51fc19720c2d58d711f1f3f113789f6b53667895" "/opt/rustwide/cargo-home/bin/cargo" "+1.99.0-beta.8" "metadata" "--no-deps" "--format-version=1", kill_on_drop: false }`
[INFO] running `Command { std: "docker" "inspect" "27da7e0dcd108b6b1f546d6e51fc19720c2d58d711f1f3f113789f6b53667895", kill_on_drop: false }`
[INFO] running `Command { std: "docker" "exec" "-e" "SOURCE_DIR=/opt/rustwide/workdir" "-e" "CARGO_HOME=/opt/rustwide/cargo-home" "-e" "RUSTUP_HOME=/opt/rustwide/rustup-home" "-e" "CARGO_TARGET_DIR=/opt/rustwide/target" "-e" "CARGO_INCREMENTAL=0" "-e" "RUST_BACKTRACE=full" "-e" "RUSTFLAGS=--cap-lints=warn" "-e" "RUSTDOCFLAGS=--cap-lints=warn" "-w" "/opt/rustwide/workdir" "--user" "0:0" "27da7e0dcd108b6b1f546d6e51fc19720c2d58d711f1f3f113789f6b53667895" "/opt/rustwide/cargo-home/bin/cargo" "+1.99.0-beta.8" "build" "--frozen" "--message-format=json" "--release", kill_on_drop: false }`
[INFO] [stderr]    Compiling proc-macro2 v1.0.107
[INFO] [stderr]    Compiling serde_json v1.0.151
[INFO] [stderr]    Compiling quote v1.0.47
[INFO] [stderr]    Compiling syn v3.0.6
[INFO] [stderr]    Compiling serde_derive v1.0.229
[INFO] [stderr]    Compiling serde v1.0.229
[INFO] [stderr]    Compiling openworldformat v0.3.5 (/opt/rustwide/workdir)
[INFO] [stderr]     Finished `release` profile [optimized] target(s) in 17.71s
[INFO] running `Command { std: "docker" "inspect" "27da7e0dcd108b6b1f546d6e51fc19720c2d58d711f1f3f113789f6b53667895", kill_on_drop: false }`
[INFO] running `Command { std: "docker" "exec" "-e" "SOURCE_DIR=/opt/rustwide/workdir" "-e" "CARGO_HOME=/opt/rustwide/cargo-home" "-e" "RUSTUP_HOME=/opt/rustwide/rustup-home" "-e" "CARGO_TARGET_DIR=/opt/rustwide/target" "-e" "CARGO_INCREMENTAL=0" "-e" "RUST_BACKTRACE=full" "-e" "RUSTFLAGS=--cap-lints=warn" "-e" "RUSTDOCFLAGS=--cap-lints=warn" "-w" "/opt/rustwide/workdir" "--user" "0:0" "27da7e0dcd108b6b1f546d6e51fc19720c2d58d711f1f3f113789f6b53667895" "/opt/rustwide/cargo-home/bin/cargo" "+1.99.0-beta.8" "test" "--frozen" "--no-run" "--message-format=json" "--release", kill_on_drop: false }`
[INFO] [stderr]    Compiling typeid v1.0.3
[INFO] [stderr]    Compiling serde v1.0.229
[INFO] [stderr]    Compiling bitflags v2.13.2
[INFO] [stderr]    Compiling unicode-ident v1.0.26
[INFO] [stderr]    Compiling once_cell v1.21.4
[INFO] [stderr]    Compiling ron v0.12.2
[INFO] [stderr]    Compiling openworldformat v0.3.5 (/opt/rustwide/workdir)
[INFO] [stderr]     Finished `release` profile [optimized] target(s) in 38.82s
[INFO] running `Command { std: "docker" "inspect" "27da7e0dcd108b6b1f546d6e51fc19720c2d58d711f1f3f113789f6b53667895", kill_on_drop: false }`
[INFO] running `Command { std: "docker" "exec" "-e" "SOURCE_DIR=/opt/rustwide/workdir" "-e" "CARGO_HOME=/opt/rustwide/cargo-home" "-e" "RUSTUP_HOME=/opt/rustwide/rustup-home" "-e" "CARGO_TARGET_DIR=/opt/rustwide/target" "-e" "CARGO_INCREMENTAL=0" "-e" "RUST_BACKTRACE=full" "-e" "RUSTFLAGS=--cap-lints=warn" "-e" "RUSTDOCFLAGS=--cap-lints=warn" "-w" "/opt/rustwide/workdir" "--user" "0:0" "27da7e0dcd108b6b1f546d6e51fc19720c2d58d711f1f3f113789f6b53667895" "/opt/rustwide/cargo-home/bin/cargo" "+1.99.0-beta.8" "test" "--frozen" "--release", kill_on_drop: false }`
[INFO] [stderr]     Finished `release` profile [optimized] target(s) in 0.04s
[INFO] [stderr]      Running unittests src/lib.rs (/opt/rustwide/target/release/deps/openworldformat-63a344177f7aeaa7)
[INFO] [stdout] 
[INFO] [stdout] running 148 tests
[INFO] [stdout] test avatar::tests::default_avatar ... ok
[INFO] [stdout] test behavior::tests::path_mode_roundtrip ... ok
[INFO] [stdout] test behavior::tests::all_behavior_kinds ... ok
[INFO] [stdout] test authoring::tests::a_world_over_budget_commits_with_warnings_never_a_refusal ... ok
[INFO] [stdout] test audio::tests::audio_def_spatial_vs_global ... ok
[INFO] [stdout] test behavior::tests::behavior_orbit_roundtrip ... ok
[INFO] [stdout] test asset::tests::digest_check ... ok
[INFO] [stdout] test asset::tests::mesh_asset_ref_no_node ... ok
[INFO] [stdout] test asset::tests::mesh_asset_ref_roundtrip ... ok
[INFO] [stdout] test audio::tests::audio_source_roundtrip_all_variants ... ok
[INFO] [stdout] test authoring::tests::merge_patch_is_rfc_7396 ... ok
[INFO] [stdout] test cinematography::tests::camera_of_applies_the_defaults_per_absent_field_and_none_for_non_cameras ... FAILED
[INFO] [stdout] test cinematography::tests::world_origin_composes_the_position_through_the_parents ... FAILED
[INFO] [stdout] test creation::tests::creation_roundtrip ... ok
[INFO] [stdout] test behavior::tests::behavior_look_at_with_entity_ref ... ok
[INFO] [stdout] test cinematography::tests::project_puts_the_aim_point_at_the_frames_center ... FAILED
[INFO] [stdout] test avatar::tests::avatar_roundtrip ... ok
[INFO] [stdout] test cinematography::tests::aim_entity_centres_the_target_and_focus_entity_measures_to_it ... FAILED
[INFO] [stdout] test cinematography::tests::shot_list_orders_by_shot_order_ties_by_entity_id_and_skips_shot_less_cameras ... FAILED
[INFO] [stdout] test cinematography::tests::view_of_looks_at_the_aim_with_plus_y_up_else_down_the_local_minus_z ... FAILED
[INFO] [stdout] test authoring::tests::names_bind_ids_allocate_and_partial_patches_merge ... ok
[INFO] [stdout] test authoring::tests::one_bad_op_refuses_the_batch_with_a_reason_per_op ... ok
[INFO] [stdout] test cinematography::tests::a_gone_target_leaves_aim_then_the_rotation_and_focus_distance_m ... FAILED
[INFO] [stdout] test creation::tests::custom_category ... ok
[INFO] [stdout] test cinematography::tests::frame_of_is_the_normative_crop_math_cropping_trims_never_widens ... FAILED
[INFO] [stdout] test doc::tests::a_failed_entry_leaves_the_document_alone_but_in_place_keeps_the_pieces ... ok
[INFO] [stdout] test doc::tests::a_name_nothing_owns_refuses_the_entry ... ok
[INFO] [stdout] test doc::tests::an_entry_applied_in_place_reaches_the_same_document ... ok
[INFO] [stdout] test doc::tests::audio_emitter_ops_target_named_entities ... ok
[INFO] [stdout] test doc::tests::batch_is_all_or_nothing ... ok
[INFO] [stdout] test doc::tests::delete_takes_the_subtree_and_frees_names ... ok
[INFO] [stdout] test doc::tests::from_manifest_turns_dangling_parents_into_roots ... ok
[INFO] [stdout] test doc::tests::in_place_still_binds_the_names_the_entry_introduces ... ok
[INFO] [stdout] test doc::tests::manifest_round_trip_orders_parents_first ... ok
[INFO] [stdout] test doc::tests::modify_renames_and_reparents_with_checks ... ok
[INFO] [stdout] test doc::tests::names_bind_at_ingestion_not_at_fold_time ... ok
[INFO] [stdout] test doc::tests::same_entry_references_bind ... ok
[INFO] [stdout] test doc::tests::spawn_refuses_ids_past_the_json_safe_ceiling ... ok
[INFO] [stdout] test doc::tests::spawn_rejects_duplicates_and_missing_parents ... ok
[INFO] [stdout] test doc::tests::spawn_rejects_non_finite_transforms_and_empty_names ... ok
[INFO] [stdout] test doc::tests::spawn_then_lookup_by_id_and_name ... ok
[INFO] [stdout] test entity::tests::entity_builder ... ok
[INFO] [stdout] test entity::tests::entity_patch_apply ... ok
[INFO] [stdout] test entity::tests::entity_patch_clear_field ... ok
[INFO] [stdout] test entity::tests::entity_roundtrip ... ok
[INFO] [stdout] test entity_refs::tests::an_extension_leaf_remaps_its_id_and_leaves_a_name_alone ... ok
[INFO] [stdout] test entity_refs::tests::the_json_walk_matches_walk_ref_path_semantics ... ok
[INFO] [stdout] test ext_provenance::tests::empty_serializes_to_an_empty_object ... ok
[INFO] [stdout] test entity_refs::tests::every_listed_path_visits_a_slot_in_a_full_root ... ok
[INFO] [stdout] test entity::tests::patch_between_ignores_float_noise ... ok
[INFO] [stdout] test history::tests::edit_op_set_camera_roundtrip ... ok
[INFO] [stdout] test history::tests::edit_op_modify_entity_roundtrip ... ok
[INFO] [stdout] test history::tests::edit_op_batch_roundtrip ... ok
[INFO] [stdout] test identity::tests::entity_ref_id_serializes_as_object ... ok
[INFO] [stdout] test ext_provenance::tests::round_trips_under_the_extension_key ... ok
[INFO] [stdout] test history::tests::edit_op_set_environment_roundtrip ... ok
[INFO] [stdout] test history::tests::new_edit_truncates_redo ... ok
[INFO] [stdout] test identity::tests::entity_name_display ... ok
[INFO] [stdout] test history::tests::every_edit_has_a_computable_inverse ... ok
[INFO] [stdout] test identity::tests::entity_ref_name_serializes_as_string ... ok
[INFO] [stdout] test instance::tests::expands_parts_under_the_instance ... ok
[INFO] [stdout] test instance::tests::part_links_find_the_instance ... ok
[INFO] [stdout] test instance::tests::manifest_expansion_moves_next_id ... ok
[INFO] [stdout] test hash::tests::fips_vectors ... ok
[INFO] [stdout] test material::tests::textures_lists_only_set_maps ... ok
[INFO] [stdout] test material::tests::untextured_material_serializes_without_texture_keys ... ok
[INFO] [stdout] test modulation::tests::factor_interpolates_and_clamps ... ok
[INFO] [stdout] test material::tests::material_without_new_fields_deserializes ... ok
[INFO] [stdout] test light::tests::light_type_roundtrip ... ok
[INFO] [stdout] test light::tests::light_def_defaults ... ok
[INFO] [stdout] test history::tests::undoing_a_delete_restores_the_whole_tree ... ok
[INFO] [stdout] test light::tests::spot_light_roundtrip_with_angles ... ok
[INFO] [stdout] test material::tests::default_material ... ok
[INFO] [stdout] test instance::tests::validation_catches_bad_references ... ok
[INFO] [stdout] test light::tests::light_without_optional_fields_deserializes ... ok
[INFO] [stdout] test instance::tests::removed_parts_drop_out_with_their_children ... ok
[INFO] [stdout] test material::tests::material_roundtrip ... ok
[INFO] [stdout] test history::tests::undo_redo_basic ... ok
[INFO] [stdout] test material::tests::alpha_mode_mask_roundtrip ... ok
[INFO] [stdout] test modulation::tests::free_running_signals ... ok
[INFO] [stdout] test modulation::tests::inactive_factor_is_identity ... ok
[INFO] [stdout] test modulation::tests::smoothing_is_one_pole ... ok
[INFO] [stdout] test oplog::tests::canonical_json_matches_the_cross_language_golden ... ok
[INFO] [stdout] test oplog::tests::entry_identity_excludes_the_id_and_includes_the_parent ... ok
[INFO] [stdout] test oplog::tests::entry_roundtrip ... ok
[INFO] [stdout] test package::tests::compaction_moves_the_base_to_head ... ok
[INFO] [stdout] test session::tests::edits_stay_pascal_case_and_history_lowercase ... ok
[INFO] [stdout] test session::tests::fold_path_folds_each_tip_of_a_branch ... ok
[INFO] [stdout] test session::tests::members_this_version_does_not_know_are_kept_on_a_rewrite ... ok
[INFO] [stdout] test session::tests::merging_keeps_entry_identity_rewrites_world_refs_and_renames_taken_names ... ok
[INFO] [stdout] test session::tests::the_main_tip_is_refs_main_else_the_last_entry_else_the_base ... ok
[INFO] [stdout] test modulation::tests::validity ... ok
[INFO] [stdout] test session::tests::refs_survive_a_read_and_a_rewrite ... ok
[INFO] [stdout] test session::tests::a_merge_record_reads_as_the_spec_writes_it ... ok
[INFO] [stdout] test session::tests::edit_serializes_as_the_old_format_did ... ok
[INFO] [stdout] test shape::tests::triangle_estimates_are_nonzero ... ok
[INFO] [stdout] test soundtrack::tests::curve_sampling ... ok
[INFO] [stdout] test modulation::tests::serde_shapes_are_stable ... ok
[INFO] [stdout] test package::tests::snapshots_name_by_entry_when_there_is_one ... ok
[INFO] [stdout] test soundtrack::tests::beat_pulse ... ok
[INFO] [stdout] test session::tests::fold_log_applies_edits_and_skips_history ... ok
[INFO] [stdout] test session::tests::tool_input_state_clock_roundtrip_and_skip ... ok
[INFO] [stdout] test shape::tests::shape_roundtrip_json ... ok
[INFO] [stdout] test session::tests::merging_reallocates_colliding_ids_and_rewrites_references ... ok
[INFO] [stdout] test session::tests::merging_leaves_shared_references_alone ... ok
[INFO] [stdout] test session::tests::entries_without_ids_chain_in_file_order ... ok
[INFO] [stdout] test session::tests::no_refs_and_no_extras_write_nothing_new ... ok
[INFO] [stdout] test shape::tests::cuboid_aabb ... ok
[INFO] [stdout] test session::tests::old_log_line_parses_as_edits ... ok
[INFO] [stdout] test state::tests::a_declared_field_beats_the_map_subkey_it_resembles ... ok
[INFO] [stdout] test state::tests::map_subkeys_still_work_without_a_shadowing_declaration ... ok
[INFO] [stdout] test strict::tests::strict_logs_refuse_unknown_kinds_and_unregistered_extensions ... ok
[INFO] [stdout] test tour::tests::tour_modes ... ok
[INFO] [stdout] test trigger::tests::defaults_fill_missing_numbers ... ok
[INFO] [stdout] test validation::tests::valid_entities_produce_no_issues ... ok
[INFO] [stdout] test validation::tests::validates_shape_extent ... ok
[INFO] [stdout] test strict::tests::strict_refuses_unknown_manifest_fields ... ok
[INFO] [stdout] test validation::tests::validates_behavior_count ... ok
[INFO] [stdout] test world::tests::alloc_entity_id ... ok
[INFO] [stdout] test spatial::tests::chunk_display ... ok
[INFO] [stdout] test world::tests::compliance_meta_default ... ok
[INFO] [stdout] test world::tests::compliance_roundtrip_json ... ok
[INFO] [stdout] test world::tests::llm_lineage_lives_under_ext_provenance ... ok
[INFO] [stdout] test world::tests::manifest_new ... ok
[INFO] [stdout] test world::tests::manifest_new_includes_compliance ... ok
[INFO] [stdout] test world::tests::triangle_estimate ... ok
[INFO] [stdout] test trigger::tests::areas_default_to_the_shape_box_or_a_sphere ... ok
[INFO] [stdout] test world::tests::version_check_too_new ... ok
[INFO] [stdout] test strict::tests::strict_points_lineage_at_the_extension ... ok
[INFO] [stdout] test soundtrack::tests::validity ... ok
[INFO] [stdout] test spatial::tests::chunk_distance ... ok
[INFO] [stdout] test soundtrack::tests::sections_and_stems ... ok
[INFO] [stdout] test trigger::tests::host_actions_carry_their_arguments ... ok
[INFO] [stdout] test soundtrack::tests::serde_omits_empties ... ok
[INFO] [stdout] test world::tests::alloc_entity_id_stops_at_the_json_safe_ceiling ... ok
[INFO] [stdout] test world::tests::version_is_required_not_defaulted ... ok
[INFO] [stdout] test strict::tests::strict_refuses_unregistered_extensions ... ok
[INFO] [stdout] test tour::tests::tour_roundtrip ... ok
[INFO] [stdout] test world::tests::version_check_too_old ... ok
[INFO] [stdout] test world::tests::version_check_current ... ok
[INFO] [stdout] test spatial::tests::chunk_from_world_pos ... ok
[INFO] [stdout] test world::tests::worlds_before_version_3_are_refused ... ok
[INFO] [stdout] test trigger::tests::json_is_flat_and_tagged ... ok
[INFO] [stdout] test world_patch::tests::meta_cannot_be_cleared_and_unknown_keys_are_ignored ... ok
[INFO] [stdout] test world_patch::tests::absent_null_and_value_mean_three_things ... ok
[INFO] [stdout] test hash::tests::one_million_a_bytes ... ok
[INFO] [stdout] test world::tests::manifest_roundtrip_json ... ok
[INFO] [stdout] test world::tests::the_v2_multi_file_references_are_gone ... ok
[INFO] [stdout] 
[INFO] [stdout] failures:
[INFO] [stdout] 
[INFO] [stderr] error: test failed, to rerun pass `--lib`
[INFO] [stdout] ---- cinematography::tests::camera_of_applies_the_defaults_per_absent_field_and_none_for_non_cameras stdout ----
[INFO] [stdout] 
[INFO] [stdout] thread 'cinematography::tests::camera_of_applies_the_defaults_per_absent_field_and_none_for_non_cameras' (678) panicked at src/cinematography.rs:677:79:
[INFO] [stdout] called `Result::unwrap()` on an `Err` value: Os { code: 2, kind: NotFound, message: "No such file or directory" }
[INFO] [stdout] stack backtrace:
[INFO] [stdout]    0:     0x5f25e45f7ac1 - <<std[70759c8f55707aa4]::sys::backtrace::BacktraceLock>::print::DisplayBacktrace as core[df12db4294e9bfd3]::fmt::Display>::fmt
[INFO] [stdout]    1:     0x5f25e460dc7a - core[df12db4294e9bfd3]::fmt::write
[INFO] [stdout]    2:     0x5f25e45fbf5c - <alloc[2182bb758b4b3781]::vec::Vec<u8> as core[df12db4294e9bfd3]::io::write::Write>::write_fmt
[INFO] [stdout]    3:     0x5f25e45d3bb6 - std[70759c8f55707aa4]::panicking::default_hook::{closure#0}
[INFO] [stdout]    4:     0x5f25e45efeb9 - std[70759c8f55707aa4]::panicking::default_hook
[INFO] [stdout]    5:     0x5f25e4580460 - test[9d35eded1c95d3be]::test_main_inner::<test[9d35eded1c95d3be]::test_main_static::{closure#0}>::{closure#0}
[INFO] [stdout]    6:     0x5f25e45f0072 - std[70759c8f55707aa4]::panicking::panic_with_hook
[INFO] [stdout]    7:     0x5f25e45d3c62 - std[70759c8f55707aa4]::panicking::panic_handler::{closure#0}
[INFO] [stdout]    8:     0x5f25e45cc859 - std[70759c8f55707aa4]::sys::backtrace::__rust_end_short_backtrace::<std[70759c8f55707aa4]::panicking::panic_handler::{closure#0}, !>
[INFO] [stdout]    9:     0x5f25e45d485d - __rustc[8fa7c3cbc660c2b3]::rust_begin_unwind
[INFO] [stdout]   10:     0x5f25e460e3ac - core[df12db4294e9bfd3]::panicking::panic_fmt
[INFO] [stdout]   11:     0x5f25e460e182 - core[df12db4294e9bfd3]::result::unwrap_failed
[INFO] [stdout]   12:     0x5f25e44a59cc - openworldformat[a4b910ce7cd16b45]::cinematography::tests::cinema_world
[INFO] [stdout]   13:     0x5f25e44a84f9 - openworldformat[a4b910ce7cd16b45]::cinematography::tests::camera_of_applies_the_defaults_per_absent_field_and_none_for_non_cameras
[INFO] [stdout]   14:     0x5f25e45134f9 - <openworldformat[a4b910ce7cd16b45]::cinematography::tests::camera_of_applies_the_defaults_per_absent_field_and_none_for_non_cameras::{closure#0} as core[df12db4294e9bfd3]::ops::function::FnOnce<()>>::call_once
[INFO] [stdout]   15:     0x5f25e457374b - test[9d35eded1c95d3be]::__rust_begin_short_backtrace::<core[df12db4294e9bfd3]::result::Result<(), alloc[2182bb758b4b3781]::string::String>, fn() -> core[df12db4294e9bfd3]::result::Result<(), alloc[2182bb758b4b3781]::string::String>>
[INFO] [stdout]   16:     0x5f25e4580db5 - test[9d35eded1c95d3be]::run_test::{closure#0}
[INFO] [stdout]   17:     0x5f25e457a674 - std[70759c8f55707aa4]::sys::backtrace::__rust_begin_short_backtrace::<test[9d35eded1c95d3be]::run_test::{closure#1}, ()>
[INFO] [stdout]   18:     0x5f25e4583f12 - <std[70759c8f55707aa4]::thread::lifecycle::spawn_unchecked<test[9d35eded1c95d3be]::run_test::{closure#1}, ()>::{closure#1} as core[df12db4294e9bfd3]::ops::function::FnOnce<()>>::call_once::{shim:vtable#0}
[INFO] [stdout]   19:     0x5f25e45f7029 - <std[70759c8f55707aa4]::sys::thread::unix::Thread>::new::thread_start
[INFO] [stdout]   20:     0x77ec1ac50dfa - <unknown>
[INFO] [stdout]   21:     0x77ec1ace43d4 - clone
[INFO] [stdout]   22:                0x0 - <unknown>
[INFO] [stdout] 
[INFO] [stdout] ---- cinematography::tests::world_origin_composes_the_position_through_the_parents stdout ----
[INFO] [stdout] 
[INFO] [stdout] thread 'cinematography::tests::world_origin_composes_the_position_through_the_parents' (683) panicked at src/cinematography.rs:677:79:
[INFO] [stdout] called `Result::unwrap()` on an `Err` value: Os { code: 2, kind: NotFound, message: "No such file or directory" }
[INFO] [stdout] stack backtrace:
[INFO] [stdout]    0:     0x5f25e45f7ac1 - <<std[70759c8f55707aa4]::sys::backtrace::BacktraceLock>::print::DisplayBacktrace as core[df12db4294e9bfd3]::fmt::Display>::fmt
[INFO] [stdout]    1:     0x5f25e460dc7a - core[df12db4294e9bfd3]::fmt::write
[INFO] [stdout]    2:     0x5f25e45fbf5c - <alloc[2182bb758b4b3781]::vec::Vec<u8> as core[df12db4294e9bfd3]::io::write::Write>::write_fmt
[INFO] [stdout]    3:     0x5f25e45d3bb6 - std[70759c8f55707aa4]::panicking::default_hook::{closure#0}
[INFO] [stdout]    4:     0x5f25e45efeb9 - std[70759c8f55707aa4]::panicking::default_hook
[INFO] [stdout]    5:     0x5f25e4580460 - test[9d35eded1c95d3be]::test_main_inner::<test[9d35eded1c95d3be]::test_main_static::{closure#0}>::{closure#0}
[INFO] [stdout]    6:     0x5f25e45f0072 - std[70759c8f55707aa4]::panicking::panic_with_hook
[INFO] [stdout]    7:     0x5f25e45d3c62 - std[70759c8f55707aa4]::panicking::panic_handler::{closure#0}
[INFO] [stdout]    8:     0x5f25e45cc859 - std[70759c8f55707aa4]::sys::backtrace::__rust_end_short_backtrace::<std[70759c8f55707aa4]::panicking::panic_handler::{closure#0}, !>
[INFO] [stdout]    9:     0x5f25e45d485d - __rustc[8fa7c3cbc660c2b3]::rust_begin_unwind
[INFO] [stdout]   10:     0x5f25e460e3ac - core[df12db4294e9bfd3]::panicking::panic_fmt
[INFO] [stdout]   11:     0x5f25e460e182 - core[df12db4294e9bfd3]::result::unwrap_failed
[INFO] [stdout]   12:     0x5f25e44a59cc - openworldformat[a4b910ce7cd16b45]::cinematography::tests::cinema_world
[INFO] [stdout]   13:     0x5f25e44a609b - openworldformat[a4b910ce7cd16b45]::cinematography::tests::world_origin_composes_the_position_through_the_parents
[INFO] [stdout]   14:     0x5f25e4513459 - <openworldformat[a4b910ce7cd16b45]::cinematography::tests::world_origin_composes_the_position_through_the_parents::{closure#0} as core[df12db4294e9bfd3]::ops::function::FnOnce<()>>::call_once
[INFO] [stdout]   15:     0x5f25e457374b - test[9d35eded1c95d3be]::__rust_begin_short_backtrace::<core[df12db4294e9bfd3]::result::Result<(), alloc[2182bb758b4b3781]::string::String>, fn() -> core[df12db4294e9bfd3]::result::Result<(), alloc[2182bb758b4b3781]::string::String>>
[INFO] [stdout]   16:     0x5f25e4580db5 - test[9d35eded1c95d3be]::run_test::{closure#0}
[INFO] [stdout]   17:     0x5f25e457a674 - std[70759c8f55707aa4]::sys::backtrace::__rust_begin_short_backtrace::<test[9d35eded1c95d3be]::run_test::{closure#1}, ()>
[INFO] [stdout]   18:     0x5f25e4583f12 - <std[70759c8f55707aa4]::thread::lifecycle::spawn_unchecked<test[9d35eded1c95d3be]::run_test::{closure#1}, ()>::{closure#1} as core[df12db4294e9bfd3]::ops::function::FnOnce<()>>::call_once::{shim:vtable#0}
[INFO] [stdout]   19:     0x5f25e45f7029 - <std[70759c8f55707aa4]::sys::thread::unix::Thread>::new::thread_start
[INFO] [stdout]   20:     0x77ec1ac50dfa - <unknown>
[INFO] [stdout]   21:     0x77ec1ace43d4 - clone
[INFO] [stdout]   22:                0x0 - <unknown>
[INFO] [stdout] 
[INFO] [stdout] ---- cinematography::tests::project_puts_the_aim_point_at_the_frames_center stdout ----
[INFO] [stdout] 
[INFO] [stdout] thread 'cinematography::tests::project_puts_the_aim_point_at_the_frames_center' (680) panicked at src/cinematography.rs:677:79:
[INFO] [stdout] called `Result::unwrap()` on an `Err` value: Os { code: 2, kind: NotFound, message: "No such file or directory" }
[INFO] [stdout] stack backtrace:
[INFO] [stdout]    0:     0x5f25e45f7ac1 - <<std[70759c8f55707aa4]::sys::backtrace::BacktraceLock>::print::DisplayBacktrace as core[df12db4294e9bfd3]::fmt::Display>::fmt
[INFO] [stdout]    1:     0x5f25e460dc7a - core[df12db4294e9bfd3]::fmt::write
[INFO] [stdout]    2:     0x5f25e45fbf5c - <alloc[2182bb758b4b3781]::vec::Vec<u8> as core[df12db4294e9bfd3]::io::write::Write>::write_fmt
[INFO] [stdout]    3:     0x5f25e45d3bb6 - std[70759c8f55707aa4]::panicking::default_hook::{closure#0}
[INFO] [stdout]    4:     0x5f25e45efeb9 - std[70759c8f55707aa4]::panicking::default_hook
[INFO] [stdout]    5:     0x5f25e4580460 - test[9d35eded1c95d3be]::test_main_inner::<test[9d35eded1c95d3be]::test_main_static::{closure#0}>::{closure#0}
[INFO] [stdout]    6:     0x5f25e45f0072 - std[70759c8f55707aa4]::panicking::panic_with_hook
[INFO] [stdout]    7:     0x5f25e45d3c62 - std[70759c8f55707aa4]::panicking::panic_handler::{closure#0}
[INFO] [stdout]    8:     0x5f25e45cc859 - std[70759c8f55707aa4]::sys::backtrace::__rust_end_short_backtrace::<std[70759c8f55707aa4]::panicking::panic_handler::{closure#0}, !>
[INFO] [stdout]    9:     0x5f25e45d485d - __rustc[8fa7c3cbc660c2b3]::rust_begin_unwind
[INFO] [stdout]   10:     0x5f25e460e3ac - core[df12db4294e9bfd3]::panicking::panic_fmt
[INFO] [stdout]   11:     0x5f25e460e182 - core[df12db4294e9bfd3]::result::unwrap_failed
[INFO] [stdout]   12:     0x5f25e44a59cc - openworldformat[a4b910ce7cd16b45]::cinematography::tests::cinema_world
[INFO] [stdout]   13:     0x5f25e44a5d45 - openworldformat[a4b910ce7cd16b45]::cinematography::tests::project_puts_the_aim_point_at_the_frames_center
[INFO] [stdout]   14:     0x5f25e4513439 - <openworldformat[a4b910ce7cd16b45]::cinematography::tests::project_puts_the_aim_point_at_the_frames_center::{closure#0} as core[df12db4294e9bfd3]::ops::function::FnOnce<()>>::call_once
[INFO] [stdout]   15:     0x5f25e457374b - test[9d35eded1c95d3be]::__rust_begin_short_backtrace::<core[df12db4294e9bfd3]::result::Result<(), alloc[2182bb758b4b3781]::string::String>, fn() -> core[df12db4294e9bfd3]::result::Result<(), alloc[2182bb758b4b3781]::string::String>>
[INFO] [stdout]   16:     0x5f25e4580db5 - test[9d35eded1c95d3be]::run_test::{closure#0}
[INFO] [stdout]   17:     0x5f25e457a674 - std[70759c8f55707aa4]::sys::backtrace::__rust_begin_short_backtrace::<test[9d35eded1c95d3be]::run_test::{closure#1}, ()>
[INFO] [stdout]   18:     0x5f25e4583f12 - <std[70759c8f55707aa4]::thread::lifecycle::spawn_unchecked<test[9d35eded1c95d3be]::run_test::{closure#1}, ()>::{closure#1} as core[df12db4294e9bfd3]::ops::function::FnOnce<()>>::call_once::{shim:vtable#0}
[INFO] [stdout]   19:     0x5f25e45f7029 - <std[70759c8f55707aa4]::sys::thread::unix::Thread>::new::thread_start
[INFO] [stdout]   20:     0x77ec1ac50dfa - <unknown>
[INFO] [stdout]   21:     0x77ec1ace43d4 - clone
[INFO] [stdout]   22:                0x0 - <unknown>
[INFO] [stdout] 
[INFO] [stdout] ---- cinematography::tests::aim_entity_centres_the_target_and_focus_entity_measures_to_it stdout ----
[INFO] [stdout] 
[INFO] [stdout] thread 'cinematography::tests::aim_entity_centres_the_target_and_focus_entity_measures_to_it' (677) panicked at src/cinematography.rs:677:79:
[INFO] [stdout] called `Result::unwrap()` on an `Err` value: Os { code: 2, kind: NotFound, message: "No such file or directory" }
[INFO] [stdout] stack backtrace:
[INFO] [stdout]    0:     0x5f25e45f7ac1 - <<std[70759c8f55707aa4]::sys::backtrace::BacktraceLock>::print::DisplayBacktrace as core[df12db4294e9bfd3]::fmt::Display>::fmt
[INFO] [stdout]    1:     0x5f25e460dc7a - core[df12db4294e9bfd3]::fmt::write
[INFO] [stdout]    2:     0x5f25e45fbf5c - <alloc[2182bb758b4b3781]::vec::Vec<u8> as core[df12db4294e9bfd3]::io::write::Write>::write_fmt
[INFO] [stdout]    3:     0x5f25e45d3bb6 - std[70759c8f55707aa4]::panicking::default_hook::{closure#0}
[INFO] [stdout]    4:     0x5f25e45efeb9 - std[70759c8f55707aa4]::panicking::default_hook
[INFO] [stdout]    5:     0x5f25e4580460 - test[9d35eded1c95d3be]::test_main_inner::<test[9d35eded1c95d3be]::test_main_static::{closure#0}>::{closure#0}
[INFO] [stdout]    6:     0x5f25e45f0072 - std[70759c8f55707aa4]::panicking::panic_with_hook
[INFO] [stdout]    7:     0x5f25e45d3c62 - std[70759c8f55707aa4]::panicking::panic_handler::{closure#0}
[INFO] [stdout]    8:     0x5f25e45cc859 - std[70759c8f55707aa4]::sys::backtrace::__rust_end_short_backtrace::<std[70759c8f55707aa4]::panicking::panic_handler::{closure#0}, !>
[INFO] [stdout]    9:     0x5f25e45d485d - __rustc[8fa7c3cbc660c2b3]::rust_begin_unwind
[INFO] [stdout]   10:     0x5f25e460e3ac - core[df12db4294e9bfd3]::panicking::panic_fmt
[INFO] [stdout]   11:     0x5f25e460e182 - core[df12db4294e9bfd3]::result::unwrap_failed
[INFO] [stdout]   12:     0x5f25e44a59cc - openworldformat[a4b910ce7cd16b45]::cinematography::tests::cinema_world
[INFO] [stdout]   13:     0x5f25e44a631e - openworldformat[a4b910ce7cd16b45]::cinematography::tests::aim_entity_centres_the_target_and_focus_entity_measures_to_it
[INFO] [stdout]   14:     0x5f25e4513479 - <openworldformat[a4b910ce7cd16b45]::cinematography::tests::aim_entity_centres_the_target_and_focus_entity_measures_to_it::{closure#0} as core[df12db4294e9bfd3]::ops::function::FnOnce<()>>::call_once
[INFO] [stdout]   15:     0x5f25e457374b - test[9d35eded1c95d3be]::__rust_begin_short_backtrace::<core[df12db4294e9bfd3]::result::Result<(), alloc[2182bb758b4b3781]::string::String>, fn() -> core[df12db4294e9bfd3]::result::Result<(), alloc[2182bb758b4b3781]::string::String>>
[INFO] [stdout]   16:     0x5f25e4580db5 - test[9d35eded1c95d3be]::run_test::{closure#0}
[INFO] [stdout]   17:     0x5f25e457a674 - std[70759c8f55707aa4]::sys::backtrace::__rust_begin_short_backtrace::<test[9d35eded1c95d3be]::run_test::{closure#1}, ()>
[INFO] [stdout]   18:     0x5f25e4583f12 - <std[70759c8f55707aa4]::thread::lifecycle::spawn_unchecked<test[9d35eded1c95d3be]::run_test::{closure#1}, ()>::{closure#1} as core[df12db4294e9bfd3]::ops::function::FnOnce<()>>::call_once::{shim:vtable#0}
[INFO] [stdout]   19:     0x5f25e45f7029 - <std[70759c8f55707aa4]::sys::thread::unix::Thread>::new::thread_start
[INFO] [stdout]   20:     0x77ec1ac50dfa - <unknown>
[INFO] [stdout]   21:     0x77ec1ace43d4 - clone
[INFO] [stdout]   22:                0x0 - <unknown>
[INFO] [stdout] 
[INFO] [stdout] ---- cinematography::tests::shot_list_orders_by_shot_order_ties_by_entity_id_and_skips_shot_less_cameras stdout ----
[INFO] [stdout] 
[INFO] [stdout] thread 'cinematography::tests::shot_list_orders_by_shot_order_ties_by_entity_id_and_skips_shot_less_cameras' (681) panicked at src/cinematography.rs:677:79:
[INFO] [stdout] called `Result::unwrap()` on an `Err` value: Os { code: 2, kind: NotFound, message: "No such file or directory" }
[INFO] [stdout] stack backtrace:
[INFO] [stdout]    0:     0x5f25e45f7ac1 - <<std[70759c8f55707aa4]::sys::backtrace::BacktraceLock>::print::DisplayBacktrace as core[df12db4294e9bfd3]::fmt::Display>::fmt
[INFO] [stdout]    1:     0x5f25e460dc7a - core[df12db4294e9bfd3]::fmt::write
[INFO] [stdout]    2:     0x5f25e45fbf5c - <alloc[2182bb758b4b3781]::vec::Vec<u8> as core[df12db4294e9bfd3]::io::write::Write>::write_fmt
[INFO] [stdout]    3:     0x5f25e45d3bb6 - std[70759c8f55707aa4]::panicking::default_hook::{closure#0}
[INFO] [stdout]    4:     0x5f25e45efeb9 - std[70759c8f55707aa4]::panicking::default_hook
[INFO] [stdout]    5:     0x5f25e4580460 - test[9d35eded1c95d3be]::test_main_inner::<test[9d35eded1c95d3be]::test_main_static::{closure#0}>::{closure#0}
[INFO] [stdout]    6:     0x5f25e45f0072 - std[70759c8f55707aa4]::panicking::panic_with_hook
[INFO] [stdout]    7:     0x5f25e45d3c62 - std[70759c8f55707aa4]::panicking::panic_handler::{closure#0}
[INFO] [stdout]    8:     0x5f25e45cc859 - std[70759c8f55707aa4]::sys::backtrace::__rust_end_short_backtrace::<std[70759c8f55707aa4]::panicking::panic_handler::{closure#0}, !>
[INFO] [stdout]    9:     0x5f25e45d485d - __rustc[8fa7c3cbc660c2b3]::rust_begin_unwind
[INFO] [stdout]   10:     0x5f25e460e3ac - core[df12db4294e9bfd3]::panicking::panic_fmt
[INFO] [stdout]   11:     0x5f25e460e182 - core[df12db4294e9bfd3]::result::unwrap_failed
[INFO] [stdout]   12:     0x5f25e44a59cc - openworldformat[a4b910ce7cd16b45]::cinematography::tests::cinema_world
[INFO] [stdout]   13:     0x5f25e44a8e61 - openworldformat[a4b910ce7cd16b45]::cinematography::tests::shot_list_orders_by_shot_order_ties_by_entity_id_and_skips_shot_less_cameras
[INFO] [stdout]   14:     0x5f25e4513519 - <openworldformat[a4b910ce7cd16b45]::cinematography::tests::shot_list_orders_by_shot_order_ties_by_entity_id_and_skips_shot_less_cameras::{closure#0} as core[df12db4294e9bfd3]::ops::function::FnOnce<()>>::call_once
[INFO] [stdout]   15:     0x5f25e457374b - test[9d35eded1c95d3be]::__rust_begin_short_backtrace::<core[df12db4294e9bfd3]::result::Result<(), alloc[2182bb758b4b3781]::string::String>, fn() -> core[df12db4294e9bfd3]::result::Result<(), alloc[2182bb758b4b3781]::string::String>>
[INFO] [stdout]   16:     0x5f25e4580db5 - test[9d35eded1c95d3be]::run_test::{closure#0}
[INFO] [stdout]   17:     0x5f25e457a674 - std[70759c8f55707aa4]::sys::backtrace::__rust_begin_short_backtrace::<test[9d35eded1c95d3be]::run_test::{closure#1}, ()>
[INFO] [stdout]   18:     0x5f25e4583f12 - <std[70759c8f55707aa4]::thread::lifecycle::spawn_unchecked<test[9d35eded1c95d3be]::run_test::{closure#1}, ()>::{closure#1} as core[df12db4294e9bfd3]::ops::function::FnOnce<()>>::call_once::{shim:vtable#0}
[INFO] [stdout]   19:     0x5f25e45f7029 - <std[70759c8f55707aa4]::sys::thread::unix::Thread>::new::thread_start
[INFO] [stdout]   20:     0x77ec1ac50dfa - <unknown>
[INFO] [stdout]   21:     0x77ec1ace43d4 - clone
[INFO] [stdout]   22:                0x0 - <unknown>
[INFO] [stdout] 
[INFO] [stdout] ---- cinematography::tests::view_of_looks_at_the_aim_with_plus_y_up_else_down_the_local_minus_z stdout ----
[INFO] [stdout] 
[INFO] [stdout] thread 'cinematography::tests::view_of_looks_at_the_aim_with_plus_y_up_else_down_the_local_minus_z' (682) panicked at src/cinematography.rs:677:79:
[INFO] [stdout] called `Result::unwrap()` on an `Err` value: Os { code: 2, kind: NotFound, message: "No such file or directory" }
[INFO] [stdout] stack backtrace:
[INFO] [stdout]    0:     0x5f25e45f7ac1 - <<std[70759c8f55707aa4]::sys::backtrace::BacktraceLock>::print::DisplayBacktrace as core[df12db4294e9bfd3]::fmt::Display>::fmt
[INFO] [stdout]    1:     0x5f25e460dc7a - core[df12db4294e9bfd3]::fmt::write
[INFO] [stdout]    2:     0x5f25e45fbf5c - <alloc[2182bb758b4b3781]::vec::Vec<u8> as core[df12db4294e9bfd3]::io::write::Write>::write_fmt
[INFO] [stdout]    3:     0x5f25e45d3bb6 - std[70759c8f55707aa4]::panicking::default_hook::{closure#0}
[INFO] [stdout]    4:     0x5f25e45efeb9 - std[70759c8f55707aa4]::panicking::default_hook
[INFO] [stdout]    5:     0x5f25e4580460 - test[9d35eded1c95d3be]::test_main_inner::<test[9d35eded1c95d3be]::test_main_static::{closure#0}>::{closure#0}
[INFO] [stdout]    6:     0x5f25e45f0072 - std[70759c8f55707aa4]::panicking::panic_with_hook
[INFO] [stdout]    7:     0x5f25e45d3c62 - std[70759c8f55707aa4]::panicking::panic_handler::{closure#0}
[INFO] [stdout]    8:     0x5f25e45cc859 - std[70759c8f55707aa4]::sys::backtrace::__rust_end_short_backtrace::<std[70759c8f55707aa4]::panicking::panic_handler::{closure#0}, !>
[INFO] [stdout]    9:     0x5f25e45d485d - __rustc[8fa7c3cbc660c2b3]::rust_begin_unwind
[INFO] [stdout]   10:     0x5f25e460e3ac - core[df12db4294e9bfd3]::panicking::panic_fmt
[INFO] [stdout]   11:     0x5f25e460e182 - core[df12db4294e9bfd3]::result::unwrap_failed
[INFO] [stdout]   12:     0x5f25e44a59cc - openworldformat[a4b910ce7cd16b45]::cinematography::tests::cinema_world
[INFO] [stdout]   13:     0x5f25e44a7f27 - openworldformat[a4b910ce7cd16b45]::cinematography::tests::view_of_looks_at_the_aim_with_plus_y_up_else_down_the_local_minus_z
[INFO] [stdout]   14:     0x5f25e45134d9 - <openworldformat[a4b910ce7cd16b45]::cinematography::tests::view_of_looks_at_the_aim_with_plus_y_up_else_down_the_local_minus_z::{closure#0} as core[df12db4294e9bfd3]::ops::function::FnOnce<()>>::call_once
[INFO] [stdout]   15:     0x5f25e457374b - test[9d35eded1c95d3be]::__rust_begin_short_backtrace::<core[df12db4294e9bfd3]::result::Result<(), alloc[2182bb758b4b3781]::string::String>, fn() -> core[df12db4294e9bfd3]::result::Result<(), alloc[2182bb758b4b3781]::string::String>>
[INFO] [stdout]   16:     0x5f25e4580db5 - test[9d35eded1c95d3be]::run_test::{closure#0}
[INFO] [stdout]   17:     0x5f25e457a674 - std[70759c8f55707aa4]::sys::backtrace::__rust_begin_short_backtrace::<test[9d35eded1c95d3be]::run_test::{closure#1}, ()>
[INFO] [stdout]   18:     0x5f25e4583f12 - <std[70759c8f55707aa4]::thread::lifecycle::spawn_unchecked<test[9d35eded1c95d3be]::run_test::{closure#1}, ()>::{closure#1} as core[df12db4294e9bfd3]::ops::function::FnOnce<()>>::call_once::{shim:vtable#0}
[INFO] [stdout]   19:     0x5f25e45f7029 - <std[70759c8f55707aa4]::sys::thread::unix::Thread>::new::thread_start
[INFO] [stdout]   20:     0x77ec1ac50dfa - <unknown>
[INFO] [stdout]   21:     0x77ec1ace43d4 - clone
[INFO] [stdout]   22:                0x0 - <unknown>
[INFO] [stdout] 
[INFO] [stdout] ---- cinematography::tests::a_gone_target_leaves_aim_then_the_rotation_and_focus_distance_m stdout ----
[INFO] [stdout] 
[INFO] [stdout] thread 'cinematography::tests::a_gone_target_leaves_aim_then_the_rotation_and_focus_distance_m' (676) panicked at src/cinematography.rs:677:79:
[INFO] [stdout] called `Result::unwrap()` on an `Err` value: Os { code: 2, kind: NotFound, message: "No such file or directory" }
[INFO] [stdout] stack backtrace:
[INFO] [stdout]    0:     0x5f25e45f7ac1 - <<std[70759c8f55707aa4]::sys::backtrace::BacktraceLock>::print::DisplayBacktrace as core[df12db4294e9bfd3]::fmt::Display>::fmt
[INFO] [stdout]    1:     0x5f25e460dc7a - core[df12db4294e9bfd3]::fmt::write
[INFO] [stdout]    2:     0x5f25e45fbf5c - <alloc[2182bb758b4b3781]::vec::Vec<u8> as core[df12db4294e9bfd3]::io::write::Write>::write_fmt
[INFO] [stdout]    3:     0x5f25e45d3bb6 - std[70759c8f55707aa4]::panicking::default_hook::{closure#0}
[INFO] [stdout]    4:     0x5f25e45efeb9 - std[70759c8f55707aa4]::panicking::default_hook
[INFO] [stdout]    5:     0x5f25e4580460 - test[9d35eded1c95d3be]::test_main_inner::<test[9d35eded1c95d3be]::test_main_static::{closure#0}>::{closure#0}
[INFO] [stdout]    6:     0x5f25e45f0072 - std[70759c8f55707aa4]::panicking::panic_with_hook
[INFO] [stdout]    7:     0x5f25e45d3c62 - std[70759c8f55707aa4]::panicking::panic_handler::{closure#0}
[INFO] [stdout]    8:     0x5f25e45cc859 - std[70759c8f55707aa4]::sys::backtrace::__rust_end_short_backtrace::<std[70759c8f55707aa4]::panicking::panic_handler::{closure#0}, !>
[INFO] [stdout]    9:     0x5f25e45d485d - __rustc[8fa7c3cbc660c2b3]::rust_begin_unwind
[INFO] [stdout]   10:     0x5f25e460e3ac - core[df12db4294e9bfd3]::panicking::panic_fmt
[INFO] [stdout]   11:     0x5f25e460e182 - core[df12db4294e9bfd3]::result::unwrap_failed
[INFO] [stdout]   12:     0x5f25e44a59cc - openworldformat[a4b910ce7cd16b45]::cinematography::tests::cinema_world
[INFO] [stdout]   13:     0x5f25e44a6d4e - openworldformat[a4b910ce7cd16b45]::cinematography::tests::a_gone_target_leaves_aim_then_the_rotation_and_focus_distance_m
[INFO] [stdout]   14:     0x5f25e4513499 - <openworldformat[a4b910ce7cd16b45]::cinematography::tests::a_gone_target_leaves_aim_then_the_rotation_and_focus_distance_m::{closure#0} as core[df12db4294e9bfd3]::ops::function::FnOnce<()>>::call_once
[INFO] [stdout]   15:     0x5f25e457374b - test[9d35eded1c95d3be]::__rust_begin_short_backtrace::<core[df12db4294e9bfd3]::result::Result<(), alloc[2182bb758b4b3781]::string::String>, fn() -> core[df12db4294e9bfd3]::result::Result<(), alloc[2182bb758b4b3781]::string::String>>
[INFO] [stdout]   16:     0x5f25e4580db5 - test[9d35eded1c95d3be]::run_test::{closure#0}
[INFO] [stdout]   17:     0x5f25e457a674 - std[70759c8f55707aa4]::sys::backtrace::__rust_begin_short_backtrace::<test[9d35eded1c95d3be]::run_test::{closure#1}, ()>
[INFO] [stdout]   18:     0x5f25e4583f12 - <std[70759c8f55707aa4]::thread::lifecycle::spawn_unchecked<test[9d35eded1c95d3be]::run_test::{closure#1}, ()>::{closure#1} as core[df12db4294e9bfd3]::ops::function::FnOnce<()>>::call_once::{shim:vtable#0}
[INFO] [stdout]   19:     0x5f25e45f7029 - <std[70759c8f55707aa4]::sys::thread::unix::Thread>::new::thread_start
[INFO] [stdout]   20:     0x77ec1ac50dfa - <unknown>
[INFO] [stdout]   21:     0x77ec1ace43d4 - clone
[INFO] [stdout]   22:                0x0 - <unknown>
[INFO] [stdout] 
[INFO] [stdout] ---- cinematography::tests::frame_of_is_the_normative_crop_math_cropping_trims_never_widens stdout ----
[INFO] [stdout] 
[INFO] [stdout] thread 'cinematography::tests::frame_of_is_the_normative_crop_math_cropping_trims_never_widens' (679) panicked at src/cinematography.rs:677:79:
[INFO] [stdout] called `Result::unwrap()` on an `Err` value: Os { code: 2, kind: NotFound, message: "No such file or directory" }
[INFO] [stdout] stack backtrace:
[INFO] [stdout]    0:     0x5f25e45f7ac1 - <<std[70759c8f55707aa4]::sys::backtrace::BacktraceLock>::print::DisplayBacktrace as core[df12db4294e9bfd3]::fmt::Display>::fmt
[INFO] [stdout]    1:     0x5f25e460dc7a - core[df12db4294e9bfd3]::fmt::write
[INFO] [stdout]    2:     0x5f25e45fbf5c - <alloc[2182bb758b4b3781]::vec::Vec<u8> as core[df12db4294e9bfd3]::io::write::Write>::write_fmt
[INFO] [stdout]    3:     0x5f25e45d3bb6 - std[70759c8f55707aa4]::panicking::default_hook::{closure#0}
[INFO] [stdout]    4:     0x5f25e45efeb9 - std[70759c8f55707aa4]::panicking::default_hook
[INFO] [stdout]    5:     0x5f25e4580460 - test[9d35eded1c95d3be]::test_main_inner::<test[9d35eded1c95d3be]::test_main_static::{closure#0}>::{closure#0}
[INFO] [stdout]    6:     0x5f25e45f0072 - std[70759c8f55707aa4]::panicking::panic_with_hook
[INFO] [stdout]    7:     0x5f25e45d3c62 - std[70759c8f55707aa4]::panicking::panic_handler::{closure#0}
[INFO] [stdout]    8:     0x5f25e45cc859 - std[70759c8f55707aa4]::sys::backtrace::__rust_end_short_backtrace::<std[70759c8f55707aa4]::panicking::panic_handler::{closure#0}, !>
[INFO] [stdout]    9:     0x5f25e45d485d - __rustc[8fa7c3cbc660c2b3]::rust_begin_unwind
[INFO] [stdout]   10:     0x5f25e460e3ac - core[df12db4294e9bfd3]::panicking::panic_fmt
[INFO] [stdout]   11:     0x5f25e460e182 - core[df12db4294e9bfd3]::result::unwrap_failed
[INFO] [stdout]   12:     0x5f25e44a59cc - openworldformat[a4b910ce7cd16b45]::cinematography::tests::cinema_world
[INFO] [stdout]   13:     0x5f25e44a781e - openworldformat[a4b910ce7cd16b45]::cinematography::tests::frame_of_is_the_normative_crop_math_cropping_trims_never_widens
[INFO] [stdout]   14:     0x5f25e45134b9 - <openworldformat[a4b910ce7cd16b45]::cinematography::tests::frame_of_is_the_normative_crop_math_cropping_trims_never_widens::{closure#0} as core[df12db4294e9bfd3]::ops::function::FnOnce<()>>::call_once
[INFO] [stdout]   15:     0x5f25e457374b - test[9d35eded1c95d3be]::__rust_begin_short_backtrace::<core[df12db4294e9bfd3]::result::Result<(), alloc[2182bb758b4b3781]::string::String>, fn() -> core[df12db4294e9bfd3]::result::Result<(), alloc[2182bb758b4b3781]::string::String>>
[INFO] [stdout]   16:     0x5f25e4580db5 - test[9d35eded1c95d3be]::run_test::{closure#0}
[INFO] [stdout]   17:     0x5f25e457a674 - std[70759c8f55707aa4]::sys::backtrace::__rust_begin_short_backtrace::<test[9d35eded1c95d3be]::run_test::{closure#1}, ()>
[INFO] [stdout]   18:     0x5f25e4583f12 - <std[70759c8f55707aa4]::thread::lifecycle::spawn_unchecked<test[9d35eded1c95d3be]::run_test::{closure#1}, ()>::{closure#1} as core[df12db4294e9bfd3]::ops::function::FnOnce<()>>::call_once::{shim:vtable#0}
[INFO] [stdout]   19:     0x5f25e45f7029 - <std[70759c8f55707aa4]::sys::thread::unix::Thread>::new::thread_start
[INFO] [stdout]   20:     0x77ec1ac50dfa - <unknown>
[INFO] [stdout]   21:     0x77ec1ace43d4 - clone
[INFO] [stdout]   22:                0x0 - <unknown>
[INFO] [stdout] 
[INFO] [stdout] 
[INFO] [stdout] failures:
[INFO] [stdout]     cinematography::tests::a_gone_target_leaves_aim_then_the_rotation_and_focus_distance_m
[INFO] [stdout]     cinematography::tests::aim_entity_centres_the_target_and_focus_entity_measures_to_it
[INFO] [stdout]     cinematography::tests::camera_of_applies_the_defaults_per_absent_field_and_none_for_non_cameras
[INFO] [stdout]     cinematography::tests::frame_of_is_the_normative_crop_math_cropping_trims_never_widens
[INFO] [stdout]     cinematography::tests::project_puts_the_aim_point_at_the_frames_center
[INFO] [stdout]     cinematography::tests::shot_list_orders_by_shot_order_ties_by_entity_id_and_skips_shot_less_cameras
[INFO] [stdout]     cinematography::tests::view_of_looks_at_the_aim_with_plus_y_up_else_down_the_local_minus_z
[INFO] [stdout]     cinematography::tests::world_origin_composes_the_position_through_the_parents
[INFO] [stdout] 
[INFO] [stdout] test result: FAILED. 140 passed; 8 failed; 0 ignored; 0 measured; 0 filtered out; finished in 0.03s
[INFO] [stdout] 
[INFO] running `Command { std: "docker" "inspect" "27da7e0dcd108b6b1f546d6e51fc19720c2d58d711f1f3f113789f6b53667895", kill_on_drop: false }`
[INFO] running `Command { std: "docker" "rm" "-f" "27da7e0dcd108b6b1f546d6e51fc19720c2d58d711f1f3f113789f6b53667895", kill_on_drop: false }`
[INFO] [stdout] 27da7e0dcd108b6b1f546d6e51fc19720c2d58d711f1f3f113789f6b53667895
