[INFO] fetching crate opentunnel 0.5.1...
[INFO] testing opentunnel-0.5.1 against 1.99.0-beta.8+cargoflags=--release for beta-release-1.100-2
[INFO] extracting crate opentunnel 0.5.1 into /workspace/builds/worker-0-tc1/source
[INFO] started tweaking crates.io crate opentunnel 0.5.1
[INFO] removed 0 missing tests
[INFO] finished tweaking crates.io crate opentunnel 0.5.1
[INFO] tweaked toml for crates.io crate opentunnel 0.5.1 written to /workspace/builds/worker-0-tc1/source/Cargo.toml
[INFO] validating manifest of crates.io crate opentunnel 0.5.1 on toolchain 1.99.0-beta.8
[INFO] running `Command { std: CARGO_HOME="/workspace/cargo-home" RUSTUP_HOME="/workspace/rustup-home" "/workspace/cargo-home/bin/cargo" "+1.99.0-beta.8" "metadata" "--manifest-path" "Cargo.toml" "--no-deps", kill_on_drop: false }`
[INFO] crate crates.io crate opentunnel 0.5.1 already has a lockfile, it will not be regenerated
[INFO] running `Command { std: CARGO_HOME="/workspace/cargo-home" RUSTUP_HOME="/workspace/rustup-home" "/workspace/cargo-home/bin/cargo" "+1.99.0-beta.8" "fetch" "--manifest-path" "Cargo.toml", kill_on_drop: false }`
[INFO] [stderr]     Updating crates.io index
[INFO] [stderr]  Downloading crates ...
[INFO] [stderr]   Downloaded toml v1.1.6+spec-1.1.0
[INFO] [stderr]   Downloaded tokio-tungstenite v0.30.0
[INFO] [stderr]   Downloaded tungstenite v0.30.0
[INFO] [stderr]   Downloaded rcgen v0.14.10
[INFO] [stderr]   Downloaded yasna v0.6.0
[INFO] [stderr]   Downloaded bit-vec v0.9.1
[INFO] [stderr]   Downloaded pem v4.0.0
[INFO] [stderr]   Downloaded x509-parser v0.18.1
[INFO] running `Command { std: "docker" "create" "-v" "/var/lib/crater-agent-workspace/builds/worker-0-tc1/source:/opt/rustwide/workdir:ro,Z" "-v" "/var/lib/crater-agent-workspace/builds/worker-0-tc1/target:/opt/rustwide/target:rw,Z" "-v" "/var/lib/crater-agent-workspace/cargo-home:/opt/rustwide/cargo-home:ro,Z" "-v" "/var/lib/crater-agent-workspace/rustup-home:/opt/rustwide/rustup-home:ro,Z" "-m" "1610612736" "--network" "none" "ghcr.io/rust-lang/crates-build-env/linux@sha256:77db811e55d90add9212f6832c23229e3de5f1c1f9905e8cb07319ea15df73ac" "sleep" "infinity", kill_on_drop: false }`
[INFO] [stdout] 676de13b3531e6465b6e03d1adeae811a9b31641ee55bd9c98810b3fabd7fed2
[INFO] running `Command { std: "docker" "start" "676de13b3531e6465b6e03d1adeae811a9b31641ee55bd9c98810b3fabd7fed2", kill_on_drop: false }`
[INFO] running `Command { std: "docker" "inspect" "676de13b3531e6465b6e03d1adeae811a9b31641ee55bd9c98810b3fabd7fed2", kill_on_drop: false }`
[INFO] running `Command { std: "docker" "exec" "-e" "SOURCE_DIR=/opt/rustwide/workdir" "-e" "CARGO_HOME=/opt/rustwide/cargo-home" "-e" "RUSTUP_HOME=/opt/rustwide/rustup-home" "-e" "CARGO_TARGET_DIR=/opt/rustwide/target" "-w" "/opt/rustwide/workdir" "--user" "0:0" "676de13b3531e6465b6e03d1adeae811a9b31641ee55bd9c98810b3fabd7fed2" "/opt/rustwide/cargo-home/bin/cargo" "+1.99.0-beta.8" "metadata" "--no-deps" "--format-version=1", kill_on_drop: false }`
[INFO] running `Command { std: "docker" "inspect" "676de13b3531e6465b6e03d1adeae811a9b31641ee55bd9c98810b3fabd7fed2", kill_on_drop: false }`
[INFO] running `Command { std: "docker" "exec" "-e" "SOURCE_DIR=/opt/rustwide/workdir" "-e" "CARGO_HOME=/opt/rustwide/cargo-home" "-e" "RUSTUP_HOME=/opt/rustwide/rustup-home" "-e" "CARGO_TARGET_DIR=/opt/rustwide/target" "-e" "CARGO_INCREMENTAL=0" "-e" "RUST_BACKTRACE=full" "-e" "RUSTFLAGS=--cap-lints=warn" "-e" "RUSTDOCFLAGS=--cap-lints=warn" "-w" "/opt/rustwide/workdir" "--user" "0:0" "676de13b3531e6465b6e03d1adeae811a9b31641ee55bd9c98810b3fabd7fed2" "/opt/rustwide/cargo-home/bin/cargo" "+1.99.0-beta.8" "build" "--frozen" "--message-format=json" "--release", kill_on_drop: false }`
[INFO] [stderr]    Compiling unicode-ident v1.0.26
[INFO] [stderr]    Compiling libc v0.2.190
[INFO] [stderr]    Compiling zeroize v1.9.1
[INFO] [stderr]    Compiling futures-core v0.3.34
[INFO] [stderr]    Compiling futures-sink v0.3.34
[INFO] [stderr]    Compiling cc v1.6.0
[INFO] [stderr]    Compiling http v1.5.0
[INFO] [stderr]    Compiling smallvec v1.16.2
[INFO] [stderr]    Compiling rustls v0.23.45
[INFO] [stderr]    Compiling typenum v1.20.1
[INFO] [stderr]    Compiling tracing-core v0.1.36
[INFO] [stderr]    Compiling getrandom v0.4.3
[INFO] [stderr]    Compiling indexmap v2.14.2
[INFO] [stderr]    Compiling rand_core v0.10.1
[INFO] [stderr]    Compiling cpufeatures v0.3.1
[INFO] [stderr]    Compiling base64 v0.23.1
[INFO] [stderr]    Compiling futures-channel v0.3.34
[INFO] [stderr]    Compiling want v0.3.2
[INFO] [stderr]    Compiling thiserror v2.0.21
[INFO] [stderr]    Compiling sync_wrapper v1.0.2
[INFO] [stderr]    Compiling deranged v0.5.8
[INFO] [stderr]    Compiling chacha20 v0.10.2
[INFO] [stderr]    Compiling proc-macro2 v1.0.107
[INFO] [stderr]    Compiling rustls-pki-types v1.15.1
[INFO] [stderr]    Compiling time-core v0.1.9
[INFO] [stderr]    Compiling powerfmt v0.2.1
[INFO] [stderr]    Compiling num-conv v0.2.2
[INFO] [stderr]    Compiling ipnet v2.12.2
[INFO] [stderr]    Compiling bitflags v2.13.2
[INFO] [stderr]    Compiling webpki-roots v1.0.9
[INFO] [stderr]    Compiling rustls-native-certs v0.8.3
[INFO] [stderr]    Compiling winnow v1.0.4
[INFO] [stderr]    Compiling quote v1.0.47
[INFO] [stderr]    Compiling data-encoding v2.11.1
[INFO] [stderr]    Compiling webpki-roots v0.26.11
[INFO] [stderr]    Compiling pem v4.0.0
[INFO] [stderr]    Compiling toml_parser v1.1.3+spec-1.1.0
[INFO] [stderr]    Compiling serde_json v1.0.151
[INFO] [stderr]    Compiling serde_spanned v1.1.1
[INFO] [stderr]    Compiling toml_datetime v1.1.1+spec-1.1.0
[INFO] [stderr]    Compiling syn v3.0.6
[INFO] [stderr]    Compiling syn v2.0.119
[INFO] [stderr]    Compiling hybrid-array v0.4.15
[INFO] [stderr]    Compiling toml_writer v1.1.2+spec-1.1.0
[INFO] [stderr]    Compiling webpki-root-certs v1.0.9
[INFO] [stderr]    Compiling humantime v2.4.0
[INFO] [stderr]    Compiling toml v1.1.6+spec-1.1.0
[INFO] [stderr]    Compiling http-body v1.1.0
[INFO] [stderr]    Compiling http-body-util v0.1.5
[INFO] [stderr]    Compiling ring v0.17.14
[INFO] [stderr]    Compiling time v0.3.55
[INFO] [stderr]    Compiling crypto-common v0.2.2
[INFO] [stderr]    Compiling block-buffer v0.12.1
[INFO] [stderr]    Compiling socket2 v0.6.5
[INFO] [stderr]    Compiling mio v1.2.4
[INFO] [stderr]    Compiling getrandom v0.2.17
[INFO] [stderr]    Compiling rand v0.10.3
[INFO] [stderr]    Compiling digest v0.11.3
[INFO] [stderr]    Compiling yasna v0.6.0
[INFO] [stderr]    Compiling sha1 v0.11.0
[INFO] [stderr]    Compiling synstructure v0.14.0
[INFO] [stderr]    Compiling zerovec-derive v0.11.6
[INFO] [stderr]    Compiling displaydoc v0.2.7
[INFO] [stderr]    Compiling tokio-macros v2.7.2
[INFO] [stderr]    Compiling futures-macro v0.3.34
[INFO] [stderr]    Compiling thiserror-impl v2.0.21
[INFO] [stderr]    Compiling serde_derive v1.0.229
[INFO] [stderr]    Compiling zerofrom-derive v0.1.8
[INFO] [stderr]    Compiling yoke-derive v0.8.4
[INFO] [stderr]    Compiling tracing-attributes v0.1.31
[INFO] [stderr]    Compiling tokio v1.53.2
[INFO] [stderr]    Compiling futures-util v0.3.34
[INFO] [stderr]    Compiling tracing v0.1.44
[INFO] [stderr]    Compiling zerofrom v0.1.8
[INFO] [stderr]    Compiling yoke v0.8.3
[INFO] [stderr]    Compiling zerovec v0.11.8
[INFO] [stderr]    Compiling zerotrie v0.2.5
[INFO] [stderr]    Compiling tinystr v0.8.4
[INFO] [stderr]    Compiling potential_utf v0.1.6
[INFO] [stderr]    Compiling icu_collections v2.3.0
[INFO] [stderr]    Compiling icu_locale_core v2.3.0
[INFO] [stderr]    Compiling serde v1.0.229
[INFO] [stderr]    Compiling icu_provider v2.3.1
[INFO] [stderr]    Compiling icu_normalizer v2.3.0
[INFO] [stderr]    Compiling icu_properties v2.3.0
[INFO] [stderr]    Compiling idna_adapter v1.2.2
[INFO] [stderr]    Compiling idna v1.1.0
[INFO] [stderr]    Compiling url v2.5.8
[INFO] [stderr]    Compiling tokio-util v0.7.19
[INFO] [stderr]    Compiling tower v0.5.3
[INFO] [stderr]    Compiling h2 v0.4.20
[INFO] [stderr]    Compiling tower-http v0.6.11
[INFO] [stderr]    Compiling rustls-webpki v0.103.15
[INFO] [stderr]    Compiling rcgen v0.14.10
[INFO] [stderr]    Compiling hyper v1.12.0
[INFO] [stderr]    Compiling hyper-util v0.1.21
[INFO] [stderr]    Compiling tokio-rustls v0.26.6
[INFO] [stderr]    Compiling rustls-platform-verifier v0.7.0
[INFO] [stderr]    Compiling tungstenite v0.30.0
[INFO] [stderr]    Compiling hyper-rustls v0.27.9
[INFO] [stderr]    Compiling reqwest v0.13.5
[INFO] [stderr]    Compiling tokio-tungstenite v0.30.0
[INFO] [stderr]    Compiling opentunnel v0.5.1 (/opt/rustwide/workdir)
[INFO] [stderr]     Finished `release` profile [optimized] target(s) in 1m 12s
[INFO] running `Command { std: "docker" "inspect" "676de13b3531e6465b6e03d1adeae811a9b31641ee55bd9c98810b3fabd7fed2", kill_on_drop: false }`
[INFO] running `Command { std: "docker" "exec" "-e" "SOURCE_DIR=/opt/rustwide/workdir" "-e" "CARGO_HOME=/opt/rustwide/cargo-home" "-e" "RUSTUP_HOME=/opt/rustwide/rustup-home" "-e" "CARGO_TARGET_DIR=/opt/rustwide/target" "-e" "CARGO_INCREMENTAL=0" "-e" "RUST_BACKTRACE=full" "-e" "RUSTFLAGS=--cap-lints=warn" "-e" "RUSTDOCFLAGS=--cap-lints=warn" "-w" "/opt/rustwide/workdir" "--user" "0:0" "676de13b3531e6465b6e03d1adeae811a9b31641ee55bd9c98810b3fabd7fed2" "/opt/rustwide/cargo-home/bin/cargo" "+1.99.0-beta.8" "test" "--frozen" "--no-run" "--message-format=json" "--release", kill_on_drop: false }`
[INFO] [stderr]    Compiling hex v0.4.3
[INFO] [stderr]    Compiling opentunnel v0.5.1 (/opt/rustwide/workdir)
[INFO] [stderr]     Finished `release` profile [optimized] target(s) in 5.79s
[INFO] running `Command { std: "docker" "inspect" "676de13b3531e6465b6e03d1adeae811a9b31641ee55bd9c98810b3fabd7fed2", kill_on_drop: false }`
[INFO] running `Command { std: "docker" "exec" "-e" "SOURCE_DIR=/opt/rustwide/workdir" "-e" "CARGO_HOME=/opt/rustwide/cargo-home" "-e" "RUSTUP_HOME=/opt/rustwide/rustup-home" "-e" "CARGO_TARGET_DIR=/opt/rustwide/target" "-e" "CARGO_INCREMENTAL=0" "-e" "RUST_BACKTRACE=full" "-e" "RUSTFLAGS=--cap-lints=warn" "-e" "RUSTDOCFLAGS=--cap-lints=warn" "-w" "/opt/rustwide/workdir" "--user" "0:0" "676de13b3531e6465b6e03d1adeae811a9b31641ee55bd9c98810b3fabd7fed2" "/opt/rustwide/cargo-home/bin/cargo" "+1.99.0-beta.8" "test" "--frozen" "--release", kill_on_drop: false }`
[INFO] [stderr]     Finished `release` profile [optimized] target(s) in 0.16s
[INFO] [stderr]      Running unittests src/lib.rs (/opt/rustwide/target/release/deps/opentunnel-4b70b5513075e879)
[INFO] [stdout] 
[INFO] [stdout] running 12 tests
[INFO] [stdout] test tunnel::tests::renewal_due ... ok
[INFO] [stdout] test storage::tests::rejects_invalid_profiles ... ok
[INFO] [stdout] test storage::tests::generates_valid_csr ... ok
[INFO] [stdout] test api::tests::retries_creation_only_when_it_cannot_have_arrived ... ok
[INFO] [stdout] test api::tests::does_not_retry_client_errors ... ok
[INFO] [stdout] test protocol::proxy::tests::parses_peers ... ok
[INFO] [stdout] test tunnel::tests::connect_errors_name_the_status ... ok
[INFO] [stdout] test api::tests::retries_transient_failures ... ok
[INFO] [stdout] test api::tests::retries_connection_failures ... ok
[INFO] [stdout] test api::tests::gives_up_with_the_status ... ok
[INFO] [stdout] test storage::tests::pending_then_identity_round_trip ... ok
[INFO] [stdout] test client::tests::ensure_keeps_a_valid_certificate_while_the_api_is_unreachable ... ok
[INFO] [stdout] 
[INFO] [stdout] test result: ok. 12 passed; 0 failed; 0 ignored; 0 measured; 0 filtered out; finished in 0.09s
[INFO] [stdout] 
[INFO] [stderr]      Running tests/tunnel.rs (/opt/rustwide/target/release/deps/tunnel-8aedb67dd8a4a904)
[INFO] [stdout] 
[INFO] [stdout] running 10 tests
[INFO] [stdout] test stops_on_fatal_attach_error ... ok
[INFO] [stdout] test resets_unknown_routes ... ok
[INFO] [stdout] test default_routes_forward_bytes_unchanged ... ok
[INFO] [stdout] test writes_a_proxy_v1_header_before_the_payload ... ok
[INFO] [stdout] test writes_a_proxy_v2_header_before_the_payload ... ok
[INFO] [stdout] test resets_connections_beyond_max_conns ... ok
[INFO] [stdout] test picks_up_renewed_certificates ... ok
[INFO] [stdout] test forwards_tls_to_route_target ... ok
[INFO] [stdout] test reconnects_after_bridge_closes ... ok
[INFO] [stdout] test reattaches_when_route_names_change ... ok
[INFO] [stdout] 
[INFO] [stdout] test result: ok. 10 passed; 0 failed; 0 ignored; 0 measured; 0 filtered out; finished in 0.36s
[INFO] [stdout] 
[INFO] [stderr]      Running tests/vectors.rs (/opt/rustwide/target/release/deps/vectors-21f506a30b2deb0d)
[INFO] [stdout] 
[INFO] [stdout] running 8 tests
[INFO] [stdout] test names ... FAILED
[INFO] [stdout] test proxy_protocol_headers ... FAILED
[INFO] [stdout] test route_options ... FAILED
[INFO] [stdout] test control_messages ... FAILED
[INFO] [stdout] test proxy_protocol_peers ... FAILED
[INFO] [stdout] test api_retry ... FAILED
[INFO] [stdout] test routes ... FAILED
[INFO] [stdout] test data_frames ... FAILED
[INFO] [stdout] 
[INFO] [stdout] failures:
[INFO] [stdout] 
[INFO] [stdout] ---- names stdout ----
[INFO] [stdout] 
[INFO] [stdout] thread 'names' (2145) panicked at tests/vectors.rs:10:57:
[INFO] [stdout] called `Result::unwrap()` on an `Err` value: Os { code: 2, kind: NotFound, message: "No such file or directory" }
[INFO] [stdout] stack backtrace:
[INFO] [stdout]    0:     0x63f7624d6a81 - <<std[70759c8f55707aa4]::sys::backtrace::BacktraceLock>::print::DisplayBacktrace as core[df12db4294e9bfd3]::fmt::Display>::fmt
[INFO] [stdout]    1:     0x63f7624ebe8a - core[df12db4294e9bfd3]::fmt::write
[INFO] [stdout]    2:     0x63f7624daf1c - <alloc[2182bb758b4b3781]::vec::Vec<u8> as core[df12db4294e9bfd3]::io::write::Write>::write_fmt
[INFO] [stdout]    3:     0x63f7624b2d06 - std[70759c8f55707aa4]::panicking::default_hook::{closure#0}
[INFO] [stdout]    4:     0x63f7624cee79 - std[70759c8f55707aa4]::panicking::default_hook
[INFO] [stdout]    5:     0x63f762452630 - test[9d35eded1c95d3be]::test_main_inner::<test[9d35eded1c95d3be]::test_main_static::{closure#0}>::{closure#0}
[INFO] [stdout]    6:     0x63f7624cf032 - std[70759c8f55707aa4]::panicking::panic_with_hook
[INFO] [stdout]    7:     0x63f7624b2db2 - std[70759c8f55707aa4]::panicking::panic_handler::{closure#0}
[INFO] [stdout]    8:     0x63f7624ab9a9 - std[70759c8f55707aa4]::sys::backtrace::__rust_end_short_backtrace::<std[70759c8f55707aa4]::panicking::panic_handler::{closure#0}, !>
[INFO] [stderr] error: test failed, to rerun pass `--test vectors`
[INFO] [stdout]    9:     0x63f7624b39ad - __rustc[8fa7c3cbc660c2b3]::rust_begin_unwind
[INFO] [stdout]   10:     0x63f7624ec5bc - core[df12db4294e9bfd3]::panicking::panic_fmt
[INFO] [stdout]   11:     0x63f7624ec392 - core[df12db4294e9bfd3]::result::unwrap_failed
[INFO] [stdout]   12:     0x63f76243b5dd - vectors[eb7acc36d318c1e6]::vector
[INFO] [stdout]   13:     0x63f76243df3c - <vectors[eb7acc36d318c1e6]::names::{closure#0} as core[df12db4294e9bfd3]::ops::function::FnOnce<()>>::call_once
[INFO] [stdout]   14:     0x63f76244591b - test[9d35eded1c95d3be]::__rust_begin_short_backtrace::<core[df12db4294e9bfd3]::result::Result<(), alloc[2182bb758b4b3781]::string::String>, fn() -> core[df12db4294e9bfd3]::result::Result<(), alloc[2182bb758b4b3781]::string::String>>
[INFO] [stdout]   15:     0x63f762452f85 - test[9d35eded1c95d3be]::run_test::{closure#0}
[INFO] [stdout]   16:     0x63f76244c844 - std[70759c8f55707aa4]::sys::backtrace::__rust_begin_short_backtrace::<test[9d35eded1c95d3be]::run_test::{closure#1}, ()>
[INFO] [stdout]   17:     0x63f7624560e2 - <std[70759c8f55707aa4]::thread::lifecycle::spawn_unchecked<test[9d35eded1c95d3be]::run_test::{closure#1}, ()>::{closure#1} as core[df12db4294e9bfd3]::ops::function::FnOnce<()>>::call_once::{shim:vtable#0}
[INFO] [stdout]   18:     0x63f7624d5fe9 - <std[70759c8f55707aa4]::sys::thread::unix::Thread>::new::thread_start
[INFO] [stdout]   19:     0x714b94272dfa - <unknown>
[INFO] [stdout]   20:     0x714b943063d4 - clone
[INFO] [stdout]   21:                0x0 - <unknown>
[INFO] [stdout] 
[INFO] [stdout] ---- proxy_protocol_headers stdout ----
[INFO] [stdout] 
[INFO] [stdout] thread 'proxy_protocol_headers' (2146) panicked at tests/vectors.rs:10:57:
[INFO] [stdout] called `Result::unwrap()` on an `Err` value: Os { code: 2, kind: NotFound, message: "No such file or directory" }
[INFO] [stdout] stack backtrace:
[INFO] [stdout]    0:     0x63f7624d6a81 - <<std[70759c8f55707aa4]::sys::backtrace::BacktraceLock>::print::DisplayBacktrace as core[df12db4294e9bfd3]::fmt::Display>::fmt
[INFO] [stdout]    1:     0x63f7624ebe8a - core[df12db4294e9bfd3]::fmt::write
[INFO] [stdout]    2:     0x63f7624daf1c - <alloc[2182bb758b4b3781]::vec::Vec<u8> as core[df12db4294e9bfd3]::io::write::Write>::write_fmt
[INFO] [stdout]    3:     0x63f7624b2d06 - std[70759c8f55707aa4]::panicking::default_hook::{closure#0}
[INFO] [stdout]    4:     0x63f7624cee79 - std[70759c8f55707aa4]::panicking::default_hook
[INFO] [stdout]    5:     0x63f762452630 - test[9d35eded1c95d3be]::test_main_inner::<test[9d35eded1c95d3be]::test_main_static::{closure#0}>::{closure#0}
[INFO] [stdout]    6:     0x63f7624cf032 - std[70759c8f55707aa4]::panicking::panic_with_hook
[INFO] [stdout]    7:     0x63f7624b2db2 - std[70759c8f55707aa4]::panicking::panic_handler::{closure#0}
[INFO] [stdout]    8:     0x63f7624ab9a9 - std[70759c8f55707aa4]::sys::backtrace::__rust_end_short_backtrace::<std[70759c8f55707aa4]::panicking::panic_handler::{closure#0}, !>
[INFO] [stdout]    9:     0x63f7624b39ad - __rustc[8fa7c3cbc660c2b3]::rust_begin_unwind
[INFO] [stdout]   10:     0x63f7624ec5bc - core[df12db4294e9bfd3]::panicking::panic_fmt
[INFO] [stdout]   11:     0x63f7624ec392 - core[df12db4294e9bfd3]::result::unwrap_failed
[INFO] [stdout]   12:     0x63f76243b5dd - vectors[eb7acc36d318c1e6]::vector
[INFO] [stdout]   13:     0x63f76243da90 - <vectors[eb7acc36d318c1e6]::proxy_protocol_headers::{closure#0} as core[df12db4294e9bfd3]::ops::function::FnOnce<()>>::call_once
[INFO] [stdout]   14:     0x63f76244591b - test[9d35eded1c95d3be]::__rust_begin_short_backtrace::<core[df12db4294e9bfd3]::result::Result<(), alloc[2182bb758b4b3781]::string::String>, fn() -> core[df12db4294e9bfd3]::result::Result<(), alloc[2182bb758b4b3781]::string::String>>
[INFO] [stdout]   15:     0x63f762452f85 - test[9d35eded1c95d3be]::run_test::{closure#0}
[INFO] [stdout]   16:     0x63f76244c844 - std[70759c8f55707aa4]::sys::backtrace::__rust_begin_short_backtrace::<test[9d35eded1c95d3be]::run_test::{closure#1}, ()>
[INFO] [stdout]   17:     0x63f7624560e2 - <std[70759c8f55707aa4]::thread::lifecycle::spawn_unchecked<test[9d35eded1c95d3be]::run_test::{closure#1}, ()>::{closure#1} as core[df12db4294e9bfd3]::ops::function::FnOnce<()>>::call_once::{shim:vtable#0}
[INFO] [stdout]   18:     0x63f7624d5fe9 - <std[70759c8f55707aa4]::sys::thread::unix::Thread>::new::thread_start
[INFO] [stdout]   19:     0x714b94272dfa - <unknown>
[INFO] [stdout]   20:     0x714b943063d4 - clone
[INFO] [stdout]   21:                0x0 - <unknown>
[INFO] [stdout] 
[INFO] [stdout] ---- route_options stdout ----
[INFO] [stdout] 
[INFO] [stdout] thread 'route_options' (2148) panicked at tests/vectors.rs:10:57:
[INFO] [stdout] called `Result::unwrap()` on an `Err` value: Os { code: 2, kind: NotFound, message: "No such file or directory" }
[INFO] [stdout] stack backtrace:
[INFO] [stdout]    0:     0x63f7624d6a81 - <<std[70759c8f55707aa4]::sys::backtrace::BacktraceLock>::print::DisplayBacktrace as core[df12db4294e9bfd3]::fmt::Display>::fmt
[INFO] [stdout]    1:     0x63f7624ebe8a - core[df12db4294e9bfd3]::fmt::write
[INFO] [stdout]    2:     0x63f7624daf1c - <alloc[2182bb758b4b3781]::vec::Vec<u8> as core[df12db4294e9bfd3]::io::write::Write>::write_fmt
[INFO] [stdout]    3:     0x63f7624b2d06 - std[70759c8f55707aa4]::panicking::default_hook::{closure#0}
[INFO] [stdout]    4:     0x63f7624cee79 - std[70759c8f55707aa4]::panicking::default_hook
[INFO] [stdout]    5:     0x63f762452630 - test[9d35eded1c95d3be]::test_main_inner::<test[9d35eded1c95d3be]::test_main_static::{closure#0}>::{closure#0}
[INFO] [stdout]    6:     0x63f7624cf032 - std[70759c8f55707aa4]::panicking::panic_with_hook
[INFO] [stdout]    7:     0x63f7624b2db2 - std[70759c8f55707aa4]::panicking::panic_handler::{closure#0}
[INFO] [stdout]    8:     0x63f7624ab9a9 - std[70759c8f55707aa4]::sys::backtrace::__rust_end_short_backtrace::<std[70759c8f55707aa4]::panicking::panic_handler::{closure#0}, !>
[INFO] [stdout]    9:     0x63f7624b39ad - __rustc[8fa7c3cbc660c2b3]::rust_begin_unwind
[INFO] [stdout]   10:     0x63f7624ec5bc - core[df12db4294e9bfd3]::panicking::panic_fmt
[INFO] [stdout]   11:     0x63f7624ec392 - core[df12db4294e9bfd3]::result::unwrap_failed
[INFO] [stdout]   12:     0x63f76243b5dd - vectors[eb7acc36d318c1e6]::vector
[INFO] [stdout]   13:     0x63f76243c090 - <vectors[eb7acc36d318c1e6]::route_options::{closure#0} as core[df12db4294e9bfd3]::ops::function::FnOnce<()>>::call_once
[INFO] [stdout]   14:     0x63f76244591b - test[9d35eded1c95d3be]::__rust_begin_short_backtrace::<core[df12db4294e9bfd3]::result::Result<(), alloc[2182bb758b4b3781]::string::String>, fn() -> core[df12db4294e9bfd3]::result::Result<(), alloc[2182bb758b4b3781]::string::String>>
[INFO] [stdout]   15:     0x63f762452f85 - test[9d35eded1c95d3be]::run_test::{closure#0}
[INFO] [stdout]   16:     0x63f76244c844 - std[70759c8f55707aa4]::sys::backtrace::__rust_begin_short_backtrace::<test[9d35eded1c95d3be]::run_test::{closure#1}, ()>
[INFO] [stdout]   17:     0x63f7624560e2 - <std[70759c8f55707aa4]::thread::lifecycle::spawn_unchecked<test[9d35eded1c95d3be]::run_test::{closure#1}, ()>::{closure#1} as core[df12db4294e9bfd3]::ops::function::FnOnce<()>>::call_once::{shim:vtable#0}
[INFO] [stdout]   18:     0x63f7624d5fe9 - <std[70759c8f55707aa4]::sys::thread::unix::Thread>::new::thread_start
[INFO] [stdout]   19:     0x714b94272dfa - <unknown>
[INFO] [stdout]   20:     0x714b943063d4 - clone
[INFO] [stdout]   21:                0x0 - <unknown>
[INFO] [stdout] 
[INFO] [stdout] ---- control_messages stdout ----
[INFO] [stdout] 
[INFO] [stdout] thread 'control_messages' (2143) panicked at tests/vectors.rs:10:57:
[INFO] [stdout] called `Result::unwrap()` on an `Err` value: Os { code: 2, kind: NotFound, message: "No such file or directory" }
[INFO] [stdout] stack backtrace:
[INFO] [stdout]    0:     0x63f7624d6a81 - <<std[70759c8f55707aa4]::sys::backtrace::BacktraceLock>::print::DisplayBacktrace as core[df12db4294e9bfd3]::fmt::Display>::fmt
[INFO] [stdout]    1:     0x63f7624ebe8a - core[df12db4294e9bfd3]::fmt::write
[INFO] [stdout]    2:     0x63f7624daf1c - <alloc[2182bb758b4b3781]::vec::Vec<u8> as core[df12db4294e9bfd3]::io::write::Write>::write_fmt
[INFO] [stdout]    3:     0x63f7624b2d06 - std[70759c8f55707aa4]::panicking::default_hook::{closure#0}
[INFO] [stdout]    4:     0x63f7624cee79 - std[70759c8f55707aa4]::panicking::default_hook
[INFO] [stdout]    5:     0x63f762452630 - test[9d35eded1c95d3be]::test_main_inner::<test[9d35eded1c95d3be]::test_main_static::{closure#0}>::{closure#0}
[INFO] [stdout]    6:     0x63f7624cf032 - std[70759c8f55707aa4]::panicking::panic_with_hook
[INFO] [stdout]    7:     0x63f7624b2db2 - std[70759c8f55707aa4]::panicking::panic_handler::{closure#0}
[INFO] [stdout]    8:     0x63f7624ab9a9 - std[70759c8f55707aa4]::sys::backtrace::__rust_end_short_backtrace::<std[70759c8f55707aa4]::panicking::panic_handler::{closure#0}, !>
[INFO] [stdout]    9:     0x63f7624b39ad - __rustc[8fa7c3cbc660c2b3]::rust_begin_unwind
[INFO] [stdout]   10:     0x63f7624ec5bc - core[df12db4294e9bfd3]::panicking::panic_fmt
[INFO] [stdout]   11:     0x63f7624ec392 - core[df12db4294e9bfd3]::result::unwrap_failed
[INFO] [stdout]   12:     0x63f76243b5dd - vectors[eb7acc36d318c1e6]::vector
[INFO] [stdout]   13:     0x63f76243c9f5 - <vectors[eb7acc36d318c1e6]::control_messages::{closure#0} as core[df12db4294e9bfd3]::ops::function::FnOnce<()>>::call_once
[INFO] [stdout]   14:     0x63f76244591b - test[9d35eded1c95d3be]::__rust_begin_short_backtrace::<core[df12db4294e9bfd3]::result::Result<(), alloc[2182bb758b4b3781]::string::String>, fn() -> core[df12db4294e9bfd3]::result::Result<(), alloc[2182bb758b4b3781]::string::String>>
[INFO] [stdout]   15:     0x63f762452f85 - test[9d35eded1c95d3be]::run_test::{closure#0}
[INFO] [stdout]   16:     0x63f76244c844 - std[70759c8f55707aa4]::sys::backtrace::__rust_begin_short_backtrace::<test[9d35eded1c95d3be]::run_test::{closure#1}, ()>
[INFO] [stdout]   17:     0x63f7624560e2 - <std[70759c8f55707aa4]::thread::lifecycle::spawn_unchecked<test[9d35eded1c95d3be]::run_test::{closure#1}, ()>::{closure#1} as core[df12db4294e9bfd3]::ops::function::FnOnce<()>>::call_once::{shim:vtable#0}
[INFO] [stdout]   18:     0x63f7624d5fe9 - <std[70759c8f55707aa4]::sys::thread::unix::Thread>::new::thread_start
[INFO] [stdout]   19:     0x714b94272dfa - <unknown>
[INFO] [stdout]   20:     0x714b943063d4 - clone
[INFO] [stdout]   21:                0x0 - <unknown>
[INFO] [stdout] 
[INFO] [stdout] ---- proxy_protocol_peers stdout ----
[INFO] [stdout] 
[INFO] [stdout] thread 'proxy_protocol_peers' (2147) panicked at tests/vectors.rs:10:57:
[INFO] [stdout] called `Result::unwrap()` on an `Err` value: Os { code: 2, kind: NotFound, message: "No such file or directory" }
[INFO] [stdout] stack backtrace:
[INFO] [stdout]    0:     0x63f7624d6a81 - <<std[70759c8f55707aa4]::sys::backtrace::BacktraceLock>::print::DisplayBacktrace as core[df12db4294e9bfd3]::fmt::Display>::fmt
[INFO] [stdout]    1:     0x63f7624ebe8a - core[df12db4294e9bfd3]::fmt::write
[INFO] [stdout]    2:     0x63f7624daf1c - <alloc[2182bb758b4b3781]::vec::Vec<u8> as core[df12db4294e9bfd3]::io::write::Write>::write_fmt
[INFO] [stdout]    3:     0x63f7624b2d06 - std[70759c8f55707aa4]::panicking::default_hook::{closure#0}
[INFO] [stdout]    4:     0x63f7624cee79 - std[70759c8f55707aa4]::panicking::default_hook
[INFO] [stdout]    5:     0x63f762452630 - test[9d35eded1c95d3be]::test_main_inner::<test[9d35eded1c95d3be]::test_main_static::{closure#0}>::{closure#0}
[INFO] [stdout]    6:     0x63f7624cf032 - std[70759c8f55707aa4]::panicking::panic_with_hook
[INFO] [stdout]    7:     0x63f7624b2db2 - std[70759c8f55707aa4]::panicking::panic_handler::{closure#0}
[INFO] [stdout]    8:     0x63f7624ab9a9 - std[70759c8f55707aa4]::sys::backtrace::__rust_end_short_backtrace::<std[70759c8f55707aa4]::panicking::panic_handler::{closure#0}, !>
[INFO] [stdout]    9:     0x63f7624b39ad - __rustc[8fa7c3cbc660c2b3]::rust_begin_unwind
[INFO] [stdout]   10:     0x63f7624ec5bc - core[df12db4294e9bfd3]::panicking::panic_fmt
[INFO] [stdout]   11:     0x63f7624ec392 - core[df12db4294e9bfd3]::result::unwrap_failed
[INFO] [stdout]   12:     0x63f76243b5dd - vectors[eb7acc36d318c1e6]::vector
[INFO] [stdout]   13:     0x63f76243d4b0 - <vectors[eb7acc36d318c1e6]::proxy_protocol_peers::{closure#0} as core[df12db4294e9bfd3]::ops::function::FnOnce<()>>::call_once
[INFO] [stdout]   14:     0x63f76244591b - test[9d35eded1c95d3be]::__rust_begin_short_backtrace::<core[df12db4294e9bfd3]::result::Result<(), alloc[2182bb758b4b3781]::string::String>, fn() -> core[df12db4294e9bfd3]::result::Result<(), alloc[2182bb758b4b3781]::string::String>>
[INFO] [stdout]   15:     0x63f762452f85 - test[9d35eded1c95d3be]::run_test::{closure#0}
[INFO] [stdout]   16:     0x63f76244c844 - std[70759c8f55707aa4]::sys::backtrace::__rust_begin_short_backtrace::<test[9d35eded1c95d3be]::run_test::{closure#1}, ()>
[INFO] [stdout]   17:     0x63f7624560e2 - <std[70759c8f55707aa4]::thread::lifecycle::spawn_unchecked<test[9d35eded1c95d3be]::run_test::{closure#1}, ()>::{closure#1} as core[df12db4294e9bfd3]::ops::function::FnOnce<()>>::call_once::{shim:vtable#0}
[INFO] [stdout]   18:     0x63f7624d5fe9 - <std[70759c8f55707aa4]::sys::thread::unix::Thread>::new::thread_start
[INFO] [stdout]   19:     0x714b94272dfa - <unknown>
[INFO] [stdout]   20:     0x714b943063d4 - clone
[INFO] [stdout]   21:                0x0 - <unknown>
[INFO] [stdout] 
[INFO] [stdout] ---- api_retry stdout ----
[INFO] [stdout] 
[INFO] [stdout] thread 'api_retry' (2142) panicked at tests/vectors.rs:10:57:
[INFO] [stdout] called `Result::unwrap()` on an `Err` value: Os { code: 2, kind: NotFound, message: "No such file or directory" }
[INFO] [stdout] stack backtrace:
[INFO] [stdout]    0:     0x63f7624d6a81 - <<std[70759c8f55707aa4]::sys::backtrace::BacktraceLock>::print::DisplayBacktrace as core[df12db4294e9bfd3]::fmt::Display>::fmt
[INFO] [stdout]    1:     0x63f7624ebe8a - core[df12db4294e9bfd3]::fmt::write
[INFO] [stdout]    2:     0x63f7624daf1c - <alloc[2182bb758b4b3781]::vec::Vec<u8> as core[df12db4294e9bfd3]::io::write::Write>::write_fmt
[INFO] [stdout]    3:     0x63f7624b2d06 - std[70759c8f55707aa4]::panicking::default_hook::{closure#0}
[INFO] [stdout]    4:     0x63f7624cee79 - std[70759c8f55707aa4]::panicking::default_hook
[INFO] [stdout]    5:     0x63f762452630 - test[9d35eded1c95d3be]::test_main_inner::<test[9d35eded1c95d3be]::test_main_static::{closure#0}>::{closure#0}
[INFO] [stdout]    6:     0x63f7624cf032 - std[70759c8f55707aa4]::panicking::panic_with_hook
[INFO] [stdout]    7:     0x63f7624b2db2 - std[70759c8f55707aa4]::panicking::panic_handler::{closure#0}
[INFO] [stdout]    8:     0x63f7624ab9a9 - std[70759c8f55707aa4]::sys::backtrace::__rust_end_short_backtrace::<std[70759c8f55707aa4]::panicking::panic_handler::{closure#0}, !>
[INFO] [stdout]    9:     0x63f7624b39ad - __rustc[8fa7c3cbc660c2b3]::rust_begin_unwind
[INFO] [stdout]   10:     0x63f7624ec5bc - core[df12db4294e9bfd3]::panicking::panic_fmt
[INFO] [stdout]   11:     0x63f7624ec392 - core[df12db4294e9bfd3]::result::unwrap_failed
[INFO] [stdout]   12:     0x63f76243b5dd - vectors[eb7acc36d318c1e6]::vector
[INFO] [stdout]   13:     0x63f76243e57c - <vectors[eb7acc36d318c1e6]::api_retry::{closure#0} as core[df12db4294e9bfd3]::ops::function::FnOnce<()>>::call_once
[INFO] [stdout]   14:     0x63f76244591b - test[9d35eded1c95d3be]::__rust_begin_short_backtrace::<core[df12db4294e9bfd3]::result::Result<(), alloc[2182bb758b4b3781]::string::String>, fn() -> core[df12db4294e9bfd3]::result::Result<(), alloc[2182bb758b4b3781]::string::String>>
[INFO] [stdout]   15:     0x63f762452f85 - test[9d35eded1c95d3be]::run_test::{closure#0}
[INFO] [stdout]   16:     0x63f76244c844 - std[70759c8f55707aa4]::sys::backtrace::__rust_begin_short_backtrace::<test[9d35eded1c95d3be]::run_test::{closure#1}, ()>
[INFO] [stdout]   17:     0x63f7624560e2 - <std[70759c8f55707aa4]::thread::lifecycle::spawn_unchecked<test[9d35eded1c95d3be]::run_test::{closure#1}, ()>::{closure#1} as core[df12db4294e9bfd3]::ops::function::FnOnce<()>>::call_once::{shim:vtable#0}
[INFO] [stdout]   18:     0x63f7624d5fe9 - <std[70759c8f55707aa4]::sys::thread::unix::Thread>::new::thread_start
[INFO] [stdout]   19:     0x714b94272dfa - <unknown>
[INFO] [stdout]   20:     0x714b943063d4 - clone
[INFO] [stdout]   21:                0x0 - <unknown>
[INFO] [stdout] 
[INFO] [stdout] ---- routes stdout ----
[INFO] [stdout] 
[INFO] [stdout] thread 'routes' (2149) panicked at tests/vectors.rs:10:57:
[INFO] [stdout] called `Result::unwrap()` on an `Err` value: Os { code: 2, kind: NotFound, message: "No such file or directory" }
[INFO] [stdout] stack backtrace:
[INFO] [stdout]    0:     0x63f7624d6a81 - <<std[70759c8f55707aa4]::sys::backtrace::BacktraceLock>::print::DisplayBacktrace as core[df12db4294e9bfd3]::fmt::Display>::fmt
[INFO] [stdout]    1:     0x63f7624ebe8a - core[df12db4294e9bfd3]::fmt::write
[INFO] [stdout]    2:     0x63f7624daf1c - <alloc[2182bb758b4b3781]::vec::Vec<u8> as core[df12db4294e9bfd3]::io::write::Write>::write_fmt
[INFO] [stdout]    3:     0x63f7624b2d06 - std[70759c8f55707aa4]::panicking::default_hook::{closure#0}
[INFO] [stdout]    4:     0x63f7624cee79 - std[70759c8f55707aa4]::panicking::default_hook
[INFO] [stdout]    5:     0x63f762452630 - test[9d35eded1c95d3be]::test_main_inner::<test[9d35eded1c95d3be]::test_main_static::{closure#0}>::{closure#0}
[INFO] [stdout]    6:     0x63f7624cf032 - std[70759c8f55707aa4]::panicking::panic_with_hook
[INFO] [stdout]    7:     0x63f7624b2db2 - std[70759c8f55707aa4]::panicking::panic_handler::{closure#0}
[INFO] [stdout]    8:     0x63f7624ab9a9 - std[70759c8f55707aa4]::sys::backtrace::__rust_end_short_backtrace::<std[70759c8f55707aa4]::panicking::panic_handler::{closure#0}, !>
[INFO] [stdout]    9:     0x63f7624b39ad - __rustc[8fa7c3cbc660c2b3]::rust_begin_unwind
[INFO] [stdout]   10:     0x63f7624ec5bc - core[df12db4294e9bfd3]::panicking::panic_fmt
[INFO] [stdout]   11:     0x63f7624ec392 - core[df12db4294e9bfd3]::result::unwrap_failed
[INFO] [stdout]   12:     0x63f76243b5dd - vectors[eb7acc36d318c1e6]::vector
[INFO] [stdout]   13:     0x63f76243e317 - <vectors[eb7acc36d318c1e6]::routes::{closure#0} as core[df12db4294e9bfd3]::ops::function::FnOnce<()>>::call_once
[INFO] [stdout]   14:     0x63f76244591b - test[9d35eded1c95d3be]::__rust_begin_short_backtrace::<core[df12db4294e9bfd3]::result::Result<(), alloc[2182bb758b4b3781]::string::String>, fn() -> core[df12db4294e9bfd3]::result::Result<(), alloc[2182bb758b4b3781]::string::String>>
[INFO] [stdout]   15:     0x63f762452f85 - test[9d35eded1c95d3be]::run_test::{closure#0}
[INFO] [stdout]   16:     0x63f76244c844 - std[70759c8f55707aa4]::sys::backtrace::__rust_begin_short_backtrace::<test[9d35eded1c95d3be]::run_test::{closure#1}, ()>
[INFO] [stdout]   17:     0x63f7624560e2 - <std[70759c8f55707aa4]::thread::lifecycle::spawn_unchecked<test[9d35eded1c95d3be]::run_test::{closure#1}, ()>::{closure#1} as core[df12db4294e9bfd3]::ops::function::FnOnce<()>>::call_once::{shim:vtable#0}
[INFO] [stdout]   18:     0x63f7624d5fe9 - <std[70759c8f55707aa4]::sys::thread::unix::Thread>::new::thread_start
[INFO] [stdout]   19:     0x714b94272dfa - <unknown>
[INFO] [stdout]   20:     0x714b943063d4 - clone
[INFO] [stdout]   21:                0x0 - <unknown>
[INFO] [stdout] 
[INFO] [stdout] ---- data_frames stdout ----
[INFO] [stdout] 
[INFO] [stdout] thread 'data_frames' (2144) panicked at tests/vectors.rs:10:57:
[INFO] [stdout] called `Result::unwrap()` on an `Err` value: Os { code: 2, kind: NotFound, message: "No such file or directory" }
[INFO] [stdout] stack backtrace:
[INFO] [stdout]    0:     0x63f7624d6a81 - <<std[70759c8f55707aa4]::sys::backtrace::BacktraceLock>::print::DisplayBacktrace as core[df12db4294e9bfd3]::fmt::Display>::fmt
[INFO] [stdout]    1:     0x63f7624ebe8a - core[df12db4294e9bfd3]::fmt::write
[INFO] [stdout]    2:     0x63f7624daf1c - <alloc[2182bb758b4b3781]::vec::Vec<u8> as core[df12db4294e9bfd3]::io::write::Write>::write_fmt
[INFO] [stdout]    3:     0x63f7624b2d06 - std[70759c8f55707aa4]::panicking::default_hook::{closure#0}
[INFO] [stdout]    4:     0x63f7624cee79 - std[70759c8f55707aa4]::panicking::default_hook
[INFO] [stdout]    5:     0x63f762452630 - test[9d35eded1c95d3be]::test_main_inner::<test[9d35eded1c95d3be]::test_main_static::{closure#0}>::{closure#0}
[INFO] [stdout]    6:     0x63f7624cf032 - std[70759c8f55707aa4]::panicking::panic_with_hook
[INFO] [stdout]    7:     0x63f7624b2db2 - std[70759c8f55707aa4]::panicking::panic_handler::{closure#0}
[INFO] [stdout]    8:     0x63f7624ab9a9 - std[70759c8f55707aa4]::sys::backtrace::__rust_end_short_backtrace::<std[70759c8f55707aa4]::panicking::panic_handler::{closure#0}, !>
[INFO] [stdout]    9:     0x63f7624b39ad - __rustc[8fa7c3cbc660c2b3]::rust_begin_unwind
[INFO] [stdout]   10:     0x63f7624ec5bc - core[df12db4294e9bfd3]::panicking::panic_fmt
[INFO] [stdout]   11:     0x63f7624ec392 - core[df12db4294e9bfd3]::result::unwrap_failed
[INFO] [stdout]   12:     0x63f76243b5dd - vectors[eb7acc36d318c1e6]::vector
[INFO] [stdout]   13:     0x63f76243bab2 - <vectors[eb7acc36d318c1e6]::data_frames::{closure#0} as core[df12db4294e9bfd3]::ops::function::FnOnce<()>>::call_once
[INFO] [stdout]   14:     0x63f76244591b - test[9d35eded1c95d3be]::__rust_begin_short_backtrace::<core[df12db4294e9bfd3]::result::Result<(), alloc[2182bb758b4b3781]::string::String>, fn() -> core[df12db4294e9bfd3]::result::Result<(), alloc[2182bb758b4b3781]::string::String>>
[INFO] [stdout]   15:     0x63f762452f85 - test[9d35eded1c95d3be]::run_test::{closure#0}
[INFO] [stdout]   16:     0x63f76244c844 - std[70759c8f55707aa4]::sys::backtrace::__rust_begin_short_backtrace::<test[9d35eded1c95d3be]::run_test::{closure#1}, ()>
[INFO] [stdout]   17:     0x63f7624560e2 - <std[70759c8f55707aa4]::thread::lifecycle::spawn_unchecked<test[9d35eded1c95d3be]::run_test::{closure#1}, ()>::{closure#1} as core[df12db4294e9bfd3]::ops::function::FnOnce<()>>::call_once::{shim:vtable#0}
[INFO] [stdout]   18:     0x63f7624d5fe9 - <std[70759c8f55707aa4]::sys::thread::unix::Thread>::new::thread_start
[INFO] [stdout]   19:     0x714b94272dfa - <unknown>
[INFO] [stdout]   20:     0x714b943063d4 - clone
[INFO] [stdout]   21:                0x0 - <unknown>
[INFO] [stdout] 
[INFO] [stdout] 
[INFO] [stdout] failures:
[INFO] [stdout]     api_retry
[INFO] [stdout]     control_messages
[INFO] [stdout]     data_frames
[INFO] [stdout]     names
[INFO] [stdout]     proxy_protocol_headers
[INFO] [stdout]     proxy_protocol_peers
[INFO] [stdout]     route_options
[INFO] [stdout]     routes
[INFO] [stdout] 
[INFO] [stdout] test result: FAILED. 0 passed; 8 failed; 0 ignored; 0 measured; 0 filtered out; finished in 0.00s
[INFO] [stdout] 
[INFO] running `Command { std: "docker" "inspect" "676de13b3531e6465b6e03d1adeae811a9b31641ee55bd9c98810b3fabd7fed2", kill_on_drop: false }`
[INFO] running `Command { std: "docker" "rm" "-f" "676de13b3531e6465b6e03d1adeae811a9b31641ee55bd9c98810b3fabd7fed2", kill_on_drop: false }`
[INFO] [stdout] 676de13b3531e6465b6e03d1adeae811a9b31641ee55bd9c98810b3fabd7fed2
