[INFO] fetching crate opentls 0.2.1...
[INFO] testing opentls-0.2.1 against 1.99.0-beta.8+cargoflags=--release for beta-release-1.100-2
[INFO] extracting crate opentls 0.2.1 into /workspace/builds/worker-4-tc1/source
[INFO] started tweaking crates.io crate opentls 0.2.1
[INFO] removed 0 missing tests
[INFO] finished tweaking crates.io crate opentls 0.2.1
[INFO] tweaked toml for crates.io crate opentls 0.2.1 written to /workspace/builds/worker-4-tc1/source/Cargo.toml
[INFO] validating manifest of crates.io crate opentls 0.2.1 on toolchain 1.99.0-beta.8
[INFO] running `Command { std: CARGO_HOME="/workspace/cargo-home" RUSTUP_HOME="/workspace/rustup-home" "/workspace/cargo-home/bin/cargo" "+1.99.0-beta.8" "metadata" "--manifest-path" "Cargo.toml" "--no-deps", kill_on_drop: false }`
[INFO] running `Command { std: CARGO_HOME="/workspace/cargo-home" RUSTUP_HOME="/workspace/rustup-home" "/workspace/cargo-home/bin/cargo" "+1.99.0-beta.8" "generate-lockfile" "--manifest-path" "Cargo.toml", kill_on_drop: false }`
[INFO] [stderr]     Updating crates.io index
[INFO] [stderr]      Locking 134 packages to highest compatible versions
[INFO] [stderr]       Adding cfg-if v0.1.10 (available: v1.0.5)
[INFO] [stderr]       Adding env_logger v0.7.1 (available: v0.11.11)
[INFO] [stderr]       Adding openssl-probe v0.1.6 (available: v0.2.1)
[INFO] running `Command { std: CARGO_HOME="/workspace/cargo-home" RUSTUP_HOME="/workspace/rustup-home" "/workspace/cargo-home/bin/cargo" "+1.99.0-beta.8" "fetch" "--manifest-path" "Cargo.toml", kill_on_drop: false }`
[INFO] running `Command { std: "docker" "create" "-v" "/var/lib/crater-agent-workspace/builds/worker-4-tc1/source:/opt/rustwide/workdir:ro,Z" "-v" "/var/lib/crater-agent-workspace/builds/worker-4-tc1/target:/opt/rustwide/target:rw,Z" "-v" "/var/lib/crater-agent-workspace/cargo-home:/opt/rustwide/cargo-home:ro,Z" "-v" "/var/lib/crater-agent-workspace/rustup-home:/opt/rustwide/rustup-home:ro,Z" "-m" "1610612736" "--network" "none" "ghcr.io/rust-lang/crates-build-env/linux@sha256:77db811e55d90add9212f6832c23229e3de5f1c1f9905e8cb07319ea15df73ac" "sleep" "infinity", kill_on_drop: false }`
[INFO] [stdout] d36753b2bd1366db5cecb36c43ff3108ab6102db3877e32eeddbeed761256345
[INFO] running `Command { std: "docker" "start" "d36753b2bd1366db5cecb36c43ff3108ab6102db3877e32eeddbeed761256345", kill_on_drop: false }`
[INFO] running `Command { std: "docker" "inspect" "d36753b2bd1366db5cecb36c43ff3108ab6102db3877e32eeddbeed761256345", kill_on_drop: false }`
[INFO] running `Command { std: "docker" "exec" "-e" "SOURCE_DIR=/opt/rustwide/workdir" "-e" "CARGO_HOME=/opt/rustwide/cargo-home" "-e" "RUSTUP_HOME=/opt/rustwide/rustup-home" "-e" "CARGO_TARGET_DIR=/opt/rustwide/target" "-w" "/opt/rustwide/workdir" "--user" "0:0" "d36753b2bd1366db5cecb36c43ff3108ab6102db3877e32eeddbeed761256345" "/opt/rustwide/cargo-home/bin/cargo" "+1.99.0-beta.8" "metadata" "--no-deps" "--format-version=1", kill_on_drop: false }`
[INFO] running `Command { std: "docker" "inspect" "d36753b2bd1366db5cecb36c43ff3108ab6102db3877e32eeddbeed761256345", kill_on_drop: false }`
[INFO] running `Command { std: "docker" "exec" "-e" "SOURCE_DIR=/opt/rustwide/workdir" "-e" "CARGO_HOME=/opt/rustwide/cargo-home" "-e" "RUSTUP_HOME=/opt/rustwide/rustup-home" "-e" "CARGO_TARGET_DIR=/opt/rustwide/target" "-e" "CARGO_INCREMENTAL=0" "-e" "RUST_BACKTRACE=full" "-e" "RUSTFLAGS=--cap-lints=warn" "-e" "RUSTDOCFLAGS=--cap-lints=warn" "-w" "/opt/rustwide/workdir" "--user" "0:0" "d36753b2bd1366db5cecb36c43ff3108ab6102db3877e32eeddbeed761256345" "/opt/rustwide/cargo-home/bin/cargo" "+1.99.0-beta.8" "build" "--frozen" "--message-format=json" "--release", kill_on_drop: false }`
[INFO] [stderr]    Compiling value-bag v1.14.1
[INFO] [stderr]    Compiling log v0.4.34
[INFO] [stderr]    Compiling opentls v0.2.1 (/opt/rustwide/workdir)
[INFO] [stdout] warning: unexpected `cfg` condition name: `have_min_max_version`
[INFO] [stdout]   --> src/lib.rs:69:7
[INFO] [stdout]    |
[INFO] [stdout] 69 | #[cfg(have_min_max_version)]
[INFO] [stdout]    |       ^^^^^^^^^^^^^^^^^^^^
[INFO] [stdout]    |
[INFO] [stdout]    = help: expected names are: `docsrs`, `feature`, and `test` and 34 more
[INFO] [stdout]    = help: consider using a Cargo feature instead
[INFO] [stdout]    = help: or consider adding in `Cargo.toml` the `check-cfg` lint config for the lint:
[INFO] [stdout]             [lints.rust]
[INFO] [stdout]             unexpected_cfgs = { level = "warn", check-cfg = ['cfg(have_min_max_version)'] }
[INFO] [stdout]    = help: or consider adding `println!("cargo::rustc-check-cfg=cfg(have_min_max_version)");` to the top of the `build.rs`
[INFO] [stdout]    = note: see <https://doc.rust-lang.org/nightly/rustc/check-cfg/cargo-specifics.html> for more information about checking conditional configuration
[INFO] [stdout]    = note: `#[warn(unexpected_cfgs)]` on by default
[INFO] [stdout] 
[INFO] [stdout] 
[INFO] [stdout] warning: unexpected `cfg` condition name: `have_min_max_version`
[INFO] [stdout]   --> src/lib.rs:92:11
[INFO] [stdout]    |
[INFO] [stdout] 92 | #[cfg(not(have_min_max_version))]
[INFO] [stdout]    |           ^^^^^^^^^^^^^^^^^^^^
[INFO] [stdout]    |
[INFO] [stdout]    = help: consider using a Cargo feature instead
[INFO] [stdout]    = help: or consider adding in `Cargo.toml` the `check-cfg` lint config for the lint:
[INFO] [stdout]             [lints.rust]
[INFO] [stdout]             unexpected_cfgs = { level = "warn", check-cfg = ['cfg(have_min_max_version)'] }
[INFO] [stdout]    = help: or consider adding `println!("cargo::rustc-check-cfg=cfg(have_min_max_version)");` to the top of the `build.rs`
[INFO] [stdout]    = note: see <https://doc.rust-lang.org/nightly/rustc/check-cfg/cargo-specifics.html> for more information about checking conditional configuration
[INFO] [stdout] 
[INFO] [stdout] 
[INFO] [stdout] warning: use of deprecated function `openssl_probe::init_ssl_cert_env_vars`: this function is not safe, use `init_openssl_env_vars` instead
[INFO] [stdout]    --> src/sync_io/connector/builder.rs:108:39
[INFO] [stdout]     |
[INFO] [stdout] 108 |         ONCE.call_once(openssl_probe::init_ssl_cert_env_vars);
[INFO] [stdout]     |                                       ^^^^^^^^^^^^^^^^^^^^^^
[INFO] [stdout]     |
[INFO] [stdout]     = note: `#[warn(deprecated)]` on by default
[INFO] [stdout] 
[INFO] [stdout] 
[INFO] [stdout] warning: use of deprecated method `openssl::pkcs12::Pkcs12Ref::parse`: Use parse2 instead
[INFO] [stdout]   --> src/identity.rs:41:29
[INFO] [stdout]    |
[INFO] [stdout] 41 |         let parsed = pkcs12.parse(pass)?;
[INFO] [stdout]    |                             ^^^^^
[INFO] [stdout] 
[INFO] [stdout] 
[INFO] [stdout] warning: use of deprecated field `openssl::pkcs12::ParsedPkcs12::pkey`: Use ParsedPkcs12_2 instead
[INFO] [stdout]   --> src/identity.rs:44:19
[INFO] [stdout]    |
[INFO] [stdout] 44 |             pkey: parsed.pkey,
[INFO] [stdout]    |                   ^^^^^^^^^^^
[INFO] [stdout] 
[INFO] [stdout] 
[INFO] [stdout] warning: use of deprecated field `openssl::pkcs12::ParsedPkcs12::cert`: Use ParsedPkcs12_2 instead
[INFO] [stdout]   --> src/identity.rs:45:19
[INFO] [stdout]    |
[INFO] [stdout] 45 |             cert: parsed.cert,
[INFO] [stdout]    |                   ^^^^^^^^^^^
[INFO] [stdout] 
[INFO] [stdout] 
[INFO] [stdout] warning: use of deprecated field `openssl::pkcs12::ParsedPkcs12::chain`: Use ParsedPkcs12_2 instead
[INFO] [stdout]   --> src/identity.rs:46:20
[INFO] [stdout]    |
[INFO] [stdout] 46 |             chain: parsed.chain.into_iter().flatten().collect(),
[INFO] [stdout]    |                    ^^^^^^^^^^^^
[INFO] [stdout] 
[INFO] [stdout] 
[INFO] [stderr]     Finished `release` profile [optimized] target(s) in 1.16s
[INFO] running `Command { std: "docker" "inspect" "d36753b2bd1366db5cecb36c43ff3108ab6102db3877e32eeddbeed761256345", kill_on_drop: false }`
[INFO] running `Command { std: "docker" "exec" "-e" "SOURCE_DIR=/opt/rustwide/workdir" "-e" "CARGO_HOME=/opt/rustwide/cargo-home" "-e" "RUSTUP_HOME=/opt/rustwide/rustup-home" "-e" "CARGO_TARGET_DIR=/opt/rustwide/target" "-e" "CARGO_INCREMENTAL=0" "-e" "RUST_BACKTRACE=full" "-e" "RUSTFLAGS=--cap-lints=warn" "-e" "RUSTDOCFLAGS=--cap-lints=warn" "-w" "/opt/rustwide/workdir" "--user" "0:0" "d36753b2bd1366db5cecb36c43ff3108ab6102db3877e32eeddbeed761256345" "/opt/rustwide/cargo-home/bin/cargo" "+1.99.0-beta.8" "test" "--frozen" "--no-run" "--message-format=json" "--release", kill_on_drop: false }`
[INFO] [stderr]    Compiling event-listener v5.4.2
[INFO] [stderr]    Compiling concurrent-queue v2.5.0
[INFO] [stderr]    Compiling syn v3.0.9
[INFO] [stderr]    Compiling rustix v1.1.5
[INFO] [stderr]    Compiling futures-lite v2.6.1
[INFO] [stderr]    Compiling async-io v2.6.0
[INFO] [stderr]    Compiling piper v0.2.5
[INFO] [stderr]    Compiling syn v1.0.109
[INFO] [stderr]    Compiling humantime v1.3.0
[INFO] [stderr]    Compiling async-channel v1.9.0
[INFO] [stderr]    Compiling kv-log-macro v1.0.7
[INFO] [stderr]    Compiling event-listener-strategy v0.5.4
[INFO] [stderr]    Compiling atty v0.2.14
[INFO] [stderr]    Compiling pin-utils v0.1.1
[INFO] [stderr]    Compiling async-channel v2.5.0
[INFO] [stderr]    Compiling async-lock v3.4.2
[INFO] [stderr]    Compiling env_logger v0.7.1
[INFO] [stdout] warning: unexpected `cfg` condition name: `have_min_max_version`
[INFO] [stdout]   --> src/lib.rs:69:7
[INFO] [stdout]    |
[INFO] [stdout] 69 | #[cfg(have_min_max_version)]
[INFO] [stdout]    |       ^^^^^^^^^^^^^^^^^^^^
[INFO] [stdout]    |
[INFO] [stdout]    = help: expected names are: `docsrs`, `feature`, and `test` and 34 more
[INFO] [stdout]    = help: consider using a Cargo feature instead
[INFO] [stdout]    = help: or consider adding in `Cargo.toml` the `check-cfg` lint config for the lint:
[INFO] [stdout]             [lints.rust]
[INFO] [stdout]             unexpected_cfgs = { level = "warn", check-cfg = ['cfg(have_min_max_version)'] }
[INFO] [stdout]    = help: or consider adding `println!("cargo::rustc-check-cfg=cfg(have_min_max_version)");` to the top of the `build.rs`
[INFO] [stdout]    = note: see <https://doc.rust-lang.org/nightly/rustc/check-cfg/cargo-specifics.html> for more information about checking conditional configuration
[INFO] [stdout]    = note: `#[warn(unexpected_cfgs)]` on by default
[INFO] [stdout] 
[INFO] [stdout] 
[INFO] [stdout] warning: unexpected `cfg` condition name: `have_min_max_version`
[INFO] [stdout]   --> src/lib.rs:92:11
[INFO] [stdout]    |
[INFO] [stdout] 92 | #[cfg(not(have_min_max_version))]
[INFO] [stdout]    |           ^^^^^^^^^^^^^^^^^^^^
[INFO] [stdout]    |
[INFO] [stdout]    = help: consider using a Cargo feature instead
[INFO] [stdout]    = help: or consider adding in `Cargo.toml` the `check-cfg` lint config for the lint:
[INFO] [stdout]             [lints.rust]
[INFO] [stdout]             unexpected_cfgs = { level = "warn", check-cfg = ['cfg(have_min_max_version)'] }
[INFO] [stdout]    = help: or consider adding `println!("cargo::rustc-check-cfg=cfg(have_min_max_version)");` to the top of the `build.rs`
[INFO] [stdout]    = note: see <https://doc.rust-lang.org/nightly/rustc/check-cfg/cargo-specifics.html> for more information about checking conditional configuration
[INFO] [stdout] 
[INFO] [stdout] 
[INFO] [stdout] warning: use of deprecated function `openssl_probe::init_ssl_cert_env_vars`: this function is not safe, use `init_openssl_env_vars` instead
[INFO] [stdout]    --> src/sync_io/connector/builder.rs:108:39
[INFO] [stdout]     |
[INFO] [stdout] 108 |         ONCE.call_once(openssl_probe::init_ssl_cert_env_vars);
[INFO] [stdout]     |                                       ^^^^^^^^^^^^^^^^^^^^^^
[INFO] [stdout]     |
[INFO] [stdout]     = note: `#[warn(deprecated)]` on by default
[INFO] [stdout] 
[INFO] [stdout] 
[INFO] [stdout] warning: use of deprecated method `openssl::pkcs12::Pkcs12Ref::parse`: Use parse2 instead
[INFO] [stdout]   --> src/identity.rs:41:29
[INFO] [stdout]    |
[INFO] [stdout] 41 |         let parsed = pkcs12.parse(pass)?;
[INFO] [stdout]    |                             ^^^^^
[INFO] [stdout] 
[INFO] [stdout] 
[INFO] [stdout] warning: use of deprecated field `openssl::pkcs12::ParsedPkcs12::pkey`: Use ParsedPkcs12_2 instead
[INFO] [stdout]   --> src/identity.rs:44:19
[INFO] [stdout]    |
[INFO] [stdout] 44 |             pkey: parsed.pkey,
[INFO] [stdout]    |                   ^^^^^^^^^^^
[INFO] [stdout] 
[INFO] [stdout] 
[INFO] [stdout] warning: use of deprecated field `openssl::pkcs12::ParsedPkcs12::cert`: Use ParsedPkcs12_2 instead
[INFO] [stdout]   --> src/identity.rs:45:19
[INFO] [stdout]    |
[INFO] [stdout] 45 |             cert: parsed.cert,
[INFO] [stdout]    |                   ^^^^^^^^^^^
[INFO] [stdout] 
[INFO] [stdout] 
[INFO] [stdout] warning: use of deprecated field `openssl::pkcs12::ParsedPkcs12::chain`: Use ParsedPkcs12_2 instead
[INFO] [stdout]   --> src/identity.rs:46:20
[INFO] [stdout]    |
[INFO] [stdout] 46 |             chain: parsed.chain.into_iter().flatten().collect(),
[INFO] [stdout]    |                    ^^^^^^^^^^^^
[INFO] [stdout] 
[INFO] [stdout] 
[INFO] [stderr]    Compiling blocking v1.7.0
[INFO] [stderr]    Compiling async-executor v1.14.0
[INFO] [stderr]    Compiling async-attributes v1.1.2
[INFO] [stderr]    Compiling polling v3.11.0
[INFO] [stderr]    Compiling async-global-executor v2.4.1
[INFO] [stderr]    Compiling async-std v1.13.2
[INFO] [stderr]    Compiling futures-macro v0.3.34
[INFO] [stderr]    Compiling tokio-macros v2.7.2
[INFO] [stderr]    Compiling tokio v1.53.3
[INFO] [stderr]    Compiling futures-util v0.3.34
[INFO] [stderr]    Compiling futures-executor v0.3.34
[INFO] [stderr]    Compiling futures v0.3.34
[INFO] [stderr]    Compiling opentls v0.2.1 (/opt/rustwide/workdir)
[INFO] [stdout] warning: unexpected `cfg` condition name: `have_min_max_version`
[INFO] [stdout]   --> src/lib.rs:69:7
[INFO] [stdout]    |
[INFO] [stdout] 69 | #[cfg(have_min_max_version)]
[INFO] [stdout]    |       ^^^^^^^^^^^^^^^^^^^^
[INFO] [stdout]    |
[INFO] [stdout]    = help: expected names are: `docsrs`, `feature`, and `test` and 34 more
[INFO] [stdout]    = help: consider using a Cargo feature instead
[INFO] [stdout]    = help: or consider adding in `Cargo.toml` the `check-cfg` lint config for the lint:
[INFO] [stdout]             [lints.rust]
[INFO] [stdout]             unexpected_cfgs = { level = "warn", check-cfg = ['cfg(have_min_max_version)'] }
[INFO] [stdout]    = help: or consider adding `println!("cargo::rustc-check-cfg=cfg(have_min_max_version)");` to the top of the `build.rs`
[INFO] [stdout]    = note: see <https://doc.rust-lang.org/nightly/rustc/check-cfg/cargo-specifics.html> for more information about checking conditional configuration
[INFO] [stdout]    = note: `#[warn(unexpected_cfgs)]` on by default
[INFO] [stdout] 
[INFO] [stdout] 
[INFO] [stdout] warning: unexpected `cfg` condition name: `have_min_max_version`
[INFO] [stdout]   --> src/lib.rs:92:11
[INFO] [stdout]    |
[INFO] [stdout] 92 | #[cfg(not(have_min_max_version))]
[INFO] [stdout]    |           ^^^^^^^^^^^^^^^^^^^^
[INFO] [stdout]    |
[INFO] [stdout]    = help: consider using a Cargo feature instead
[INFO] [stdout]    = help: or consider adding in `Cargo.toml` the `check-cfg` lint config for the lint:
[INFO] [stdout]             [lints.rust]
[INFO] [stdout]             unexpected_cfgs = { level = "warn", check-cfg = ['cfg(have_min_max_version)'] }
[INFO] [stdout]    = help: or consider adding `println!("cargo::rustc-check-cfg=cfg(have_min_max_version)");` to the top of the `build.rs`
[INFO] [stdout]    = note: see <https://doc.rust-lang.org/nightly/rustc/check-cfg/cargo-specifics.html> for more information about checking conditional configuration
[INFO] [stdout] 
[INFO] [stdout] 
[INFO] [stdout] warning: use of deprecated function `openssl_probe::init_ssl_cert_env_vars`: this function is not safe, use `init_openssl_env_vars` instead
[INFO] [stdout]    --> src/sync_io/connector/builder.rs:108:39
[INFO] [stdout]     |
[INFO] [stdout] 108 |         ONCE.call_once(openssl_probe::init_ssl_cert_env_vars);
[INFO] [stdout]     |                                       ^^^^^^^^^^^^^^^^^^^^^^
[INFO] [stdout]     |
[INFO] [stdout]     = note: `#[warn(deprecated)]` on by default
[INFO] [stdout] 
[INFO] [stdout] 
[INFO] [stdout] warning: use of deprecated method `openssl::pkcs12::Pkcs12Ref::parse`: Use parse2 instead
[INFO] [stdout]   --> src/identity.rs:41:29
[INFO] [stdout]    |
[INFO] [stdout] 41 |         let parsed = pkcs12.parse(pass)?;
[INFO] [stdout]    |                             ^^^^^
[INFO] [stdout] 
[INFO] [stdout] 
[INFO] [stdout] warning: use of deprecated field `openssl::pkcs12::ParsedPkcs12::pkey`: Use ParsedPkcs12_2 instead
[INFO] [stdout]   --> src/identity.rs:44:19
[INFO] [stdout]    |
[INFO] [stdout] 44 |             pkey: parsed.pkey,
[INFO] [stdout]    |                   ^^^^^^^^^^^
[INFO] [stdout] 
[INFO] [stdout] 
[INFO] [stdout] warning: use of deprecated field `openssl::pkcs12::ParsedPkcs12::cert`: Use ParsedPkcs12_2 instead
[INFO] [stdout]   --> src/identity.rs:45:19
[INFO] [stdout]    |
[INFO] [stdout] 45 |             cert: parsed.cert,
[INFO] [stdout]    |                   ^^^^^^^^^^^
[INFO] [stdout] 
[INFO] [stdout] 
[INFO] [stdout] warning: use of deprecated field `openssl::pkcs12::ParsedPkcs12::chain`: Use ParsedPkcs12_2 instead
[INFO] [stdout]   --> src/identity.rs:46:20
[INFO] [stdout]    |
[INFO] [stdout] 46 |             chain: parsed.chain.into_iter().flatten().collect(),
[INFO] [stdout]    |                    ^^^^^^^^^^^^
[INFO] [stdout] 
[INFO] [stdout] 
[INFO] [stderr]     Finished `release` profile [optimized] target(s) in 42.58s
[INFO] running `Command { std: "docker" "inspect" "d36753b2bd1366db5cecb36c43ff3108ab6102db3877e32eeddbeed761256345", kill_on_drop: false }`
[INFO] running `Command { std: "docker" "exec" "-e" "SOURCE_DIR=/opt/rustwide/workdir" "-e" "CARGO_HOME=/opt/rustwide/cargo-home" "-e" "RUSTUP_HOME=/opt/rustwide/rustup-home" "-e" "CARGO_TARGET_DIR=/opt/rustwide/target" "-e" "CARGO_INCREMENTAL=0" "-e" "RUST_BACKTRACE=full" "-e" "RUSTFLAGS=--cap-lints=warn" "-e" "RUSTDOCFLAGS=--cap-lints=warn" "-w" "/opt/rustwide/workdir" "--user" "0:0" "d36753b2bd1366db5cecb36c43ff3108ab6102db3877e32eeddbeed761256345" "/opt/rustwide/cargo-home/bin/cargo" "+1.99.0-beta.8" "test" "--frozen" "--release", kill_on_drop: false }`
[INFO] [stderr] warning: unexpected `cfg` condition name: `have_min_max_version`
[INFO] [stderr]   --> src/lib.rs:69:7
[INFO] [stderr]    |
[INFO] [stderr] 69 | #[cfg(have_min_max_version)]
[INFO] [stderr]    |       ^^^^^^^^^^^^^^^^^^^^
[INFO] [stderr]    |
[INFO] [stderr]    = help: expected names are: `docsrs`, `feature`, and `test` and 34 more
[INFO] [stderr]    = help: consider using a Cargo feature instead
[INFO] [stderr]    = help: or consider adding in `Cargo.toml` the `check-cfg` lint config for the lint:
[INFO] [stderr]             [lints.rust]
[INFO] [stderr]             unexpected_cfgs = { level = "warn", check-cfg = ['cfg(have_min_max_version)'] }
[INFO] [stderr]    = help: or consider adding `println!("cargo::rustc-check-cfg=cfg(have_min_max_version)");` to the top of the `build.rs`
[INFO] [stderr]    = note: see <https://doc.rust-lang.org/nightly/rustc/check-cfg/cargo-specifics.html> for more information about checking conditional configuration
[INFO] [stderr]    = note: `#[warn(unexpected_cfgs)]` on by default
[INFO] [stderr] 
[INFO] [stderr] warning: unexpected `cfg` condition name: `have_min_max_version`
[INFO] [stderr]   --> src/lib.rs:92:11
[INFO] [stderr]    |
[INFO] [stderr] 92 | #[cfg(not(have_min_max_version))]
[INFO] [stderr]    |           ^^^^^^^^^^^^^^^^^^^^
[INFO] [stderr]    |
[INFO] [stderr]    = help: consider using a Cargo feature instead
[INFO] [stderr]    = help: or consider adding in `Cargo.toml` the `check-cfg` lint config for the lint:
[INFO] [stderr]             [lints.rust]
[INFO] [stderr]             unexpected_cfgs = { level = "warn", check-cfg = ['cfg(have_min_max_version)'] }
[INFO] [stderr]    = help: or consider adding `println!("cargo::rustc-check-cfg=cfg(have_min_max_version)");` to the top of the `build.rs`
[INFO] [stderr]    = note: see <https://doc.rust-lang.org/nightly/rustc/check-cfg/cargo-specifics.html> for more information about checking conditional configuration
[INFO] [stderr] 
[INFO] [stderr] warning: use of deprecated function `openssl_probe::init_ssl_cert_env_vars`: this function is not safe, use `init_openssl_env_vars` instead
[INFO] [stderr]    --> src/sync_io/connector/builder.rs:108:39
[INFO] [stderr]     |
[INFO] [stderr] 108 |         ONCE.call_once(openssl_probe::init_ssl_cert_env_vars);
[INFO] [stderr]     |                                       ^^^^^^^^^^^^^^^^^^^^^^
[INFO] [stderr]     |
[INFO] [stderr]     = note: `#[warn(deprecated)]` on by default
[INFO] [stderr] 
[INFO] [stderr] warning: use of deprecated method `openssl::pkcs12::Pkcs12Ref::parse`: Use parse2 instead
[INFO] [stderr]   --> src/identity.rs:41:29
[INFO] [stderr]    |
[INFO] [stderr] 41 |         let parsed = pkcs12.parse(pass)?;
[INFO] [stderr]    |                             ^^^^^
[INFO] [stderr] 
[INFO] [stderr] warning: use of deprecated field `openssl::pkcs12::ParsedPkcs12::pkey`: Use ParsedPkcs12_2 instead
[INFO] [stderr]   --> src/identity.rs:44:19
[INFO] [stderr]    |
[INFO] [stderr] 44 |             pkey: parsed.pkey,
[INFO] [stderr]    |                   ^^^^^^^^^^^
[INFO] [stderr] 
[INFO] [stderr] warning: use of deprecated field `openssl::pkcs12::ParsedPkcs12::cert`: Use ParsedPkcs12_2 instead
[INFO] [stderr]   --> src/identity.rs:45:19
[INFO] [stderr]    |
[INFO] [stderr] 45 |             cert: parsed.cert,
[INFO] [stderr]    |                   ^^^^^^^^^^^
[INFO] [stderr] 
[INFO] [stderr] warning: use of deprecated field `openssl::pkcs12::ParsedPkcs12::chain`: Use ParsedPkcs12_2 instead
[INFO] [stderr]   --> src/identity.rs:46:20
[INFO] [stderr]    |
[INFO] [stderr] 46 |             chain: parsed.chain.into_iter().flatten().collect(),
[INFO] [stderr]    |                    ^^^^^^^^^^^^
[INFO] [stderr] 
[INFO] [stderr] warning: `opentls` (lib) generated 7 warnings
[INFO] [stderr] warning: `opentls` (lib test) generated 7 warnings (7 duplicates)
[INFO] [stderr]     Finished `release` profile [optimized] target(s) in 0.19s
[INFO] [stderr]      Running unittests src/lib.rs (/opt/rustwide/target/release/deps/opentls-e5a845ad7c494155)
[INFO] [stdout] 
[INFO] [stdout] running 15 tests
[INFO] [stdout] test sync_io::test::tests::peer_certificate ... FAILED
[INFO] [stdout] test sync_io::test::tests::server_no_root_certs ... FAILED
[INFO] [stdout] test sync_io::test::tests::server ... FAILED
[INFO] [stdout] test sync_io::test::tests::import_same_identity_multiple_times ... FAILED
[INFO] [stdout] test sync_io::test::tests::server_tls11_only ... FAILED
[INFO] [stdout] test sync_io::test::tests::server_pem ... FAILED
[INFO] [stdout] test sync_io::test::tests::server_untrusted ... FAILED
[INFO] [stdout] test sync_io::test::tests::shutdown ... FAILED
[INFO] [stdout] test sync_io::test::tests::server_untrusted_unverified ... FAILED
[INFO] [stdout] test sync_io::test::tests::tls_server_end_point ... FAILED
[INFO] [stdout] test sync_io::test::tests::server_no_shared_protocol ... FAILED
[INFO] [stdout] test sync_io::test::tests::connect_no_root_certs ... FAILED
[INFO] [stderr] error: test failed, to rerun pass `--lib`
[INFO] [stdout] test sync_io::test::tests::connect_bad_hostname ... FAILED
[INFO] [stdout] test sync_io::test::tests::connect_google ... FAILED
[INFO] [stdout] test sync_io::test::tests::connect_bad_hostname_ignored ... FAILED
[INFO] [stdout] 
[INFO] [stdout] failures:
[INFO] [stdout] 
[INFO] [stdout] ---- sync_io::test::tests::peer_certificate stdout ----
[INFO] [stdout] 
[INFO] [stdout] thread 'sync_io::test::tests::peer_certificate' (646) panicked at src/sync_io/test.rs:173:24:
[INFO] [stdout] Normal(ErrorStack([Error { code: 50856204, library: "digital envelope routines", function: "inner_evp_generic_fetch", reason: "unsupported", file: "../crypto/evp/evp_fetch.c", line: 376, data: "Global default library context, Algorithm (RC2-40-CBC : 0), Properties ()" }]))
[INFO] [stdout] stack backtrace:
[INFO] [stdout]    0:     0x5b70f798a581 - <<std[70759c8f55707aa4]::sys::backtrace::BacktraceLock>::print::DisplayBacktrace as core[df12db4294e9bfd3]::fmt::Display>::fmt
[INFO] [stdout]    1:     0x5b70f799f94a - core[df12db4294e9bfd3]::fmt::write
[INFO] [stdout]    2:     0x5b70f798f13c - <alloc[2182bb758b4b3781]::vec::Vec<u8> as core[df12db4294e9bfd3]::io::write::Write>::write_fmt
[INFO] [stdout]    3:     0x5b70f7965706 - std[70759c8f55707aa4]::panicking::default_hook::{closure#0}
[INFO] [stdout]    4:     0x5b70f79822e9 - std[70759c8f55707aa4]::panicking::default_hook
[INFO] [stdout]    5:     0x5b70f791acf0 - test[9d35eded1c95d3be]::test_main_inner::<test[9d35eded1c95d3be]::test_main_static::{closure#0}>::{closure#0}
[INFO] [stdout]    6:     0x5b70f7982612 - std[70759c8f55707aa4]::panicking::panic_with_hook
[INFO] [stdout]    7:     0x5b70f79657b2 - std[70759c8f55707aa4]::panicking::panic_handler::{closure#0}
[INFO] [stdout]    8:     0x5b70f795e249 - std[70759c8f55707aa4]::sys::backtrace::__rust_end_short_backtrace::<std[70759c8f55707aa4]::panicking::panic_handler::{closure#0}, !>
[INFO] [stdout]    9:     0x5b70f796663d - __rustc[8fa7c3cbc660c2b3]::rust_begin_unwind
[INFO] [stdout]   10:     0x5b70f79a007c - core[df12db4294e9bfd3]::panicking::panic_fmt
[INFO] [stdout]   11:     0x5b70f7901175 - opentls[6bd65fc4d24e580c]::sync_io::test::tests::peer_certificate
[INFO] [stdout]   12:     0x5b70f7908739 - <opentls[6bd65fc4d24e580c]::sync_io::test::tests::peer_certificate::{closure#0} as core[df12db4294e9bfd3]::ops::function::FnOnce<()>>::call_once
[INFO] [stdout]   13:     0x5b70f790dfdb - test[9d35eded1c95d3be]::__rust_begin_short_backtrace::<core[df12db4294e9bfd3]::result::Result<(), alloc[2182bb758b4b3781]::string::String>, fn() -> core[df12db4294e9bfd3]::result::Result<(), alloc[2182bb758b4b3781]::string::String>>
[INFO] [stdout]   14:     0x5b70f791b645 - test[9d35eded1c95d3be]::run_test::{closure#0}
[INFO] [stdout]   15:     0x5b70f7914f04 - std[70759c8f55707aa4]::sys::backtrace::__rust_begin_short_backtrace::<test[9d35eded1c95d3be]::run_test::{closure#1}, ()>
[INFO] [stdout]   16:     0x5b70f791e7a2 - <std[70759c8f55707aa4]::thread::lifecycle::spawn_unchecked<test[9d35eded1c95d3be]::run_test::{closure#1}, ()>::{closure#1} as core[df12db4294e9bfd3]::ops::function::FnOnce<()>>::call_once::{shim:vtable#0}
[INFO] [stdout]   17:     0x5b70f79896d9 - <std[70759c8f55707aa4]::sys::thread::unix::Thread>::new::thread_start
[INFO] [stdout]   18:     0x791154fb3dfa - <unknown>
[INFO] [stdout]   19:     0x7911550473d4 - clone
[INFO] [stdout]   20:                0x0 - <unknown>
[INFO] [stdout] 
[INFO] [stdout] ---- sync_io::test::tests::server_no_root_certs stdout ----
[INFO] [stdout] 
[INFO] [stdout] thread 'sync_io::test::tests::server_no_root_certs' (648) panicked at src/sync_io/test.rs:64:24:
[INFO] [stdout] Normal(ErrorStack([Error { code: 50856204, library: "digital envelope routines", function: "inner_evp_generic_fetch", reason: "unsupported", file: "../crypto/evp/evp_fetch.c", line: 376, data: "Global default library context, Algorithm (RC2-40-CBC : 0), Properties ()" }]))
[INFO] [stdout] stack backtrace:
[INFO] [stdout]    0:     0x5b70f798a581 - <<std[70759c8f55707aa4]::sys::backtrace::BacktraceLock>::print::DisplayBacktrace as core[df12db4294e9bfd3]::fmt::Display>::fmt
[INFO] [stdout]    1:     0x5b70f799f94a - core[df12db4294e9bfd3]::fmt::write
[INFO] [stdout]    2:     0x5b70f798f13c - <alloc[2182bb758b4b3781]::vec::Vec<u8> as core[df12db4294e9bfd3]::io::write::Write>::write_fmt
[INFO] [stdout]    3:     0x5b70f7965706 - std[70759c8f55707aa4]::panicking::default_hook::{closure#0}
[INFO] [stdout]    4:     0x5b70f79822e9 - std[70759c8f55707aa4]::panicking::default_hook
[INFO] [stdout]    5:     0x5b70f791acf0 - test[9d35eded1c95d3be]::test_main_inner::<test[9d35eded1c95d3be]::test_main_static::{closure#0}>::{closure#0}
[INFO] [stdout]    6:     0x5b70f7982612 - std[70759c8f55707aa4]::panicking::panic_with_hook
[INFO] [stdout]    7:     0x5b70f79657b2 - std[70759c8f55707aa4]::panicking::panic_handler::{closure#0}
[INFO] [stdout]    8:     0x5b70f795e249 - std[70759c8f55707aa4]::sys::backtrace::__rust_end_short_backtrace::<std[70759c8f55707aa4]::panicking::panic_handler::{closure#0}, !>
[INFO] [stdout]    9:     0x5b70f796663d - __rustc[8fa7c3cbc660c2b3]::rust_begin_unwind
[INFO] [stdout]   10:     0x5b70f79a007c - core[df12db4294e9bfd3]::panicking::panic_fmt
[INFO] [stdout]   11:     0x5b70f7902b35 - opentls[6bd65fc4d24e580c]::sync_io::test::tests::server_no_root_certs
[INFO] [stdout]   12:     0x5b70f79087b9 - <opentls[6bd65fc4d24e580c]::sync_io::test::tests::server_no_root_certs::{closure#0} as core[df12db4294e9bfd3]::ops::function::FnOnce<()>>::call_once
[INFO] [stdout]   13:     0x5b70f790dfdb - test[9d35eded1c95d3be]::__rust_begin_short_backtrace::<core[df12db4294e9bfd3]::result::Result<(), alloc[2182bb758b4b3781]::string::String>, fn() -> core[df12db4294e9bfd3]::result::Result<(), alloc[2182bb758b4b3781]::string::String>>
[INFO] [stdout]   14:     0x5b70f791b645 - test[9d35eded1c95d3be]::run_test::{closure#0}
[INFO] [stdout]   15:     0x5b70f7914f04 - std[70759c8f55707aa4]::sys::backtrace::__rust_begin_short_backtrace::<test[9d35eded1c95d3be]::run_test::{closure#1}, ()>
[INFO] [stdout]   16:     0x5b70f791e7a2 - <std[70759c8f55707aa4]::thread::lifecycle::spawn_unchecked<test[9d35eded1c95d3be]::run_test::{closure#1}, ()>::{closure#1} as core[df12db4294e9bfd3]::ops::function::FnOnce<()>>::call_once::{shim:vtable#0}
[INFO] [stdout]   17:     0x5b70f79896d9 - <std[70759c8f55707aa4]::sys::thread::unix::Thread>::new::thread_start
[INFO] [stdout]   18:     0x791154fb3dfa - <unknown>
[INFO] [stdout]   19:     0x7911550473d4 - clone
[INFO] [stdout]   20:                0x0 - <unknown>
[INFO] [stdout] 
[INFO] [stdout] ---- sync_io::test::tests::server stdout ----
[INFO] [stdout] 
[INFO] [stdout] thread 'sync_io::test::tests::server' (647) panicked at src/sync_io/test.rs:102:24:
[INFO] [stdout] Normal(ErrorStack([Error { code: 50856204, library: "digital envelope routines", function: "inner_evp_generic_fetch", reason: "unsupported", file: "../crypto/evp/evp_fetch.c", line: 376, data: "Global default library context, Algorithm (RC2-40-CBC : 0), Properties ()" }]))
[INFO] [stdout] stack backtrace:
[INFO] [stdout]    0:     0x5b70f798a581 - <<std[70759c8f55707aa4]::sys::backtrace::BacktraceLock>::print::DisplayBacktrace as core[df12db4294e9bfd3]::fmt::Display>::fmt
[INFO] [stdout]    1:     0x5b70f799f94a - core[df12db4294e9bfd3]::fmt::write
[INFO] [stdout]    2:     0x5b70f798f13c - <alloc[2182bb758b4b3781]::vec::Vec<u8> as core[df12db4294e9bfd3]::io::write::Write>::write_fmt
[INFO] [stdout]    3:     0x5b70f7965706 - std[70759c8f55707aa4]::panicking::default_hook::{closure#0}
[INFO] [stdout]    4:     0x5b70f79822e9 - std[70759c8f55707aa4]::panicking::default_hook
[INFO] [stdout]    5:     0x5b70f791acf0 - test[9d35eded1c95d3be]::test_main_inner::<test[9d35eded1c95d3be]::test_main_static::{closure#0}>::{closure#0}
[INFO] [stdout]    6:     0x5b70f7982612 - std[70759c8f55707aa4]::panicking::panic_with_hook
[INFO] [stdout]    7:     0x5b70f79657b2 - std[70759c8f55707aa4]::panicking::panic_handler::{closure#0}
[INFO] [stdout]    8:     0x5b70f795e249 - std[70759c8f55707aa4]::sys::backtrace::__rust_end_short_backtrace::<std[70759c8f55707aa4]::panicking::panic_handler::{closure#0}, !>
[INFO] [stdout]    9:     0x5b70f796663d - __rustc[8fa7c3cbc660c2b3]::rust_begin_unwind
[INFO] [stdout]   10:     0x5b70f79a007c - core[df12db4294e9bfd3]::panicking::panic_fmt
[INFO] [stdout]   11:     0x5b70f79053a5 - opentls[6bd65fc4d24e580c]::sync_io::test::tests::server
[INFO] [stdout]   12:     0x5b70f7908899 - <opentls[6bd65fc4d24e580c]::sync_io::test::tests::server::{closure#0} as core[df12db4294e9bfd3]::ops::function::FnOnce<()>>::call_once
[INFO] [stdout]   13:     0x5b70f790dfdb - test[9d35eded1c95d3be]::__rust_begin_short_backtrace::<core[df12db4294e9bfd3]::result::Result<(), alloc[2182bb758b4b3781]::string::String>, fn() -> core[df12db4294e9bfd3]::result::Result<(), alloc[2182bb758b4b3781]::string::String>>
[INFO] [stdout]   14:     0x5b70f791b645 - test[9d35eded1c95d3be]::run_test::{closure#0}
[INFO] [stdout]   15:     0x5b70f7914f04 - std[70759c8f55707aa4]::sys::backtrace::__rust_begin_short_backtrace::<test[9d35eded1c95d3be]::run_test::{closure#1}, ()>
[INFO] [stdout]   16:     0x5b70f791e7a2 - <std[70759c8f55707aa4]::thread::lifecycle::spawn_unchecked<test[9d35eded1c95d3be]::run_test::{closure#1}, ()>::{closure#1} as core[df12db4294e9bfd3]::ops::function::FnOnce<()>>::call_once::{shim:vtable#0}
[INFO] [stdout]   17:     0x5b70f79896d9 - <std[70759c8f55707aa4]::sys::thread::unix::Thread>::new::thread_start
[INFO] [stdout]   18:     0x791154fb3dfa - <unknown>
[INFO] [stdout]   19:     0x7911550473d4 - clone
[INFO] [stdout]   20:                0x0 - <unknown>
[INFO] [stdout] 
[INFO] [stdout] ---- sync_io::test::tests::import_same_identity_multiple_times stdout ----
[INFO] [stdout] 
[INFO] [stdout] thread 'sync_io::test::tests::import_same_identity_multiple_times' (645) panicked at src/sync_io/test.rs:328:17:
[INFO] [stdout] Normal(ErrorStack([Error { code: 50856204, library: "digital envelope routines", function: "inner_evp_generic_fetch", reason: "unsupported", file: "../crypto/evp/evp_fetch.c", line: 376, data: "Global default library context, Algorithm (RC2-40-CBC : 0), Properties ()" }]))
[INFO] [stdout] stack backtrace:
[INFO] [stdout]    0:     0x5b70f798a581 - <<std[70759c8f55707aa4]::sys::backtrace::BacktraceLock>::print::DisplayBacktrace as core[df12db4294e9bfd3]::fmt::Display>::fmt
[INFO] [stdout]    1:     0x5b70f799f94a - core[df12db4294e9bfd3]::fmt::write
[INFO] [stdout]    2:     0x5b70f798f13c - <alloc[2182bb758b4b3781]::vec::Vec<u8> as core[df12db4294e9bfd3]::io::write::Write>::write_fmt
[INFO] [stdout]    3:     0x5b70f7965706 - std[70759c8f55707aa4]::panicking::default_hook::{closure#0}
[INFO] [stdout]    4:     0x5b70f79822e9 - std[70759c8f55707aa4]::panicking::default_hook
[INFO] [stdout]    5:     0x5b70f791acf0 - test[9d35eded1c95d3be]::test_main_inner::<test[9d35eded1c95d3be]::test_main_static::{closure#0}>::{closure#0}
[INFO] [stdout]    6:     0x5b70f7982612 - std[70759c8f55707aa4]::panicking::panic_with_hook
[INFO] [stdout]    7:     0x5b70f79657b2 - std[70759c8f55707aa4]::panicking::panic_handler::{closure#0}
[INFO] [stdout]    8:     0x5b70f795e249 - std[70759c8f55707aa4]::sys::backtrace::__rust_end_short_backtrace::<std[70759c8f55707aa4]::panicking::panic_handler::{closure#0}, !>
[INFO] [stdout]    9:     0x5b70f796663d - __rustc[8fa7c3cbc660c2b3]::rust_begin_unwind
[INFO] [stdout]   10:     0x5b70f79a007c - core[df12db4294e9bfd3]::panicking::panic_fmt
[INFO] [stdout]   11:     0x5b70f7904f4d - opentls[6bd65fc4d24e580c]::sync_io::test::tests::import_same_identity_multiple_times
[INFO] [stdout]   12:     0x5b70f7908879 - <opentls[6bd65fc4d24e580c]::sync_io::test::tests::import_same_identity_multiple_times::{closure#0} as core[df12db4294e9bfd3]::ops::function::FnOnce<()>>::call_once
[INFO] [stdout]   13:     0x5b70f790dfdb - test[9d35eded1c95d3be]::__rust_begin_short_backtrace::<core[df12db4294e9bfd3]::result::Result<(), alloc[2182bb758b4b3781]::string::String>, fn() -> core[df12db4294e9bfd3]::result::Result<(), alloc[2182bb758b4b3781]::string::String>>
[INFO] [stdout]   14:     0x5b70f791b645 - test[9d35eded1c95d3be]::run_test::{closure#0}
[INFO] [stdout]   15:     0x5b70f7914f04 - std[70759c8f55707aa4]::sys::backtrace::__rust_begin_short_backtrace::<test[9d35eded1c95d3be]::run_test::{closure#1}, ()>
[INFO] [stdout]   16:     0x5b70f791e7a2 - <std[70759c8f55707aa4]::thread::lifecycle::spawn_unchecked<test[9d35eded1c95d3be]::run_test::{closure#1}, ()>::{closure#1} as core[df12db4294e9bfd3]::ops::function::FnOnce<()>>::call_once::{shim:vtable#0}
[INFO] [stdout]   17:     0x5b70f79896d9 - <std[70759c8f55707aa4]::sys::thread::unix::Thread>::new::thread_start
[INFO] [stdout]   18:     0x791154fb3dfa - <unknown>
[INFO] [stdout]   19:     0x7911550473d4 - clone
[INFO] [stdout]   20:                0x0 - <unknown>
[INFO] [stdout] 
[INFO] [stdout] ---- sync_io::test::tests::server_tls11_only stdout ----
[INFO] [stdout] 
[INFO] [stdout] thread 'sync_io::test::tests::server_tls11_only' (651) panicked at src/sync_io/test.rs:202:24:
[INFO] [stdout] Normal(ErrorStack([Error { code: 50856204, library: "digital envelope routines", function: "inner_evp_generic_fetch", reason: "unsupported", file: "../crypto/evp/evp_fetch.c", line: 376, data: "Global default library context, Algorithm (RC2-40-CBC : 0), Properties ()" }]))
[INFO] [stdout] stack backtrace:
[INFO] [stdout]    0:     0x5b70f798a581 - <<std[70759c8f55707aa4]::sys::backtrace::BacktraceLock>::print::DisplayBacktrace as core[df12db4294e9bfd3]::fmt::Display>::fmt
[INFO] [stdout]    1:     0x5b70f799f94a - core[df12db4294e9bfd3]::fmt::write
[INFO] [stdout]    2:     0x5b70f798f13c - <alloc[2182bb758b4b3781]::vec::Vec<u8> as core[df12db4294e9bfd3]::io::write::Write>::write_fmt
[INFO] [stdout]    3:     0x5b70f7965706 - std[70759c8f55707aa4]::panicking::default_hook::{closure#0}
[INFO] [stdout]    4:     0x5b70f79822e9 - std[70759c8f55707aa4]::panicking::default_hook
[INFO] [stdout]    5:     0x5b70f791acf0 - test[9d35eded1c95d3be]::test_main_inner::<test[9d35eded1c95d3be]::test_main_static::{closure#0}>::{closure#0}
[INFO] [stdout]    6:     0x5b70f7982612 - std[70759c8f55707aa4]::panicking::panic_with_hook
[INFO] [stdout]    7:     0x5b70f79657b2 - std[70759c8f55707aa4]::panicking::panic_handler::{closure#0}
[INFO] [stdout]    8:     0x5b70f795e249 - std[70759c8f55707aa4]::sys::backtrace::__rust_end_short_backtrace::<std[70759c8f55707aa4]::panicking::panic_handler::{closure#0}, !>
[INFO] [stdout]    9:     0x5b70f796663d - __rustc[8fa7c3cbc660c2b3]::rust_begin_unwind
[INFO] [stdout]   10:     0x5b70f79a007c - core[df12db4294e9bfd3]::panicking::panic_fmt
[INFO] [stdout]   11:     0x5b70f7902045 - opentls[6bd65fc4d24e580c]::sync_io::test::tests::server_tls11_only
[INFO] [stdout]   12:     0x5b70f7908779 - <opentls[6bd65fc4d24e580c]::sync_io::test::tests::server_tls11_only::{closure#0} as core[df12db4294e9bfd3]::ops::function::FnOnce<()>>::call_once
[INFO] [stdout]   13:     0x5b70f790dfdb - test[9d35eded1c95d3be]::__rust_begin_short_backtrace::<core[df12db4294e9bfd3]::result::Result<(), alloc[2182bb758b4b3781]::string::String>, fn() -> core[df12db4294e9bfd3]::result::Result<(), alloc[2182bb758b4b3781]::string::String>>
[INFO] [stdout]   14:     0x5b70f791b645 - test[9d35eded1c95d3be]::run_test::{closure#0}
[INFO] [stdout]   15:     0x5b70f7914f04 - std[70759c8f55707aa4]::sys::backtrace::__rust_begin_short_backtrace::<test[9d35eded1c95d3be]::run_test::{closure#1}, ()>
[INFO] [stdout]   16:     0x5b70f791e7a2 - <std[70759c8f55707aa4]::thread::lifecycle::spawn_unchecked<test[9d35eded1c95d3be]::run_test::{closure#1}, ()>::{closure#1} as core[df12db4294e9bfd3]::ops::function::FnOnce<()>>::call_once::{shim:vtable#0}
[INFO] [stdout]   17:     0x5b70f79896d9 - <std[70759c8f55707aa4]::sys::thread::unix::Thread>::new::thread_start
[INFO] [stdout]   18:     0x791154fb3dfa - <unknown>
[INFO] [stdout]   19:     0x7911550473d4 - clone
[INFO] [stdout]   20:                0x0 - <unknown>
[INFO] [stdout] 
[INFO] [stdout] ---- sync_io::test::tests::server_pem stdout ----
[INFO] [stdout] 
[INFO] [stdout] thread 'sync_io::test::tests::server_pem' (650) panicked at src/sync_io/test.rs:138:24:
[INFO] [stdout] Normal(ErrorStack([Error { code: 50856204, library: "digital envelope routines", function: "inner_evp_generic_fetch", reason: "unsupported", file: "../crypto/evp/evp_fetch.c", line: 376, data: "Global default library context, Algorithm (RC2-40-CBC : 0), Properties ()" }]))
[INFO] [stdout] stack backtrace:
[INFO] [stdout]    0:     0x5b70f798a581 - <<std[70759c8f55707aa4]::sys::backtrace::BacktraceLock>::print::DisplayBacktrace as core[df12db4294e9bfd3]::fmt::Display>::fmt
[INFO] [stdout]    1:     0x5b70f799f94a - core[df12db4294e9bfd3]::fmt::write
[INFO] [stdout]    2:     0x5b70f798f13c - <alloc[2182bb758b4b3781]::vec::Vec<u8> as core[df12db4294e9bfd3]::io::write::Write>::write_fmt
[INFO] [stdout]    3:     0x5b70f7965706 - std[70759c8f55707aa4]::panicking::default_hook::{closure#0}
[INFO] [stdout]    4:     0x5b70f79822e9 - std[70759c8f55707aa4]::panicking::default_hook
[INFO] [stdout]    5:     0x5b70f791acf0 - test[9d35eded1c95d3be]::test_main_inner::<test[9d35eded1c95d3be]::test_main_static::{closure#0}>::{closure#0}
[INFO] [stdout]    6:     0x5b70f7982612 - std[70759c8f55707aa4]::panicking::panic_with_hook
[INFO] [stdout]    7:     0x5b70f79657b2 - std[70759c8f55707aa4]::panicking::panic_handler::{closure#0}
[INFO] [stdout]    8:     0x5b70f795e249 - std[70759c8f55707aa4]::sys::backtrace::__rust_end_short_backtrace::<std[70759c8f55707aa4]::panicking::panic_handler::{closure#0}, !>
[INFO] [stdout]    9:     0x5b70f796663d - __rustc[8fa7c3cbc660c2b3]::rust_begin_unwind
[INFO] [stdout]   10:     0x5b70f79a007c - core[df12db4294e9bfd3]::panicking::panic_fmt
[INFO] [stdout]   11:     0x5b70f7900435 - opentls[6bd65fc4d24e580c]::sync_io::test::tests::server_pem
[INFO] [stdout]   12:     0x5b70f79086f9 - <opentls[6bd65fc4d24e580c]::sync_io::test::tests::server_pem::{closure#0} as core[df12db4294e9bfd3]::ops::function::FnOnce<()>>::call_once
[INFO] [stdout]   13:     0x5b70f790dfdb - test[9d35eded1c95d3be]::__rust_begin_short_backtrace::<core[df12db4294e9bfd3]::result::Result<(), alloc[2182bb758b4b3781]::string::String>, fn() -> core[df12db4294e9bfd3]::result::Result<(), alloc[2182bb758b4b3781]::string::String>>
[INFO] [stdout]   14:     0x5b70f791b645 - test[9d35eded1c95d3be]::run_test::{closure#0}
[INFO] [stdout]   15:     0x5b70f7914f04 - std[70759c8f55707aa4]::sys::backtrace::__rust_begin_short_backtrace::<test[9d35eded1c95d3be]::run_test::{closure#1}, ()>
[INFO] [stdout]   16:     0x5b70f791e7a2 - <std[70759c8f55707aa4]::thread::lifecycle::spawn_unchecked<test[9d35eded1c95d3be]::run_test::{closure#1}, ()>::{closure#1} as core[df12db4294e9bfd3]::ops::function::FnOnce<()>>::call_once::{shim:vtable#0}
[INFO] [stdout]   17:     0x5b70f79896d9 - <std[70759c8f55707aa4]::sys::thread::unix::Thread>::new::thread_start
[INFO] [stdout]   18:     0x791154fb3dfa - <unknown>
[INFO] [stdout]   19:     0x7911550473d4 - clone
[INFO] [stdout]   20:                0x0 - <unknown>
[INFO] [stdout] 
[INFO] [stdout] ---- sync_io::test::tests::server_untrusted stdout ----
[INFO] [stdout] 
[INFO] [stdout] thread 'sync_io::test::tests::server_untrusted' (652) panicked at src/sync_io/test.rs:273:24:
[INFO] [stdout] Normal(ErrorStack([Error { code: 50856204, library: "digital envelope routines", function: "inner_evp_generic_fetch", reason: "unsupported", file: "../crypto/evp/evp_fetch.c", line: 376, data: "Global default library context, Algorithm (RC2-40-CBC : 0), Properties ()" }]))
[INFO] [stdout] stack backtrace:
[INFO] [stdout]    0:     0x5b70f798a581 - <<std[70759c8f55707aa4]::sys::backtrace::BacktraceLock>::print::DisplayBacktrace as core[df12db4294e9bfd3]::fmt::Display>::fmt
[INFO] [stdout]    1:     0x5b70f799f94a - core[df12db4294e9bfd3]::fmt::write
[INFO] [stdout]    2:     0x5b70f798f13c - <alloc[2182bb758b4b3781]::vec::Vec<u8> as core[df12db4294e9bfd3]::io::write::Write>::write_fmt
[INFO] [stdout]    3:     0x5b70f7965706 - std[70759c8f55707aa4]::panicking::default_hook::{closure#0}
[INFO] [stdout]    4:     0x5b70f79822e9 - std[70759c8f55707aa4]::panicking::default_hook
[INFO] [stdout]    5:     0x5b70f791acf0 - test[9d35eded1c95d3be]::test_main_inner::<test[9d35eded1c95d3be]::test_main_static::{closure#0}>::{closure#0}
[INFO] [stdout]    6:     0x5b70f7982612 - std[70759c8f55707aa4]::panicking::panic_with_hook
[INFO] [stdout]    7:     0x5b70f79657b2 - std[70759c8f55707aa4]::panicking::panic_handler::{closure#0}
[INFO] [stdout]    8:     0x5b70f795e249 - std[70759c8f55707aa4]::sys::backtrace::__rust_end_short_backtrace::<std[70759c8f55707aa4]::panicking::panic_handler::{closure#0}, !>
[INFO] [stdout]    9:     0x5b70f796663d - __rustc[8fa7c3cbc660c2b3]::rust_begin_unwind
[INFO] [stdout]   10:     0x5b70f79a007c - core[df12db4294e9bfd3]::panicking::panic_fmt
[INFO] [stdout]   11:     0x5b70f79018d2 - opentls[6bd65fc4d24e580c]::sync_io::test::tests::server_untrusted
[INFO] [stdout]   12:     0x5b70f7908759 - <opentls[6bd65fc4d24e580c]::sync_io::test::tests::server_untrusted::{closure#0} as core[df12db4294e9bfd3]::ops::function::FnOnce<()>>::call_once
[INFO] [stdout]   13:     0x5b70f790dfdb - test[9d35eded1c95d3be]::__rust_begin_short_backtrace::<core[df12db4294e9bfd3]::result::Result<(), alloc[2182bb758b4b3781]::string::String>, fn() -> core[df12db4294e9bfd3]::result::Result<(), alloc[2182bb758b4b3781]::string::String>>
[INFO] [stdout]   14:     0x5b70f791b645 - test[9d35eded1c95d3be]::run_test::{closure#0}
[INFO] [stdout]   15:     0x5b70f7914f04 - std[70759c8f55707aa4]::sys::backtrace::__rust_begin_short_backtrace::<test[9d35eded1c95d3be]::run_test::{closure#1}, ()>
[INFO] [stdout]   16:     0x5b70f791e7a2 - <std[70759c8f55707aa4]::thread::lifecycle::spawn_unchecked<test[9d35eded1c95d3be]::run_test::{closure#1}, ()>::{closure#1} as core[df12db4294e9bfd3]::ops::function::FnOnce<()>>::call_once::{shim:vtable#0}
[INFO] [stdout]   17:     0x5b70f79896d9 - <std[70759c8f55707aa4]::sys::thread::unix::Thread>::new::thread_start
[INFO] [stdout]   18:     0x791154fb3dfa - <unknown>
[INFO] [stdout]   19:     0x7911550473d4 - clone
[INFO] [stdout]   20:                0x0 - <unknown>
[INFO] [stdout] 
[INFO] [stdout] ---- sync_io::test::tests::shutdown stdout ----
[INFO] [stdout] 
[INFO] [stdout] thread 'sync_io::test::tests::shutdown' (654) panicked at src/sync_io/test.rs:335:24:
[INFO] [stdout] Normal(ErrorStack([Error { code: 50856204, library: "digital envelope routines", function: "inner_evp_generic_fetch", reason: "unsupported", file: "../crypto/evp/evp_fetch.c", line: 376, data: "Global default library context, Algorithm (RC2-40-CBC : 0), Properties ()" }]))
[INFO] [stdout] stack backtrace:
[INFO] [stdout]    0:     0x5b70f798a581 - <<std[70759c8f55707aa4]::sys::backtrace::BacktraceLock>::print::DisplayBacktrace as core[df12db4294e9bfd3]::fmt::Display>::fmt
[INFO] [stdout]    1:     0x5b70f799f94a - core[df12db4294e9bfd3]::fmt::write
[INFO] [stdout]    2:     0x5b70f798f13c - <alloc[2182bb758b4b3781]::vec::Vec<u8> as core[df12db4294e9bfd3]::io::write::Write>::write_fmt
[INFO] [stdout]    3:     0x5b70f7965706 - std[70759c8f55707aa4]::panicking::default_hook::{closure#0}
[INFO] [stdout]    4:     0x5b70f79822e9 - std[70759c8f55707aa4]::panicking::default_hook
[INFO] [stdout]    5:     0x5b70f791acf0 - test[9d35eded1c95d3be]::test_main_inner::<test[9d35eded1c95d3be]::test_main_static::{closure#0}>::{closure#0}
[INFO] [stdout]    6:     0x5b70f7982612 - std[70759c8f55707aa4]::panicking::panic_with_hook
[INFO] [stdout]    7:     0x5b70f79657b2 - std[70759c8f55707aa4]::panicking::panic_handler::{closure#0}
[INFO] [stdout]    8:     0x5b70f795e249 - std[70759c8f55707aa4]::sys::backtrace::__rust_end_short_backtrace::<std[70759c8f55707aa4]::panicking::panic_handler::{closure#0}, !>
[INFO] [stdout]    9:     0x5b70f796663d - __rustc[8fa7c3cbc660c2b3]::rust_begin_unwind
[INFO] [stdout]   10:     0x5b70f79a007c - core[df12db4294e9bfd3]::panicking::panic_fmt
[INFO] [stdout]   11:     0x5b70f7905ba1 - opentls[6bd65fc4d24e580c]::sync_io::test::tests::shutdown
[INFO] [stdout]   12:     0x5b70f79088b9 - <opentls[6bd65fc4d24e580c]::sync_io::test::tests::shutdown::{closure#0} as core[df12db4294e9bfd3]::ops::function::FnOnce<()>>::call_once
[INFO] [stdout]   13:     0x5b70f790dfdb - test[9d35eded1c95d3be]::__rust_begin_short_backtrace::<core[df12db4294e9bfd3]::result::Result<(), alloc[2182bb758b4b3781]::string::String>, fn() -> core[df12db4294e9bfd3]::result::Result<(), alloc[2182bb758b4b3781]::string::String>>
[INFO] [stdout]   14:     0x5b70f791b645 - test[9d35eded1c95d3be]::run_test::{closure#0}
[INFO] [stdout]   15:     0x5b70f7914f04 - std[70759c8f55707aa4]::sys::backtrace::__rust_begin_short_backtrace::<test[9d35eded1c95d3be]::run_test::{closure#1}, ()>
[INFO] [stdout]   16:     0x5b70f791e7a2 - <std[70759c8f55707aa4]::thread::lifecycle::spawn_unchecked<test[9d35eded1c95d3be]::run_test::{closure#1}, ()>::{closure#1} as core[df12db4294e9bfd3]::ops::function::FnOnce<()>>::call_once::{shim:vtable#0}
[INFO] [stdout]   17:     0x5b70f79896d9 - <std[70759c8f55707aa4]::sys::thread::unix::Thread>::new::thread_start
[INFO] [stdout]   18:     0x791154fb3dfa - <unknown>
[INFO] [stdout]   19:     0x7911550473d4 - clone
[INFO] [stdout]   20:                0x0 - <unknown>
[INFO] [stdout] 
[INFO] [stdout] ---- sync_io::test::tests::server_untrusted_unverified stdout ----
[INFO] [stdout] 
[INFO] [stdout] thread 'sync_io::test::tests::server_untrusted_unverified' (653) panicked at src/sync_io/test.rs:296:24:
[INFO] [stdout] Normal(ErrorStack([Error { code: 50856204, library: "digital envelope routines", function: "inner_evp_generic_fetch", reason: "unsupported", file: "../crypto/evp/evp_fetch.c", line: 376, data: "Global default library context, Algorithm (RC2-40-CBC : 0), Properties ()" }]))
[INFO] [stdout] stack backtrace:
[INFO] [stdout]    0:     0x5b70f798a581 - <<std[70759c8f55707aa4]::sys::backtrace::BacktraceLock>::print::DisplayBacktrace as core[df12db4294e9bfd3]::fmt::Display>::fmt
[INFO] [stdout]    1:     0x5b70f799f94a - core[df12db4294e9bfd3]::fmt::write
[INFO] [stdout]    2:     0x5b70f798f13c - <alloc[2182bb758b4b3781]::vec::Vec<u8> as core[df12db4294e9bfd3]::io::write::Write>::write_fmt
[INFO] [stdout]    3:     0x5b70f7965706 - std[70759c8f55707aa4]::panicking::default_hook::{closure#0}
[INFO] [stdout]    4:     0x5b70f79822e9 - std[70759c8f55707aa4]::panicking::default_hook
[INFO] [stdout]    5:     0x5b70f791acf0 - test[9d35eded1c95d3be]::test_main_inner::<test[9d35eded1c95d3be]::test_main_static::{closure#0}>::{closure#0}
[INFO] [stdout]    6:     0x5b70f7982612 - std[70759c8f55707aa4]::panicking::panic_with_hook
[INFO] [stdout]    7:     0x5b70f79657b2 - std[70759c8f55707aa4]::panicking::panic_handler::{closure#0}
[INFO] [stdout]    8:     0x5b70f795e249 - std[70759c8f55707aa4]::sys::backtrace::__rust_end_short_backtrace::<std[70759c8f55707aa4]::panicking::panic_handler::{closure#0}, !>
[INFO] [stdout]    9:     0x5b70f796663d - __rustc[8fa7c3cbc660c2b3]::rust_begin_unwind
[INFO] [stdout]   10:     0x5b70f79a007c - core[df12db4294e9bfd3]::panicking::panic_fmt
[INFO] [stdout]   11:     0x5b70f790472e - opentls[6bd65fc4d24e580c]::sync_io::test::tests::server_untrusted_unverified
[INFO] [stdout]   12:     0x5b70f7908839 - <opentls[6bd65fc4d24e580c]::sync_io::test::tests::server_untrusted_unverified::{closure#0} as core[df12db4294e9bfd3]::ops::function::FnOnce<()>>::call_once
[INFO] [stdout]   13:     0x5b70f790dfdb - test[9d35eded1c95d3be]::__rust_begin_short_backtrace::<core[df12db4294e9bfd3]::result::Result<(), alloc[2182bb758b4b3781]::string::String>, fn() -> core[df12db4294e9bfd3]::result::Result<(), alloc[2182bb758b4b3781]::string::String>>
[INFO] [stdout]   14:     0x5b70f791b645 - test[9d35eded1c95d3be]::run_test::{closure#0}
[INFO] [stdout]   15:     0x5b70f7914f04 - std[70759c8f55707aa4]::sys::backtrace::__rust_begin_short_backtrace::<test[9d35eded1c95d3be]::run_test::{closure#1}, ()>
[INFO] [stdout]   16:     0x5b70f791e7a2 - <std[70759c8f55707aa4]::thread::lifecycle::spawn_unchecked<test[9d35eded1c95d3be]::run_test::{closure#1}, ()>::{closure#1} as core[df12db4294e9bfd3]::ops::function::FnOnce<()>>::call_once::{shim:vtable#0}
[INFO] [stdout]   17:     0x5b70f79896d9 - <std[70759c8f55707aa4]::sys::thread::unix::Thread>::new::thread_start
[INFO] [stdout]   18:     0x791154fb3dfa - <unknown>
[INFO] [stdout]   19:     0x7911550473d4 - clone
[INFO] [stdout]   20:                0x0 - <unknown>
[INFO] [stdout] 
[INFO] [stdout] ---- sync_io::test::tests::tls_server_end_point stdout ----
[INFO] [stdout] 
[INFO] [stdout] thread 'sync_io::test::tests::tls_server_end_point' (655) panicked at src/sync_io/test.rs:372:24:
[INFO] [stdout] Normal(ErrorStack([Error { code: 50856204, library: "digital envelope routines", function: "inner_evp_generic_fetch", reason: "unsupported", file: "../crypto/evp/evp_fetch.c", line: 376, data: "Global default library context, Algorithm (RC2-40-CBC : 0), Properties ()" }]))
[INFO] [stdout] stack backtrace:
[INFO] [stdout]    0:     0x5b70f798a581 - <<std[70759c8f55707aa4]::sys::backtrace::BacktraceLock>::print::DisplayBacktrace as core[df12db4294e9bfd3]::fmt::Display>::fmt
[INFO] [stdout]    1:     0x5b70f799f94a - core[df12db4294e9bfd3]::fmt::write
[INFO] [stdout]    2:     0x5b70f798f13c - <alloc[2182bb758b4b3781]::vec::Vec<u8> as core[df12db4294e9bfd3]::io::write::Write>::write_fmt
[INFO] [stdout]    3:     0x5b70f7965706 - std[70759c8f55707aa4]::panicking::default_hook::{closure#0}
[INFO] [stdout]    4:     0x5b70f79822e9 - std[70759c8f55707aa4]::panicking::default_hook
[INFO] [stdout]    5:     0x5b70f791acf0 - test[9d35eded1c95d3be]::test_main_inner::<test[9d35eded1c95d3be]::test_main_static::{closure#0}>::{closure#0}
[INFO] [stdout]    6:     0x5b70f7982612 - std[70759c8f55707aa4]::panicking::panic_with_hook
[INFO] [stdout]    7:     0x5b70f79657b2 - std[70759c8f55707aa4]::panicking::panic_handler::{closure#0}
[INFO] [stdout]    8:     0x5b70f795e249 - std[70759c8f55707aa4]::sys::backtrace::__rust_end_short_backtrace::<std[70759c8f55707aa4]::panicking::panic_handler::{closure#0}, !>
[INFO] [stdout]    9:     0x5b70f796663d - __rustc[8fa7c3cbc660c2b3]::rust_begin_unwind
[INFO] [stdout]   10:     0x5b70f79a007c - core[df12db4294e9bfd3]::panicking::panic_fmt
[INFO] [stdout]   11:     0x5b70f79034fb - opentls[6bd65fc4d24e580c]::sync_io::test::tests::tls_server_end_point
[INFO] [stdout]   12:     0x5b70f79087d9 - <opentls[6bd65fc4d24e580c]::sync_io::test::tests::tls_server_end_point::{closure#0} as core[df12db4294e9bfd3]::ops::function::FnOnce<()>>::call_once
[INFO] [stdout]   13:     0x5b70f790dfdb - test[9d35eded1c95d3be]::__rust_begin_short_backtrace::<core[df12db4294e9bfd3]::result::Result<(), alloc[2182bb758b4b3781]::string::String>, fn() -> core[df12db4294e9bfd3]::result::Result<(), alloc[2182bb758b4b3781]::string::String>>
[INFO] [stdout]   14:     0x5b70f791b645 - test[9d35eded1c95d3be]::run_test::{closure#0}
[INFO] [stdout]   15:     0x5b70f7914f04 - std[70759c8f55707aa4]::sys::backtrace::__rust_begin_short_backtrace::<test[9d35eded1c95d3be]::run_test::{closure#1}, ()>
[INFO] [stdout]   16:     0x5b70f791e7a2 - <std[70759c8f55707aa4]::thread::lifecycle::spawn_unchecked<test[9d35eded1c95d3be]::run_test::{closure#1}, ()>::{closure#1} as core[df12db4294e9bfd3]::ops::function::FnOnce<()>>::call_once::{shim:vtable#0}
[INFO] [stdout]   17:     0x5b70f79896d9 - <std[70759c8f55707aa4]::sys::thread::unix::Thread>::new::thread_start
[INFO] [stdout]   18:     0x791154fb3dfa - <unknown>
[INFO] [stdout]   19:     0x7911550473d4 - clone
[INFO] [stdout]   20:                0x0 - <unknown>
[INFO] [stdout] 
[INFO] [stdout] ---- sync_io::test::tests::server_no_shared_protocol stdout ----
[INFO] [stdout] 
[INFO] [stdout] thread 'sync_io::test::tests::server_no_shared_protocol' (649) panicked at src/sync_io/test.rs:244:24:
[INFO] [stdout] Normal(ErrorStack([Error { code: 50856204, library: "digital envelope routines", function: "inner_evp_generic_fetch", reason: "unsupported", file: "../crypto/evp/evp_fetch.c", line: 376, data: "Global default library context, Algorithm (RC2-40-CBC : 0), Properties ()" }]))
[INFO] [stdout] stack backtrace:
[INFO] [stdout]    0:     0x5b70f798a581 - <<std[70759c8f55707aa4]::sys::backtrace::BacktraceLock>::print::DisplayBacktrace as core[df12db4294e9bfd3]::fmt::Display>::fmt
[INFO] [stdout]    1:     0x5b70f799f94a - core[df12db4294e9bfd3]::fmt::write
[INFO] [stdout]    2:     0x5b70f798f13c - <alloc[2182bb758b4b3781]::vec::Vec<u8> as core[df12db4294e9bfd3]::io::write::Write>::write_fmt
[INFO] [stdout]    3:     0x5b70f7965706 - std[70759c8f55707aa4]::panicking::default_hook::{closure#0}
[INFO] [stdout]    4:     0x5b70f79822e9 - std[70759c8f55707aa4]::panicking::default_hook
[INFO] [stdout]    5:     0x5b70f791acf0 - test[9d35eded1c95d3be]::test_main_inner::<test[9d35eded1c95d3be]::test_main_static::{closure#0}>::{closure#0}
[INFO] [stdout]    6:     0x5b70f7982612 - std[70759c8f55707aa4]::panicking::panic_with_hook
[INFO] [stdout]    7:     0x5b70f79657b2 - std[70759c8f55707aa4]::panicking::panic_handler::{closure#0}
[INFO] [stdout]    8:     0x5b70f795e249 - std[70759c8f55707aa4]::sys::backtrace::__rust_end_short_backtrace::<std[70759c8f55707aa4]::panicking::panic_handler::{closure#0}, !>
[INFO] [stdout]    9:     0x5b70f796663d - __rustc[8fa7c3cbc660c2b3]::rust_begin_unwind
[INFO] [stdout]   10:     0x5b70f79a007c - core[df12db4294e9bfd3]::panicking::panic_fmt
[INFO] [stdout]   11:     0x5b70f7903fe4 - opentls[6bd65fc4d24e580c]::sync_io::test::tests::server_no_shared_protocol
[INFO] [stdout]   12:     0x5b70f7908819 - <opentls[6bd65fc4d24e580c]::sync_io::test::tests::server_no_shared_protocol::{closure#0} as core[df12db4294e9bfd3]::ops::function::FnOnce<()>>::call_once
[INFO] [stdout]   13:     0x5b70f790dfdb - test[9d35eded1c95d3be]::__rust_begin_short_backtrace::<core[df12db4294e9bfd3]::result::Result<(), alloc[2182bb758b4b3781]::string::String>, fn() -> core[df12db4294e9bfd3]::result::Result<(), alloc[2182bb758b4b3781]::string::String>>
[INFO] [stdout]   14:     0x5b70f791b645 - test[9d35eded1c95d3be]::run_test::{closure#0}
[INFO] [stdout]   15:     0x5b70f7914f04 - std[70759c8f55707aa4]::sys::backtrace::__rust_begin_short_backtrace::<test[9d35eded1c95d3be]::run_test::{closure#1}, ()>
[INFO] [stdout]   16:     0x5b70f791e7a2 - <std[70759c8f55707aa4]::thread::lifecycle::spawn_unchecked<test[9d35eded1c95d3be]::run_test::{closure#1}, ()>::{closure#1} as core[df12db4294e9bfd3]::ops::function::FnOnce<()>>::call_once::{shim:vtable#0}
[INFO] [stdout]   17:     0x5b70f79896d9 - <std[70759c8f55707aa4]::sys::thread::unix::Thread>::new::thread_start
[INFO] [stdout]   18:     0x791154fb3dfa - <unknown>
[INFO] [stdout]   19:     0x7911550473d4 - clone
[INFO] [stdout]   20:                0x0 - <unknown>
[INFO] [stdout] 
[INFO] [stdout] ---- sync_io::test::tests::connect_no_root_certs stdout ----
[INFO] [stdout] 
[INFO] [stdout] thread 'sync_io::test::tests::connect_no_root_certs' (644) panicked at src/sync_io/test.rs:57:17:
[INFO] [stdout] Custom { kind: Uncategorized, error: "failed to lookup address information: Temporary failure in name resolution" }
[INFO] [stdout] stack backtrace:
[INFO] [stdout]    0:     0x5b70f798a581 - <<std[70759c8f55707aa4]::sys::backtrace::BacktraceLock>::print::DisplayBacktrace as core[df12db4294e9bfd3]::fmt::Display>::fmt
[INFO] [stdout]    1:     0x5b70f799f94a - core[df12db4294e9bfd3]::fmt::write
[INFO] [stdout]    2:     0x5b70f798f13c - <alloc[2182bb758b4b3781]::vec::Vec<u8> as core[df12db4294e9bfd3]::io::write::Write>::write_fmt
[INFO] [stdout]    3:     0x5b70f7965706 - std[70759c8f55707aa4]::panicking::default_hook::{closure#0}
[INFO] [stdout]    4:     0x5b70f79822e9 - std[70759c8f55707aa4]::panicking::default_hook
[INFO] [stdout]    5:     0x5b70f791acf0 - test[9d35eded1c95d3be]::test_main_inner::<test[9d35eded1c95d3be]::test_main_static::{closure#0}>::{closure#0}
[INFO] [stdout]    6:     0x5b70f7982612 - std[70759c8f55707aa4]::panicking::panic_with_hook
[INFO] [stdout]    7:     0x5b70f79657b2 - std[70759c8f55707aa4]::panicking::panic_handler::{closure#0}
[INFO] [stdout]    8:     0x5b70f795e249 - std[70759c8f55707aa4]::sys::backtrace::__rust_end_short_backtrace::<std[70759c8f55707aa4]::panicking::panic_handler::{closure#0}, !>
[INFO] [stdout]    9:     0x5b70f796663d - __rustc[8fa7c3cbc660c2b3]::rust_begin_unwind
[INFO] [stdout]   10:     0x5b70f79a007c - core[df12db4294e9bfd3]::panicking::panic_fmt
[INFO] [stdout]   11:     0x5b70f7903bed - opentls[6bd65fc4d24e580c]::sync_io::test::tests::connect_no_root_certs
[INFO] [stdout]   12:     0x5b70f79087f9 - <opentls[6bd65fc4d24e580c]::sync_io::test::tests::connect_no_root_certs::{closure#0} as core[df12db4294e9bfd3]::ops::function::FnOnce<()>>::call_once
[INFO] [stdout]   13:     0x5b70f790dfdb - test[9d35eded1c95d3be]::__rust_begin_short_backtrace::<core[df12db4294e9bfd3]::result::Result<(), alloc[2182bb758b4b3781]::string::String>, fn() -> core[df12db4294e9bfd3]::result::Result<(), alloc[2182bb758b4b3781]::string::String>>
[INFO] [stdout]   14:     0x5b70f791b645 - test[9d35eded1c95d3be]::run_test::{closure#0}
[INFO] [stdout]   15:     0x5b70f7914f04 - std[70759c8f55707aa4]::sys::backtrace::__rust_begin_short_backtrace::<test[9d35eded1c95d3be]::run_test::{closure#1}, ()>
[INFO] [stdout]   16:     0x5b70f791e7a2 - <std[70759c8f55707aa4]::thread::lifecycle::spawn_unchecked<test[9d35eded1c95d3be]::run_test::{closure#1}, ()>::{closure#1} as core[df12db4294e9bfd3]::ops::function::FnOnce<()>>::call_once::{shim:vtable#0}
[INFO] [stdout]   17:     0x5b70f79896d9 - <std[70759c8f55707aa4]::sys::thread::unix::Thread>::new::thread_start
[INFO] [stdout]   18:     0x791154fb3dfa - <unknown>
[INFO] [stdout]   19:     0x7911550473d4 - clone
[INFO] [stdout]   20:                0x0 - <unknown>
[INFO] [stdout] 
[INFO] [stdout] ---- sync_io::test::tests::connect_bad_hostname stdout ----
[INFO] [stdout] 
[INFO] [stdout] thread 'sync_io::test::tests::connect_bad_hostname' (641) panicked at src/sync_io/test.rs:43:17:
[INFO] [stdout] Custom { kind: Uncategorized, error: "failed to lookup address information: Temporary failure in name resolution" }
[INFO] [stdout] stack backtrace:
[INFO] [stdout]    0:     0x5b70f798a581 - <<std[70759c8f55707aa4]::sys::backtrace::BacktraceLock>::print::DisplayBacktrace as core[df12db4294e9bfd3]::fmt::Display>::fmt
[INFO] [stdout]    1:     0x5b70f799f94a - core[df12db4294e9bfd3]::fmt::write
[INFO] [stdout]    2:     0x5b70f798f13c - <alloc[2182bb758b4b3781]::vec::Vec<u8> as core[df12db4294e9bfd3]::io::write::Write>::write_fmt
[INFO] [stdout]    3:     0x5b70f7965706 - std[70759c8f55707aa4]::panicking::default_hook::{closure#0}
[INFO] [stdout]    4:     0x5b70f79822e9 - std[70759c8f55707aa4]::panicking::default_hook
[INFO] [stdout]    5:     0x5b70f791acf0 - test[9d35eded1c95d3be]::test_main_inner::<test[9d35eded1c95d3be]::test_main_static::{closure#0}>::{closure#0}
[INFO] [stdout]    6:     0x5b70f7982612 - std[70759c8f55707aa4]::panicking::panic_with_hook
[INFO] [stdout]    7:     0x5b70f79657b2 - std[70759c8f55707aa4]::panicking::panic_handler::{closure#0}
[INFO] [stdout]    8:     0x5b70f795e249 - std[70759c8f55707aa4]::sys::backtrace::__rust_end_short_backtrace::<std[70759c8f55707aa4]::panicking::panic_handler::{closure#0}, !>
[INFO] [stdout]    9:     0x5b70f796663d - __rustc[8fa7c3cbc660c2b3]::rust_begin_unwind
[INFO] [stdout]   10:     0x5b70f79a007c - core[df12db4294e9bfd3]::panicking::panic_fmt
[INFO] [stdout]   11:     0x5b70f790269a - opentls[6bd65fc4d24e580c]::sync_io::test::tests::connect_bad_hostname
[INFO] [stdout]   12:     0x5b70f7908799 - <opentls[6bd65fc4d24e580c]::sync_io::test::tests::connect_bad_hostname::{closure#0} as core[df12db4294e9bfd3]::ops::function::FnOnce<()>>::call_once
[INFO] [stdout]   13:     0x5b70f790dfdb - test[9d35eded1c95d3be]::__rust_begin_short_backtrace::<core[df12db4294e9bfd3]::result::Result<(), alloc[2182bb758b4b3781]::string::String>, fn() -> core[df12db4294e9bfd3]::result::Result<(), alloc[2182bb758b4b3781]::string::String>>
[INFO] [stdout]   14:     0x5b70f791b645 - test[9d35eded1c95d3be]::run_test::{closure#0}
[INFO] [stdout]   15:     0x5b70f7914f04 - std[70759c8f55707aa4]::sys::backtrace::__rust_begin_short_backtrace::<test[9d35eded1c95d3be]::run_test::{closure#1}, ()>
[INFO] [stdout]   16:     0x5b70f791e7a2 - <std[70759c8f55707aa4]::thread::lifecycle::spawn_unchecked<test[9d35eded1c95d3be]::run_test::{closure#1}, ()>::{closure#1} as core[df12db4294e9bfd3]::ops::function::FnOnce<()>>::call_once::{shim:vtable#0}
[INFO] [stdout]   17:     0x5b70f79896d9 - <std[70759c8f55707aa4]::sys::thread::unix::Thread>::new::thread_start
[INFO] [stdout]   18:     0x791154fb3dfa - <unknown>
[INFO] [stdout]   19:     0x7911550473d4 - clone
[INFO] [stdout]   20:                0x0 - <unknown>
[INFO] [stdout] 
[INFO] [stdout] ---- sync_io::test::tests::connect_google stdout ----
[INFO] [stdout] 
[INFO] [stdout] thread 'sync_io::test::tests::connect_google' (643) panicked at src/sync_io/test.rs:28:17:
[INFO] [stdout] Custom { kind: Uncategorized, error: "failed to lookup address information: Temporary failure in name resolution" }
[INFO] [stdout] stack backtrace:
[INFO] [stdout]    0:     0x5b70f798a581 - <<std[70759c8f55707aa4]::sys::backtrace::BacktraceLock>::print::DisplayBacktrace as core[df12db4294e9bfd3]::fmt::Display>::fmt
[INFO] [stdout]    1:     0x5b70f799f94a - core[df12db4294e9bfd3]::fmt::write
[INFO] [stdout]    2:     0x5b70f798f13c - <alloc[2182bb758b4b3781]::vec::Vec<u8> as core[df12db4294e9bfd3]::io::write::Write>::write_fmt
[INFO] [stdout]    3:     0x5b70f7965706 - std[70759c8f55707aa4]::panicking::default_hook::{closure#0}
[INFO] [stdout]    4:     0x5b70f79822e9 - std[70759c8f55707aa4]::panicking::default_hook
[INFO] [stdout]    5:     0x5b70f791acf0 - test[9d35eded1c95d3be]::test_main_inner::<test[9d35eded1c95d3be]::test_main_static::{closure#0}>::{closure#0}
[INFO] [stdout]    6:     0x5b70f7982612 - std[70759c8f55707aa4]::panicking::panic_with_hook
[INFO] [stdout]    7:     0x5b70f79657b2 - std[70759c8f55707aa4]::panicking::panic_handler::{closure#0}
[INFO] [stdout]    8:     0x5b70f795e249 - std[70759c8f55707aa4]::sys::backtrace::__rust_end_short_backtrace::<std[70759c8f55707aa4]::panicking::panic_handler::{closure#0}, !>
[INFO] [stdout]    9:     0x5b70f796663d - __rustc[8fa7c3cbc660c2b3]::rust_begin_unwind
[INFO] [stdout]   10:     0x5b70f79a007c - core[df12db4294e9bfd3]::panicking::panic_fmt
[INFO] [stdout]   11:     0x5b70f7900bb0 - opentls[6bd65fc4d24e580c]::sync_io::test::tests::connect_google
[INFO] [stdout]   12:     0x5b70f7908719 - <opentls[6bd65fc4d24e580c]::sync_io::test::tests::connect_google::{closure#0} as core[df12db4294e9bfd3]::ops::function::FnOnce<()>>::call_once
[INFO] [stdout]   13:     0x5b70f790dfdb - test[9d35eded1c95d3be]::__rust_begin_short_backtrace::<core[df12db4294e9bfd3]::result::Result<(), alloc[2182bb758b4b3781]::string::String>, fn() -> core[df12db4294e9bfd3]::result::Result<(), alloc[2182bb758b4b3781]::string::String>>
[INFO] [stdout]   14:     0x5b70f791b645 - test[9d35eded1c95d3be]::run_test::{closure#0}
[INFO] [stdout]   15:     0x5b70f7914f04 - std[70759c8f55707aa4]::sys::backtrace::__rust_begin_short_backtrace::<test[9d35eded1c95d3be]::run_test::{closure#1}, ()>
[INFO] [stdout]   16:     0x5b70f791e7a2 - <std[70759c8f55707aa4]::thread::lifecycle::spawn_unchecked<test[9d35eded1c95d3be]::run_test::{closure#1}, ()>::{closure#1} as core[df12db4294e9bfd3]::ops::function::FnOnce<()>>::call_once::{shim:vtable#0}
[INFO] [stdout]   17:     0x5b70f79896d9 - <std[70759c8f55707aa4]::sys::thread::unix::Thread>::new::thread_start
[INFO] [stdout]   18:     0x791154fb3dfa - <unknown>
[INFO] [stdout]   19:     0x7911550473d4 - clone
[INFO] [stdout]   20:                0x0 - <unknown>
[INFO] [stdout] 
[INFO] [stdout] ---- sync_io::test::tests::connect_bad_hostname_ignored stdout ----
[INFO] [stdout] 
[INFO] [stdout] thread 'sync_io::test::tests::connect_bad_hostname_ignored' (642) panicked at src/sync_io/test.rs:50:17:
[INFO] [stdout] Custom { kind: Uncategorized, error: "failed to lookup address information: Temporary failure in name resolution" }
[INFO] [stdout] stack backtrace:
[INFO] [stdout]    0:     0x5b70f798a581 - <<std[70759c8f55707aa4]::sys::backtrace::BacktraceLock>::print::DisplayBacktrace as core[df12db4294e9bfd3]::fmt::Display>::fmt
[INFO] [stdout]    1:     0x5b70f799f94a - core[df12db4294e9bfd3]::fmt::write
[INFO] [stdout]    2:     0x5b70f798f13c - <alloc[2182bb758b4b3781]::vec::Vec<u8> as core[df12db4294e9bfd3]::io::write::Write>::write_fmt
[INFO] [stdout]    3:     0x5b70f7965706 - std[70759c8f55707aa4]::panicking::default_hook::{closure#0}
[INFO] [stdout]    4:     0x5b70f79822e9 - std[70759c8f55707aa4]::panicking::default_hook
[INFO] [stdout]    5:     0x5b70f791acf0 - test[9d35eded1c95d3be]::test_main_inner::<test[9d35eded1c95d3be]::test_main_static::{closure#0}>::{closure#0}
[INFO] [stdout]    6:     0x5b70f7982612 - std[70759c8f55707aa4]::panicking::panic_with_hook
[INFO] [stdout]    7:     0x5b70f79657b2 - std[70759c8f55707aa4]::panicking::panic_handler::{closure#0}
[INFO] [stdout]    8:     0x5b70f795e249 - std[70759c8f55707aa4]::sys::backtrace::__rust_end_short_backtrace::<std[70759c8f55707aa4]::panicking::panic_handler::{closure#0}, !>
[INFO] [stdout]    9:     0x5b70f796663d - __rustc[8fa7c3cbc660c2b3]::rust_begin_unwind
[INFO] [stdout]   10:     0x5b70f79a007c - core[df12db4294e9bfd3]::panicking::panic_fmt
[INFO] [stdout]   11:     0x5b70f7904cdd - opentls[6bd65fc4d24e580c]::sync_io::test::tests::connect_bad_hostname_ignored
[INFO] [stdout]   12:     0x5b70f7908859 - <opentls[6bd65fc4d24e580c]::sync_io::test::tests::connect_bad_hostname_ignored::{closure#0} as core[df12db4294e9bfd3]::ops::function::FnOnce<()>>::call_once
[INFO] [stdout]   13:     0x5b70f790dfdb - test[9d35eded1c95d3be]::__rust_begin_short_backtrace::<core[df12db4294e9bfd3]::result::Result<(), alloc[2182bb758b4b3781]::string::String>, fn() -> core[df12db4294e9bfd3]::result::Result<(), alloc[2182bb758b4b3781]::string::String>>
[INFO] [stdout]   14:     0x5b70f791b645 - test[9d35eded1c95d3be]::run_test::{closure#0}
[INFO] [stdout]   15:     0x5b70f7914f04 - std[70759c8f55707aa4]::sys::backtrace::__rust_begin_short_backtrace::<test[9d35eded1c95d3be]::run_test::{closure#1}, ()>
[INFO] [stdout]   16:     0x5b70f791e7a2 - <std[70759c8f55707aa4]::thread::lifecycle::spawn_unchecked<test[9d35eded1c95d3be]::run_test::{closure#1}, ()>::{closure#1} as core[df12db4294e9bfd3]::ops::function::FnOnce<()>>::call_once::{shim:vtable#0}
[INFO] [stdout]   17:     0x5b70f79896d9 - <std[70759c8f55707aa4]::sys::thread::unix::Thread>::new::thread_start
[INFO] [stdout]   18:     0x791154fb3dfa - <unknown>
[INFO] [stdout]   19:     0x7911550473d4 - clone
[INFO] [stdout]   20:                0x0 - <unknown>
[INFO] [stdout] 
[INFO] [stdout] 
[INFO] [stdout] failures:
[INFO] [stdout]     sync_io::test::tests::connect_bad_hostname
[INFO] [stdout]     sync_io::test::tests::connect_bad_hostname_ignored
[INFO] [stdout]     sync_io::test::tests::connect_google
[INFO] [stdout]     sync_io::test::tests::connect_no_root_certs
[INFO] [stdout]     sync_io::test::tests::import_same_identity_multiple_times
[INFO] [stdout]     sync_io::test::tests::peer_certificate
[INFO] [stdout]     sync_io::test::tests::server
[INFO] [stdout]     sync_io::test::tests::server_no_root_certs
[INFO] [stdout]     sync_io::test::tests::server_no_shared_protocol
[INFO] [stdout]     sync_io::test::tests::server_pem
[INFO] [stdout]     sync_io::test::tests::server_tls11_only
[INFO] [stdout]     sync_io::test::tests::server_untrusted
[INFO] [stdout]     sync_io::test::tests::server_untrusted_unverified
[INFO] [stdout]     sync_io::test::tests::shutdown
[INFO] [stdout]     sync_io::test::tests::tls_server_end_point
[INFO] [stdout] 
[INFO] [stdout] test result: FAILED. 0 passed; 15 failed; 0 ignored; 0 measured; 0 filtered out; finished in 0.09s
[INFO] [stdout] 
[INFO] running `Command { std: "docker" "inspect" "d36753b2bd1366db5cecb36c43ff3108ab6102db3877e32eeddbeed761256345", kill_on_drop: false }`
[INFO] running `Command { std: "docker" "rm" "-f" "d36753b2bd1366db5cecb36c43ff3108ab6102db3877e32eeddbeed761256345", kill_on_drop: false }`
[INFO] [stdout] d36753b2bd1366db5cecb36c43ff3108ab6102db3877e32eeddbeed761256345
