[INFO] fetching crate opentelemetry_resourcedetector_gcp_rust 0.21.0...
[INFO] testing opentelemetry_resourcedetector_gcp_rust-0.21.0 against 1.100.0-beta.1+cargoflags=--release for beta-release-1.100-2
[INFO] extracting crate opentelemetry_resourcedetector_gcp_rust 0.21.0 into /workspace/builds/worker-4-tc2/source
[INFO] started tweaking crates.io crate opentelemetry_resourcedetector_gcp_rust 0.21.0
[INFO] finished tweaking crates.io crate opentelemetry_resourcedetector_gcp_rust 0.21.0
[INFO] tweaked toml for crates.io crate opentelemetry_resourcedetector_gcp_rust 0.21.0 written to /workspace/builds/worker-4-tc2/source/Cargo.toml
[INFO] validating manifest of crates.io crate opentelemetry_resourcedetector_gcp_rust 0.21.0 on toolchain 1.100.0-beta.1
[INFO] running `Command { std: CARGO_HOME="/workspace/cargo-home" RUSTUP_HOME="/workspace/rustup-home" "/workspace/cargo-home/bin/cargo" "+1.100.0-beta.1" "metadata" "--manifest-path" "Cargo.toml" "--no-deps", kill_on_drop: false }`
[INFO] crate crates.io crate opentelemetry_resourcedetector_gcp_rust 0.21.0 already has a lockfile, it will not be regenerated
[INFO] running `Command { std: CARGO_HOME="/workspace/cargo-home" RUSTUP_HOME="/workspace/rustup-home" "/workspace/cargo-home/bin/cargo" "+1.100.0-beta.1" "fetch" "--manifest-path" "Cargo.toml", kill_on_drop: false }`
[INFO] [stderr] warning: `package.homepage` is redundant with `package.repository`
[INFO] [stderr]   --> Cargo.toml:56:12
[INFO] [stderr]    |
[INFO] [stderr] 56 | homepage = "https://github.com/Sergo007/opentelemetry-resourcedetector-gcp-rust"
[INFO] [stderr]    |            ^^^^^^^^^^^^^^^^^^^^^^^^^^^^^^^^^^^^^^^^^^^^^^^^^^^^^^^^^^^^^^^^^^^^^
[INFO] [stderr] ...
[INFO] [stderr] 61 | repository = "https://github.com/Sergo007/opentelemetry-resourcedetector-gcp-rust"
[INFO] [stderr]    |              ---------------------------------------------------------------------
[INFO] [stderr]    |
[INFO] [stderr]    = note: `cargo::redundant_homepage` is set to `warn` by default
[INFO] [stderr] help: consider removing `package.homepage`
[INFO] [stderr] warning: `opentelemetry_resourcedetector_gcp_rust` (manifest) generated 1 warning
[INFO] running `Command { std: "docker" "create" "-v" "/var/lib/crater-agent-workspace/builds/worker-4-tc2/source:/opt/rustwide/workdir:ro,Z" "-v" "/var/lib/crater-agent-workspace/builds/worker-4-tc2/target:/opt/rustwide/target:rw,Z" "-v" "/var/lib/crater-agent-workspace/cargo-home:/opt/rustwide/cargo-home:ro,Z" "-v" "/var/lib/crater-agent-workspace/rustup-home:/opt/rustwide/rustup-home:ro,Z" "-m" "1610612736" "--network" "none" "ghcr.io/rust-lang/crates-build-env/linux@sha256:77db811e55d90add9212f6832c23229e3de5f1c1f9905e8cb07319ea15df73ac" "sleep" "infinity", kill_on_drop: false }`
[INFO] [stdout] c0882e4001e3db7fceb5a19622999f6dceb9749efa843498163a68de0234c086
[INFO] running `Command { std: "docker" "start" "c0882e4001e3db7fceb5a19622999f6dceb9749efa843498163a68de0234c086", kill_on_drop: false }`
[INFO] running `Command { std: "docker" "inspect" "c0882e4001e3db7fceb5a19622999f6dceb9749efa843498163a68de0234c086", kill_on_drop: false }`
[INFO] running `Command { std: "docker" "exec" "-e" "SOURCE_DIR=/opt/rustwide/workdir" "-e" "CARGO_HOME=/opt/rustwide/cargo-home" "-e" "RUSTUP_HOME=/opt/rustwide/rustup-home" "-e" "CARGO_TARGET_DIR=/opt/rustwide/target" "-w" "/opt/rustwide/workdir" "--user" "0:0" "c0882e4001e3db7fceb5a19622999f6dceb9749efa843498163a68de0234c086" "/opt/rustwide/cargo-home/bin/cargo" "+1.100.0-beta.1" "metadata" "--no-deps" "--format-version=1", kill_on_drop: false }`
[INFO] running `Command { std: "docker" "inspect" "c0882e4001e3db7fceb5a19622999f6dceb9749efa843498163a68de0234c086", kill_on_drop: false }`
[INFO] running `Command { std: "docker" "exec" "-e" "SOURCE_DIR=/opt/rustwide/workdir" "-e" "CARGO_HOME=/opt/rustwide/cargo-home" "-e" "RUSTUP_HOME=/opt/rustwide/rustup-home" "-e" "CARGO_TARGET_DIR=/opt/rustwide/target" "-e" "CARGO_INCREMENTAL=0" "-e" "RUST_BACKTRACE=full" "-e" "RUSTFLAGS=--cap-lints=warn" "-e" "RUSTDOCFLAGS=--cap-lints=warn" "-w" "/opt/rustwide/workdir" "--user" "0:0" "c0882e4001e3db7fceb5a19622999f6dceb9749efa843498163a68de0234c086" "/opt/rustwide/cargo-home/bin/cargo" "+1.100.0-beta.1" "build" "--frozen" "--message-format=json" "--release", kill_on_drop: false }`
[INFO] [stderr] warning: `package.homepage` is redundant with `package.repository`
[INFO] [stderr]   --> Cargo.toml:56:12
[INFO] [stderr]    |
[INFO] [stderr] 56 | homepage = "https://github.com/Sergo007/opentelemetry-resourcedetector-gcp-rust"
[INFO] [stderr]    |            ^^^^^^^^^^^^^^^^^^^^^^^^^^^^^^^^^^^^^^^^^^^^^^^^^^^^^^^^^^^^^^^^^^^^^
[INFO] [stderr] ...
[INFO] [stderr] 61 | repository = "https://github.com/Sergo007/opentelemetry-resourcedetector-gcp-rust"
[INFO] [stderr]    |              ---------------------------------------------------------------------
[INFO] [stderr]    |
[INFO] [stderr]    = note: `cargo::redundant_homepage` is set to `warn` by default
[INFO] [stderr] help: consider removing `package.homepage`
[INFO] [stderr] warning: `opentelemetry_resourcedetector_gcp_rust` (manifest) generated 1 warning
[INFO] [stderr]    Compiling libc v0.2.186
[INFO] [stderr]    Compiling aws-lc-rs v1.16.3
[INFO] [stderr]    Compiling rustls v0.23.40
[INFO] [stderr]    Compiling http v1.4.0
[INFO] [stderr]    Compiling rustls-pki-types v1.14.1
[INFO] [stderr]    Compiling syn v2.0.117
[INFO] [stderr]    Compiling memchr v2.8.0
[INFO] [stderr]    Compiling thiserror v2.0.18
[INFO] [stderr]    Compiling ppv-lite86 v0.2.21
[INFO] [stderr]    Compiling bitflags v2.11.1
[INFO] [stderr]    Compiling regex-syntax v0.8.10
[INFO] [stderr]    Compiling rustls-native-certs v0.8.3
[INFO] [stderr]    Compiling aho-corasick v1.1.4
[INFO] [stderr]    Compiling serde_json v1.0.149
[INFO] [stderr]    Compiling jobserver v0.1.34
[INFO] [stderr]    Compiling http-body v1.0.1
[INFO] [stderr]    Compiling mio v1.2.0
[INFO] [stderr]    Compiling socket2 v0.6.3
[INFO] [stderr]    Compiling getrandom v0.3.4
[INFO] [stderr]    Compiling http-body-util v0.1.3
[INFO] [stderr]    Compiling cc v1.2.61
[INFO] [stderr]    Compiling rand_core v0.9.5
[INFO] [stderr]    Compiling rand_chacha v0.9.0
[INFO] [stderr]    Compiling rand v0.9.4
[INFO] [stderr]    Compiling tokio v1.52.2
[INFO] [stderr]    Compiling cmake v0.1.58
[INFO] [stderr]    Compiling regex-automata v0.4.14
[INFO] [stderr]    Compiling aws-lc-sys v0.40.0
[INFO] [stderr]    Compiling synstructure v0.13.2
[INFO] [stderr]    Compiling zerofrom-derive v0.1.7
[INFO] [stderr]    Compiling yoke-derive v0.8.2
[INFO] [stderr]    Compiling zerovec-derive v0.11.3
[INFO] [stderr]    Compiling displaydoc v0.2.5
[INFO] [stderr]    Compiling futures-macro v0.3.32
[INFO] [stderr]    Compiling tracing-attributes v0.1.31
[INFO] [stderr]    Compiling thiserror-impl v2.0.18
[INFO] [stderr]    Compiling serde_derive v1.0.228
[INFO] [stderr]    Compiling regex v1.12.3
[INFO] [stderr]    Compiling futures-util v0.3.32
[INFO] [stderr]    Compiling zerofrom v0.1.7
[INFO] [stderr]    Compiling yoke v0.8.2
[INFO] [stderr]    Compiling zerovec v0.11.6
[INFO] [stderr]    Compiling zerotrie v0.2.4
[INFO] [stderr]    Compiling tracing v0.1.44
[INFO] [stderr]    Compiling hyper v1.9.0
[INFO] [stderr]    Compiling opentelemetry v0.31.0
[INFO] [stderr]    Compiling tinystr v0.8.3
[INFO] [stderr]    Compiling icu_locale_core v2.2.0
[INFO] [stderr]    Compiling potential_utf v0.1.5
[INFO] [stderr]    Compiling icu_collections v2.2.0
[INFO] [stderr]    Compiling icu_provider v2.2.0
[INFO] [stderr]    Compiling icu_properties v2.2.0
[INFO] [stderr]    Compiling icu_normalizer v2.2.0
[INFO] [stderr]    Compiling hyper-util v0.1.20
[INFO] [stderr]    Compiling tower v0.5.3
[INFO] [stderr]    Compiling serde v1.0.228
[INFO] [stderr]    Compiling futures-executor v0.3.32
[INFO] [stderr]    Compiling opentelemetry_sdk v0.31.0
[INFO] [stderr]    Compiling idna_adapter v1.2.2
[INFO] [stderr]    Compiling idna v1.1.0
[INFO] [stderr]    Compiling url v2.5.8
[INFO] [stderr]    Compiling tower-http v0.6.9
[INFO] [stderr]    Compiling rustls-webpki v0.103.13
[INFO] [stderr]    Compiling tokio-rustls v0.26.4
[INFO] [stderr]    Compiling rustls-platform-verifier v0.7.0
[INFO] [stderr]    Compiling hyper-rustls v0.27.9
[INFO] [stderr]    Compiling reqwest v0.13.3
[INFO] [stderr]    Compiling opentelemetry_resourcedetector_gcp_rust v0.21.0 (/opt/rustwide/workdir)
[INFO] [stderr]     Finished `release` profile [optimized] target(s) in 1m 08s
[INFO] running `Command { std: "docker" "inspect" "c0882e4001e3db7fceb5a19622999f6dceb9749efa843498163a68de0234c086", kill_on_drop: false }`
[INFO] running `Command { std: "docker" "exec" "-e" "SOURCE_DIR=/opt/rustwide/workdir" "-e" "CARGO_HOME=/opt/rustwide/cargo-home" "-e" "RUSTUP_HOME=/opt/rustwide/rustup-home" "-e" "CARGO_TARGET_DIR=/opt/rustwide/target" "-e" "CARGO_INCREMENTAL=0" "-e" "RUST_BACKTRACE=full" "-e" "RUSTFLAGS=--cap-lints=warn" "-e" "RUSTDOCFLAGS=--cap-lints=warn" "-w" "/opt/rustwide/workdir" "--user" "0:0" "c0882e4001e3db7fceb5a19622999f6dceb9749efa843498163a68de0234c086" "/opt/rustwide/cargo-home/bin/cargo" "+1.100.0-beta.1" "test" "--frozen" "--no-run" "--message-format=json" "--release", kill_on_drop: false }`
[INFO] [stderr] warning: `package.homepage` is redundant with `package.repository`
[INFO] [stderr]   --> Cargo.toml:56:12
[INFO] [stderr]    |
[INFO] [stderr] 56 | homepage = "https://github.com/Sergo007/opentelemetry-resourcedetector-gcp-rust"
[INFO] [stderr]    |            ^^^^^^^^^^^^^^^^^^^^^^^^^^^^^^^^^^^^^^^^^^^^^^^^^^^^^^^^^^^^^^^^^^^^^
[INFO] [stderr] ...
[INFO] [stderr] 61 | repository = "https://github.com/Sergo007/opentelemetry-resourcedetector-gcp-rust"
[INFO] [stderr]    |              ---------------------------------------------------------------------
[INFO] [stderr]    |
[INFO] [stderr]    = note: `cargo::redundant_homepage` is set to `warn` by default
[INFO] [stderr] help: consider removing `package.homepage`
[INFO] [stderr] warning: `opentelemetry_resourcedetector_gcp_rust` (manifest) generated 1 warning
[INFO] [stderr]    Compiling num-traits v0.2.19
[INFO] [stderr]    Compiling anyhow v1.0.102
[INFO] [stderr]    Compiling utf8-width v0.1.8
[INFO] [stderr]    Compiling nom v7.1.3
[INFO] [stderr]    Compiling diff v0.1.13
[INFO] [stderr]    Compiling yansi v1.0.1
[INFO] [stderr]    Compiling html-escape v0.2.13
[INFO] [stderr]    Compiling pretty_assertions v1.4.1
[INFO] [stderr]    Compiling ordered-float v2.10.1
[INFO] [stderr]    Compiling darrentsung_debug_parser v0.3.1
[INFO] [stderr]    Compiling pretty_assertions_sorted v1.2.3
[INFO] [stderr]    Compiling opentelemetry_resourcedetector_gcp_rust v0.21.0 (/opt/rustwide/workdir)
[INFO] [stderr]     Finished `release` profile [optimized] target(s) in 4.82s
[INFO] running `Command { std: "docker" "inspect" "c0882e4001e3db7fceb5a19622999f6dceb9749efa843498163a68de0234c086", kill_on_drop: false }`
[INFO] running `Command { std: "docker" "exec" "-e" "SOURCE_DIR=/opt/rustwide/workdir" "-e" "CARGO_HOME=/opt/rustwide/cargo-home" "-e" "RUSTUP_HOME=/opt/rustwide/rustup-home" "-e" "CARGO_TARGET_DIR=/opt/rustwide/target" "-e" "CARGO_INCREMENTAL=0" "-e" "RUST_BACKTRACE=full" "-e" "RUSTFLAGS=--cap-lints=warn" "-e" "RUSTDOCFLAGS=--cap-lints=warn" "-w" "/opt/rustwide/workdir" "--user" "0:0" "c0882e4001e3db7fceb5a19622999f6dceb9749efa843498163a68de0234c086" "/opt/rustwide/cargo-home/bin/cargo" "+1.100.0-beta.1" "test" "--frozen" "--release", kill_on_drop: false }`
[INFO] [stderr] warning: `package.homepage` is redundant with `package.repository`
[INFO] [stderr]   --> Cargo.toml:56:12
[INFO] [stderr]    |
[INFO] [stderr] 56 | homepage = "https://github.com/Sergo007/opentelemetry-resourcedetector-gcp-rust"
[INFO] [stderr]    |            ^^^^^^^^^^^^^^^^^^^^^^^^^^^^^^^^^^^^^^^^^^^^^^^^^^^^^^^^^^^^^^^^^^^^^
[INFO] [stderr] ...
[INFO] [stderr] 61 | repository = "https://github.com/Sergo007/opentelemetry-resourcedetector-gcp-rust"
[INFO] [stderr]    |              ---------------------------------------------------------------------
[INFO] [stderr]    |
[INFO] [stderr]    = note: `cargo::redundant_homepage` is set to `warn` by default
[INFO] [stderr] help: consider removing `package.homepage`
[INFO] [stderr] warning: `opentelemetry_resourcedetector_gcp_rust` (manifest) generated 1 warning
[INFO] [stderr]     Finished `release` profile [optimized] target(s) in 0.19s
[INFO] [stderr]      Running unittests src/lib.rs (/opt/rustwide/target/release/build/opentelemetry_resourcedetector_gcp_rust/4aff1d35699c3c7e/out/opentelemetry_resourcedetector_gcp_rust-4aff1d35699c3c7e)
[INFO] [stdout] 
[INFO] [stdout] running 42 tests
[INFO] [stdout] test get_val::tests::test_get_val_existing_key ... ok
[INFO] [stdout] test get_val::tests::test_get_val_existing_key_array ... ok
[INFO] [stdout] test test_detector::cloudfunctions_tests::test_environment_empty_strings ... ok
[INFO] [stdout] test test_detector::cloudfunctions_tests::test_missing_service_name ... ok
[INFO] [stdout] test test_detector::cloudrun_tests::test_finding_cloudrun_resources ... ok
[INFO] [stdout] test test_detector::cloudrun_tests::test_missing_service_name ... ok
[INFO] [stdout] test test_detector::cloudrun_tests::test_not_running_on_cloudrun ... ok
[INFO] [stdout] test test_detector::gce_gke_tests::test_get_gke_resources_regional ... ok
[INFO] [stdout] test test_detector::gke_tests::test_exist_namespace_file ... ignored
[INFO] [stdout] test test_detector::gce_gke_tests::test_get_gke_resources_zone ... ok
[INFO] [stdout] test test_detector::cloudrun_tests::test_environment_empty_strings ... ok
[INFO] [stdout] test test_mapping::tests::test_get_monitored_resource_empty ... ok
[INFO] [stdout] test test_mapping::tests::test_get_monitored_resource_aws_ec2 ... ok
[INFO] [stdout] test test_mapping::tests::test_get_monitored_resource_aws_ec2_region_fallback ... ok
[INFO] [stdout] test test_detector::gke_tests::test_finding_gke_resources_with_pod_name ... ok
[INFO] [stdout] test test_detector::cloudfunctions_tests::test_not_running_on_cloudrun ... ok
[INFO] [stdout] test test_detector::gke_tests::test_not_running_on_cloudrun ... ok
[INFO] [stdout] test test_mapping::tests::test_get_monitored_resource_generic_node_fallback_global ... ok
[INFO] [stdout] test test_detector::gke_tests::test_finding_gke_resources ... ok
[INFO] [stdout] test test_mapping::tests::test_get_monitored_resource_generic_node_fallback_region ... ok
[INFO] [stdout] test test_mapping::tests::test_get_monitored_resource_generic_task_faas_fallback ... ok
[INFO] [stdout] test test_mapping::tests::test_get_monitored_resource_generic_node_fallback_host_name ... ok
[INFO] [stdout] test test_mapping::tests::test_get_monitored_resource_k8s_cluster ... ok
[INFO] [stdout] test test_detector::gke_tests::test_missing_namespace_file ... FAILED
[INFO] [stdout] test test_detector::gke_tests::test_missing_container_name ... FAILED
[INFO] [stdout] test test_detector::gke_tests::test_environment_empty_strings ... FAILED
[INFO] [stdout] test test_detector::cloudfunctions_tests::test_finding_cloudfunctions_resources ... ok
[INFO] [stdout] test test_mapping::tests::test_get_monitored_resource_fallback_generic_node ... ok
[INFO] [stdout] test test_mapping::tests::test_get_monitored_resource_k8s_cluster_region_fallback ... ok
[INFO] [stdout] test test_mapping::tests::test_get_monitored_resource_generic_node ... ok
[INFO] [stdout] test test_mapping::tests::test_get_monitored_resource_generic_task_faas ... ok
[INFO] [stdout] test test_mapping::tests::test_get_monitored_resource_generic_task_fallback_global ... ok
[INFO] [stdout] test test_mapping::tests::test_get_monitored_resource_generic_task ... ok
[INFO] [stdout] test test_mapping::tests::test_get_monitored_resource_k8s_container_region_fallback ... ok
[INFO] [stdout] test test_mapping::tests::test_get_monitored_resource_k8s_node ... ok
[INFO] [stdout] test test_mapping::tests::test_get_monitored_resource_generic_task_fallback_region ... ok
[INFO] [stdout] test test_mapping::tests::test_get_monitored_resource_k8s_container ... ok
[INFO] [stdout] test test_mapping::tests::test_get_monitored_resource_k8s_node_region_fallback ... ok
[INFO] [stdout] test test_mapping::tests::test_get_monitored_resource_k8s_pod ... ok
[INFO] [stdout] test test_detector::gce_gke_tests::test_get_gce_resources ... ok
[INFO] [stdout] test test_mapping::tests::test_get_monitored_resource_k8s_pod_region_fallback ... ok
[INFO] [stdout] test test_mapping::tests::test_non_string_values ... ok
[INFO] [stdout] 
[INFO] [stdout] failures:
[INFO] [stdout] 
[INFO] [stdout] ---- test_detector::gke_tests::test_missing_namespace_file stdout ----
[INFO] [stdout] 
[INFO] [stdout] thread 'test_detector::gke_tests::test_missing_namespace_file' (2872) panicked at src/test_detector.rs:394:9:
[INFO] [stdout] assertion failed: `(left == right)`
[INFO] [stdout] 
[INFO] [stdout] [1mDiff[0m [31m< left[0m / [32mright >[0m :
[INFO] [stdout]  Resource {
[INFO] [stdout]      inner: ResourceInner {
[INFO] [stdout]          attrs: {
[INFO] [stdout]              Static(
[INFO] [stdout]                  "cloud.account.id",
[INFO] [stdout]              ): String(
[INFO] [stdout]                  Owned(
[INFO] [stdout]                      "project_id",
[INFO] [stdout]                  ),
[INFO] [stdout]              ),
[INFO] [stdout]              Static(
[INFO] [stdout]                  "cloud.platform",
[INFO] [stdout]              ): String(
[INFO] [stdout]                  Static(
[INFO] [stdout]                      "gcp_kubernetes_engine",
[INFO] [stdout]                  ),
[INFO] [stdout]              ),
[INFO] [stdout]              Static(
[INFO] [stdout]                  "cloud.provider",
[INFO] [stdout]              ): String(
[INFO] [stdout]                  Static(
[INFO] [stdout]                      "gcp",
[INFO] [stdout]                  ),
[INFO] [stdout]              ),
[INFO] [stdout]              Static(
[INFO] [stdout]                  "cloud.zone",
[INFO] [stdout]              ): String(
[INFO] [stdout]                  Owned(
[INFO] [stdout]                      "zone",
[INFO] [stdout]                  ),
[INFO] [stdout]              ),
[INFO] [stdout]              Static(
[INFO] [stdout]                  "container.name",
[INFO] [stdout]              ): String(
[INFO] [stdout]                  Owned(
[INFO] [stdout]                      "container_name",
[INFO] [stdout]                  ),
[INFO] [stdout]              ),
[INFO] [stdout]              Static(
[INFO] [stdout]                  "gcp.resource_type",
[INFO] [stdout]              ): String(
[INFO] [stdout]                  Static(
[INFO] [stdout]                      "gke_container",
[INFO] [stdout]                  ),
[INFO] [stdout]              ),
[INFO] [stdout]              Static(
[INFO] [stdout]                  "host.id",
[INFO] [stdout]              ): String(
[INFO] [stdout]                  Owned(
[INFO] [stdout]                      "instance_id",
[INFO] [stdout]                  ),
[INFO] [stdout]              ),
[INFO] [stdout]              Static(
[INFO] [stdout]                  "k8s.cluster.name",
[INFO] [stdout]              ): String(
[INFO] [stdout]                  Owned(
[INFO] [stdout]                      "cluster_name",
[INFO] [stdout]                  ),
[INFO] [stdout]              ),
[INFO] [stdout]              Static(
[INFO] [stdout]                  "k8s.namespace.name",
[INFO] [stdout]              ): String(
[INFO] [stdout]                  Owned(
[INFO] [stdout]                      "",
[INFO] [stdout]                  ),
[INFO] [stdout]              ),
[INFO] [stdout]              Static(
[INFO] [stdout]                  "k8s.pod.name",
[INFO] [stdout]              ): String(
[INFO] [stdout]                  Owned(
[INFO] [stdout] [31m<                    "[0m[1;48;5;52;31mc0882e4001e3[0m[31m",[0m
[INFO] [stdout] [32m>                    "",[0m
[INFO] [stdout]                  ),
[INFO] [stdout]              ),
[INFO] [stdout]          },
[INFO] [stdout]          schema_url: None,
[INFO] [stdout]      },
[INFO] [stdout]  }
[INFO] [stdout] 
[INFO] [stdout] 
[INFO] [stdout] stack backtrace:
[INFO] [stdout]    0:     0x56f549f95a61 - <<std[617be2ca0a6fd877]::sys::backtrace::BacktraceLock>::print::DisplayBacktrace as core[a373ad73a504971]::fmt::Display>::fmt
[INFO] [stdout]    1:     0x56f549fab9fa - core[a373ad73a504971]::fmt::write
[INFO] [stdout]    2:     0x56f549f9a17c - <alloc[2e1b2a31b91974c5]::vec::Vec<u8> as core[a373ad73a504971]::io::write::Write>::write_fmt
[INFO] [stdout]    3:     0x56f549f709c6 - std[617be2ca0a6fd877]::panicking::default_hook::{closure#0}
[INFO] [stdout]    4:     0x56f549f8dcb9 - std[617be2ca0a6fd877]::panicking::default_hook
[INFO] [stdout]    5:     0x56f549e54bb0 - test[aada8e7e76ba119b]::test_main_inner::{closure#0}
[INFO] [stdout]    6:     0x56f549f8de72 - std[617be2ca0a6fd877]::panicking::panic_with_hook
[INFO] [stdout]    7:     0x56f549f70a72 - std[617be2ca0a6fd877]::panicking::panic_handler::{closure#0}
[INFO] [stdout]    8:     0x56f549f68f49 - std[617be2ca0a6fd877]::sys::backtrace::__rust_end_short_backtrace::<std[617be2ca0a6fd877]::panicking::panic_handler::{closure#0}, !>
[INFO] [stdout]    9:     0x56f549f719ad - __rustc[ea4f61d10b84890b]::rust_begin_unwind
[INFO] [stdout]   10:     0x56f549fac1dc - core[a373ad73a504971]::panicking::panic_fmt
[INFO] [stdout]   11:     0x56f549e1f220 - <opentelemetry_resourcedetector_gcp_rust[cbc62a8632eb2797]::test_detector::gke_tests::test_missing_namespace_file::{closure#0} as core[a373ad73a504971]::ops::function::FnOnce<()>>::call_once
[INFO] [stdout]   12:     0x56f549e47ffb - test[aada8e7e76ba119b]::__rust_begin_short_backtrace::<core[a373ad73a504971]::result::Result<(), alloc[2e1b2a31b91974c5]::string::String>, fn() -> core[a373ad73a504971]::result::Result<(), alloc[2e1b2a31b91974c5]::string::String>>
[INFO] [stdout]   13:     0x56f549e551d5 - test[aada8e7e76ba119b]::run_test::{closure#0}
[INFO] [stdout]   14:     0x56f549e4eac4 - std[617be2ca0a6fd877]::sys::backtrace::__rust_begin_short_backtrace::<test[aada8e7e76ba119b]::run_test::{closure#1}, ()>
[INFO] [stdout]   15:     0x56f549e58262 - <std[617be2ca0a6fd877]::thread::lifecycle::spawn_unchecked<test[aada8e7e76ba119b]::run_test::{closure#1}, ()>::{closure#1} as core[a373ad73a504971]::ops::function::FnOnce<()>>::call_once::{shim:vtable#0}
[INFO] [stdout]   16:     0x56f549f9528f - <std[617be2ca0a6fd877]::sys::thread::unix::Thread>::new::thread_start
[INFO] [stdout]   17:     0x70f7dd5badfa - <unknown>
[INFO] [stdout]   18:     0x70f7dd64e3d4 - clone
[INFO] [stdout]   19:                0x0 - <unknown>
[INFO] [stdout] 
[INFO] [stdout] ---- test_detector::gke_tests::test_missing_container_name stdout ----
[INFO] [stdout] 
[INFO] [stdout] thread 'test_detector::gke_tests::test_missing_container_name' (2871) panicked at src/test_detector.rs:325:9:
[INFO] [stdout] assertion failed: `(left == right)`
[INFO] [stdout] 
[INFO] [stdout] [1mDiff[0m [31m< left[0m / [32mright >[0m :
[INFO] [stdout]  Resource {
[INFO] [stdout]      inner: ResourceInner {
[INFO] [stdout]          attrs: {
[INFO] [stdout]              Static(
[INFO] [stdout]                  "cloud.account.id",
[INFO] [stdout]              ): String(
[INFO] [stdout]                  Owned(
[INFO] [stdout]                      "project_id",
[INFO] [stdout]                  ),
[INFO] [stdout]              ),
[INFO] [stdout]              Static(
[INFO] [stdout]                  "cloud.platform",
[INFO] [stdout]              ): String(
[INFO] [stdout]                  Static(
[INFO] [stdout]                      "gcp_kubernetes_engine",
[INFO] [stdout]                  ),
[INFO] [stdout]              ),
[INFO] [stdout]              Static(
[INFO] [stdout]                  "cloud.provider",
[INFO] [stdout]              ): String(
[INFO] [stdout]                  Static(
[INFO] [stdout]                      "gcp",
[INFO] [stdout]                  ),
[INFO] [stdout]              ),
[INFO] [stdout]              Static(
[INFO] [stdout]                  "cloud.zone",
[INFO] [stdout]              ): String(
[INFO] [stdout]                  Owned(
[INFO] [stdout]                      "zone",
[INFO] [stdout]                  ),
[INFO] [stdout]              ),
[INFO] [stdout]              Static(
[INFO] [stdout]                  "gcp.resource_type",
[INFO] [stdout]              ): String(
[INFO] [stdout]                  Static(
[INFO] [stdout]                      "gke_container",
[INFO] [stdout]                  ),
[INFO] [stdout]              ),
[INFO] [stdout]              Static(
[INFO] [stdout]                  "host.id",
[INFO] [stdout]              ): String(
[INFO] [stdout]                  Owned(
[INFO] [stdout]                      "instance_id",
[INFO] [stdout]                  ),
[INFO] [stdout]              ),
[INFO] [stdout]              Static(
[INFO] [stdout]                  "k8s.cluster.name",
[INFO] [stdout]              ): String(
[INFO] [stdout]                  Owned(
[INFO] [stdout]                      "cluster_name",
[INFO] [stdout]                  ),
[INFO] [stdout]              ),
[INFO] [stdout]              Static(
[INFO] [stdout]                  "k8s.namespace.name",
[INFO] [stdout]              ): String(
[INFO] [stdout]                  Owned(
[INFO] [stdout]                      "",
[INFO] [stdout]                  ),
[INFO] [stdout]              ),
[INFO] [stdout]              Static(
[INFO] [stdout]                  "k8s.pod.name",
[INFO] [stdout]              ): String(
[INFO] [stdout]                  Owned(
[INFO] [stdout] [31m<                    "[0m[1;48;5;52;31mc0882e4001e3[0m[31m",[0m
[INFO] [stdout] [32m>                    "",[0m
[INFO] [stdout]                  ),
[INFO] [stdout]              ),
[INFO] [stdout]          },
[INFO] [stdout]          schema_url: None,
[INFO] [stdout]      },
[INFO] [stdout]  }
[INFO] [stdout] 
[INFO] [stdout] 
[INFO] [stdout] stack backtrace:
[INFO] [stdout]    0:     0x56f549f95a61 - <<std[617be2ca0a6fd877]::sys::backtrace::BacktraceLock>::print::DisplayBacktrace as core[a373ad73a504971]::fmt::Display>::fmt
[INFO] [stdout]    1:     0x56f549fab9fa - core[a373ad73a504971]::fmt::write
[INFO] [stdout]    2:     0x56f549f9a17c - <alloc[2e1b2a31b91974c5]::vec::Vec<u8> as core[a373ad73a504971]::io::write::Write>::write_fmt
[INFO] [stdout]    3:     0x56f549f709c6 - std[617be2ca0a6fd877]::panicking::default_hook::{closure#0}
[INFO] [stdout]    4:     0x56f549f8dcb9 - std[617be2ca0a6fd877]::panicking::default_hook
[INFO] [stdout]    5:     0x56f549e54bb0 - test[aada8e7e76ba119b]::test_main_inner::{closure#0}
[INFO] [stdout]    6:     0x56f549f8de72 - std[617be2ca0a6fd877]::panicking::panic_with_hook
[INFO] [stdout]    7:     0x56f549f70a72 - std[617be2ca0a6fd877]::panicking::panic_handler::{closure#0}
[INFO] [stdout]    8:     0x56f549f68f49 - std[617be2ca0a6fd877]::sys::backtrace::__rust_end_short_backtrace::<std[617be2ca0a6fd877]::panicking::panic_handler::{closure#0}, !>
[INFO] [stdout]    9:     0x56f549f719ad - __rustc[ea4f61d10b84890b]::rust_begin_unwind
[INFO] [stdout]   10:     0x56f549fac1dc - core[a373ad73a504971]::panicking::panic_fmt
[INFO] [stdout]   11:     0x56f549e1e2da - <opentelemetry_resourcedetector_gcp_rust[cbc62a8632eb2797]::test_detector::gke_tests::test_missing_container_name::{closure#0} as core[a373ad73a504971]::ops::function::FnOnce<()>>::call_once
[INFO] [stdout]   12:     0x56f549e47ffb - test[aada8e7e76ba119b]::__rust_begin_short_backtrace::<core[a373ad73a504971]::result::Result<(), alloc[2e1b2a31b91974c5]::string::String>, fn() -> core[a373ad73a504971]::result::Result<(), alloc[2e1b2a31b91974c5]::string::String>>
[INFO] [stdout]   13:     0x56f549e551d5 - test[aada8e7e76ba119b]::run_test::{closure#0}
[INFO] [stdout]   14:     0x56f549e4eac4 - std[617be2ca0a6fd877]::sys::backtrace::__rust_begin_short_backtrace::<test[aada8e7e76ba119b]::run_test::{closure#1}, ()>
[INFO] [stdout]   15:     0x56f549e58262 - <std[617be2ca0a6fd877]::thread::lifecycle::spawn_unchecked<test[aada8e7e76ba119b]::run_test::{closure#1}, ()>::{closure#1} as core[a373ad73a504971]::ops::function::FnOnce<()>>::call_once::{shim:vtable#0}
[INFO] [stdout]   16:     0x56f549f9528f - <std[617be2ca0a6fd877]::sys::thread::unix::Thread>::new::thread_start
[INFO] [stdout]   17:     0x70f7dd5badfa - <unknown>
[INFO] [stdout]   18:     0x70f7dd64e3d4 - clone
[INFO] [stdout]   19:                0x0 - <unknown>
[INFO] [stdout] 
[INFO] [stdout] ---- test_detector::gke_tests::test_environment_empty_strings stdout ----
[INFO] [stdout] 
[INFO] [stdout] thread 'test_detector::gke_tests::test_environment_empty_strings' (2868) panicked at src/test_detector.rs:360:9:
[INFO] [stdout] assertion failed: `(left == right)`
[INFO] [stdout] 
[INFO] [stdout] [1mDiff[0m [31m< left[0m / [32mright >[0m :
[INFO] [stdout]  Resource {
[INFO] [stdout]      inner: ResourceInner {
[INFO] [stdout]          attrs: {
[INFO] [stdout]              Static(
[INFO] [stdout]                  "cloud.account.id",
[INFO] [stdout]              ): String(
[INFO] [stdout]                  Owned(
[INFO] [stdout]                      "project_id",
[INFO] [stdout]                  ),
[INFO] [stdout]              ),
[INFO] [stdout]              Static(
[INFO] [stdout]                  "cloud.platform",
[INFO] [stdout]              ): String(
[INFO] [stdout]                  Static(
[INFO] [stdout]                      "gcp_kubernetes_engine",
[INFO] [stdout]                  ),
[INFO] [stdout]              ),
[INFO] [stderr] error: test failed, to rerun pass `--lib`
[INFO] [stdout]              Static(
[INFO] [stdout]                  "cloud.provider",
[INFO] [stdout]              ): String(
[INFO] [stdout]                  Static(
[INFO] [stdout]                      "gcp",
[INFO] [stdout]                  ),
[INFO] [stdout]              ),
[INFO] [stdout]              Static(
[INFO] [stdout]                  "cloud.zone",
[INFO] [stdout]              ): String(
[INFO] [stdout]                  Owned(
[INFO] [stdout]                      "zone",
[INFO] [stdout]                  ),
[INFO] [stdout]              ),
[INFO] [stdout]              Static(
[INFO] [stdout]                  "container.name",
[INFO] [stdout]              ): String(
[INFO] [stdout]                  Owned(
[INFO] [stdout]                      "",
[INFO] [stdout]                  ),
[INFO] [stdout]              ),
[INFO] [stdout]              Static(
[INFO] [stdout]                  "gcp.resource_type",
[INFO] [stdout]              ): String(
[INFO] [stdout]                  Static(
[INFO] [stdout]                      "gke_container",
[INFO] [stdout]                  ),
[INFO] [stdout]              ),
[INFO] [stdout]              Static(
[INFO] [stdout]                  "host.id",
[INFO] [stdout]              ): String(
[INFO] [stdout]                  Owned(
[INFO] [stdout]                      "instance_id",
[INFO] [stdout]                  ),
[INFO] [stdout]              ),
[INFO] [stdout]              Static(
[INFO] [stdout]                  "k8s.cluster.name",
[INFO] [stdout]              ): String(
[INFO] [stdout]                  Owned(
[INFO] [stdout]                      "cluster_name",
[INFO] [stdout]                  ),
[INFO] [stdout]              ),
[INFO] [stdout]              Static(
[INFO] [stdout]                  "k8s.namespace.name",
[INFO] [stdout]              ): String(
[INFO] [stdout]                  Owned(
[INFO] [stdout]                      "",
[INFO] [stdout]                  ),
[INFO] [stdout]              ),
[INFO] [stdout]              Static(
[INFO] [stdout]                  "k8s.pod.name",
[INFO] [stdout]              ): String(
[INFO] [stdout]                  Owned(
[INFO] [stdout] [31m<                    "[0m[1;48;5;52;31mc0882e4001e3[0m[31m",[0m
[INFO] [stdout] [32m>                    "",[0m
[INFO] [stdout]                  ),
[INFO] [stdout]              ),
[INFO] [stdout]          },
[INFO] [stdout]          schema_url: None,
[INFO] [stdout]      },
[INFO] [stdout]  }
[INFO] [stdout] 
[INFO] [stdout] 
[INFO] [stdout] stack backtrace:
[INFO] [stdout]    0:     0x56f549f95a61 - <<std[617be2ca0a6fd877]::sys::backtrace::BacktraceLock>::print::DisplayBacktrace as core[a373ad73a504971]::fmt::Display>::fmt
[INFO] [stdout]    1:     0x56f549fab9fa - core[a373ad73a504971]::fmt::write
[INFO] [stdout]    2:     0x56f549f9a17c - <alloc[2e1b2a31b91974c5]::vec::Vec<u8> as core[a373ad73a504971]::io::write::Write>::write_fmt
[INFO] [stdout]    3:     0x56f549f709c6 - std[617be2ca0a6fd877]::panicking::default_hook::{closure#0}
[INFO] [stdout]    4:     0x56f549f8dcb9 - std[617be2ca0a6fd877]::panicking::default_hook
[INFO] [stdout]    5:     0x56f549e54bb0 - test[aada8e7e76ba119b]::test_main_inner::{closure#0}
[INFO] [stdout]    6:     0x56f549f8de72 - std[617be2ca0a6fd877]::panicking::panic_with_hook
[INFO] [stdout]    7:     0x56f549f70a72 - std[617be2ca0a6fd877]::panicking::panic_handler::{closure#0}
[INFO] [stdout]    8:     0x56f549f68f49 - std[617be2ca0a6fd877]::sys::backtrace::__rust_end_short_backtrace::<std[617be2ca0a6fd877]::panicking::panic_handler::{closure#0}, !>
[INFO] [stdout]    9:     0x56f549f719ad - __rustc[ea4f61d10b84890b]::rust_begin_unwind
[INFO] [stdout]   10:     0x56f549fac1dc - core[a373ad73a504971]::panicking::panic_fmt
[INFO] [stdout]   11:     0x56f549e203ea - <opentelemetry_resourcedetector_gcp_rust[cbc62a8632eb2797]::test_detector::gke_tests::test_environment_empty_strings::{closure#0} as core[a373ad73a504971]::ops::function::FnOnce<()>>::call_once
[INFO] [stdout]   12:     0x56f549e47ffb - test[aada8e7e76ba119b]::__rust_begin_short_backtrace::<core[a373ad73a504971]::result::Result<(), alloc[2e1b2a31b91974c5]::string::String>, fn() -> core[a373ad73a504971]::result::Result<(), alloc[2e1b2a31b91974c5]::string::String>>
[INFO] [stdout]   13:     0x56f549e551d5 - test[aada8e7e76ba119b]::run_test::{closure#0}
[INFO] [stdout]   14:     0x56f549e4eac4 - std[617be2ca0a6fd877]::sys::backtrace::__rust_begin_short_backtrace::<test[aada8e7e76ba119b]::run_test::{closure#1}, ()>
[INFO] [stdout]   15:     0x56f549e58262 - <std[617be2ca0a6fd877]::thread::lifecycle::spawn_unchecked<test[aada8e7e76ba119b]::run_test::{closure#1}, ()>::{closure#1} as core[a373ad73a504971]::ops::function::FnOnce<()>>::call_once::{shim:vtable#0}
[INFO] [stdout]   16:     0x56f549f9528f - <std[617be2ca0a6fd877]::sys::thread::unix::Thread>::new::thread_start
[INFO] [stdout]   17:     0x70f7dd5badfa - <unknown>
[INFO] [stdout]   18:     0x70f7dd64e3d4 - clone
[INFO] [stdout]   19:                0x0 - <unknown>
[INFO] [stdout] 
[INFO] [stdout] 
[INFO] [stdout] failures:
[INFO] [stdout]     test_detector::gke_tests::test_environment_empty_strings
[INFO] [stdout]     test_detector::gke_tests::test_missing_container_name
[INFO] [stdout]     test_detector::gke_tests::test_missing_namespace_file
[INFO] [stdout] 
[INFO] [stdout] test result: FAILED. 38 passed; 3 failed; 1 ignored; 0 measured; 0 filtered out; finished in 0.01s
[INFO] [stdout] 
[INFO] running `Command { std: "docker" "inspect" "c0882e4001e3db7fceb5a19622999f6dceb9749efa843498163a68de0234c086", kill_on_drop: false }`
[INFO] running `Command { std: "docker" "rm" "-f" "c0882e4001e3db7fceb5a19622999f6dceb9749efa843498163a68de0234c086", kill_on_drop: false }`
[INFO] [stdout] c0882e4001e3db7fceb5a19622999f6dceb9749efa843498163a68de0234c086
