[INFO] fetching crate opentelemetry 0.33.1...
[INFO] testing opentelemetry-0.33.1 against 1.100.0-beta.1+cargoflags=--release for beta-release-1.100-2
[INFO] extracting crate opentelemetry 0.33.1 into /workspace/builds/worker-4-tc2/source
[INFO] started tweaking crates.io crate opentelemetry 0.33.1
[INFO] finished tweaking crates.io crate opentelemetry 0.33.1
[INFO] tweaked toml for crates.io crate opentelemetry 0.33.1 written to /workspace/builds/worker-4-tc2/source/Cargo.toml
[INFO] validating manifest of crates.io crate opentelemetry 0.33.1 on toolchain 1.100.0-beta.1
[INFO] running `Command { std: CARGO_HOME="/workspace/cargo-home" RUSTUP_HOME="/workspace/rustup-home" "/workspace/cargo-home/bin/cargo" "+1.100.0-beta.1" "metadata" "--manifest-path" "Cargo.toml" "--no-deps", kill_on_drop: false }`
[INFO] crate crates.io crate opentelemetry 0.33.1 already has a lockfile, it will not be regenerated
[INFO] running `Command { std: CARGO_HOME="/workspace/cargo-home" RUSTUP_HOME="/workspace/rustup-home" "/workspace/cargo-home/bin/cargo" "+1.100.0-beta.1" "fetch" "--manifest-path" "Cargo.toml", kill_on_drop: false }`
[INFO] running `Command { std: "docker" "create" "-v" "/var/lib/crater-agent-workspace/builds/worker-4-tc2/source:/opt/rustwide/workdir:ro,Z" "-v" "/var/lib/crater-agent-workspace/builds/worker-4-tc2/target:/opt/rustwide/target:rw,Z" "-v" "/var/lib/crater-agent-workspace/cargo-home:/opt/rustwide/cargo-home:ro,Z" "-v" "/var/lib/crater-agent-workspace/rustup-home:/opt/rustwide/rustup-home:ro,Z" "-m" "1610612736" "--network" "none" "ghcr.io/rust-lang/crates-build-env/linux@sha256:77db811e55d90add9212f6832c23229e3de5f1c1f9905e8cb07319ea15df73ac" "sleep" "infinity", kill_on_drop: false }`
[INFO] [stdout] b8e5b90adf3fac50deefc88f2389dd1372a29146086206ef108c62427330b302
[INFO] running `Command { std: "docker" "start" "b8e5b90adf3fac50deefc88f2389dd1372a29146086206ef108c62427330b302", kill_on_drop: false }`
[INFO] running `Command { std: "docker" "inspect" "b8e5b90adf3fac50deefc88f2389dd1372a29146086206ef108c62427330b302", kill_on_drop: false }`
[INFO] running `Command { std: "docker" "exec" "-e" "SOURCE_DIR=/opt/rustwide/workdir" "-e" "CARGO_HOME=/opt/rustwide/cargo-home" "-e" "RUSTUP_HOME=/opt/rustwide/rustup-home" "-e" "CARGO_TARGET_DIR=/opt/rustwide/target" "-w" "/opt/rustwide/workdir" "--user" "0:0" "b8e5b90adf3fac50deefc88f2389dd1372a29146086206ef108c62427330b302" "/opt/rustwide/cargo-home/bin/cargo" "+1.100.0-beta.1" "metadata" "--no-deps" "--format-version=1", kill_on_drop: false }`
[INFO] running `Command { std: "docker" "inspect" "b8e5b90adf3fac50deefc88f2389dd1372a29146086206ef108c62427330b302", kill_on_drop: false }`
[INFO] running `Command { std: "docker" "exec" "-e" "SOURCE_DIR=/opt/rustwide/workdir" "-e" "CARGO_HOME=/opt/rustwide/cargo-home" "-e" "RUSTUP_HOME=/opt/rustwide/rustup-home" "-e" "CARGO_TARGET_DIR=/opt/rustwide/target" "-e" "CARGO_INCREMENTAL=0" "-e" "RUST_BACKTRACE=full" "-e" "RUSTFLAGS=--cap-lints=warn" "-e" "RUSTDOCFLAGS=--cap-lints=warn" "-w" "/opt/rustwide/workdir" "--user" "0:0" "b8e5b90adf3fac50deefc88f2389dd1372a29146086206ef108c62427330b302" "/opt/rustwide/cargo-home/bin/cargo" "+1.100.0-beta.1" "build" "--frozen" "--message-format=json" "--release", kill_on_drop: false }`
[INFO] [stderr]    Compiling tracing-core v0.1.36
[INFO] [stderr]    Compiling futures-sink v0.3.34
[INFO] [stderr]    Compiling syn v3.0.6
[INFO] [stderr]    Compiling tracing v0.1.44
[INFO] [stderr]    Compiling thiserror-impl v2.0.20
[INFO] [stderr]    Compiling thiserror v2.0.20
[INFO] [stderr]    Compiling opentelemetry v0.33.1 (/opt/rustwide/workdir)
[INFO] [stderr]     Finished `release` profile [optimized] target(s) in 6.64s
[INFO] running `Command { std: "docker" "inspect" "b8e5b90adf3fac50deefc88f2389dd1372a29146086206ef108c62427330b302", kill_on_drop: false }`
[INFO] running `Command { std: "docker" "exec" "-e" "SOURCE_DIR=/opt/rustwide/workdir" "-e" "CARGO_HOME=/opt/rustwide/cargo-home" "-e" "RUSTUP_HOME=/opt/rustwide/rustup-home" "-e" "CARGO_TARGET_DIR=/opt/rustwide/target" "-e" "CARGO_INCREMENTAL=0" "-e" "RUST_BACKTRACE=full" "-e" "RUSTFLAGS=--cap-lints=warn" "-e" "RUSTDOCFLAGS=--cap-lints=warn" "-w" "/opt/rustwide/workdir" "--user" "0:0" "b8e5b90adf3fac50deefc88f2389dd1372a29146086206ef108c62427330b302" "/opt/rustwide/cargo-home/bin/cargo" "+1.100.0-beta.1" "test" "--frozen" "--no-run" "--message-format=json" "--release", kill_on_drop: false }`
[INFO] [stderr]    Compiling crossbeam-epoch v0.9.21
[INFO] [stderr]    Compiling crossbeam-deque v0.8.8
[INFO] [stderr]    Compiling zerocopy v0.8.62
[INFO] [stderr]    Compiling num-traits v0.2.19
[INFO] [stderr]    Compiling either v1.19.0
[INFO] [stderr]    Compiling serde v1.0.229
[INFO] [stderr]    Compiling getrandom v0.3.4
[INFO] [stderr]    Compiling half v2.4.1
[INFO] [stderr]    Compiling clap_lex v1.0.1
[INFO] [stderr]    Compiling smallvec v1.16.2
[INFO] [stderr]    Compiling ciborium-ll v0.2.2
[INFO] [stderr]    Compiling clap_builder v4.5.61
[INFO] [stderr]    Compiling parking_lot_core v0.9.12
[INFO] [stderr]    Compiling itertools v0.10.5
[INFO] [stderr]    Compiling rand_core v0.9.5
[INFO] [stderr]    Compiling rayon-core v1.12.1
[INFO] [stderr]    Compiling thiserror-impl v2.0.20
[INFO] [stderr]    Compiling errno v0.3.14
[INFO] [stderr]    Compiling signal-hook-registry v1.4.8
[INFO] [stderr]    Compiling ciborium v0.2.2
[INFO] [stderr]    Compiling rayon v1.10.0
[INFO] [stderr]    Compiling plotters v0.3.7
[INFO] [stderr]    Compiling tinytemplate v1.2.1
[INFO] [stderr]    Compiling thiserror v2.0.20
[INFO] [stderr]    Compiling parking_lot v0.12.5
[INFO] [stderr]    Compiling criterion-plot v0.5.0
[INFO] [stderr]    Compiling is-terminal v0.4.17
[INFO] [stderr]    Compiling tokio v1.53.2
[INFO] [stderr]    Compiling clap v4.5.61
[INFO] [stderr]    Compiling opentelemetry v0.33.1 (/opt/rustwide/workdir)
[INFO] [stderr]    Compiling criterion v0.5.1
[INFO] [stderr]    Compiling ppv-lite86 v0.2.21
[INFO] [stderr]    Compiling rand_chacha v0.9.0
[INFO] [stderr]    Compiling rand v0.9.5
[INFO] [stderr]     Finished `release` profile [optimized] target(s) in 53.64s
[INFO] running `Command { std: "docker" "inspect" "b8e5b90adf3fac50deefc88f2389dd1372a29146086206ef108c62427330b302", kill_on_drop: false }`
[INFO] running `Command { std: "docker" "exec" "-e" "SOURCE_DIR=/opt/rustwide/workdir" "-e" "CARGO_HOME=/opt/rustwide/cargo-home" "-e" "RUSTUP_HOME=/opt/rustwide/rustup-home" "-e" "CARGO_TARGET_DIR=/opt/rustwide/target" "-e" "CARGO_INCREMENTAL=0" "-e" "RUST_BACKTRACE=full" "-e" "RUSTFLAGS=--cap-lints=warn" "-e" "RUSTDOCFLAGS=--cap-lints=warn" "-w" "/opt/rustwide/workdir" "--user" "0:0" "b8e5b90adf3fac50deefc88f2389dd1372a29146086206ef108c62427330b302" "/opt/rustwide/cargo-home/bin/cargo" "+1.100.0-beta.1" "test" "--frozen" "--release", kill_on_drop: false }`
[INFO] [stderr]     Finished `release` profile [optimized] target(s) in 0.12s
[INFO] [stderr]      Running unittests src/lib.rs (/opt/rustwide/target/release/build/opentelemetry/0ad42c73e8b3aee4/out/opentelemetry-0ad42c73e8b3aee4)
[INFO] [stdout] 
[INFO] [stdout] running 62 tests
[INFO] [stdout] test baggage::tests::test_crud_operations ... ok
[INFO] [stdout] test baggage::tests::insert_non_ascii_key ... ok
[INFO] [stdout] test baggage::tests::test_ascii_values ... ok
[INFO] [stdout] test common::tests::instrumentation_scope_equality ... ok
[INFO] [stdout] test baggage::tests::test_insert_invalid_key ... ok
[INFO] [stdout] test common::tests::kv_float_equality ... ok
[INFO] [stdout] test common::tests::kv_float_hash ... ok
[INFO] [stdout] test baggage::tests::insert_pairs_length_exceed ... ok
[INFO] [stdout] test baggage::tests::insert_too_much_baggage ... ok
[INFO] [stdout] test baggage::tests::test_context_clear_baggage ... ok
[INFO] [stdout] test baggage::tests::serialize_baggage_as_string ... ok
[INFO] [stdout] test common::tests::instrumentation_scope_equality_different_attributes ... ok
[INFO] [stdout] test common::tests::instrumentation_scope_equality_attributes_diff_order ... ok
[INFO] [stdout] test context::tests::context_immutable ... ok
[INFO] [stdout] test context::tests::context_value_drop_can_access_current_context ... ok
[INFO] [stdout] test baggage::tests::replace_existing_key ... ok
[INFO] [stdout] test context::tests::nested_contexts ... ok
[INFO] [stdout] test context::tests::test_enter_telemetry_suppressed_scope ... ok
[INFO] [stdout] test context::tests::test_initial_capacity ... ok
[INFO] [stdout] test context::tests::test_is_telemetry_suppressed ... ok
[INFO] [stdout] test context::tests::test_map_current_cx ... ok
[INFO] [stdout] test context::tests::out_of_order_context_value_drop_can_access_current_context ... ok
[INFO] [stdout] test context::tests::overlapping_contexts ... ok
[INFO] [stdout] test context::tests::test_pop_id_out_of_order ... ok
[INFO] [stdout] test context::tests::test_pop_id_edge_cases ... ok
[INFO] [stdout] test context::tests::test_nested_suppression_scopes ... ok
[INFO] [stdout] test context::tests::test_with_telemetry_suppressed ... ok
[INFO] [stdout] test propagation::composite::tests::extract_multiple_propagators ... ok
[INFO] [stdout] test propagation::composite::tests::inject_multiple_propagators ... ok
[INFO] [stdout] test propagation::composite::tests::test_get_fields ... ok
[INFO] [stdout] test propagation::tests::hash_map_get_all ... ok
[INFO] [stdout] test propagation::composite::tests::zero_propogators_are_noop ... ok
[INFO] [stdout] test propagation::tests::hash_map_get ... ok
[INFO] [stdout] test context::tests::test_async_context_propagation ... ok
[INFO] [stdout] test propagation::tests::hash_map_injector_reserve ... ok
[INFO] [stdout] test trace::span::tests::status_order ... ok
[INFO] [stdout] test propagation::tests::hash_map_keys ... ok
[INFO] [stdout] test propagation::tests::injector_reserve ... ok
[INFO] [stdout] test trace::span_context::tests::test_context_span_debug ... ok
[INFO] [stdout] test propagation::tests::hash_map_get_all_missing_key ... ok
[INFO] [stdout] test context::tests::test_async_suppression ... ok
[INFO] [stdout] test trace::span_context::tests::test_tracestate_from_str_allows_optional_whitespace_around_members ... ok
[INFO] [stdout] test trace::span_context::tests::test_trace_state ... ok
[INFO] [stdout] test trace::span_context::tests::test_trace_state_insert ... ok
[INFO] [stdout] test trace::span_context::tests::test_trace_state_key ... ok
[INFO] [stdout] test trace::span_context::tests::test_tracestate_from_str_ignores_empty_members ... ok
[INFO] [stdout] test trace::span_context::tests::test_tracestate_from_key_value_keeps_at_most_32_list_members ... ok
[INFO] [stdout] test trace::span_context::tests::test_tracestate_from_str_ignores_invalid_members_beyond_the_limit ... ok
[INFO] [stdout] test trace::span_context::tests::test_tracestate_from_str_keeps_at_most_32_list_members ... ok
[INFO] [stdout] test trace::span_context::tests::test_tracestate_iter_empty ... ok
[INFO] [stdout] test trace::span_context::tests::test_tracestate_insert_keeps_at_most_32_list_members ... ok
[INFO] [stdout] test trace::span_context::tests::test_tracestate_insert_of_an_existing_key_evicts_nothing ... ok
[INFO] [stdout] test trace::span_context::tests::test_tracestate_iter_multiple ... ok
[INFO] [stdout] test trace::span_context::tests::test_tracestate_iter_size_hint_and_len ... ok
[INFO] [stdout] test trace_context::tests::test_span_id ... ok
[INFO] [stdout] test trace::span_context::tests::test_tracestate_iter_single ... ok
[INFO] [stdout] test trace_context::tests::test_trace_id ... ok
[INFO] [stdout] test trace::span_context::tests::test_tracestate_from_str_preserves_leading_spaces_in_values ... ok
[INFO] [stdout] test trace::span_context::tests::test_tracestate_from_str_rejects_invalid_members_within_the_limit ... ok
[INFO] [stdout] test context::tests::test_out_of_order_context_detachment_futures ... ok
[INFO] [stdout] test context::tests::test_push_overflow ... ok
[INFO] [stdout] test context::tests::too_many_contexts ... ok
[INFO] [stdout] 
[INFO] [stdout] test result: ok. 62 passed; 0 failed; 0 ignored; 0 measured; 0 filtered out; finished in 0.12s
[INFO] [stdout] 
[INFO] [stderr]    Doc-tests opentelemetry
[INFO] [stdout] 
[INFO] [stdout] running 63 tests
[INFO] [stdout] test src/baggage.rs - baggage::Baggage::insert (line 120) ... ok
[INFO] [stdout] test src/common.rs - common::InstrumentationScopeBuilder::with_attributes (line 601) ... ok
[INFO] [stdout] test src/baggage.rs - baggage::BaggageExt::with_cleared_baggage (line 384) ... ok
[INFO] [stdout] test src/baggage.rs - baggage::Baggage::get_with_metadata (line 97) ... ok
[INFO] [stdout] test src/common.rs - common::InstrumentationScopeBuilder::with_schema_url (line 587) ... ok
[INFO] [stdout] test src/common.rs - common::Key::new (line 21) ... ok
[INFO] [stdout] test src/baggage.rs - baggage::BaggageExt::with_baggage (line 338) ... ok
[INFO] [stdout] test src/baggage.rs - baggage::Baggage::insert_with_metadata (line 146) ... ok
[INFO] [stdout] test src/baggage.rs - baggage::Baggage::get (line 82) ... ok
[INFO] [stdout] test src/baggage.rs - baggage::BaggageExt::current_with_baggage (line 365) ... ok
[INFO] [stdout] test src/common.rs - common::InstrumentationScopeBuilder::with_version (line 573) ... ok
[INFO] [stdout] test src/context.rs - context::Context::attach (line 298) ... ok
[INFO] [stdout] test src/context.rs - context::Context::current (line 152) ... ok
[INFO] [stdout] test src/context.rs - context::Context::attach (line 317) ... ok
[INFO] [stdout] test src/context.rs - context::Context::enter_telemetry_suppressed_scope (line 415) ... ok
[INFO] [stdout] test src/context.rs - context::Context::attach (line 344) ... ok
[INFO] [stdout] test src/context.rs - context::Context::current_with_value (line 190) ... ok
[INFO] [stdout] test src/context.rs - context::Context (line 71) ... ok
[INFO] [stdout] test src/global/mod.rs - global (line 118) ... ok
[INFO] [stdout] test src/global/internal_logging.rs - global::internal_logging::otel_debug (line 128) ... ok
[INFO] [stdout] test src/global/internal_logging.rs - global::internal_logging::otel_error (line 179) ... ok
[INFO] [stdout] test src/context.rs - context::Context::get (line 217) ... ok
[INFO] [stdout] test src/global/internal_logging.rs - global::internal_logging::otel_warn (line 71) ... ok
[INFO] [stdout] test src/context.rs - context::Context::with_value (line 245) ... ok
[INFO] [stdout] test src/global/metrics.rs - global::metrics::meter_with_scope (line 66) ... ok
[INFO] [stdout] test src/global/mod.rs - global (line 50) ... ok
[INFO] [stdout] test src/global/internal_logging.rs - global::internal_logging::otel_info (line 17) ... ok
[INFO] [stdout] test src/global/mod.rs - global (line 94) ... ok
[INFO] [stdout] test src/metrics/meter.rs - metrics::meter::MeterProvider::meter_with_scope (line 43) ... FAILED
[INFO] [stdout] test src/logs/logger.rs - logs::logger::LoggerProvider::logger_with_scope (line 34) ... FAILED
[INFO] [stdout] test src/lib.rs - (line 16) ... ok
[INFO] [stdout] test src/lib.rs - (line 115) ... ok
[INFO] [stdout] test src/global/trace.rs - global::trace::tracer_with_scope (line 403) ... ok
[INFO] [stdout] test src/metrics/meter.rs - metrics::meter::MeterProvider::meter (line 25) ... ok
[INFO] [stdout] test src/global/mod.rs - global (line 18) ... ok
[INFO] [stdout] test src/trace/context.rs - trace::context::TraceContextExt::current_with_span (line 231) ... ok
[INFO] [stdout] test src/trace/context.rs - trace::context::get_active_span (line 367) ... ok
[INFO] [stdout] test src/trace/context.rs - trace::context::TraceContextExt::has_active_span (line 288) ... ok
[INFO] [stdout] test src/propagation/composite.rs - propagation::composite::TextMapCompositePropagator (line 24) ... FAILED
[INFO] [stdout] test src/metrics/meter.rs - metrics::meter::Meter (line 83) ... ok
[INFO] [stdout] test src/trace/context.rs - trace::context::TraceContextExt::with_span (line 252) ... ok
[INFO] [stdout] test src/trace/context.rs - trace::context::TraceContextExt::span (line 276) ... ok
[INFO] [stdout] test src/trace/context.rs - trace::context::mark_span_as_active (line 337) ... ok
[INFO] [stdout] test src/trace/mod.rs - trace (line 45) ... ok
[INFO] [stdout] test src/trace/mod.rs - trace (line 161) ... ok
[INFO] [stdout] test src/trace/span.rs - trace::span::Status::error (line 303) ... ok
[INFO] [stdout] test src/trace/tracer.rs - trace::tracer::SpanBuilder (line 321) ... ok
[INFO] [stdout] test src/trace/span_context.rs - trace::span_context::TraceState::from_key_value (line 75) ... ok
[INFO] [stdout] test src/trace/mod.rs - trace (line 103) ... ok
[INFO] [stdout] test src/trace/tracer.rs - trace::tracer::Tracer (line 14) ... ok
[INFO] [stdout] test src/trace/mod.rs - trace (line 134) ... ok
[INFO] [stdout] test src/trace/mod.rs - trace (line 16) ... ok
[INFO] [stdout] test src/trace/tracer.rs - trace::tracer::Tracer::in_span_with_context (line 208) ... ok
[INFO] [stdout] test src/trace/tracer.rs - trace::tracer::Tracer::in_span (line 172) ... ok
[INFO] [stdout] test src/trace/tracer.rs - trace::tracer::Tracer::in_span_with_builder (line 242) ... ok
[INFO] [stdout] test src/trace/tracer.rs - trace::tracer::Tracer (line 31) ... ok
[INFO] [stdout] test src/trace/tracer.rs - trace::tracer::Tracer (line 82) ... ok
[INFO] [stdout] test src/trace_context.rs - trace_context::TraceId::from_hex (line 114) ... ok
[INFO] [stdout] test src/trace/tracer.rs - trace::tracer::Tracer::in_span_with_builder_and_context (line 279) ... ok
[INFO] [stdout] test src/trace/tracer_provider.rs - trace::tracer_provider::TracerProvider::tracer (line 22) ... ok
[INFO] [stdout] test src/trace/tracer_provider.rs - trace::tracer_provider::TracerProvider::tracer_with_scope (line 40) ... ok
[INFO] [stdout] test src/trace/tracer.rs - trace::tracer::Tracer (line 50) ... ok
[INFO] [stdout] test src/trace_context.rs - trace_context::SpanId::from_hex (line 175) ... ok
[INFO] [stdout] 
[INFO] [stdout] failures:
[INFO] [stdout] 
[INFO] [stdout] ---- src/metrics/meter.rs - metrics::meter::MeterProvider::meter_with_scope (line 43) stdout ----
[INFO] [stdout] error[E0433]: cannot find module or crate `opentelemetry_sdk` in this scope
[INFO] [stdout]   --> src/metrics/meter.rs:48:5
[INFO] [stdout]    |
[INFO] [stdout] 48 | use opentelemetry_sdk::metrics::SdkMeterProvider;
[INFO] [stdout]    |     ^^^^^^^^^^^^^^^^^ use of unresolved module or unlinked crate `opentelemetry_sdk`
[INFO] [stdout]    |
[INFO] [stdout] help: there is a crate or module with a similar name
[INFO] [stdout]    |
[INFO] [stdout] 48 - use opentelemetry_sdk::metrics::SdkMeterProvider;
[INFO] [stdout] 48 + use opentelemetry::metrics::SdkMeterProvider;
[INFO] [stdout]    |
[INFO] [stdout] 
[INFO] [stdout] error: aborting due to 1 previous error
[INFO] [stdout] 
[INFO] [stdout] For more information about this error, try `rustc --explain E0433`.
[INFO] [stdout] Couldn't compile the test.
[INFO] [stdout] ---- src/logs/logger.rs - logs::logger::LoggerProvider::logger_with_scope (line 34) stdout ----
[INFO] [stdout] error[E0433]: cannot find module or crate `opentelemetry_sdk` in this scope
[INFO] [stdout]   --> src/logs/logger.rs:38:5
[INFO] [stdout]    |
[INFO] [stdout] 38 | use opentelemetry_sdk::logs::SdkLoggerProvider;
[INFO] [stdout]    |     ^^^^^^^^^^^^^^^^^ use of unresolved module or unlinked crate `opentelemetry_sdk`
[INFO] [stdout]    |
[INFO] [stdout] help: there is a crate or module with a similar name
[INFO] [stdout]    |
[INFO] [stdout] 38 - use opentelemetry_sdk::logs::SdkLoggerProvider;
[INFO] [stdout] 38 + use opentelemetry::logs::SdkLoggerProvider;
[INFO] [stdout]    |
[INFO] [stdout] 
[INFO] [stdout] error: aborting due to 1 previous error
[INFO] [stdout] 
[INFO] [stdout] For more information about this error, try `rustc --explain E0433`.
[INFO] [stdout] Couldn't compile the test.
[INFO] [stdout] ---- src/propagation/composite.rs - propagation::composite::TextMapCompositePropagator (line 24) stdout ----
[INFO] [stdout] error[E0433]: cannot find module or crate `opentelemetry_sdk` in this scope
[INFO] [stdout]   --> src/propagation/composite.rs:33:5
[INFO] [stdout]    |
[INFO] [stdout] 33 | use opentelemetry_sdk::propagation::{
[INFO] [stdout]    |     ^^^^^^^^^^^^^^^^^ use of unresolved module or unlinked crate `opentelemetry_sdk`
[INFO] [stdout]    |
[INFO] [stdout] help: there is a crate or module with a similar name
[INFO] [stdout]    |
[INFO] [stdout] 33 - use opentelemetry_sdk::propagation::{
[INFO] [stdout] 33 + use opentelemetry::propagation::{
[INFO] [stdout]    |
[INFO] [stdout] 
[INFO] [stdout] error[E0432]: unresolved import `opentelemetry_sdk`
[INFO] [stdout]   --> src/propagation/composite.rs:36:5
[INFO] [stdout]    |
[INFO] [stdout] 36 | use opentelemetry_sdk::trace as sdktrace;
[INFO] [stdout]    |     ^^^^^^^^^^^^^^^^^ use of unresolved module or unlinked crate `opentelemetry_sdk`
[INFO] [stdout]    |
[INFO] [stdout] help: there is a crate or module with a similar name
[INFO] [stdout]    |
[INFO] [stdout] 36 - use opentelemetry_sdk::trace as sdktrace;
[INFO] [stdout] 36 + use opentelemetry::trace as sdktrace;
[INFO] [stdout]    |
[INFO] [stdout] 
[INFO] [stdout] error: aborting due to 2 previous errors
[INFO] [stdout] 
[INFO] [stdout] Some errors have detailed explanations: E0432, E0433.
[INFO] [stdout] For more information about an error, try `rustc --explain E0432`.
[INFO] [stdout] Couldn't compile the test.
[INFO] [stdout] 
[INFO] [stdout] failures:
[INFO] [stdout]     src/logs/logger.rs - logs::logger::LoggerProvider::logger_with_scope (line 34)
[INFO] [stdout]     src/metrics/meter.rs - metrics::meter::MeterProvider::meter_with_scope (line 43)
[INFO] [stdout]     src/propagation/composite.rs - propagation::composite::TextMapCompositePropagator (line 24)
[INFO] [stdout] 
[INFO] [stdout] test result: FAILED. 60 passed; 3 failed; 0 ignored; 0 measured; 0 filtered out; finished in 3.36s
[INFO] [stdout] 
[INFO] [stderr] error: doctest failed, to rerun pass `--doc`
[INFO] running `Command { std: "docker" "inspect" "b8e5b90adf3fac50deefc88f2389dd1372a29146086206ef108c62427330b302", kill_on_drop: false }`
[INFO] running `Command { std: "docker" "rm" "-f" "b8e5b90adf3fac50deefc88f2389dd1372a29146086206ef108c62427330b302", kill_on_drop: false }`
[INFO] [stdout] b8e5b90adf3fac50deefc88f2389dd1372a29146086206ef108c62427330b302
