[INFO] fetching crate opentelemetry-datadog-cloudflare 0.11.0...
[INFO] testing opentelemetry-datadog-cloudflare-0.11.0 against 1.99.0-beta.8+cargoflags=--release for beta-release-1.100-2
[INFO] extracting crate opentelemetry-datadog-cloudflare 0.11.0 into /workspace/builds/worker-6-tc1/source
[INFO] removed /workspace/builds/worker-6-tc1/source/.cargo/config.toml
[INFO] removed /workspace/builds/worker-6-tc1/source/rust-toolchain.toml
[INFO] started tweaking crates.io crate opentelemetry-datadog-cloudflare 0.11.0
[INFO] finished tweaking crates.io crate opentelemetry-datadog-cloudflare 0.11.0
[INFO] tweaked toml for crates.io crate opentelemetry-datadog-cloudflare 0.11.0 written to /workspace/builds/worker-6-tc1/source/Cargo.toml
[INFO] validating manifest of crates.io crate opentelemetry-datadog-cloudflare 0.11.0 on toolchain 1.99.0-beta.8
[INFO] running `Command { std: CARGO_HOME="/workspace/cargo-home" RUSTUP_HOME="/workspace/rustup-home" "/workspace/cargo-home/bin/cargo" "+1.99.0-beta.8" "metadata" "--manifest-path" "Cargo.toml" "--no-deps", kill_on_drop: false }`
[INFO] running `Command { std: CARGO_HOME="/workspace/cargo-home" RUSTUP_HOME="/workspace/rustup-home" "/workspace/cargo-home/bin/cargo" "+1.99.0-beta.8" "generate-lockfile" "--manifest-path" "Cargo.toml", kill_on_drop: false }`
[INFO] [stderr]     Updating crates.io index
[INFO] [stderr]      Locking 216 packages to highest compatible versions
[INFO] [stderr]       Adding http v0.2.12 (available: v1.5.0)
[INFO] [stderr]       Adding itertools v0.10.5 (available: v0.15.0)
[INFO] [stderr]       Adding opentelemetry-http v0.6.0 (available: v0.33.1)
[INFO] [stderr]       Adding opentelemetry-semantic-conventions v0.9.0 (available: v0.33.1)
[INFO] [stderr]       Adding prost v0.11.9 (available: v0.14.4)
[INFO] [stderr]       Adding prost-build v0.11.9 (available: v0.14.4)
[INFO] [stderr]       Adding reqwest v0.11.27 (available: v0.13.5)
[INFO] [stderr]       Adding thiserror v1.0.69 (available: v2.0.21)
[INFO] [stderr]       Adding tonic-build v0.8.4 (available: v0.14.6)
[INFO] running `Command { std: CARGO_HOME="/workspace/cargo-home" RUSTUP_HOME="/workspace/rustup-home" "/workspace/cargo-home/bin/cargo" "+1.99.0-beta.8" "fetch" "--manifest-path" "Cargo.toml", kill_on_drop: false }`
[INFO] [stderr]  Downloading crates ...
[INFO] [stderr]   Downloaded tonic-build v0.8.4
[INFO] [stderr]   Downloaded prost-types v0.11.9
[INFO] [stderr]   Downloaded prost v0.11.9
[INFO] [stderr]   Downloaded prost-build v0.11.9
[INFO] [stderr]   Downloaded prost-derive v0.11.9
[INFO] [stderr]   Downloaded prettyplease v0.1.25
[INFO] [stderr]   Downloaded opentelemetry-http v0.6.0
[INFO] [stderr]   Downloaded opentelemetry-semantic-conventions v0.9.0
[INFO] [stderr]   Downloaded opentelemetry-spanprocessor-any v0.17.0
[INFO] running `Command { std: "docker" "create" "-v" "/var/lib/crater-agent-workspace/builds/worker-6-tc1/source:/opt/rustwide/workdir:ro,Z" "-v" "/var/lib/crater-agent-workspace/builds/worker-6-tc1/target:/opt/rustwide/target:rw,Z" "-v" "/var/lib/crater-agent-workspace/cargo-home:/opt/rustwide/cargo-home:ro,Z" "-v" "/var/lib/crater-agent-workspace/rustup-home:/opt/rustwide/rustup-home:ro,Z" "-m" "1610612736" "--network" "none" "ghcr.io/rust-lang/crates-build-env/linux@sha256:77db811e55d90add9212f6832c23229e3de5f1c1f9905e8cb07319ea15df73ac" "sleep" "infinity", kill_on_drop: false }`
[INFO] [stdout] 783599a0c9cabbf77dccdd5140e31175ddd2d95ebd9a7a2a3738a9732ef22228
[INFO] running `Command { std: "docker" "start" "783599a0c9cabbf77dccdd5140e31175ddd2d95ebd9a7a2a3738a9732ef22228", kill_on_drop: false }`
[INFO] running `Command { std: "docker" "inspect" "783599a0c9cabbf77dccdd5140e31175ddd2d95ebd9a7a2a3738a9732ef22228", kill_on_drop: false }`
[INFO] running `Command { std: "docker" "exec" "-e" "SOURCE_DIR=/opt/rustwide/workdir" "-e" "CARGO_HOME=/opt/rustwide/cargo-home" "-e" "RUSTUP_HOME=/opt/rustwide/rustup-home" "-e" "CARGO_TARGET_DIR=/opt/rustwide/target" "-w" "/opt/rustwide/workdir" "--user" "0:0" "783599a0c9cabbf77dccdd5140e31175ddd2d95ebd9a7a2a3738a9732ef22228" "/opt/rustwide/cargo-home/bin/cargo" "+1.99.0-beta.8" "metadata" "--no-deps" "--format-version=1", kill_on_drop: false }`
[INFO] running `Command { std: "docker" "inspect" "783599a0c9cabbf77dccdd5140e31175ddd2d95ebd9a7a2a3738a9732ef22228", kill_on_drop: false }`
[INFO] running `Command { std: "docker" "exec" "-e" "SOURCE_DIR=/opt/rustwide/workdir" "-e" "CARGO_HOME=/opt/rustwide/cargo-home" "-e" "RUSTUP_HOME=/opt/rustwide/rustup-home" "-e" "CARGO_TARGET_DIR=/opt/rustwide/target" "-e" "CARGO_INCREMENTAL=0" "-e" "RUST_BACKTRACE=full" "-e" "RUSTFLAGS=--cap-lints=warn" "-e" "RUSTDOCFLAGS=--cap-lints=warn" "-w" "/opt/rustwide/workdir" "--user" "0:0" "783599a0c9cabbf77dccdd5140e31175ddd2d95ebd9a7a2a3738a9732ef22228" "/opt/rustwide/cargo-home/bin/cargo" "+1.99.0-beta.8" "build" "--frozen" "--message-format=json" "--release", kill_on_drop: false }`
[INFO] [stderr]    Compiling syn v3.0.9
[INFO] [stderr]    Compiling syn v1.0.109
[INFO] [stderr]    Compiling either v1.19.0
[INFO] [stderr]    Compiling rustix v0.38.44
[INFO] [stderr]    Compiling ring v0.17.14
[INFO] [stderr]    Compiling tokio v1.53.3
[INFO] [stderr]    Compiling prettyplease v0.1.25
[INFO] [stderr]    Compiling linux-raw-sys v0.4.15
[INFO] [stderr]    Compiling thiserror-impl v1.0.69
[INFO] [stderr]    Compiling once_cell v1.21.4
[INFO] [stderr]    Compiling rand v0.8.8
[INFO] [stderr]    Compiling multimap v0.8.3
[INFO] [stderr]    Compiling http-body v0.4.6
[INFO] [stderr]    Compiling serde_urlencoded v0.7.1
[INFO] [stderr]    Compiling itertools v0.10.5
[INFO] [stderr]    Compiling tempfile v3.27.0
[INFO] [stderr]    Compiling thiserror v1.0.69
[INFO] [stderr]    Compiling sct v0.7.1
[INFO] [stderr]    Compiling rustls-webpki v0.101.7
[INFO] [stderr]    Compiling which v4.4.2
[INFO] [stderr]    Compiling rustls v0.21.12
[INFO] [stderr]    Compiling prost-derive v0.11.9
[INFO] [stderr]    Compiling synstructure v0.14.0
[INFO] [stderr]    Compiling tokio-util v0.7.20
[INFO] [stderr]    Compiling zerofrom-derive v0.1.8
[INFO] [stderr]    Compiling yoke-derive v0.8.4
[INFO] [stderr]    Compiling zerovec-derive v0.11.6
[INFO] [stderr]    Compiling displaydoc v0.2.7
[INFO] [stderr]    Compiling futures-macro v0.3.34
[INFO] [stderr]    Compiling async-trait v0.1.92
[INFO] [stderr]    Compiling prost v0.11.9
[INFO] [stderr]    Compiling prost-types v0.11.9
[INFO] [stderr]    Compiling tokio-rustls v0.24.1
[INFO] [stderr]    Compiling futures-util v0.3.34
[INFO] [stderr]    Compiling zerofrom v0.1.8
[INFO] [stderr]    Compiling yoke v0.8.3
[INFO] [stderr]    Compiling zerovec v0.11.8
[INFO] [stderr]    Compiling zerotrie v0.2.5
[INFO] [stderr]    Compiling prost-build v0.11.9
[INFO] [stderr]    Compiling tinystr v0.8.4
[INFO] [stderr]    Compiling potential_utf v0.1.6
[INFO] [stderr]    Compiling icu_collections v2.3.0
[INFO] [stderr]    Compiling icu_locale_core v2.3.0
[INFO] [stderr]    Compiling tonic-build v0.8.4
[INFO] [stderr]    Compiling icu_provider v2.3.1
[INFO] [stderr]    Compiling opentelemetry-datadog-cloudflare v0.11.0 (/opt/rustwide/workdir)
[INFO] [stderr]    Compiling icu_normalizer v2.3.0
[INFO] [stderr]    Compiling icu_properties v2.3.0
[INFO] [stderr]    Compiling futures-executor v0.3.34
[INFO] [stderr]    Compiling h2 v0.3.27
[INFO] [stderr]    Compiling opentelemetry v0.17.0
[INFO] [stderr]    Compiling opentelemetry-spanprocessor-any v0.17.0
[INFO] [stderr]    Compiling idna_adapter v1.2.2
[INFO] [stderr]    Compiling idna v1.1.0
[INFO] [stderr]    Compiling opentelemetry-http v0.6.0
[INFO] [stderr]    Compiling opentelemetry-semantic-conventions v0.9.0
[INFO] [stderr]    Compiling url v2.5.8
[INFO] [stderr]    Compiling hyper v0.14.32
[INFO] [stderr]    Compiling hyper-rustls v0.24.2
[INFO] [stderr]    Compiling reqwest v0.11.27
[INFO] [stderr]     Finished `release` profile [optimized] target(s) in 24.21s
[INFO] running `Command { std: "docker" "inspect" "783599a0c9cabbf77dccdd5140e31175ddd2d95ebd9a7a2a3738a9732ef22228", kill_on_drop: false }`
[INFO] running `Command { std: "docker" "exec" "-e" "SOURCE_DIR=/opt/rustwide/workdir" "-e" "CARGO_HOME=/opt/rustwide/cargo-home" "-e" "RUSTUP_HOME=/opt/rustwide/rustup-home" "-e" "CARGO_TARGET_DIR=/opt/rustwide/target" "-e" "CARGO_INCREMENTAL=0" "-e" "RUST_BACKTRACE=full" "-e" "RUSTFLAGS=--cap-lints=warn" "-e" "RUSTDOCFLAGS=--cap-lints=warn" "-w" "/opt/rustwide/workdir" "--user" "0:0" "783599a0c9cabbf77dccdd5140e31175ddd2d95ebd9a7a2a3738a9732ef22228" "/opt/rustwide/cargo-home/bin/cargo" "+1.99.0-beta.8" "test" "--frozen" "--no-run" "--message-format=json" "--release", kill_on_drop: false }`
[INFO] [stderr]    Compiling rustix v1.1.5
[INFO] [stderr]    Compiling value-bag v1.14.1
[INFO] [stderr]    Compiling linux-raw-sys v0.12.1
[INFO] [stderr]    Compiling concurrent-queue v2.5.0
[INFO] [stderr]    Compiling tokio-macros v2.7.2
[INFO] [stderr]    Compiling event-listener-strategy v0.5.4
[INFO] [stderr]    Compiling futures-util v0.3.34
[INFO] [stderr]    Compiling errno v0.3.14
[INFO] [stderr]    Compiling crossbeam-channel v0.5.17
[INFO] [stderr]    Compiling event-listener v2.5.3
[INFO] [stderr]    Compiling pin-utils v0.1.1
[INFO] [stderr]    Compiling dashmap v4.0.2
[INFO] [stderr]    Compiling signal-hook-registry v1.4.8
[INFO] [stderr]    Compiling async-lock v3.4.2
[INFO] [stderr]    Compiling async-channel v2.5.0
[INFO] [stderr]    Compiling async-executor v1.14.0
[INFO] [stderr]    Compiling async-channel v1.9.0
[INFO] [stderr]    Compiling blocking v1.7.0
[INFO] [stderr]    Compiling log v0.4.34
[INFO] [stderr]    Compiling tokio v1.53.3
[INFO] [stderr]    Compiling rustls v0.21.12
[INFO] [stderr]    Compiling kv-log-macro v1.0.7
[INFO] [stderr]    Compiling futures-executor v0.3.34
[INFO] [stderr]    Compiling opentelemetry v0.17.0
[INFO] [stderr]    Compiling opentelemetry-http v0.6.0
[INFO] [stderr]    Compiling opentelemetry-semantic-conventions v0.9.0
[INFO] [stderr]    Compiling tokio-util v0.7.20
[INFO] [stderr]    Compiling tokio-rustls v0.24.1
[INFO] [stderr]    Compiling tokio-stream v0.1.19
[INFO] [stderr]    Compiling h2 v0.3.27
[INFO] [stderr]    Compiling polling v3.11.0
[INFO] [stderr]    Compiling async-io v2.6.0
[INFO] [stderr]    Compiling async-signal v0.2.14
[INFO] [stderr]    Compiling async-global-executor v2.4.1
[INFO] [stderr]    Compiling async-process v2.5.0
[INFO] [stderr]    Compiling async-std v1.13.2
[INFO] [stderr]    Compiling hyper v0.14.32
[INFO] [stderr]    Compiling opentelemetry-spanprocessor-any v0.17.0
[INFO] [stderr]    Compiling hyper-rustls v0.24.2
[INFO] [stderr]    Compiling reqwest v0.11.27
[INFO] [stderr]    Compiling opentelemetry-datadog-cloudflare v0.11.0 (/opt/rustwide/workdir)
[INFO] [stderr]     Finished `release` profile [optimized] target(s) in 17.07s
[INFO] running `Command { std: "docker" "inspect" "783599a0c9cabbf77dccdd5140e31175ddd2d95ebd9a7a2a3738a9732ef22228", kill_on_drop: false }`
[INFO] running `Command { std: "docker" "exec" "-e" "SOURCE_DIR=/opt/rustwide/workdir" "-e" "CARGO_HOME=/opt/rustwide/cargo-home" "-e" "RUSTUP_HOME=/opt/rustwide/rustup-home" "-e" "CARGO_TARGET_DIR=/opt/rustwide/target" "-e" "CARGO_INCREMENTAL=0" "-e" "RUST_BACKTRACE=full" "-e" "RUSTFLAGS=--cap-lints=warn" "-e" "RUSTDOCFLAGS=--cap-lints=warn" "-w" "/opt/rustwide/workdir" "--user" "0:0" "783599a0c9cabbf77dccdd5140e31175ddd2d95ebd9a7a2a3738a9732ef22228" "/opt/rustwide/cargo-home/bin/cargo" "+1.99.0-beta.8" "test" "--frozen" "--release", kill_on_drop: false }`
[INFO] [stderr]     Finished `release` profile [optimized] target(s) in 0.12s
[INFO] [stderr]      Running unittests src/lib.rs (/opt/rustwide/target/release/deps/opentelemetry_datadog_cloudflare-b638ca660f21c98c)
[INFO] [stdout] 
[INFO] [stdout] running 3 tests
[INFO] [stdout] test propagator::tests::test_extract_empty ... ok
[INFO] [stdout] test propagator::tests::test_extract ... ok
[INFO] [stdout] test propagator::tests::test_inject ... FAILED
[INFO] [stdout] 
[INFO] [stdout] failures:
[INFO] [stdout] 
[INFO] [stdout] ---- propagator::tests::test_inject stdout ----
[INFO] [stdout] 
[INFO] [stdout] thread 'propagator::tests::test_inject' (2094) panicked at src/lib.rs:288:25:
[INFO] [stdout] assertion `left == right` failed
[INFO] [stdout]   left: Some("0")
[INFO] [stdout]  right: Some("1234")
[INFO] [stdout] stack backtrace:
[INFO] [stdout]    0:     0x64ed187f54c1 - <<std[70759c8f55707aa4]::sys::backtrace::BacktraceLock>::print::DisplayBacktrace as core[df12db4294e9bfd3]::fmt::Display>::fmt
[INFO] [stdout]    1:     0x64ed1880a78a - core[df12db4294e9bfd3]::fmt::write
[INFO] [stdout]    2:     0x64ed187f995c - <alloc[2182bb758b4b3781]::vec::Vec<u8> as core[df12db4294e9bfd3]::io::write::Write>::write_fmt
[INFO] [stdout]    3:     0x64ed187d1ab6 - std[70759c8f55707aa4]::panicking::default_hook::{closure#0}
[INFO] [stdout]    4:     0x64ed187edc29 - std[70759c8f55707aa4]::panicking::default_hook
[INFO] [stdout]    5:     0x64ed18788320 - test[9d35eded1c95d3be]::test_main_inner::<test[9d35eded1c95d3be]::test_main_static::{closure#0}>::{closure#0}
[INFO] [stdout]    6:     0x64ed187edde2 - std[70759c8f55707aa4]::panicking::panic_with_hook
[INFO] [stdout]    7:     0x64ed187d1b62 - std[70759c8f55707aa4]::panicking::panic_handler::{closure#0}
[INFO] [stdout]    8:     0x64ed187ca8e9 - std[70759c8f55707aa4]::sys::backtrace::__rust_end_short_backtrace::<std[70759c8f55707aa4]::panicking::panic_handler::{closure#0}, !>
[INFO] [stdout]    9:     0x64ed187d275d - __rustc[8fa7c3cbc660c2b3]::rust_begin_unwind
[INFO] [stdout]   10:     0x64ed1880aeec - core[df12db4294e9bfd3]::panicking::panic_fmt
[INFO] [stdout]   11:     0x64ed1880ae03 - core[df12db4294e9bfd3]::panicking::assert_failed_inner
[INFO] [stdout]   12:     0x64ed18775427 - core[df12db4294e9bfd3]::panicking::assert_failed::<core[df12db4294e9bfd3]::option::Option<&alloc[2182bb758b4b3781]::string::String>, core[df12db4294e9bfd3]::option::Option<&alloc[2182bb758b4b3781]::string::String>>
[INFO] [stdout]   13:     0x64ed1877a2b1 - opentelemetry_datadog_cloudflare[7a8b135613f5c91d]::propagator::tests::test_inject
[INFO] [stdout]   14:     0x64ed187768a9 - <opentelemetry_datadog_cloudflare[7a8b135613f5c91d]::propagator::tests::test_inject::{closure#0} as core[df12db4294e9bfd3]::ops::function::FnOnce<()>>::call_once
[INFO] [stdout]   15:     0x64ed1877b60b - test[9d35eded1c95d3be]::__rust_begin_short_backtrace::<core[df12db4294e9bfd3]::result::Result<(), alloc[2182bb758b4b3781]::string::String>, fn() -> core[df12db4294e9bfd3]::result::Result<(), alloc[2182bb758b4b3781]::string::String>>
[INFO] [stdout]   16:     0x64ed18788c75 - test[9d35eded1c95d3be]::run_test::{closure#0}
[INFO] [stdout]   17:     0x64ed18782534 - std[70759c8f55707aa4]::sys::backtrace::__rust_begin_short_backtrace::<test[9d35eded1c95d3be]::run_test::{closure#1}, ()>
[INFO] [stdout]   18:     0x64ed1878bdd2 - <std[70759c8f55707aa4]::thread::lifecycle::spawn_unchecked<test[9d35eded1c95d3be]::run_test::{closure#1}, ()>::{closure#1} as core[df12db4294e9bfd3]::ops::function::FnOnce<()>>::call_once::{shim:vtable#0}
[INFO] [stdout]   19:     0x64ed187f4d99 - <std[70759c8f55707aa4]::sys::thread::unix::Thread>::new::thread_start
[INFO] [stdout]   20:     0x761cda99edfa - <unknown>
[INFO] [stdout]   21:     0x761cdaa323d4 - clone
[INFO] [stdout]   22:                0x0 - <unknown>
[INFO] [stdout] 
[INFO] [stdout] 
[INFO] [stdout] failures:
[INFO] [stdout]     propagator::tests::test_inject
[INFO] [stdout] 
[INFO] [stdout] test result: FAILED. 2 passed; 1 failed; 0 ignored; 0 measured; 0 filtered out; finished in 0.00s
[INFO] [stdout] 
[INFO] [stderr] error: test failed, to rerun pass `--lib`
[INFO] running `Command { std: "docker" "inspect" "783599a0c9cabbf77dccdd5140e31175ddd2d95ebd9a7a2a3738a9732ef22228", kill_on_drop: false }`
[INFO] running `Command { std: "docker" "rm" "-f" "783599a0c9cabbf77dccdd5140e31175ddd2d95ebd9a7a2a3738a9732ef22228", kill_on_drop: false }`
[INFO] [stdout] 783599a0c9cabbf77dccdd5140e31175ddd2d95ebd9a7a2a3738a9732ef22228
