[INFO] fetching crate opentelemetry-appender-log 0.33.1...
[INFO] testing opentelemetry-appender-log-0.33.1 against 1.99.0-beta.8+cargoflags=--release for beta-release-1.100-2
[INFO] extracting crate opentelemetry-appender-log 0.33.1 into /workspace/builds/worker-4-tc1/source
[INFO] started tweaking crates.io crate opentelemetry-appender-log 0.33.1
[INFO] removed 0 missing examples
[INFO] finished tweaking crates.io crate opentelemetry-appender-log 0.33.1
[INFO] tweaked toml for crates.io crate opentelemetry-appender-log 0.33.1 written to /workspace/builds/worker-4-tc1/source/Cargo.toml
[INFO] validating manifest of crates.io crate opentelemetry-appender-log 0.33.1 on toolchain 1.99.0-beta.8
[INFO] running `Command { std: CARGO_HOME="/workspace/cargo-home" RUSTUP_HOME="/workspace/rustup-home" "/workspace/cargo-home/bin/cargo" "+1.99.0-beta.8" "metadata" "--manifest-path" "Cargo.toml" "--no-deps", kill_on_drop: false }`
[INFO] crate crates.io crate opentelemetry-appender-log 0.33.1 already has a lockfile, it will not be regenerated
[INFO] running `Command { std: CARGO_HOME="/workspace/cargo-home" RUSTUP_HOME="/workspace/rustup-home" "/workspace/cargo-home/bin/cargo" "+1.99.0-beta.8" "fetch" "--manifest-path" "Cargo.toml", kill_on_drop: false }`
[INFO] [stderr]  Downloading crates ...
[INFO] [stderr]   Downloaded zerocopy-derive v0.8.62
[INFO] [stderr]   Downloaded sval_serde v2.22.0
[INFO] [stderr]   Downloaded sval_json v2.22.0
[INFO] [stderr]   Downloaded value-bag-sval2 v1.14.1
[INFO] [stderr]   Downloaded sval_dynamic v2.22.0
[INFO] [stderr]   Downloaded opentelemetry-stdout v0.33.1
[INFO] [stderr]   Downloaded sval_ref v2.22.0
[INFO] [stderr]   Downloaded value-bag-serde1 v1.14.1
[INFO] [stderr]   Downloaded sval_fmt v2.22.0
[INFO] [stderr]   Downloaded sval_nested v2.22.0
[INFO] [stderr]   Downloaded sval_buffer v2.22.0
[INFO] [stderr]   Downloaded opentelemetry v0.33.1
[INFO] [stderr]   Downloaded sval v2.22.0
[INFO] [stderr]   Downloaded opentelemetry-semantic-conventions v0.33.1
[INFO] [stderr]   Downloaded opentelemetry_sdk v0.33.1
[INFO] [stderr]   Downloaded zerocopy v0.8.62
[INFO] [stderr]   Downloaded tokio v1.53.2
[INFO] running `Command { std: "docker" "create" "-v" "/var/lib/crater-agent-workspace/builds/worker-4-tc1/source:/opt/rustwide/workdir:ro,Z" "-v" "/var/lib/crater-agent-workspace/builds/worker-4-tc1/target:/opt/rustwide/target:rw,Z" "-v" "/var/lib/crater-agent-workspace/cargo-home:/opt/rustwide/cargo-home:ro,Z" "-v" "/var/lib/crater-agent-workspace/rustup-home:/opt/rustwide/rustup-home:ro,Z" "-m" "1610612736" "--network" "none" "ghcr.io/rust-lang/crates-build-env/linux@sha256:77db811e55d90add9212f6832c23229e3de5f1c1f9905e8cb07319ea15df73ac" "sleep" "infinity", kill_on_drop: false }`
[INFO] [stdout] 29db8328d9e1563149eea10879cdcf3fa28181e571d61fb3f8b3d87bc910f5aa
[INFO] running `Command { std: "docker" "start" "29db8328d9e1563149eea10879cdcf3fa28181e571d61fb3f8b3d87bc910f5aa", kill_on_drop: false }`
[INFO] running `Command { std: "docker" "inspect" "29db8328d9e1563149eea10879cdcf3fa28181e571d61fb3f8b3d87bc910f5aa", kill_on_drop: false }`
[INFO] running `Command { std: "docker" "exec" "-e" "SOURCE_DIR=/opt/rustwide/workdir" "-e" "CARGO_HOME=/opt/rustwide/cargo-home" "-e" "RUSTUP_HOME=/opt/rustwide/rustup-home" "-e" "CARGO_TARGET_DIR=/opt/rustwide/target" "-w" "/opt/rustwide/workdir" "--user" "0:0" "29db8328d9e1563149eea10879cdcf3fa28181e571d61fb3f8b3d87bc910f5aa" "/opt/rustwide/cargo-home/bin/cargo" "+1.99.0-beta.8" "metadata" "--no-deps" "--format-version=1", kill_on_drop: false }`
[INFO] running `Command { std: "docker" "inspect" "29db8328d9e1563149eea10879cdcf3fa28181e571d61fb3f8b3d87bc910f5aa", kill_on_drop: false }`
[INFO] running `Command { std: "docker" "exec" "-e" "SOURCE_DIR=/opt/rustwide/workdir" "-e" "CARGO_HOME=/opt/rustwide/cargo-home" "-e" "RUSTUP_HOME=/opt/rustwide/rustup-home" "-e" "CARGO_TARGET_DIR=/opt/rustwide/target" "-e" "CARGO_INCREMENTAL=0" "-e" "RUST_BACKTRACE=full" "-e" "RUSTFLAGS=--cap-lints=warn" "-e" "RUSTDOCFLAGS=--cap-lints=warn" "-w" "/opt/rustwide/workdir" "--user" "0:0" "29db8328d9e1563149eea10879cdcf3fa28181e571d61fb3f8b3d87bc910f5aa" "/opt/rustwide/cargo-home/bin/cargo" "+1.99.0-beta.8" "build" "--frozen" "--message-format=json" "--release", kill_on_drop: false }`
[INFO] [stderr]    Compiling log v0.4.34
[INFO] [stderr]    Compiling opentelemetry v0.33.1
[INFO] [stderr]    Compiling opentelemetry-appender-log v0.33.1 (/opt/rustwide/workdir)
[INFO] [stderr]     Finished `release` profile [optimized] target(s) in 1.72s
[INFO] running `Command { std: "docker" "inspect" "29db8328d9e1563149eea10879cdcf3fa28181e571d61fb3f8b3d87bc910f5aa", kill_on_drop: false }`
[INFO] running `Command { std: "docker" "exec" "-e" "SOURCE_DIR=/opt/rustwide/workdir" "-e" "CARGO_HOME=/opt/rustwide/cargo-home" "-e" "RUSTUP_HOME=/opt/rustwide/rustup-home" "-e" "CARGO_TARGET_DIR=/opt/rustwide/target" "-e" "CARGO_INCREMENTAL=0" "-e" "RUST_BACKTRACE=full" "-e" "RUSTFLAGS=--cap-lints=warn" "-e" "RUSTDOCFLAGS=--cap-lints=warn" "-w" "/opt/rustwide/workdir" "--user" "0:0" "29db8328d9e1563149eea10879cdcf3fa28181e571d61fb3f8b3d87bc910f5aa" "/opt/rustwide/cargo-home/bin/cargo" "+1.99.0-beta.8" "test" "--frozen" "--no-run" "--message-format=json" "--release", kill_on_drop: false }`
[INFO] [stderr]    Compiling libc v0.2.190
[INFO] [stderr]    Compiling zerocopy v0.8.62
[INFO] [stderr]    Compiling erased-serde v0.4.10
[INFO] [stderr]    Compiling syn v3.0.6
[INFO] [stderr]    Compiling serde_fmt v1.1.0
[INFO] [stderr]    Compiling serde v1.0.229
[INFO] [stderr]    Compiling chrono v0.4.45
[INFO] [stderr]    Compiling value-bag-serde1 v1.14.1
[INFO] [stderr]    Compiling value-bag v1.14.1
[INFO] [stderr]    Compiling log v0.4.34
[INFO] [stderr]    Compiling getrandom v0.3.4
[INFO] [stderr]    Compiling rand_core v0.9.5
[INFO] [stderr]    Compiling thiserror-impl v2.0.20
[INFO] [stderr]    Compiling futures-macro v0.3.34
[INFO] [stderr]    Compiling tokio-macros v2.7.2
[INFO] [stderr]    Compiling serde_derive v1.0.229
[INFO] [stderr]    Compiling tokio v1.53.2
[INFO] [stderr]    Compiling futures-util v0.3.34
[INFO] [stderr]    Compiling thiserror v2.0.20
[INFO] [stderr]    Compiling opentelemetry v0.33.1
[INFO] [stderr]    Compiling ppv-lite86 v0.2.21
[INFO] [stderr]    Compiling rand_chacha v0.9.0
[INFO] [stderr]    Compiling opentelemetry-appender-log v0.33.1 (/opt/rustwide/workdir)
[INFO] [stderr]    Compiling rand v0.9.5
[INFO] [stderr]    Compiling futures-executor v0.3.34
[INFO] [stderr]    Compiling opentelemetry_sdk v0.33.1
[INFO] [stderr]    Compiling opentelemetry-stdout v0.33.1
[INFO] [stderr]     Finished `release` profile [optimized] target(s) in 34.73s
[INFO] running `Command { std: "docker" "inspect" "29db8328d9e1563149eea10879cdcf3fa28181e571d61fb3f8b3d87bc910f5aa", kill_on_drop: false }`
[INFO] running `Command { std: "docker" "exec" "-e" "SOURCE_DIR=/opt/rustwide/workdir" "-e" "CARGO_HOME=/opt/rustwide/cargo-home" "-e" "RUSTUP_HOME=/opt/rustwide/rustup-home" "-e" "CARGO_TARGET_DIR=/opt/rustwide/target" "-e" "CARGO_INCREMENTAL=0" "-e" "RUST_BACKTRACE=full" "-e" "RUSTFLAGS=--cap-lints=warn" "-e" "RUSTDOCFLAGS=--cap-lints=warn" "-w" "/opt/rustwide/workdir" "--user" "0:0" "29db8328d9e1563149eea10879cdcf3fa28181e571d61fb3f8b3d87bc910f5aa" "/opt/rustwide/cargo-home/bin/cargo" "+1.99.0-beta.8" "test" "--frozen" "--release", kill_on_drop: false }`
[INFO] [stderr]     Finished `release` profile [optimized] target(s) in 0.06s
[INFO] [stderr]      Running unittests src/lib.rs (/opt/rustwide/target/release/deps/opentelemetry_appender_log-c6bd16e169bde6de)
[INFO] [stdout] 
[INFO] [stdout] running 5 tests
[INFO] [stdout] test tests::check_level_severities ... ok
[INFO] [stdout] test tests::logbridge_with_default_metadata_is_enabled ... ok
[INFO] [stdout] test tests::test_flush ... ok
[INFO] [stdout] test tests::logbridge_with_record_can_log ... ok
[INFO] [stdout] test tests::logbridge_attributes ... ok
[INFO] [stdout] 
[INFO] [stdout] test result: ok. 5 passed; 0 failed; 0 ignored; 0 measured; 0 filtered out; finished in 0.00s
[INFO] [stdout] 
[INFO] [stderr]    Doc-tests opentelemetry_appender_log
[INFO] [stdout] 
[INFO] [stdout] running 2 tests
[INFO] [stdout] test src/lib.rs - (line 13) ... FAILED
[INFO] [stdout] test src/lib.rs - (line 27) ... FAILED
[INFO] [stderr] error: doctest failed, to rerun pass `--doc`
[INFO] [stdout] 
[INFO] [stdout] failures:
[INFO] [stdout] 
[INFO] [stdout] ---- src/lib.rs - (line 13) stdout ----
[INFO] [stdout] error[E0432]: unresolved import `opentelemetry_sdk::runtime`
[INFO] [stdout]    --> src/lib.rs:16:5
[INFO] [stdout]     |
[INFO] [stdout]  16 | use opentelemetry_sdk::runtime;
[INFO] [stdout]     |     ^^^^^^^^^^^^^^^^^^^-------
[INFO] [stdout]     |                        |
[INFO] [stdout]     |                        no `runtime` in the root
[INFO] [stdout]     |
[INFO] [stdout] note: found an item that was configured out
[INFO] [stdout]    --> /opt/rustwide/cargo-home/registry/src/index.crates.io-1949cf8c6b5b557f/opentelemetry_sdk-0.33.1/src/lib.rs:178:9
[INFO] [stdout]     |
[INFO] [stdout] 177 | #[cfg(feature = "experimental_async_runtime")]
[INFO] [stdout]     |       -------------------------------------- the item is gated behind the `experimental_async_runtime` feature
[INFO] [stdout] 178 | pub mod runtime;
[INFO] [stdout]     |         ^^^^^^^
[INFO] [stdout] 
[INFO] [stdout] error: aborting due to 1 previous error
[INFO] [stdout] 
[INFO] [stdout] For more information about this error, try `rustc --explain E0432`.
[INFO] [stdout] Couldn't compile the test.
[INFO] [stdout] ---- src/lib.rs - (line 27) stdout ----
[INFO] [stdout] error[E0432]: unresolved import `opentelemetry_sdk::runtime`
[INFO] [stdout]    --> src/lib.rs:31:5
[INFO] [stdout]     |
[INFO] [stdout]  31 | use opentelemetry_sdk::runtime;
[INFO] [stdout]     |     ^^^^^^^^^^^^^^^^^^^-------
[INFO] [stdout]     |                        |
[INFO] [stdout]     |                        no `runtime` in the root
[INFO] [stdout]     |
[INFO] [stdout] note: found an item that was configured out
[INFO] [stdout]    --> /opt/rustwide/cargo-home/registry/src/index.crates.io-1949cf8c6b5b557f/opentelemetry_sdk-0.33.1/src/lib.rs:178:9
[INFO] [stdout]     |
[INFO] [stdout] 177 | #[cfg(feature = "experimental_async_runtime")]
[INFO] [stdout]     |       -------------------------------------- the item is gated behind the `experimental_async_runtime` feature
[INFO] [stdout] 178 | pub mod runtime;
[INFO] [stdout]     |         ^^^^^^^
[INFO] [stdout] 
[INFO] [stdout] error: aborting due to 1 previous error
[INFO] [stdout] 
[INFO] [stdout] For more information about this error, try `rustc --explain E0432`.
[INFO] [stdout] Couldn't compile the test.
[INFO] [stdout] 
[INFO] [stdout] failures:
[INFO] [stdout]     src/lib.rs - (line 13)
[INFO] [stdout]     src/lib.rs - (line 27)
[INFO] [stdout] 
[INFO] [stdout] test result: FAILED. 0 passed; 2 failed; 0 ignored; 0 measured; 0 filtered out; finished in 0.18s
[INFO] [stdout] 
[INFO] running `Command { std: "docker" "inspect" "29db8328d9e1563149eea10879cdcf3fa28181e571d61fb3f8b3d87bc910f5aa", kill_on_drop: false }`
[INFO] running `Command { std: "docker" "rm" "-f" "29db8328d9e1563149eea10879cdcf3fa28181e571d61fb3f8b3d87bc910f5aa", kill_on_drop: false }`
[INFO] [stdout] 29db8328d9e1563149eea10879cdcf3fa28181e571d61fb3f8b3d87bc910f5aa
