[INFO] fetching crate opentalk-janus-client 0.3.1...
[INFO] testing opentalk-janus-client-0.3.1 against 1.99.0-beta.8+cargoflags=--release for beta-release-1.100-2
[INFO] extracting crate opentalk-janus-client 0.3.1 into /workspace/builds/worker-3-tc1/source
[INFO] started tweaking crates.io crate opentalk-janus-client 0.3.1
[INFO] finished tweaking crates.io crate opentalk-janus-client 0.3.1
[INFO] tweaked toml for crates.io crate opentalk-janus-client 0.3.1 written to /workspace/builds/worker-3-tc1/source/Cargo.toml
[INFO] validating manifest of crates.io crate opentalk-janus-client 0.3.1 on toolchain 1.99.0-beta.8
[INFO] running `Command { std: CARGO_HOME="/workspace/cargo-home" RUSTUP_HOME="/workspace/rustup-home" "/workspace/cargo-home/bin/cargo" "+1.99.0-beta.8" "metadata" "--manifest-path" "Cargo.toml" "--no-deps", kill_on_drop: false }`
[INFO] running `Command { std: CARGO_HOME="/workspace/cargo-home" RUSTUP_HOME="/workspace/rustup-home" "/workspace/cargo-home/bin/cargo" "+1.99.0-beta.8" "generate-lockfile" "--manifest-path" "Cargo.toml", kill_on_drop: false }`
[INFO] [stderr]     Updating crates.io index
[INFO] [stderr]      Locking 236 packages to highest compatible versions
[INFO] [stderr]       Adding generic-array v0.14.7 (available: v0.14.9)
[INFO] [stderr]       Adding lapin v2.5.5 (available: v4.12.2)
[INFO] [stderr]       Adding rand v0.8.8 (available: v0.10.3)
[INFO] [stderr]       Adding snafu v0.8.9 (available: v0.9.2)
[INFO] [stderr]       Adding tokio-tungstenite v0.21.0 (available: v0.30.0)
[INFO] running `Command { std: CARGO_HOME="/workspace/cargo-home" RUSTUP_HOME="/workspace/rustup-home" "/workspace/cargo-home/bin/cargo" "+1.99.0-beta.8" "fetch" "--manifest-path" "Cargo.toml", kill_on_drop: false }`
[INFO] [stderr]  Downloading crates ...
[INFO] [stderr]   Downloaded pinky-swear v6.2.1
[INFO] [stderr]   Downloaded reactor-trait v1.1.0
[INFO] [stderr]   Downloaded async-reactor-trait v1.1.0
[INFO] [stderr]   Downloaded lapin v2.5.5
[INFO] [stderr]   Downloaded executor-trait v2.1.2
[INFO] [stderr]   Downloaded async-global-executor v3.1.0
[INFO] [stderr]   Downloaded amq-protocol-uri v7.2.3
[INFO] [stderr]   Downloaded amq-protocol-types v7.2.3
[INFO] [stderr]   Downloaded tcp-stream v0.28.0
[INFO] [stderr]   Downloaded async-global-executor-trait v2.2.0
[INFO] [stderr]   Downloaded async-io v1.13.0
[INFO] [stderr]   Downloaded io-lifetimes v1.0.11
[INFO] [stderr]   Downloaded cookie-factory v0.3.3
[INFO] [stderr]   Downloaded amq-protocol-tcp v7.2.3
[INFO] [stderr]   Downloaded async-lock v2.8.0
[INFO] [stderr]   Downloaded amq-protocol v7.2.3
[INFO] [stderr]   Downloaded rustix v0.37.28
[INFO] [stderr]   Downloaded linux-raw-sys v0.3.8
[INFO] running `Command { std: "docker" "create" "-v" "/var/lib/crater-agent-workspace/builds/worker-3-tc1/source:/opt/rustwide/workdir:ro,Z" "-v" "/var/lib/crater-agent-workspace/builds/worker-3-tc1/target:/opt/rustwide/target:rw,Z" "-v" "/var/lib/crater-agent-workspace/cargo-home:/opt/rustwide/cargo-home:ro,Z" "-v" "/var/lib/crater-agent-workspace/rustup-home:/opt/rustwide/rustup-home:ro,Z" "-m" "1610612736" "--network" "none" "ghcr.io/rust-lang/crates-build-env/linux@sha256:77db811e55d90add9212f6832c23229e3de5f1c1f9905e8cb07319ea15df73ac" "sleep" "infinity", kill_on_drop: false }`
[INFO] [stdout] 2d10156ac9fb128aec04c8bea92c145ee21047256db1119637cf40b57324ef13
[INFO] running `Command { std: "docker" "start" "2d10156ac9fb128aec04c8bea92c145ee21047256db1119637cf40b57324ef13", kill_on_drop: false }`
[INFO] running `Command { std: "docker" "inspect" "2d10156ac9fb128aec04c8bea92c145ee21047256db1119637cf40b57324ef13", kill_on_drop: false }`
[INFO] running `Command { std: "docker" "exec" "-e" "SOURCE_DIR=/opt/rustwide/workdir" "-e" "CARGO_HOME=/opt/rustwide/cargo-home" "-e" "RUSTUP_HOME=/opt/rustwide/rustup-home" "-e" "CARGO_TARGET_DIR=/opt/rustwide/target" "-w" "/opt/rustwide/workdir" "--user" "0:0" "2d10156ac9fb128aec04c8bea92c145ee21047256db1119637cf40b57324ef13" "/opt/rustwide/cargo-home/bin/cargo" "+1.99.0-beta.8" "metadata" "--no-deps" "--format-version=1", kill_on_drop: false }`
[INFO] running `Command { std: "docker" "inspect" "2d10156ac9fb128aec04c8bea92c145ee21047256db1119637cf40b57324ef13", kill_on_drop: false }`
[INFO] running `Command { std: "docker" "exec" "-e" "SOURCE_DIR=/opt/rustwide/workdir" "-e" "CARGO_HOME=/opt/rustwide/cargo-home" "-e" "RUSTUP_HOME=/opt/rustwide/rustup-home" "-e" "CARGO_TARGET_DIR=/opt/rustwide/target" "-e" "CARGO_INCREMENTAL=0" "-e" "RUST_BACKTRACE=full" "-e" "RUSTFLAGS=--cap-lints=warn" "-e" "RUSTDOCFLAGS=--cap-lints=warn" "-w" "/opt/rustwide/workdir" "--user" "0:0" "2d10156ac9fb128aec04c8bea92c145ee21047256db1119637cf40b57324ef13" "/opt/rustwide/cargo-home/bin/cargo" "+1.99.0-beta.8" "build" "--frozen" "--message-format=json" "--release", kill_on_drop: false }`
[INFO] [stderr]    Compiling futures-io v0.3.34
[INFO] [stderr]    Compiling parking v2.2.1
[INFO] [stderr]    Compiling crossbeam-utils v0.8.23
[INFO] [stderr]    Compiling syn v2.0.119
[INFO] [stderr]    Compiling ring v0.17.14
[INFO] [stderr]    Compiling rustix v1.1.5
[INFO] [stderr]    Compiling io-lifetimes v1.0.11
[INFO] [stderr]    Compiling linux-raw-sys v0.12.1
[INFO] [stderr]    Compiling nom v7.1.3
[INFO] [stderr]    Compiling async-trait v0.1.92
[INFO] [stderr]    Compiling polling v2.8.0
[INFO] [stderr]    Compiling async-io v2.6.0
[INFO] [stderr]    Compiling async-task v4.7.1
[INFO] [stderr]    Compiling cookie-factory v0.3.3
[INFO] [stderr]    Compiling rustls v0.22.4
[INFO] [stderr]    Compiling event-listener v5.4.2
[INFO] [stderr]    Compiling idna v1.1.0
[INFO] [stderr]    Compiling futures-lite v2.6.1
[INFO] [stderr]    Compiling rustix v0.37.28
[INFO] [stderr]    Compiling piper v0.2.5
[INFO] [stderr]    Compiling futures-macro v0.3.34
[INFO] [stderr]    Compiling futures-channel v0.3.34
[INFO] [stderr]    Compiling async-io v1.13.0
[INFO] [stderr]    Compiling event-listener v2.5.3
[INFO] [stderr]    Compiling event-listener-strategy v0.5.4
[INFO] [stderr]    Compiling doc-comment v0.3.4
[INFO] [stderr]    Compiling linux-raw-sys v0.3.8
[INFO] [stderr]    Compiling fastrand v1.9.0
[INFO] [stderr]    Compiling waker-fn v1.2.0
[INFO] [stderr]    Compiling async-lock v3.4.2
[INFO] [stderr]    Compiling async-lock v2.8.0
[INFO] [stderr]    Compiling url v2.5.8
[INFO] [stderr]    Compiling concurrent-queue v2.5.0
[INFO] [stderr]    Compiling futures-lite v1.13.0
[INFO] [stderr]    Compiling spin v0.9.9
[INFO] [stderr]    Compiling futures-util v0.3.34
[INFO] [stderr]    Compiling async-channel v2.5.0
[INFO] [stderr]    Compiling async-executor v1.14.0
[INFO] [stderr]    Compiling socket2 v0.4.10
[INFO] [stderr]    Compiling tcp-stream v0.28.0
[INFO] [stderr]    Compiling amq-protocol v7.2.3
[INFO] [stderr]    Compiling blocking v1.7.0
[INFO] [stderr]    Compiling sha1 v0.10.7
[INFO] [stderr]    Compiling tokio v1.53.3
[INFO] [stderr]    Compiling executor-trait v2.1.2
[INFO] [stderr]    Compiling reactor-trait v1.1.0
[INFO] [stderr]    Compiling flume v0.11.1
[INFO] [stderr]    Compiling rustls-pemfile v2.2.0
[INFO] [stderr]    Compiling lapin v2.5.5
[INFO] [stderr]    Compiling openssl-probe v0.1.6
[INFO] [stderr]    Compiling serde_repr v0.1.21
[INFO] [stderr]    Compiling rustls-native-certs v0.7.3
[INFO] [stderr]    Compiling amq-protocol-types v7.2.3
[INFO] [stderr]    Compiling amq-protocol-uri v7.2.3
[INFO] [stderr]    Compiling futures-executor v0.3.34
[INFO] [stderr]    Compiling futures v0.3.34
[INFO] [stderr]    Compiling async-reactor-trait v1.1.0
[INFO] [stderr]    Compiling tracing-attributes v0.1.31
[INFO] [stderr]    Compiling thiserror-impl v1.0.69
[INFO] [stderr]    Compiling snafu-derive v0.8.9
[INFO] [stderr]    Compiling thiserror v1.0.69
[INFO] [stderr]    Compiling tracing v0.1.44
[INFO] [stderr]    Compiling amq-protocol-tcp v7.2.3
[INFO] [stderr]    Compiling pinky-swear v6.2.1
[INFO] [stderr]    Compiling polling v3.11.0
[INFO] [stderr]    Compiling snafu v0.8.9
[INFO] [stderr]    Compiling async-global-executor v3.1.0
[INFO] [stderr]    Compiling async-global-executor-trait v2.2.0
[INFO] [stderr]    Compiling rustls-webpki v0.102.8
[INFO] [stderr]    Compiling tungstenite v0.21.0
[INFO] [stderr]    Compiling tokio-rustls v0.25.0
[INFO] [stderr]    Compiling tokio-tungstenite v0.21.0
[INFO] [stderr]    Compiling opentalk-janus-client v0.3.1 (/opt/rustwide/workdir)
[INFO] [stderr]     Finished `release` profile [optimized] target(s) in 24.68s
[INFO] running `Command { std: "docker" "inspect" "2d10156ac9fb128aec04c8bea92c145ee21047256db1119637cf40b57324ef13", kill_on_drop: false }`
[INFO] running `Command { std: "docker" "exec" "-e" "SOURCE_DIR=/opt/rustwide/workdir" "-e" "CARGO_HOME=/opt/rustwide/cargo-home" "-e" "RUSTUP_HOME=/opt/rustwide/rustup-home" "-e" "CARGO_TARGET_DIR=/opt/rustwide/target" "-e" "CARGO_INCREMENTAL=0" "-e" "RUST_BACKTRACE=full" "-e" "RUSTFLAGS=--cap-lints=warn" "-e" "RUSTDOCFLAGS=--cap-lints=warn" "-w" "/opt/rustwide/workdir" "--user" "0:0" "2d10156ac9fb128aec04c8bea92c145ee21047256db1119637cf40b57324ef13" "/opt/rustwide/cargo-home/bin/cargo" "+1.99.0-beta.8" "test" "--frozen" "--no-run" "--message-format=json" "--release", kill_on_drop: false }`
[INFO] [stderr]    Compiling tokio v1.53.3
[INFO] [stderr]    Compiling regex-syntax v0.8.11
[INFO] [stderr]    Compiling rustls v0.22.4
[INFO] [stderr]    Compiling polling v2.8.0
[INFO] [stderr]    Compiling jiff-core v0.1.1
[INFO] [stderr]    Compiling test-log-core v0.2.21
[INFO] [stderr]    Compiling yansi v1.0.1
[INFO] [stderr]    Compiling diff v0.1.13
[INFO] [stderr]    Compiling test-log-macros v0.2.21
[INFO] [stderr]    Compiling async-io v1.13.0
[INFO] [stderr]    Compiling pretty_assertions v1.4.1
[INFO] [stderr]    Compiling async-reactor-trait v1.1.0
[INFO] [stderr]    Compiling lapin v2.5.5
[INFO] [stderr]    Compiling jiff v0.2.38
[INFO] [stderr]    Compiling regex-automata v0.4.18
[INFO] [stderr]    Compiling tungstenite v0.21.0
[INFO] [stderr]    Compiling regex v1.13.1
[INFO] [stderr]    Compiling tokio-rustls v0.25.0
[INFO] [stderr]    Compiling tokio-stream v0.1.19
[INFO] [stderr]    Compiling tokio-tungstenite v0.21.0
[INFO] [stderr]    Compiling env_filter v2.0.0
[INFO] [stderr]    Compiling tokio-test v0.4.6
[INFO] [stderr]    Compiling opentalk-janus-client v0.3.1 (/opt/rustwide/workdir)
[INFO] [stderr]    Compiling env_logger v0.11.11
[INFO] [stderr]    Compiling test-log v0.2.21
[INFO] [stdout] warning: unused import: `assert_eq_json`
[INFO] [stdout]    --> src/types/outgoing/videoroom.rs:742:9
[INFO] [stdout]     |
[INFO] [stdout] 742 |         assert_eq_json,
[INFO] [stdout]     |         ^^^^^^^^^^^^^^
[INFO] [stdout]     |
[INFO] [stdout]     = note: `#[warn(unused_imports)]` (part of `#[warn(unused)]`) on by default
[INFO] [stdout] 
[INFO] [stdout] 
[INFO] [stdout] warning: unused import: `assert_eq_json`
[INFO] [stdout]    --> src/types/outgoing/mod.rs:148:9
[INFO] [stdout]     |
[INFO] [stdout] 148 |         assert_eq_json,
[INFO] [stdout]     |         ^^^^^^^^^^^^^^
[INFO] [stdout] 
[INFO] [stdout] 
[INFO] [stdout] warning: unused import: `crate::assert_eq_json`
[INFO] [stdout]    --> src/types/mod.rs:347:9
[INFO] [stdout]     |
[INFO] [stdout] 347 |     use crate::assert_eq_json;
[INFO] [stdout]     |         ^^^^^^^^^^^^^^^^^^^^^
[INFO] [stdout] 
[INFO] [stdout] 
[INFO] [stderr]     Finished `release` profile [optimized] target(s) in 35.73s
[INFO] running `Command { std: "docker" "inspect" "2d10156ac9fb128aec04c8bea92c145ee21047256db1119637cf40b57324ef13", kill_on_drop: false }`
[INFO] running `Command { std: "docker" "exec" "-e" "SOURCE_DIR=/opt/rustwide/workdir" "-e" "CARGO_HOME=/opt/rustwide/cargo-home" "-e" "RUSTUP_HOME=/opt/rustwide/rustup-home" "-e" "CARGO_TARGET_DIR=/opt/rustwide/target" "-e" "CARGO_INCREMENTAL=0" "-e" "RUST_BACKTRACE=full" "-e" "RUSTFLAGS=--cap-lints=warn" "-e" "RUSTDOCFLAGS=--cap-lints=warn" "-w" "/opt/rustwide/workdir" "--user" "0:0" "2d10156ac9fb128aec04c8bea92c145ee21047256db1119637cf40b57324ef13" "/opt/rustwide/cargo-home/bin/cargo" "+1.99.0-beta.8" "test" "--frozen" "--release", kill_on_drop: false }`
[INFO] [stderr] warning: unused import: `assert_eq_json`
[INFO] [stderr]    --> src/types/outgoing/videoroom.rs:742:9
[INFO] [stderr]     |
[INFO] [stderr] 742 |         assert_eq_json,
[INFO] [stderr]     |         ^^^^^^^^^^^^^^
[INFO] [stderr]     |
[INFO] [stderr]     = note: `#[warn(unused_imports)]` (part of `#[warn(unused)]`) on by default
[INFO] [stderr] 
[INFO] [stderr] warning: unused import: `assert_eq_json`
[INFO] [stderr]    --> src/types/outgoing/mod.rs:148:9
[INFO] [stderr]     |
[INFO] [stderr] 148 |         assert_eq_json,
[INFO] [stderr]     |         ^^^^^^^^^^^^^^
[INFO] [stderr] 
[INFO] [stderr] warning: unused import: `crate::assert_eq_json`
[INFO] [stderr]    --> src/types/mod.rs:347:9
[INFO] [stderr]     |
[INFO] [stderr] 347 |     use crate::assert_eq_json;
[INFO] [stderr]     |         ^^^^^^^^^^^^^^^^^^^^^
[INFO] [stderr] 
[INFO] [stderr] warning: `opentalk-janus-client` (lib test) generated 3 warnings (run `cargo fix --lib -p opentalk-janus-client --tests` to apply 3 suggestions)
[INFO] [stderr]     Finished `release` profile [optimized] target(s) in 0.27s
[INFO] [stderr]      Running unittests src/lib.rs (/opt/rustwide/target/release/deps/opentalk_janus_client-fdf8272e4ee2e346)
[INFO] [stdout] 
[INFO] [stdout] running 25 tests
[INFO] [stdout] test types::incoming::videoroom::test::parse_destroyed ... ok
[INFO] [stdout] test types::incoming::videoroom::test::parse_room_list ... ok
[INFO] [stdout] test types::incoming::videoroom::test::parse_event_started ... ok
[INFO] [stdout] test types::incoming::videoroom::test::parse_missing_transaction_id ... ok
[INFO] [stdout] test types::incoming::videoroom::test::parse_no_feed ... ok
[INFO] [stdout] test types::incoming::videoroom::test::parse_slow_link ... ok
[INFO] [stdout] test types::incoming::videoroom::test::parse_room_create ... ok
[INFO] [stdout] test types::outgoing::videoroom::tests::test_destroy ... ok
[INFO] [stdout] test types::outgoing::videoroom::tests::test_configure ... ok
[INFO] [stdout] test types::outgoing::videoroom::tests::test_join_sub ... ok
[INFO] [stdout] test types::outgoing::videoroom::tests::test_full_room_config ... ok
[INFO] [stdout] test types::outgoing::videoroom::tests::test_join_pub ... ok
[INFO] [stdout] test types::outgoing::videoroom::tests::test_list ... ok
[INFO] [stdout] test types::outgoing::test::test_trickle ... ok
[INFO] [stdout] test types::outgoing::videoroom::tests::video_room_create ... ok
[INFO] [stdout] test types::tests::attach ... ok
[INFO] [stdout] test types::tests::keepalive ... ok
[INFO] [stdout] test types::outgoing::videoroom::tests::test_start ... ok
[INFO] [stdout] test types::outgoing::videoroom::tests::test_video_room_plugin_configure_subscriber_builder ... ok
[INFO] [stdout] test types::outgoing::videoroom::tests::test_video_room_plugin_join_subscriber_builder ... ok
[INFO] [stdout] test types::incoming::videoroom::test::parse_screen_response ... ok
[INFO] [stdout] test types::tests::create ... ok
[INFO] [stdout] test types::incoming::echotest::test::parse_echo_test_error ... ok
[INFO] [stdout] test types::incoming::echotest::test::parse_echo_test ... ok
[INFO] [stdout] test types::incoming::videoroom::test::notification_event ... ok
[INFO] [stdout] 
[INFO] [stdout] test result: ok. 25 passed; 0 failed; 0 ignored; 0 measured; 0 filtered out; finished in 0.02s
[INFO] [stdout] 
[INFO] [stderr]      Running tests/integration_test.rs (/opt/rustwide/target/release/deps/integration_test-53a00c8d1c01b893)
[INFO] [stdout] 
[INFO] [stdout] running 4 tests
[INFO] [stdout] test send_offer_websocket ... FAILED
[INFO] [stdout] test send_offer ... FAILED
[INFO] [stdout] test create_and_list_rooms ... FAILED
[INFO] [stdout] test echo_external_channel ... FAILED
[INFO] [stdout] 
[INFO] [stdout] failures:
[INFO] [stdout] 
[INFO] [stdout] ---- send_offer_websocket stdout ----
[INFO] [stdout] 
[INFO] [stdout] thread 'send_offer_websocket' (2307) panicked at tests/integration_test.rs:230:54:
[INFO] [stdout] called `Result::unwrap()` on an `Err` value: Websocket { source: Io(Os { code: 111, kind: ConnectionRefused, message: "Connection refused" }) }
[INFO] [stdout] stack backtrace:
[INFO] [stdout]    0:     0x5572847c8b71 - <<std[70759c8f55707aa4]::sys::backtrace::BacktraceLock>::print::DisplayBacktrace as core[df12db4294e9bfd3]::fmt::Display>::fmt
[INFO] [stdout]    1:     0x5572847e317a - core[df12db4294e9bfd3]::fmt::write
[INFO] [stdout]    2:     0x5572847cf20c - <alloc[2182bb758b4b3781]::vec::Vec<u8> as core[df12db4294e9bfd3]::io::write::Write>::write_fmt
[INFO] [stdout]    3:     0x5572847a33c6 - std[70759c8f55707aa4]::panicking::default_hook::{closure#0}
[INFO] [stdout]    4:     0x5572847c0689 - std[70759c8f55707aa4]::panicking::default_hook
[INFO] [stdout]    5:     0x557284478e00 - test[9d35eded1c95d3be]::test_main_inner::<test[9d35eded1c95d3be]::test_main_static::{closure#0}>::{closure#0}
[INFO] [stdout]    6:     0x5572847c09b2 - std[70759c8f55707aa4]::panicking::panic_with_hook
[INFO] [stdout]    7:     0x5572847a3472 - std[70759c8f55707aa4]::panicking::panic_handler::{closure#0}
[INFO] [stdout]    8:     0x55728479c079 - std[70759c8f55707aa4]::sys::backtrace::__rust_end_short_backtrace::<std[70759c8f55707aa4]::panicking::panic_handler::{closure#0}, !>
[INFO] [stdout]    9:     0x5572847a425d - __rustc[8fa7c3cbc660c2b3]::rust_begin_unwind
[INFO] [stdout]   10:     0x5572847e395c - core[df12db4294e9bfd3]::panicking::panic_fmt
[INFO] [stdout]   11:     0x5572847e3732 - core[df12db4294e9bfd3]::result::unwrap_failed
[INFO] [stdout]   12:     0x5572843d90c3 - integration_test[5e676d440cdc694a]::send_offer_websocket::{closure#0}
[INFO] [stdout]   13:     0x557284435f63 - <tokio[926e0e25905c730d]::runtime::scheduler::current_thread::Context>::enter::<core[df12db4294e9bfd3]::task::poll::Poll<()>, <tokio[926e0e25905c730d]::runtime::scheduler::current_thread::CoreGuard>::block_on<core[df12db4294e9bfd3]::pin::Pin<&mut core[df12db4294e9bfd3]::pin::Pin<&mut dyn core[df12db4294e9bfd3]::future::future::Future<Output = ()>>>>::{closure#0}::{closure#0}>
[INFO] [stdout]   14:     0x55728441304c - <tokio[926e0e25905c730d]::runtime::context::scoped::Scoped<tokio[926e0e25905c730d]::runtime::scheduler::Context>>::set::<<tokio[926e0e25905c730d]::runtime::scheduler::current_thread::CoreGuard>::enter<<tokio[926e0e25905c730d]::runtime::scheduler::current_thread::CoreGuard>::block_on<core[df12db4294e9bfd3]::pin::Pin<&mut core[df12db4294e9bfd3]::pin::Pin<&mut dyn core[df12db4294e9bfd3]::future::future::Future<Output = ()>>>>::{closure#0}, core[df12db4294e9bfd3]::option::Option<()>>::{closure#0}, (alloc[2182bb758b4b3781]::boxed::Box<tokio[926e0e25905c730d]::runtime::scheduler::current_thread::Core>, core[df12db4294e9bfd3]::option::Option<()>)>
[INFO] [stdout]   15:     0x5572844363f5 - <tokio[926e0e25905c730d]::runtime::scheduler::current_thread::CoreGuard>::block_on::<core[df12db4294e9bfd3]::pin::Pin<&mut core[df12db4294e9bfd3]::pin::Pin<&mut dyn core[df12db4294e9bfd3]::future::future::Future<Output = ()>>>>
[INFO] [stdout]   16:     0x557284417fd3 - tokio[926e0e25905c730d]::runtime::context::runtime::enter_runtime::<<tokio[926e0e25905c730d]::runtime::scheduler::current_thread::CurrentThread>::block_on<core[df12db4294e9bfd3]::pin::Pin<&mut dyn core[df12db4294e9bfd3]::future::future::Future<Output = ()>>>::{closure#0}, ()>
[INFO] [stdout]   17:     0x557284435e5b - <tokio[926e0e25905c730d]::runtime::runtime::Runtime>::block_on::<core[df12db4294e9bfd3]::pin::Pin<&mut dyn core[df12db4294e9bfd3]::future::future::Future<Output = ()>>>
[INFO] [stdout]   18:     0x5572843ecda9 - <integration_test[5e676d440cdc694a]::send_offer_websocket::{closure#0} as core[df12db4294e9bfd3]::ops::function::FnOnce<()>>::call_once
[INFO] [stdout]   19:     0x55728446c0eb - test[9d35eded1c95d3be]::__rust_begin_short_backtrace::<core[df12db4294e9bfd3]::result::Result<(), alloc[2182bb758b4b3781]::string::String>, fn() -> core[df12db4294e9bfd3]::result::Result<(), alloc[2182bb758b4b3781]::string::String>>
[INFO] [stdout]   20:     0x557284479755 - test[9d35eded1c95d3be]::run_test::{closure#0}
[INFO] [stdout]   21:     0x557284473014 - std[70759c8f55707aa4]::sys::backtrace::__rust_begin_short_backtrace::<test[9d35eded1c95d3be]::run_test::{closure#1}, ()>
[INFO] [stdout]   22:     0x55728447c8b2 - <std[70759c8f55707aa4]::thread::lifecycle::spawn_unchecked<test[9d35eded1c95d3be]::run_test::{closure#1}, ()>::{closure#1} as core[df12db4294e9bfd3]::ops::function::FnOnce<()>>::call_once::{shim:vtable#0}
[INFO] [stdout]   23:     0x5572847c7ee9 - <std[70759c8f55707aa4]::sys::thread::unix::Thread>::new::thread_start
[INFO] [stdout]   24:     0x728c0b193dfa - <unknown>
[INFO] [stdout]   25:     0x728c0b2273d4 - clone
[INFO] [stdout]   26:                0x0 - <unknown>
[INFO] [stdout] 
[INFO] [stdout] ---- send_offer stdout ----
[INFO] [stdout] 
[INFO] [stdout] thread 'send_offer' (2306) panicked at tests/integration_test.rs:20:10:
[INFO] [stdout] Could not connect to rabbitmq: IOError(Os { code: 111, kind: ConnectionRefused, message: "Connection refused" })
[INFO] [stdout] stack backtrace:
[INFO] [stdout]    0:     0x5572847c8b71 - <<std[70759c8f55707aa4]::sys::backtrace::BacktraceLock>::print::DisplayBacktrace as core[df12db4294e9bfd3]::fmt::Display>::fmt
[INFO] [stdout]    1:     0x5572847e317a - core[df12db4294e9bfd3]::fmt::write
[INFO] [stdout]    2:     0x5572847cf20c - <alloc[2182bb758b4b3781]::vec::Vec<u8> as core[df12db4294e9bfd3]::io::write::Write>::write_fmt
[INFO] [stdout]    3:     0x5572847a33c6 - std[70759c8f55707aa4]::panicking::default_hook::{closure#0}
[INFO] [stdout]    4:     0x5572847c0689 - std[70759c8f55707aa4]::panicking::default_hook
[INFO] [stdout]    5:     0x557284478e00 - test[9d35eded1c95d3be]::test_main_inner::<test[9d35eded1c95d3be]::test_main_static::{closure#0}>::{closure#0}
[INFO] [stdout]    6:     0x5572847c09b2 - std[70759c8f55707aa4]::panicking::panic_with_hook
[INFO] [stdout]    7:     0x5572847a3472 - std[70759c8f55707aa4]::panicking::panic_handler::{closure#0}
[INFO] [stdout]    8:     0x55728479c079 - std[70759c8f55707aa4]::sys::backtrace::__rust_end_short_backtrace::<std[70759c8f55707aa4]::panicking::panic_handler::{closure#0}, !>
[INFO] [stdout]    9:     0x5572847a425d - __rustc[8fa7c3cbc660c2b3]::rust_begin_unwind
[INFO] [stdout]   10:     0x5572847e395c - core[df12db4294e9bfd3]::panicking::panic_fmt
[INFO] [stdout]   11:     0x5572847e3732 - core[df12db4294e9bfd3]::result::unwrap_failed
[INFO] [stdout]   12:     0x5572843d4106 - integration_test[5e676d440cdc694a]::create_rmq_config::{closure#0}
[INFO] [stdout]   13:     0x5572843d4880 - integration_test[5e676d440cdc694a]::send_offer::{closure#0}
[INFO] [stdout]   14:     0x557284435f63 - <tokio[926e0e25905c730d]::runtime::scheduler::current_thread::Context>::enter::<core[df12db4294e9bfd3]::task::poll::Poll<()>, <tokio[926e0e25905c730d]::runtime::scheduler::current_thread::CoreGuard>::block_on<core[df12db4294e9bfd3]::pin::Pin<&mut core[df12db4294e9bfd3]::pin::Pin<&mut dyn core[df12db4294e9bfd3]::future::future::Future<Output = ()>>>>::{closure#0}::{closure#0}>
[INFO] [stdout]   15:     0x55728441304c - <tokio[926e0e25905c730d]::runtime::context::scoped::Scoped<tokio[926e0e25905c730d]::runtime::scheduler::Context>>::set::<<tokio[926e0e25905c730d]::runtime::scheduler::current_thread::CoreGuard>::enter<<tokio[926e0e25905c730d]::runtime::scheduler::current_thread::CoreGuard>::block_on<core[df12db4294e9bfd3]::pin::Pin<&mut core[df12db4294e9bfd3]::pin::Pin<&mut dyn core[df12db4294e9bfd3]::future::future::Future<Output = ()>>>>::{closure#0}, core[df12db4294e9bfd3]::option::Option<()>>::{closure#0}, (alloc[2182bb758b4b3781]::boxed::Box<tokio[926e0e25905c730d]::runtime::scheduler::current_thread::Core>, core[df12db4294e9bfd3]::option::Option<()>)>
[INFO] [stdout]   16:     0x5572844363f5 - <tokio[926e0e25905c730d]::runtime::scheduler::current_thread::CoreGuard>::block_on::<core[df12db4294e9bfd3]::pin::Pin<&mut core[df12db4294e9bfd3]::pin::Pin<&mut dyn core[df12db4294e9bfd3]::future::future::Future<Output = ()>>>>
[INFO] [stdout]   17:     0x557284417fd3 - tokio[926e0e25905c730d]::runtime::context::runtime::enter_runtime::<<tokio[926e0e25905c730d]::runtime::scheduler::current_thread::CurrentThread>::block_on<core[df12db4294e9bfd3]::pin::Pin<&mut dyn core[df12db4294e9bfd3]::future::future::Future<Output = ()>>>::{closure#0}, ()>
[INFO] [stdout]   18:     0x557284435e5b - <tokio[926e0e25905c730d]::runtime::runtime::Runtime>::block_on::<core[df12db4294e9bfd3]::pin::Pin<&mut dyn core[df12db4294e9bfd3]::future::future::Future<Output = ()>>>
[INFO] [stdout]   19:     0x5572843ecc49 - <integration_test[5e676d440cdc694a]::send_offer::{closure#0} as core[df12db4294e9bfd3]::ops::function::FnOnce<()>>::call_once
[INFO] [stdout]   20:     0x55728446c0eb - test[9d35eded1c95d3be]::__rust_begin_short_backtrace::<core[df12db4294e9bfd3]::result::Result<(), alloc[2182bb758b4b3781]::string::String>, fn() -> core[df12db4294e9bfd3]::result::Result<(), alloc[2182bb758b4b3781]::string::String>>
[INFO] [stdout]   21:     0x557284479755 - test[9d35eded1c95d3be]::run_test::{closure#0}
[INFO] [stdout]   22:     0x557284473014 - std[70759c8f55707aa4]::sys::backtrace::__rust_begin_short_backtrace::<test[9d35eded1c95d3be]::run_test::{closure#1}, ()>
[INFO] [stdout]   23:     0x55728447c8b2 - <std[70759c8f55707aa4]::thread::lifecycle::spawn_unchecked<test[9d35eded1c95d3be]::run_test::{closure#1}, ()>::{closure#1} as core[df12db4294e9bfd3]::ops::function::FnOnce<()>>::call_once::{shim:vtable#0}
[INFO] [stdout]   24:     0x5572847c7ee9 - <std[70759c8f55707aa4]::sys::thread::unix::Thread>::new::thread_start
[INFO] [stdout]   25:     0x728c0b193dfa - <unknown>
[INFO] [stdout]   26:     0x728c0b2273d4 - clone
[INFO] [stdout]   27:                0x0 - <unknown>
[INFO] [stdout] 
[INFO] [stdout] ---- create_and_list_rooms stdout ----
[INFO] [stdout] 
[INFO] [stdout] thread 'create_and_list_rooms' (2304) panicked at tests/integration_test.rs:20:10:
[INFO] [stdout] Could not connect to rabbitmq: IOError(Os { code: 111, kind: ConnectionRefused, message: "Connection refused" })
[INFO] [stdout] stack backtrace:
[INFO] [stdout]    0:     0x5572847c8b71 - <<std[70759c8f55707aa4]::sys::backtrace::BacktraceLock>::print::DisplayBacktrace as core[df12db4294e9bfd3]::fmt::Display>::fmt
[INFO] [stdout]    1:     0x5572847e317a - core[df12db4294e9bfd3]::fmt::write
[INFO] [stdout]    2:     0x5572847cf20c - <alloc[2182bb758b4b3781]::vec::Vec<u8> as core[df12db4294e9bfd3]::io::write::Write>::write_fmt
[INFO] [stdout]    3:     0x5572847a33c6 - std[70759c8f55707aa4]::panicking::default_hook::{closure#0}
[INFO] [stdout]    4:     0x5572847c0689 - std[70759c8f55707aa4]::panicking::default_hook
[INFO] [stdout]    5:     0x557284478e00 - test[9d35eded1c95d3be]::test_main_inner::<test[9d35eded1c95d3be]::test_main_static::{closure#0}>::{closure#0}
[INFO] [stdout]    6:     0x5572847c09b2 - std[70759c8f55707aa4]::panicking::panic_with_hook
[INFO] [stdout]    7:     0x5572847a3472 - std[70759c8f55707aa4]::panicking::panic_handler::{closure#0}
[INFO] [stdout]    8:     0x55728479c079 - std[70759c8f55707aa4]::sys::backtrace::__rust_end_short_backtrace::<std[70759c8f55707aa4]::panicking::panic_handler::{closure#0}, !>
[INFO] [stdout]    9:     0x5572847a425d - __rustc[8fa7c3cbc660c2b3]::rust_begin_unwind
[INFO] [stdout]   10:     0x5572847e395c - core[df12db4294e9bfd3]::panicking::panic_fmt
[INFO] [stdout]   11:     0x5572847e3732 - core[df12db4294e9bfd3]::result::unwrap_failed
[INFO] [stdout]   12:     0x5572843d4106 - integration_test[5e676d440cdc694a]::create_rmq_config::{closure#0}
[INFO] [stdout]   13:     0x5572843d9afa - integration_test[5e676d440cdc694a]::create_and_list_rooms::{closure#0}
[INFO] [stdout]   14:     0x557284435f63 - <tokio[926e0e25905c730d]::runtime::scheduler::current_thread::Context>::enter::<core[df12db4294e9bfd3]::task::poll::Poll<()>, <tokio[926e0e25905c730d]::runtime::scheduler::current_thread::CoreGuard>::block_on<core[df12db4294e9bfd3]::pin::Pin<&mut core[df12db4294e9bfd3]::pin::Pin<&mut dyn core[df12db4294e9bfd3]::future::future::Future<Output = ()>>>>::{closure#0}::{closure#0}>
[INFO] [stdout]   15:     0x55728441304c - <tokio[926e0e25905c730d]::runtime::context::scoped::Scoped<tokio[926e0e25905c730d]::runtime::scheduler::Context>>::set::<<tokio[926e0e25905c730d]::runtime::scheduler::current_thread::CoreGuard>::enter<<tokio[926e0e25905c730d]::runtime::scheduler::current_thread::CoreGuard>::block_on<core[df12db4294e9bfd3]::pin::Pin<&mut core[df12db4294e9bfd3]::pin::Pin<&mut dyn core[df12db4294e9bfd3]::future::future::Future<Output = ()>>>>::{closure#0}, core[df12db4294e9bfd3]::option::Option<()>>::{closure#0}, (alloc[2182bb758b4b3781]::boxed::Box<tokio[926e0e25905c730d]::runtime::scheduler::current_thread::Core>, core[df12db4294e9bfd3]::option::Option<()>)>
[INFO] [stdout]   16:     0x5572844363f5 - <tokio[926e0e25905c730d]::runtime::scheduler::current_thread::CoreGuard>::block_on::<core[df12db4294e9bfd3]::pin::Pin<&mut core[df12db4294e9bfd3]::pin::Pin<&mut dyn core[df12db4294e9bfd3]::future::future::Future<Output = ()>>>>
[INFO] [stdout]   17:     0x557284417fd3 - tokio[926e0e25905c730d]::runtime::context::runtime::enter_runtime::<<tokio[926e0e25905c730d]::runtime::scheduler::current_thread::CurrentThread>::block_on<core[df12db4294e9bfd3]::pin::Pin<&mut dyn core[df12db4294e9bfd3]::future::future::Future<Output = ()>>>::{closure#0}, ()>
[INFO] [stdout]   18:     0x557284435e5b - <tokio[926e0e25905c730d]::runtime::runtime::Runtime>::block_on::<core[df12db4294e9bfd3]::pin::Pin<&mut dyn core[df12db4294e9bfd3]::future::future::Future<Output = ()>>>
[INFO] [stdout]   19:     0x5572843ecf09 - <integration_test[5e676d440cdc694a]::create_and_list_rooms::{closure#0} as core[df12db4294e9bfd3]::ops::function::FnOnce<()>>::call_once
[INFO] [stdout]   20:     0x55728446c0eb - test[9d35eded1c95d3be]::__rust_begin_short_backtrace::<core[df12db4294e9bfd3]::result::Result<(), alloc[2182bb758b4b3781]::string::String>, fn() -> core[df12db4294e9bfd3]::result::Result<(), alloc[2182bb758b4b3781]::string::String>>
[INFO] [stdout]   21:     0x557284479755 - test[9d35eded1c95d3be]::run_test::{closure#0}
[INFO] [stdout]   22:     0x557284473014 - std[70759c8f55707aa4]::sys::backtrace::__rust_begin_short_backtrace::<test[9d35eded1c95d3be]::run_test::{closure#1}, ()>
[INFO] [stdout]   23:     0x55728447c8b2 - <std[70759c8f55707aa4]::thread::lifecycle::spawn_unchecked<test[9d35eded1c95d3be]::run_test::{closure#1}, ()>::{closure#1} as core[df12db4294e9bfd3]::ops::function::FnOnce<()>>::call_once::{shim:vtable#0}
[INFO] [stdout]   24:     0x5572847c7ee9 - <std[70759c8f55707aa4]::sys::thread::unix::Thread>::new::thread_start
[INFO] [stdout]   25:     0x728c0b193dfa - <unknown>
[INFO] [stdout]   26:     0x728c0b2273d4 - clone
[INFO] [stdout]   27:                0x0 - <unknown>
[INFO] [stdout] 
[INFO] [stdout] ---- echo_external_channel stdout ----
[INFO] [stdout] 
[INFO] [stdout] thread 'echo_external_channel' (2305) panicked at tests/integration_test.rs:20:10:
[INFO] [stdout] Could not connect to rabbitmq: IOError(Os { code: 111, kind: ConnectionRefused, message: "Connection refused" })
[INFO] [stdout] stack backtrace:
[INFO] [stdout]    0:     0x5572847c8b71 - <<std[70759c8f55707aa4]::sys::backtrace::BacktraceLock>::print::DisplayBacktrace as core[df12db4294e9bfd3]::fmt::Display>::fmt
[INFO] [stdout]    1:     0x5572847e317a - core[df12db4294e9bfd3]::fmt::write
[INFO] [stdout]    2:     0x5572847cf20c - <alloc[2182bb758b4b3781]::vec::Vec<u8> as core[df12db4294e9bfd3]::io::write::Write>::write_fmt
[INFO] [stdout]    3:     0x5572847a33c6 - std[70759c8f55707aa4]::panicking::default_hook::{closure#0}
[INFO] [stdout]    4:     0x5572847c0689 - std[70759c8f55707aa4]::panicking::default_hook
[INFO] [stdout]    5:     0x557284478e00 - test[9d35eded1c95d3be]::test_main_inner::<test[9d35eded1c95d3be]::test_main_static::{closure#0}>::{closure#0}
[INFO] [stdout]    6:     0x5572847c09b2 - std[70759c8f55707aa4]::panicking::panic_with_hook
[INFO] [stdout]    7:     0x5572847a3472 - std[70759c8f55707aa4]::panicking::panic_handler::{closure#0}
[INFO] [stdout]    8:     0x55728479c079 - std[70759c8f55707aa4]::sys::backtrace::__rust_end_short_backtrace::<std[70759c8f55707aa4]::panicking::panic_handler::{closure#0}, !>
[INFO] [stdout]    9:     0x5572847a425d - __rustc[8fa7c3cbc660c2b3]::rust_begin_unwind
[INFO] [stdout]   10:     0x5572847e395c - core[df12db4294e9bfd3]::panicking::panic_fmt
[INFO] [stdout]   11:     0x5572847e3732 - core[df12db4294e9bfd3]::result::unwrap_failed
[INFO] [stdout]   12:     0x5572843d4106 - integration_test[5e676d440cdc694a]::create_rmq_config::{closure#0}
[INFO] [stdout]   13:     0x5572843dba43 - integration_test[5e676d440cdc694a]::echo_external_channel::{closure#0}
[INFO] [stdout]   14:     0x557284435f63 - <tokio[926e0e25905c730d]::runtime::scheduler::current_thread::Context>::enter::<core[df12db4294e9bfd3]::task::poll::Poll<()>, <tokio[926e0e25905c730d]::runtime::scheduler::current_thread::CoreGuard>::block_on<core[df12db4294e9bfd3]::pin::Pin<&mut core[df12db4294e9bfd3]::pin::Pin<&mut dyn core[df12db4294e9bfd3]::future::future::Future<Output = ()>>>>::{closure#0}::{closure#0}>
[INFO] [stdout]   15:     0x55728441304c - <tokio[926e0e25905c730d]::runtime::context::scoped::Scoped<tokio[926e0e25905c730d]::runtime::scheduler::Context>>::set::<<tokio[926e0e25905c730d]::runtime::scheduler::current_thread::CoreGuard>::enter<<tokio[926e0e25905c730d]::runtime::scheduler::current_thread::CoreGuard>::block_on<core[df12db4294e9bfd3]::pin::Pin<&mut core[df12db4294e9bfd3]::pin::Pin<&mut dyn core[df12db4294e9bfd3]::future::future::Future<Output = ()>>>>::{closure#0}, core[df12db4294e9bfd3]::option::Option<()>>::{closure#0}, (alloc[2182bb758b4b3781]::boxed::Box<tokio[926e0e25905c730d]::runtime::scheduler::current_thread::Core>, core[df12db4294e9bfd3]::option::Option<()>)>
[INFO] [stdout]   16:     0x5572844363f5 - <tokio[926e0e25905c730d]::runtime::scheduler::current_thread::CoreGuard>::block_on::<core[df12db4294e9bfd3]::pin::Pin<&mut core[df12db4294e9bfd3]::pin::Pin<&mut dyn core[df12db4294e9bfd3]::future::future::Future<Output = ()>>>>
[INFO] [stdout]   17:     0x557284417fd3 - tokio[926e0e25905c730d]::runtime::context::runtime::enter_runtime::<<tokio[926e0e25905c730d]::runtime::scheduler::current_thread::CurrentThread>::block_on<core[df12db4294e9bfd3]::pin::Pin<&mut dyn core[df12db4294e9bfd3]::future::future::Future<Output = ()>>>::{closure#0}, ()>
[INFO] [stdout]   18:     0x557284435e5b - <tokio[926e0e25905c730d]::runtime::runtime::Runtime>::block_on::<core[df12db4294e9bfd3]::pin::Pin<&mut dyn core[df12db4294e9bfd3]::future::future::Future<Output = ()>>>
[INFO] [stdout]   19:     0x5572843ed069 - <integration_test[5e676d440cdc694a]::echo_external_channel::{closure#0} as core[df12db4294e9bfd3]::ops::function::FnOnce<()>>::call_once
[INFO] [stdout]   20:     0x55728446c0eb - test[9d35eded1c95d3be]::__rust_begin_short_backtrace::<core[df12db4294e9bfd3]::result::Result<(), alloc[2182bb758b4b3781]::string::String>, fn() -> core[df12db4294e9bfd3]::result::Result<(), alloc[2182bb758b4b3781]::string::String>>
[INFO] [stdout]   21:     0x557284479755 - test[9d35eded1c95d3be]::run_test::{closure#0}
[INFO] [stdout]   22:     0x557284473014 - std[70759c8f55707aa4]::sys::backtrace::__rust_begin_short_backtrace::<test[9d35eded1c95d3be]::run_test::{closure#1}, ()>
[INFO] [stdout]   23:     0x55728447c8b2 - <std[70759c8f55707aa4]::thread::lifecycle::spawn_unchecked<test[9d35eded1c95d3be]::run_test::{closure#1}, ()>::{closure#1} as core[df12db4294e9bfd3]::ops::function::FnOnce<()>>::call_once::{shim:vtable#0}
[INFO] [stdout]   24:     0x5572847c7ee9 - <std[70759c8f55707aa4]::sys::thread::unix::Thread>::new::thread_start
[INFO] [stdout]   25:     0x728c0b193dfa - <unknown>
[INFO] [stdout]   26:     0x728c0b2273d4 - clone
[INFO] [stdout]   27:                0x0 - <unknown>
[INFO] [stdout] 
[INFO] [stdout] 
[INFO] [stdout] failures:
[INFO] [stdout]     create_and_list_rooms
[INFO] [stdout]     echo_external_channel
[INFO] [stdout]     send_offer
[INFO] [stdout]     send_offer_websocket
[INFO] [stdout] 
[INFO] [stdout] test result: FAILED. 0 passed; 4 failed; 0 ignored; 0 measured; 0 filtered out; finished in 0.02s
[INFO] [stdout] 
[INFO] [stderr] error: test failed, to rerun pass `--test integration_test`
[INFO] running `Command { std: "docker" "inspect" "2d10156ac9fb128aec04c8bea92c145ee21047256db1119637cf40b57324ef13", kill_on_drop: false }`
[INFO] running `Command { std: "docker" "rm" "-f" "2d10156ac9fb128aec04c8bea92c145ee21047256db1119637cf40b57324ef13", kill_on_drop: false }`
[INFO] [stdout] 2d10156ac9fb128aec04c8bea92c145ee21047256db1119637cf40b57324ef13
