[INFO] fetching crate openstack 0.6.0...
[INFO] testing openstack-0.6.0 against 1.99.0-beta.8+cargoflags=--release for beta-release-1.100-2
[INFO] extracting crate openstack 0.6.0 into /workspace/builds/worker-6-tc1/source
[INFO] started tweaking crates.io crate openstack 0.6.0
[INFO] removed 0 missing examples
[INFO] removed 0 missing tests
[INFO] finished tweaking crates.io crate openstack 0.6.0
[INFO] tweaked toml for crates.io crate openstack 0.6.0 written to /workspace/builds/worker-6-tc1/source/Cargo.toml
[INFO] validating manifest of crates.io crate openstack 0.6.0 on toolchain 1.99.0-beta.8
[INFO] running `Command { std: CARGO_HOME="/workspace/cargo-home" RUSTUP_HOME="/workspace/rustup-home" "/workspace/cargo-home/bin/cargo" "+1.99.0-beta.8" "metadata" "--manifest-path" "Cargo.toml" "--no-deps", kill_on_drop: false }`
[INFO] crate crates.io crate openstack 0.6.0 already has a lockfile, it will not be regenerated
[INFO] running `Command { std: CARGO_HOME="/workspace/cargo-home" RUSTUP_HOME="/workspace/rustup-home" "/workspace/cargo-home/bin/cargo" "+1.99.0-beta.8" "fetch" "--manifest-path" "Cargo.toml", kill_on_drop: false }`
[INFO] [stderr]     Updating crates.io index
[INFO] [stderr]  Downloading crates ...
[INFO] [stderr]   Downloaded waiter v0.2.0
[INFO] [stderr]   Downloaded errno v0.3.5
[INFO] [stderr]   Downloaded sync_wrapper v1.0.1
[INFO] [stderr]   Downloaded rustc-hash v2.0.0
[INFO] [stderr]   Downloaded quinn-udp v0.5.5
[INFO] [stderr]   Downloaded osauth-derive v0.1.2
[INFO] [stderr]   Downloaded env_filter v0.1.2
[INFO] [stderr]   Downloaded wasm-streams v0.4.1
[INFO] [stderr]   Downloaded serde_yaml v0.9.27
[INFO] [stderr]   Downloaded unsafe-libyaml v0.2.9
[INFO] [stderr]   Downloaded serde_derive v1.0.213
[INFO] [stderr]   Downloaded rustls-pki-types v1.10.0
[INFO] [stderr]   Downloaded indexmap v2.0.2
[INFO] [stderr]   Downloaded hyper-rustls v0.27.3
[INFO] [stderr]   Downloaded json-patch v3.0.1
[INFO] [stderr]   Downloaded env_logger v0.11.5
[INFO] [stderr]   Downloaded serde v1.0.213
[INFO] [stderr]   Downloaded url v2.4.1
[INFO] [stderr]   Downloaded openssl-sys v0.9.93
[INFO] [stderr]   Downloaded jsonptr v0.6.3
[INFO] [stderr]   Downloaded mio v0.8.9
[INFO] [stderr]   Downloaded quinn v0.11.5
[INFO] [stderr]   Downloaded hyper-util v0.1.9
[INFO] [stderr]   Downloaded osauth v0.5.0
[INFO] [stderr]   Downloaded async-compression v0.4.4
[INFO] [stderr]   Downloaded syn v2.0.85
[INFO] [stderr]   Downloaded hashbrown v0.14.2
[INFO] [stderr]   Downloaded hyper v1.5.0
[INFO] [stderr]   Downloaded h2 v0.4.6
[INFO] [stderr]   Downloaded reqwest v0.12.8
[INFO] [stderr]   Downloaded quinn-proto v0.11.8
[INFO] [stderr]   Downloaded webpki-roots v0.26.6
[INFO] [stderr]   Downloaded openssl v0.10.57
[INFO] [stderr]   Downloaded rustls v0.23.15
[INFO] [stderr]   Downloaded rustix v0.38.21
[INFO] [stderr]   Downloaded tokio v1.33.0
[INFO] [stderr]   Downloaded linux-raw-sys v0.4.10
[INFO] [stderr]   Downloaded ring v0.17.5
[INFO] running `Command { std: "docker" "create" "-v" "/var/lib/crater-agent-workspace/builds/worker-6-tc1/source:/opt/rustwide/workdir:ro,Z" "-v" "/var/lib/crater-agent-workspace/builds/worker-6-tc1/target:/opt/rustwide/target:rw,Z" "-v" "/var/lib/crater-agent-workspace/cargo-home:/opt/rustwide/cargo-home:ro,Z" "-v" "/var/lib/crater-agent-workspace/rustup-home:/opt/rustwide/rustup-home:ro,Z" "-m" "1610612736" "--network" "none" "ghcr.io/rust-lang/crates-build-env/linux@sha256:77db811e55d90add9212f6832c23229e3de5f1c1f9905e8cb07319ea15df73ac" "sleep" "infinity", kill_on_drop: false }`
[INFO] [stdout] 205200ec3b94ca814ab15ba6f975d6a5f83d6660325427296ccb55c72a5f7a17
[INFO] running `Command { std: "docker" "start" "205200ec3b94ca814ab15ba6f975d6a5f83d6660325427296ccb55c72a5f7a17", kill_on_drop: false }`
[INFO] running `Command { std: "docker" "inspect" "205200ec3b94ca814ab15ba6f975d6a5f83d6660325427296ccb55c72a5f7a17", kill_on_drop: false }`
[INFO] running `Command { std: "docker" "exec" "-e" "SOURCE_DIR=/opt/rustwide/workdir" "-e" "CARGO_HOME=/opt/rustwide/cargo-home" "-e" "RUSTUP_HOME=/opt/rustwide/rustup-home" "-e" "CARGO_TARGET_DIR=/opt/rustwide/target" "-w" "/opt/rustwide/workdir" "--user" "0:0" "205200ec3b94ca814ab15ba6f975d6a5f83d6660325427296ccb55c72a5f7a17" "/opt/rustwide/cargo-home/bin/cargo" "+1.99.0-beta.8" "metadata" "--no-deps" "--format-version=1", kill_on_drop: false }`
[INFO] running `Command { std: "docker" "inspect" "205200ec3b94ca814ab15ba6f975d6a5f83d6660325427296ccb55c72a5f7a17", kill_on_drop: false }`
[INFO] running `Command { std: "docker" "exec" "-e" "SOURCE_DIR=/opt/rustwide/workdir" "-e" "CARGO_HOME=/opt/rustwide/cargo-home" "-e" "RUSTUP_HOME=/opt/rustwide/rustup-home" "-e" "CARGO_TARGET_DIR=/opt/rustwide/target" "-e" "CARGO_INCREMENTAL=0" "-e" "RUST_BACKTRACE=full" "-e" "RUSTFLAGS=--cap-lints=warn" "-e" "RUSTDOCFLAGS=--cap-lints=warn" "-w" "/opt/rustwide/workdir" "--user" "0:0" "205200ec3b94ca814ab15ba6f975d6a5f83d6660325427296ccb55c72a5f7a17" "/opt/rustwide/cargo-home/bin/cargo" "+1.99.0-beta.8" "build" "--frozen" "--message-format=json" "--release", kill_on_drop: false }`
[INFO] [stderr]    Compiling proc-macro2 v1.0.89
[INFO] [stderr]    Compiling libc v0.2.161
[INFO] [stderr]    Compiling futures-core v0.3.29
[INFO] [stderr]    Compiling bytes v1.8.0
[INFO] [stderr]    Compiling itoa v1.0.9
[INFO] [stderr]    Compiling serde v1.0.213
[INFO] [stderr]    Compiling memchr v2.6.4
[INFO] [stderr]    Compiling slab v0.4.9
[INFO] [stderr]    Compiling futures-sink v0.3.29
[INFO] [stderr]    Compiling futures-task v0.3.29
[INFO] [stderr]    Compiling futures-channel v0.3.29
[INFO] [stderr]    Compiling futures-io v0.3.29
[INFO] [stderr]    Compiling futures-util v0.3.29
[INFO] [stderr]    Compiling tracing-core v0.1.32
[INFO] [stderr]    Compiling hashbrown v0.14.2
[INFO] [stderr]    Compiling openssl v0.10.57
[INFO] [stderr]    Compiling quote v1.0.37
[INFO] [stderr]    Compiling http v1.1.0
[INFO] [stderr]    Compiling cc v1.0.83
[INFO] [stderr]    Compiling syn v2.0.85
[INFO] [stderr]    Compiling tracing v0.1.40
[INFO] [stderr]    Compiling socket2 v0.5.5
[INFO] [stderr]    Compiling mio v0.8.9
[INFO] [stderr]    Compiling indexmap v2.0.2
[INFO] [stderr]    Compiling ryu v1.0.15
[INFO] [stderr]    Compiling httparse v1.8.0
[INFO] [stderr]    Compiling http-body v1.0.1
[INFO] [stderr]    Compiling tokio v1.33.0
[INFO] [stderr]    Compiling serde_json v1.0.132
[INFO] [stderr]    Compiling native-tls v0.2.11
[INFO] [stderr]    Compiling tinyvec_macros v0.1.1
[INFO] [stderr]    Compiling openssl-sys v0.9.93
[INFO] [stderr]    Compiling try-lock v0.2.4
[INFO] [stderr]    Compiling bitflags v2.4.1
[INFO] [stderr]    Compiling want v0.3.1
[INFO] [stderr]    Compiling tinyvec v1.6.0
[INFO] [stderr]    Compiling openssl-probe v0.1.5
[INFO] [stderr]    Compiling miniz_oxide v0.7.1
[INFO] [stderr]    Compiling form_urlencoded v1.2.0
[INFO] [stderr]    Compiling num-traits v0.2.17
[INFO] [stderr]    Compiling syn v1.0.109
[INFO] [stderr]    Compiling unicode-bidi v0.3.13
[INFO] [stderr]    Compiling async-trait v0.1.74
[INFO] [stderr]    Compiling tower-service v0.3.2
[INFO] [stderr]    Compiling flate2 v1.0.28
[INFO] [stderr]    Compiling unicode-normalization v0.1.22
[INFO] [stderr]    Compiling unicode-segmentation v1.10.1
[INFO] [stderr]    Compiling rustls-pki-types v1.10.0
[INFO] [stderr]    Compiling thiserror v1.0.50
[INFO] [stderr]    Compiling idna v0.4.0
[INFO] [stderr]    Compiling convert_case v0.6.0
[INFO] [stderr]    Compiling rustls-pemfile v2.2.0
[INFO] [stderr]    Compiling dirs-sys v0.3.7
[INFO] [stderr]    Compiling sync_wrapper v1.0.1
[INFO] [stderr]    Compiling iana-time-zone v0.1.58
[INFO] [stderr]    Compiling unsafe-libyaml v0.2.9
[INFO] [stderr]    Compiling dirs v4.0.0
[INFO] [stderr]    Compiling take_mut v0.2.2
[INFO] [stderr]    Compiling serde_derive v1.0.213
[INFO] [stderr]    Compiling futures-macro v0.3.29
[INFO] [stderr]    Compiling openssl-macros v0.1.1
[INFO] [stderr]    Compiling thiserror-impl v1.0.50
[INFO] [stderr]    Compiling async-stream-impl v0.3.5
[INFO] [stderr]    Compiling pin-project-internal v1.1.3
[INFO] [stderr]    Compiling async-stream v0.3.5
[INFO] [stderr]    Compiling osauth-derive v0.1.2
[INFO] [stderr]    Compiling tokio-util v0.7.10
[INFO] [stderr]    Compiling async-compression v0.4.4
[INFO] [stderr]    Compiling waiter v0.2.0
[INFO] [stderr]    Compiling pin-project v1.1.3
[INFO] [stderr]    Compiling h2 v0.4.6
[INFO] [stderr]    Compiling tokio-native-tls v0.3.1
[INFO] [stderr]    Compiling http-body-util v0.1.2
[INFO] [stderr]    Compiling futures-executor v0.3.29
[INFO] [stderr]    Compiling futures v0.3.29
[INFO] [stderr]    Compiling serde_urlencoded v0.7.1
[INFO] [stderr]    Compiling url v2.4.1
[INFO] [stderr]    Compiling ipnet v2.9.0
[INFO] [stderr]    Compiling serde_yaml v0.9.27
[INFO] [stderr]    Compiling chrono v0.4.31
[INFO] [stderr]    Compiling hyper v1.5.0
[INFO] [stderr]    Compiling macaddr v1.0.1
[INFO] [stderr]    Compiling jsonptr v0.6.3
[INFO] [stderr]    Compiling hyper-util v0.1.9
[INFO] [stderr]    Compiling json-patch v3.0.1
[INFO] [stderr]    Compiling hyper-tls v0.6.0
[INFO] [stderr]    Compiling reqwest v0.12.8
[INFO] [stderr]    Compiling osauth v0.5.0
[INFO] [stderr]    Compiling openstack v0.6.0 (/opt/rustwide/workdir)
[INFO] [stdout] warning: lint `no_mangle_generic_items` has been removed: converted into hard error, generic items must always be mangled
[INFO] [stdout]    --> src/lib.rs:126:5
[INFO] [stdout]     |
[INFO] [stdout] 126 |     no_mangle_generic_items,
[INFO] [stdout]     |     ^^^^^^^^^^^^^^^^^^^^^^^
[INFO] [stdout]     |
[INFO] [stdout]     = note: `#[warn(renamed_and_removed_lints)]` on by default
[INFO] [stdout] 
[INFO] [stdout] 
[INFO] [stdout] warning: struct `NodeCreate` is never constructed
[INFO] [stdout]    --> src/baremetal/protocol.rs:138:12
[INFO] [stdout]     |
[INFO] [stdout] 138 | pub struct NodeCreate {
[INFO] [stdout]     |            ^^^^^^^^^^
[INFO] [stdout]     |
[INFO] [stdout] note: the lint level is defined here
[INFO] [stdout]    --> src/lib.rs:134:5
[INFO] [stdout]     |
[INFO] [stdout] 134 |     unused,
[INFO] [stdout]     |     ^^^^^^
[INFO] [stdout]     = note: `#[warn(dead_code)]` implied by `#[warn(unused)]`
[INFO] [stdout] 
[INFO] [stdout] 
[INFO] [stdout] warning: hiding a lifetime that's elided elsewhere is confusing
[INFO] [stdout]    --> src/utils.rs:180:20
[INFO] [stdout]     |
[INFO] [stdout] 180 |     pub fn get_ref(&self, key: &K) -> Option<Ref<V>> {
[INFO] [stdout]     |                    ^^^^^                     ^^^^^^ the same lifetime is hidden here
[INFO] [stdout]     |                    |
[INFO] [stdout]     |                    the lifetime is elided here
[INFO] [stdout]     |
[INFO] [stdout]     = help: the same lifetime is referred to in inconsistent ways, making the signature confusing
[INFO] [stdout]     = note: `#[warn(mismatched_lifetime_syntaxes)]` on by default
[INFO] [stdout] help: use `'_` for type paths
[INFO] [stdout]     |
[INFO] [stdout] 180 |     pub fn get_ref(&self, key: &K) -> Option<Ref<'_, V>> {
[INFO] [stdout]     |                                                  +++
[INFO] [stdout] 
[INFO] [stdout] 
[INFO] [stderr]     Finished `release` profile [optimized] target(s) in 2m 55s
[INFO] running `Command { std: "docker" "inspect" "205200ec3b94ca814ab15ba6f975d6a5f83d6660325427296ccb55c72a5f7a17", kill_on_drop: false }`
[INFO] running `Command { std: "docker" "exec" "-e" "SOURCE_DIR=/opt/rustwide/workdir" "-e" "CARGO_HOME=/opt/rustwide/cargo-home" "-e" "RUSTUP_HOME=/opt/rustwide/rustup-home" "-e" "CARGO_TARGET_DIR=/opt/rustwide/target" "-e" "CARGO_INCREMENTAL=0" "-e" "RUST_BACKTRACE=full" "-e" "RUSTFLAGS=--cap-lints=warn" "-e" "RUSTDOCFLAGS=--cap-lints=warn" "-w" "/opt/rustwide/workdir" "--user" "0:0" "205200ec3b94ca814ab15ba6f975d6a5f83d6660325427296ccb55c72a5f7a17" "/opt/rustwide/cargo-home/bin/cargo" "+1.99.0-beta.8" "test" "--frozen" "--no-run" "--message-format=json" "--release", kill_on_drop: false }`
[INFO] [stderr]    Compiling tokio-macros v2.1.0
[INFO] [stderr]    Compiling log v0.4.22
[INFO] [stderr]    Compiling aho-corasick v1.1.2
[INFO] [stderr]    Compiling regex-syntax v0.8.2
[INFO] [stderr]    Compiling anstream v0.6.15
[INFO] [stderr]    Compiling md-5 v0.10.6
[INFO] [stderr]    Compiling native-tls v0.2.11
[INFO] [stderr]    Compiling tokio v1.33.0
[INFO] [stderr]    Compiling regex-automata v0.4.3
[INFO] [stderr]    Compiling regex v1.10.2
[INFO] [stderr]    Compiling tokio-util v0.7.10
[INFO] [stderr]    Compiling tokio-native-tls v0.3.1
[INFO] [stderr]    Compiling async-compression v0.4.4
[INFO] [stderr]    Compiling env_filter v0.1.2
[INFO] [stderr]    Compiling waiter v0.2.0
[INFO] [stderr]    Compiling env_logger v0.11.5
[INFO] [stderr]    Compiling h2 v0.4.6
[INFO] [stderr]    Compiling hyper v1.5.0
[INFO] [stderr]    Compiling hyper-util v0.1.9
[INFO] [stderr]    Compiling hyper-tls v0.6.0
[INFO] [stderr]    Compiling reqwest v0.12.8
[INFO] [stderr]    Compiling osauth v0.5.0
[INFO] [stderr]    Compiling openstack v0.6.0 (/opt/rustwide/workdir)
[INFO] [stdout] warning: lint `no_mangle_generic_items` has been removed: converted into hard error, generic items must always be mangled
[INFO] [stdout]    --> src/lib.rs:126:5
[INFO] [stdout]     |
[INFO] [stdout] 126 |     no_mangle_generic_items,
[INFO] [stdout]     |     ^^^^^^^^^^^^^^^^^^^^^^^
[INFO] [stdout]     |
[INFO] [stdout]     = note: `#[warn(renamed_and_removed_lints)]` on by default
[INFO] [stdout] 
[INFO] [stdout] 
[INFO] [stdout] warning: lint `no_mangle_generic_items` has been removed: converted into hard error, generic items must always be mangled
[INFO] [stdout]    --> src/lib.rs:126:5
[INFO] [stdout]     |
[INFO] [stdout] 126 |     no_mangle_generic_items,
[INFO] [stdout]     |     ^^^^^^^^^^^^^^^^^^^^^^^
[INFO] [stdout]     |
[INFO] [stdout]     = note: `#[warn(renamed_and_removed_lints)]` on by default
[INFO] [stdout] 
[INFO] [stdout] 
[INFO] [stdout] warning: struct `NodeCreate` is never constructed
[INFO] [stdout]    --> src/baremetal/protocol.rs:138:12
[INFO] [stdout]     |
[INFO] [stdout] 138 | pub struct NodeCreate {
[INFO] [stdout]     |            ^^^^^^^^^^
[INFO] [stdout]     |
[INFO] [stdout] note: the lint level is defined here
[INFO] [stdout]    --> src/lib.rs:134:5
[INFO] [stdout]     |
[INFO] [stdout] 134 |     unused,
[INFO] [stdout]     |     ^^^^^^
[INFO] [stdout]     = note: `#[warn(dead_code)]` implied by `#[warn(unused)]`
[INFO] [stdout] 
[INFO] [stdout] 
[INFO] [stdout] warning: hiding a lifetime that's elided elsewhere is confusing
[INFO] [stdout]    --> src/utils.rs:180:20
[INFO] [stdout]     |
[INFO] [stdout] 180 |     pub fn get_ref(&self, key: &K) -> Option<Ref<V>> {
[INFO] [stdout]     |                    ^^^^^                     ^^^^^^ the same lifetime is hidden here
[INFO] [stdout]     |                    |
[INFO] [stdout]     |                    the lifetime is elided here
[INFO] [stdout]     |
[INFO] [stdout]     = help: the same lifetime is referred to in inconsistent ways, making the signature confusing
[INFO] [stdout]     = note: `#[warn(mismatched_lifetime_syntaxes)]` on by default
[INFO] [stdout] help: use `'_` for type paths
[INFO] [stdout]     |
[INFO] [stdout] 180 |     pub fn get_ref(&self, key: &K) -> Option<Ref<'_, V>> {
[INFO] [stdout]     |                                                  +++
[INFO] [stdout] 
[INFO] [stdout] 
[INFO] [stdout] warning: struct `NodeCreate` is never constructed
[INFO] [stdout]    --> src/baremetal/protocol.rs:138:12
[INFO] [stdout]     |
[INFO] [stdout] 138 | pub struct NodeCreate {
[INFO] [stdout]     |            ^^^^^^^^^^
[INFO] [stdout]     |
[INFO] [stdout] note: the lint level is defined here
[INFO] [stdout]    --> src/lib.rs:134:5
[INFO] [stdout]     |
[INFO] [stdout] 134 |     unused,
[INFO] [stdout]     |     ^^^^^^
[INFO] [stdout]     = note: `#[warn(dead_code)]` implied by `#[warn(unused)]`
[INFO] [stdout] 
[INFO] [stdout] 
[INFO] [stdout] warning: hiding a lifetime that's elided elsewhere is confusing
[INFO] [stdout]    --> src/utils.rs:180:20
[INFO] [stdout]     |
[INFO] [stdout] 180 |     pub fn get_ref(&self, key: &K) -> Option<Ref<V>> {
[INFO] [stdout]     |                    ^^^^^                     ^^^^^^ the same lifetime is hidden here
[INFO] [stdout]     |                    |
[INFO] [stdout]     |                    the lifetime is elided here
[INFO] [stdout]     |
[INFO] [stdout]     = help: the same lifetime is referred to in inconsistent ways, making the signature confusing
[INFO] [stdout]     = note: `#[warn(mismatched_lifetime_syntaxes)]` on by default
[INFO] [stdout] help: use `'_` for type paths
[INFO] [stdout]     |
[INFO] [stdout] 180 |     pub fn get_ref(&self, key: &K) -> Option<Ref<'_, V>> {
[INFO] [stdout]     |                                                  +++
[INFO] [stdout] 
[INFO] [stdout] 
[INFO] [stderr]     Finished `release` profile [optimized] target(s) in 4m 43s
[INFO] running `Command { std: "docker" "inspect" "205200ec3b94ca814ab15ba6f975d6a5f83d6660325427296ccb55c72a5f7a17", kill_on_drop: false }`
[INFO] running `Command { std: "docker" "exec" "-e" "SOURCE_DIR=/opt/rustwide/workdir" "-e" "CARGO_HOME=/opt/rustwide/cargo-home" "-e" "RUSTUP_HOME=/opt/rustwide/rustup-home" "-e" "CARGO_TARGET_DIR=/opt/rustwide/target" "-e" "CARGO_INCREMENTAL=0" "-e" "RUST_BACKTRACE=full" "-e" "RUSTFLAGS=--cap-lints=warn" "-e" "RUSTDOCFLAGS=--cap-lints=warn" "-w" "/opt/rustwide/workdir" "--user" "0:0" "205200ec3b94ca814ab15ba6f975d6a5f83d6660325427296ccb55c72a5f7a17" "/opt/rustwide/cargo-home/bin/cargo" "+1.99.0-beta.8" "test" "--frozen" "--release", kill_on_drop: false }`
[INFO] [stderr] warning: lint `no_mangle_generic_items` has been removed: converted into hard error, generic items must always be mangled
[INFO] [stderr]    --> src/lib.rs:126:5
[INFO] [stderr]     |
[INFO] [stderr] 126 |     no_mangle_generic_items,
[INFO] [stderr]     |     ^^^^^^^^^^^^^^^^^^^^^^^
[INFO] [stderr]     |
[INFO] [stderr]     = note: `#[warn(renamed_and_removed_lints)]` on by default
[INFO] [stderr] 
[INFO] [stderr] warning: struct `NodeCreate` is never constructed
[INFO] [stderr]    --> src/baremetal/protocol.rs:138:12
[INFO] [stderr]     |
[INFO] [stderr] 138 | pub struct NodeCreate {
[INFO] [stderr]     |            ^^^^^^^^^^
[INFO] [stderr]     |
[INFO] [stderr] note: the lint level is defined here
[INFO] [stderr]    --> src/lib.rs:134:5
[INFO] [stderr]     |
[INFO] [stderr] 134 |     unused,
[INFO] [stderr]     |     ^^^^^^
[INFO] [stderr]     = note: `#[warn(dead_code)]` implied by `#[warn(unused)]`
[INFO] [stderr] 
[INFO] [stderr] warning: hiding a lifetime that's elided elsewhere is confusing
[INFO] [stderr]    --> src/utils.rs:180:20
[INFO] [stderr]     |
[INFO] [stderr] 180 |     pub fn get_ref(&self, key: &K) -> Option<Ref<V>> {
[INFO] [stderr]     |                    ^^^^^                     ^^^^^^ the same lifetime is hidden here
[INFO] [stderr]     |                    |
[INFO] [stderr]     |                    the lifetime is elided here
[INFO] [stderr]     |
[INFO] [stderr]     = help: the same lifetime is referred to in inconsistent ways, making the signature confusing
[INFO] [stderr]     = note: `#[warn(mismatched_lifetime_syntaxes)]` on by default
[INFO] [stderr] help: use `'_` for type paths
[INFO] [stderr]     |
[INFO] [stderr] 180 |     pub fn get_ref(&self, key: &K) -> Option<Ref<'_, V>> {
[INFO] [stderr]     |                                                  +++
[INFO] [stderr] 
[INFO] [stderr] warning: `openstack` (lib) generated 3 warnings (run `cargo fix --lib -p openstack` to apply 1 suggestion)
[INFO] [stderr] warning: `openstack` (lib test) generated 3 warnings (3 duplicates)
[INFO] [stderr]     Finished `release` profile [optimized] target(s) in 0.22s
[INFO] [stderr]      Running unittests src/lib.rs (/opt/rustwide/target/release/deps/openstack-bd3c3152950d86f4)
[INFO] [stdout] 
[INFO] [stdout] running 15 tests
[INFO] [stdout] test baremetal::infos::test::instance_info::test_read_sha512 ... ok
[INFO] [stdout] test baremetal::protocol::test::node::test_steps ... ok
[INFO] [stdout] test baremetal::infos::test::instance_info::test_empty ... ok
[INFO] [stdout] test baremetal::infos::test::instance_info::test_write_md5 ... ok
[INFO] [stdout] test baremetal::infos::test::instance_info::test_read_md5 ... ok
[INFO] [stdout] test common::resourceiterator::test::test_resource_iterator_no_pagination ... ok
[INFO] [stdout] test common::types::test::test_opaque_type_serde ... ok
[INFO] [stdout] test network::protocol::test::test_parse_macaddr ... ok
[INFO] [stdout] test common::resourceiterator::test::test_resource_iterator ... ok
[INFO] [stdout] test common::types::test::test_opaque_type_basics ... ok
[INFO] [stdout] test baremetal::infos::test::instance_info::test_replace_md5_with_sha512 ... ok
[INFO] [stdout] test baremetal::protocol::test::node::test_base_version ... ok
[INFO] [stdout] test baremetal::infos::test::instance_info::test_write_sha512 ... ok
[INFO] [stdout] test utils::test::test_deserialize ... ok
[INFO] [stdout] test compute::servers::test::test_action_json ... ok
[INFO] [stdout] 
[INFO] [stdout] test result: ok. 15 passed; 0 failed; 0 ignored; 0 measured; 0 filtered out; finished in 0.01s
[INFO] [stdout] 
[INFO] [stderr]      Running tests/integration-block-storage.rs (/opt/rustwide/target/release/deps/integration_block_storage-a96e4fd85f079b7f)
[INFO] [stdout] 
[INFO] [stdout] running 2 tests
[INFO] [stdout] test test_volume_create_get_delete_simple ... FAILED
[INFO] [stdout] test test_volume_create_with_fields ... FAILED
[INFO] [stdout] 
[INFO] [stdout] failures:
[INFO] [stdout] 
[INFO] [stdout] ---- test_volume_create_get_delete_simple stdout ----
[INFO] [stdout] 
[INFO] [stdout] thread 'test_volume_create_get_delete_simple' (3748) panicked at tests/integration-block-storage.rs:26:10:
[INFO] [stdout] Failed to create an identity provider from the environment: Error { kind: InvalidConfig, message: "Password authentication requires an authentication URL", status: None }
[INFO] [stdout] stack backtrace:
[INFO] [stdout]    0:     0x5af5dd9723a1 - <<std[70759c8f55707aa4]::sys::backtrace::BacktraceLock>::print::DisplayBacktrace as core[df12db4294e9bfd3]::fmt::Display>::fmt
[INFO] [stdout]    1:     0x5af5dd98b74a - core[df12db4294e9bfd3]::fmt::write
[INFO] [stdout]    2:     0x5af5dd9785ec - <alloc[2182bb758b4b3781]::vec::Vec<u8> as core[df12db4294e9bfd3]::io::write::Write>::write_fmt
[INFO] [stdout]    3:     0x5af5dd94cad6 - std[70759c8f55707aa4]::panicking::default_hook::{closure#0}
[INFO] [stdout]    4:     0x5af5dd969989 - std[70759c8f55707aa4]::panicking::default_hook
[INFO] [stdout]    5:     0x5af5dd8ec670 - test[9d35eded1c95d3be]::test_main_inner::<test[9d35eded1c95d3be]::test_main_static::{closure#0}>::{closure#0}
[INFO] [stdout]    6:     0x5af5dd969cb2 - std[70759c8f55707aa4]::panicking::panic_with_hook
[INFO] [stdout]    7:     0x5af5dd94cb82 - std[70759c8f55707aa4]::panicking::panic_handler::{closure#0}
[INFO] [stdout]    8:     0x5af5dd945459 - std[70759c8f55707aa4]::sys::backtrace::__rust_end_short_backtrace::<std[70759c8f55707aa4]::panicking::panic_handler::{closure#0}, !>
[INFO] [stdout]    9:     0x5af5dd94da0d - __rustc[8fa7c3cbc660c2b3]::rust_begin_unwind
[INFO] [stdout]   10:     0x5af5dd98bf2c - core[df12db4294e9bfd3]::panicking::panic_fmt
[INFO] [stdout]   11:     0x5af5dd98bd02 - core[df12db4294e9bfd3]::result::unwrap_failed
[INFO] [stdout]   12:     0x5af5dd65a1f5 - integration_block_storage[ca575284af31fbf2]::set_up::{closure#0}
[INFO] [stdout]   13:     0x5af5dd65b095 - integration_block_storage[ca575284af31fbf2]::test_volume_create_get_delete_simple::{closure#0}
[INFO] [stdout]   14:     0x5af5dd67daa3 - <tokio[5ba61bb483d77217]::runtime::scheduler::current_thread::Context>::enter::<core[df12db4294e9bfd3]::task::poll::Poll<()>, <tokio[5ba61bb483d77217]::runtime::scheduler::current_thread::CoreGuard>::block_on<core[df12db4294e9bfd3]::pin::Pin<&mut core[df12db4294e9bfd3]::pin::Pin<&mut dyn core[df12db4294e9bfd3]::future::future::Future<Output = ()>>>>::{closure#0}::{closure#0}>
[INFO] [stdout]   15:     0x5af5dd68a952 - <tokio[5ba61bb483d77217]::runtime::context::scoped::Scoped<tokio[5ba61bb483d77217]::runtime::scheduler::Context>>::set::<<tokio[5ba61bb483d77217]::runtime::scheduler::current_thread::CoreGuard>::enter<<tokio[5ba61bb483d77217]::runtime::scheduler::current_thread::CoreGuard>::block_on<core[df12db4294e9bfd3]::pin::Pin<&mut core[df12db4294e9bfd3]::pin::Pin<&mut dyn core[df12db4294e9bfd3]::future::future::Future<Output = ()>>>>::{closure#0}, core[df12db4294e9bfd3]::option::Option<()>>::{closure#0}, (alloc[2182bb758b4b3781]::boxed::Box<tokio[5ba61bb483d77217]::runtime::scheduler::current_thread::Core>, core[df12db4294e9bfd3]::option::Option<()>)>
[INFO] [stdout]   16:     0x5af5dd67dde5 - <tokio[5ba61bb483d77217]::runtime::scheduler::current_thread::CoreGuard>::block_on::<core[df12db4294e9bfd3]::pin::Pin<&mut core[df12db4294e9bfd3]::pin::Pin<&mut dyn core[df12db4294e9bfd3]::future::future::Future<Output = ()>>>>
[INFO] [stdout]   17:     0x5af5dd687530 - tokio[5ba61bb483d77217]::runtime::context::runtime::enter_runtime::<<tokio[5ba61bb483d77217]::runtime::scheduler::current_thread::CurrentThread>::block_on<core[df12db4294e9bfd3]::pin::Pin<&mut dyn core[df12db4294e9bfd3]::future::future::Future<Output = ()>>>::{closure#0}, ()>
[INFO] [stdout]   18:     0x5af5dd686c3b - <tokio[5ba61bb483d77217]::runtime::runtime::Runtime>::block_on::<core[df12db4294e9bfd3]::pin::Pin<&mut dyn core[df12db4294e9bfd3]::future::future::Future<Output = ()>>>
[INFO] [stdout]   19:     0x5af5dd66437a - <integration_block_storage[ca575284af31fbf2]::test_volume_create_get_delete_simple::{closure#0} as core[df12db4294e9bfd3]::ops::function::FnOnce<()>>::call_once
[INFO] [stdout]   20:     0x5af5dd8df95b - test[9d35eded1c95d3be]::__rust_begin_short_backtrace::<core[df12db4294e9bfd3]::result::Result<(), alloc[2182bb758b4b3781]::string::String>, fn() -> core[df12db4294e9bfd3]::result::Result<(), alloc[2182bb758b4b3781]::string::String>>
[INFO] [stdout]   21:     0x5af5dd8ecfc5 - test[9d35eded1c95d3be]::run_test::{closure#0}
[INFO] [stdout]   22:     0x5af5dd8e6884 - std[70759c8f55707aa4]::sys::backtrace::__rust_begin_short_backtrace::<test[9d35eded1c95d3be]::run_test::{closure#1}, ()>
[INFO] [stdout]   23:     0x5af5dd8f0122 - <std[70759c8f55707aa4]::thread::lifecycle::spawn_unchecked<test[9d35eded1c95d3be]::run_test::{closure#1}, ()>::{closure#1} as core[df12db4294e9bfd3]::ops::function::FnOnce<()>>::call_once::{shim:vtable#0}
[INFO] [stdout]   24:     0x5af5dd971239 - <std[70759c8f55707aa4]::sys::thread::unix::Thread>::new::thread_start
[INFO] [stdout]   25:     0x70c1f19d8dfa - <unknown>
[INFO] [stdout]   26:     0x70c1f1a6c3d4 - clone
[INFO] [stdout]   27:                0x0 - <unknown>
[INFO] [stdout] 
[INFO] [stdout] ---- test_volume_create_with_fields stdout ----
[INFO] [stdout] 
[INFO] [stdout] thread 'test_volume_create_with_fields' (3749) panicked at tests/integration-block-storage.rs:26:10:
[INFO] [stdout] Failed to create an identity provider from the environment: Error { kind: InvalidConfig, message: "Password authentication requires an authentication URL", status: None }
[INFO] [stdout] stack backtrace:
[INFO] [stdout]    0:     0x5af5dd9723a1 - <<std[70759c8f55707aa4]::sys::backtrace::BacktraceLock>::print::DisplayBacktrace as core[df12db4294e9bfd3]::fmt::Display>::fmt
[INFO] [stdout]    1:     0x5af5dd98b74a - core[df12db4294e9bfd3]::fmt::write
[INFO] [stdout]    2:     0x5af5dd9785ec - <alloc[2182bb758b4b3781]::vec::Vec<u8> as core[df12db4294e9bfd3]::io::write::Write>::write_fmt
[INFO] [stdout]    3:     0x5af5dd94cad6 - std[70759c8f55707aa4]::panicking::default_hook::{closure#0}
[INFO] [stdout]    4:     0x5af5dd969989 - std[70759c8f55707aa4]::panicking::default_hook
[INFO] [stdout]    5:     0x5af5dd8ec670 - test[9d35eded1c95d3be]::test_main_inner::<test[9d35eded1c95d3be]::test_main_static::{closure#0}>::{closure#0}
[INFO] [stdout]    6:     0x5af5dd969cb2 - std[70759c8f55707aa4]::panicking::panic_with_hook
[INFO] [stdout]    7:     0x5af5dd94cb82 - std[70759c8f55707aa4]::panicking::panic_handler::{closure#0}
[INFO] [stdout]    8:     0x5af5dd945459 - std[70759c8f55707aa4]::sys::backtrace::__rust_end_short_backtrace::<std[70759c8f55707aa4]::panicking::panic_handler::{closure#0}, !>
[INFO] [stdout]    9:     0x5af5dd94da0d - __rustc[8fa7c3cbc660c2b3]::rust_begin_unwind
[INFO] [stdout]   10:     0x5af5dd98bf2c - core[df12db4294e9bfd3]::panicking::panic_fmt
[INFO] [stdout]   11:     0x5af5dd98bd02 - core[df12db4294e9bfd3]::result::unwrap_failed
[INFO] [stdout]   12:     0x5af5dd65a1f5 - integration_block_storage[ca575284af31fbf2]::set_up::{closure#0}
[INFO] [stdout]   13:     0x5af5dd65a8d8 - integration_block_storage[ca575284af31fbf2]::test_volume_create_with_fields::{closure#0}
[INFO] [stdout]   14:     0x5af5dd67daa3 - <tokio[5ba61bb483d77217]::runtime::scheduler::current_thread::Context>::enter::<core[df12db4294e9bfd3]::task::poll::Poll<()>, <tokio[5ba61bb483d77217]::runtime::scheduler::current_thread::CoreGuard>::block_on<core[df12db4294e9bfd3]::pin::Pin<&mut core[df12db4294e9bfd3]::pin::Pin<&mut dyn core[df12db4294e9bfd3]::future::future::Future<Output = ()>>>>::{closure#0}::{closure#0}>
[INFO] [stdout]   15:     0x5af5dd68a952 - <tokio[5ba61bb483d77217]::runtime::context::scoped::Scoped<tokio[5ba61bb483d77217]::runtime::scheduler::Context>>::set::<<tokio[5ba61bb483d77217]::runtime::scheduler::current_thread::CoreGuard>::enter<<tokio[5ba61bb483d77217]::runtime::scheduler::current_thread::CoreGuard>::block_on<core[df12db4294e9bfd3]::pin::Pin<&mut core[df12db4294e9bfd3]::pin::Pin<&mut dyn core[df12db4294e9bfd3]::future::future::Future<Output = ()>>>>::{closure#0}, core[df12db4294e9bfd3]::option::Option<()>>::{closure#0}, (alloc[2182bb758b4b3781]::boxed::Box<tokio[5ba61bb483d77217]::runtime::scheduler::current_thread::Core>, core[df12db4294e9bfd3]::option::Option<()>)>
[INFO] [stdout]   16:     0x5af5dd67dde5 - <tokio[5ba61bb483d77217]::runtime::scheduler::current_thread::CoreGuard>::block_on::<core[df12db4294e9bfd3]::pin::Pin<&mut core[df12db4294e9bfd3]::pin::Pin<&mut dyn core[df12db4294e9bfd3]::future::future::Future<Output = ()>>>>
[INFO] [stdout]   17:     0x5af5dd687530 - tokio[5ba61bb483d77217]::runtime::context::runtime::enter_runtime::<<tokio[5ba61bb483d77217]::runtime::scheduler::current_thread::CurrentThread>::block_on<core[df12db4294e9bfd3]::pin::Pin<&mut dyn core[df12db4294e9bfd3]::future::future::Future<Output = ()>>>::{closure#0}, ()>
[INFO] [stdout]   18:     0x5af5dd686c3b - <tokio[5ba61bb483d77217]::runtime::runtime::Runtime>::block_on::<core[df12db4294e9bfd3]::pin::Pin<&mut dyn core[df12db4294e9bfd3]::future::future::Future<Output = ()>>>
[INFO] [stdout]   19:     0x5af5dd66422a - <integration_block_storage[ca575284af31fbf2]::test_volume_create_with_fields::{closure#0} as core[df12db4294e9bfd3]::ops::function::FnOnce<()>>::call_once
[INFO] [stdout]   20:     0x5af5dd8df95b - test[9d35eded1c95d3be]::__rust_begin_short_backtrace::<core[df12db4294e9bfd3]::result::Result<(), alloc[2182bb758b4b3781]::string::String>, fn() -> core[df12db4294e9bfd3]::result::Result<(), alloc[2182bb758b4b3781]::string::String>>
[INFO] [stdout]   21:     0x5af5dd8ecfc5 - test[9d35eded1c95d3be]::run_test::{closure#0}
[INFO] [stdout]   22:     0x5af5dd8e6884 - std[70759c8f55707aa4]::sys::backtrace::__rust_begin_short_backtrace::<test[9d35eded1c95d3be]::run_test::{closure#1}, ()>
[INFO] [stdout]   23:     0x5af5dd8f0122 - <std[70759c8f55707aa4]::thread::lifecycle::spawn_unchecked<test[9d35eded1c95d3be]::run_test::{closure#1}, ()>::{closure#1} as core[df12db4294e9bfd3]::ops::function::FnOnce<()>>::call_once::{shim:vtable#0}
[INFO] [stdout]   24:     0x5af5dd971239 - <std[70759c8f55707aa4]::sys::thread::unix::Thread>::new::thread_start
[INFO] [stdout]   25:     0x70c1f19d8dfa - <unknown>
[INFO] [stdout]   26:     0x70c1f1a6c3d4 - clone
[INFO] [stdout]   27:                0x0 - <unknown>
[INFO] [stdout] 
[INFO] [stdout] 
[INFO] [stdout] failures:
[INFO] [stdout]     test_volume_create_get_delete_simple
[INFO] [stdout]     test_volume_create_with_fields
[INFO] [stdout] 
[INFO] [stdout] test result: FAILED. 0 passed; 2 failed; 0 ignored; 0 measured; 0 filtered out; finished in 0.00s
[INFO] [stdout] 
[INFO] [stderr] error: test failed, to rerun pass `--test integration-block-storage`
[INFO] running `Command { std: "docker" "inspect" "205200ec3b94ca814ab15ba6f975d6a5f83d6660325427296ccb55c72a5f7a17", kill_on_drop: false }`
[INFO] running `Command { std: "docker" "rm" "-f" "205200ec3b94ca814ab15ba6f975d6a5f83d6660325427296ccb55c72a5f7a17", kill_on_drop: false }`
[INFO] [stdout] 205200ec3b94ca814ab15ba6f975d6a5f83d6660325427296ccb55c72a5f7a17
