[INFO] fetching crate openssl 0.10.81...
[INFO] testing openssl-0.10.81 against 1.99.0-beta.8+cargoflags=--release for beta-release-1.100-2
[INFO] extracting crate openssl 0.10.81 into /workspace/builds/worker-0-tc1/source
[INFO] started tweaking crates.io crate openssl 0.10.81
[INFO] removed 0 missing examples
[INFO] finished tweaking crates.io crate openssl 0.10.81
[INFO] tweaked toml for crates.io crate openssl 0.10.81 written to /workspace/builds/worker-0-tc1/source/Cargo.toml
[INFO] validating manifest of crates.io crate openssl 0.10.81 on toolchain 1.99.0-beta.8
[INFO] running `Command { std: CARGO_HOME="/workspace/cargo-home" RUSTUP_HOME="/workspace/rustup-home" "/workspace/cargo-home/bin/cargo" "+1.99.0-beta.8" "metadata" "--manifest-path" "Cargo.toml" "--no-deps", kill_on_drop: false }`
[INFO] crate crates.io crate openssl 0.10.81 already has a lockfile, it will not be regenerated
[INFO] running `Command { std: CARGO_HOME="/workspace/cargo-home" RUSTUP_HOME="/workspace/rustup-home" "/workspace/cargo-home/bin/cargo" "+1.99.0-beta.8" "fetch" "--manifest-path" "Cargo.toml", kill_on_drop: false }`
[INFO] [stderr]     Updating crates.io index
[INFO] [stderr]  Downloading crates ...
[INFO] [stderr]   Downloaded bssl-sys v0.1.0
[INFO] [stderr]   Downloaded annotate-snippets v0.11.5
[INFO] [stderr]   Downloaded aws-lc-fips-sys v0.13.14
[INFO] running `Command { std: "docker" "create" "-v" "/var/lib/crater-agent-workspace/builds/worker-0-tc1/source:/opt/rustwide/workdir:ro,Z" "-v" "/var/lib/crater-agent-workspace/builds/worker-0-tc1/target:/opt/rustwide/target:rw,Z" "-v" "/var/lib/crater-agent-workspace/cargo-home:/opt/rustwide/cargo-home:ro,Z" "-v" "/var/lib/crater-agent-workspace/rustup-home:/opt/rustwide/rustup-home:ro,Z" "-m" "1610612736" "--network" "none" "ghcr.io/rust-lang/crates-build-env/linux@sha256:77db811e55d90add9212f6832c23229e3de5f1c1f9905e8cb07319ea15df73ac" "sleep" "infinity", kill_on_drop: false }`
[INFO] [stdout] ea67538b0b080197affecab5b2318d27f707a6536ec1d94f63bc1e4b52ae8e25
[INFO] running `Command { std: "docker" "start" "ea67538b0b080197affecab5b2318d27f707a6536ec1d94f63bc1e4b52ae8e25", kill_on_drop: false }`
[INFO] running `Command { std: "docker" "inspect" "ea67538b0b080197affecab5b2318d27f707a6536ec1d94f63bc1e4b52ae8e25", kill_on_drop: false }`
[INFO] running `Command { std: "docker" "exec" "-e" "SOURCE_DIR=/opt/rustwide/workdir" "-e" "CARGO_HOME=/opt/rustwide/cargo-home" "-e" "RUSTUP_HOME=/opt/rustwide/rustup-home" "-e" "CARGO_TARGET_DIR=/opt/rustwide/target" "-w" "/opt/rustwide/workdir" "--user" "0:0" "ea67538b0b080197affecab5b2318d27f707a6536ec1d94f63bc1e4b52ae8e25" "/opt/rustwide/cargo-home/bin/cargo" "+1.99.0-beta.8" "metadata" "--no-deps" "--format-version=1", kill_on_drop: false }`
[INFO] running `Command { std: "docker" "inspect" "ea67538b0b080197affecab5b2318d27f707a6536ec1d94f63bc1e4b52ae8e25", kill_on_drop: false }`
[INFO] running `Command { std: "docker" "exec" "-e" "SOURCE_DIR=/opt/rustwide/workdir" "-e" "CARGO_HOME=/opt/rustwide/cargo-home" "-e" "RUSTUP_HOME=/opt/rustwide/rustup-home" "-e" "CARGO_TARGET_DIR=/opt/rustwide/target" "-e" "CARGO_INCREMENTAL=0" "-e" "RUST_BACKTRACE=full" "-e" "RUSTFLAGS=--cap-lints=warn" "-e" "RUSTDOCFLAGS=--cap-lints=warn" "-w" "/opt/rustwide/workdir" "--user" "0:0" "ea67538b0b080197affecab5b2318d27f707a6536ec1d94f63bc1e4b52ae8e25" "/opt/rustwide/cargo-home/bin/cargo" "+1.99.0-beta.8" "build" "--frozen" "--message-format=json" "--release", kill_on_drop: false }`
[INFO] [stderr]    Compiling openssl-sys v0.9.117
[INFO] [stderr]    Compiling openssl v0.10.81 (/opt/rustwide/workdir)
[INFO] [stderr]    Compiling openssl-macros v0.1.1
[INFO] [stderr]     Finished `release` profile [optimized] target(s) in 7.85s
[INFO] running `Command { std: "docker" "inspect" "ea67538b0b080197affecab5b2318d27f707a6536ec1d94f63bc1e4b52ae8e25", kill_on_drop: false }`
[INFO] running `Command { std: "docker" "exec" "-e" "SOURCE_DIR=/opt/rustwide/workdir" "-e" "CARGO_HOME=/opt/rustwide/cargo-home" "-e" "RUSTUP_HOME=/opt/rustwide/rustup-home" "-e" "CARGO_TARGET_DIR=/opt/rustwide/target" "-e" "CARGO_INCREMENTAL=0" "-e" "RUST_BACKTRACE=full" "-e" "RUSTFLAGS=--cap-lints=warn" "-e" "RUSTDOCFLAGS=--cap-lints=warn" "-w" "/opt/rustwide/workdir" "--user" "0:0" "ea67538b0b080197affecab5b2318d27f707a6536ec1d94f63bc1e4b52ae8e25" "/opt/rustwide/cargo-home/bin/cargo" "+1.99.0-beta.8" "test" "--frozen" "--no-run" "--message-format=json" "--release", kill_on_drop: false }`
[INFO] [stderr]    Compiling openssl v0.10.81 (/opt/rustwide/workdir)
[INFO] [stdout] warning: unused import: `std::io::prelude::*`
[INFO] [stdout]    --> src/hash.rs:494:9
[INFO] [stdout]     |
[INFO] [stdout] 494 |     use std::io::prelude::*;
[INFO] [stdout]     |         ^^^^^^^^^^^^^^^^^^^
[INFO] [stdout]     |
[INFO] [stdout]     = note: `#[warn(unused_imports)]` (part of `#[warn(unused)]`) on by default
[INFO] [stdout] 
[INFO] [stdout] 
[INFO] [stderr]     Finished `release` profile [optimized] target(s) in 17.70s
[INFO] running `Command { std: "docker" "inspect" "ea67538b0b080197affecab5b2318d27f707a6536ec1d94f63bc1e4b52ae8e25", kill_on_drop: false }`
[INFO] running `Command { std: "docker" "exec" "-e" "SOURCE_DIR=/opt/rustwide/workdir" "-e" "CARGO_HOME=/opt/rustwide/cargo-home" "-e" "RUSTUP_HOME=/opt/rustwide/rustup-home" "-e" "CARGO_TARGET_DIR=/opt/rustwide/target" "-e" "CARGO_INCREMENTAL=0" "-e" "RUST_BACKTRACE=full" "-e" "RUSTFLAGS=--cap-lints=warn" "-e" "RUSTDOCFLAGS=--cap-lints=warn" "-w" "/opt/rustwide/workdir" "--user" "0:0" "ea67538b0b080197affecab5b2318d27f707a6536ec1d94f63bc1e4b52ae8e25" "/opt/rustwide/cargo-home/bin/cargo" "+1.99.0-beta.8" "test" "--frozen" "--release", kill_on_drop: false }`
[INFO] [stderr] warning: unused import: `std::io::prelude::*`
[INFO] [stderr]    --> src/hash.rs:494:9
[INFO] [stderr]     |
[INFO] [stderr] 494 |     use std::io::prelude::*;
[INFO] [stderr]     |         ^^^^^^^^^^^^^^^^^^^
[INFO] [stderr]     |
[INFO] [stderr]     = note: `#[warn(unused_imports)]` (part of `#[warn(unused)]`) on by default
[INFO] [stderr] 
[INFO] [stderr] warning: `openssl` (lib test) generated 1 warning (run `cargo fix --lib -p openssl --tests` to apply 1 suggestion)
[INFO] [stderr]     Finished `release` profile [optimized] target(s) in 0.04s
[INFO] [stderr]      Running unittests src/lib.rs (/opt/rustwide/target/release/deps/openssl-f23813204d86e3de)
[INFO] [stdout] 
[INFO] [stdout] running 459 tests
[INFO] [stdout] test aes::test::ige_vector_1 ... ok
[INFO] [stdout] test aes::test::test_unwrap_key_out_too_small_panics - should panic ... ok
[INFO] [stdout] test aes::test::test_wrap_unwrap_with_iv ... ok
[INFO] [stdout] test aes::test::test_wrap_unwrap ... ok
[INFO] [stdout] test aes::test::test_unwrap_key_tampered_ciphertext ... ok
[INFO] [stdout] test aes::test::test_unwrap_key_out_oversized ... ok
[INFO] [stdout] test asn1::tests::asn1_octet_string ... ok
[INFO] [stdout] test asn1::tests::generalized_time_from_str ... ok
[INFO] [stdout] test asn1::tests::object_from_str_with_invalid_input ... ok
[INFO] [stdout] test asn1::tests::object_to_slice ... ok
[INFO] [stdout] test asn1::tests::integer_cmp ... ok
[INFO] [stdout] test asn1::tests::integer_to_owned ... ok
[INFO] [stdout] test asn1::tests::object_from_str ... ok
[INFO] [stdout] test asn1::tests::time_eq ... ok
[INFO] [stdout] test asn1::tests::time_from_str ... ok
[INFO] [stdout] test asn1::tests::very_long_object ... ok
[INFO] [stdout] test asn1::tests::time_from_unix ... ok
[INFO] [stdout] test base64::tests::test_strip_whitespace ... ok
[INFO] [stdout] test base64::tests::test_encode_block ... ok
[INFO] [stdout] test asn1::tests::bn_cvt ... ok
[INFO] [stdout] test asn1::tests::string_with_interior_nul ... ok
[INFO] [stdout] test bn::tests::test_const_time_bn ... ok
[INFO] [stdout] test bn::tests::test_format_upperhex ... ok
[INFO] [stdout] test bn::tests::test_format ... ok
[INFO] [stdout] test bio::tests::test_mem_bio_get_buf_empty ... ok
[INFO] [stdout] test bn::tests::test_negation ... ok
[INFO] [stdout] test bn::tests::test_secure_bn ... ok
[INFO] [stdout] test bn::tests::test_secure_bn_ctx ... ok
[INFO] [stdout] test bn::tests::test_shift ... ok
[INFO] [stdout] test bn::tests::test_to_from_slice ... ok
[INFO] [stdout] test bn::tests::test_odd_even ... ok
[INFO] [stdout] test asn1::tests::time_ord ... ok
[INFO] [stdout] test base64::tests::test_decode_block ... ok
[INFO] [stdout] test cipher_ctx::test::default_aes_128_cbc ... ok
[INFO] [stdout] test cipher_ctx::test::default_aes_128_xts ... ok
[INFO] [stdout] test cipher::test::test_cipher_fetch_properties ... ok
[INFO] [stdout] test bn::tests::test_rand_range ... ok
[INFO] [stdout] test bn::tests::test_pseudo_rand_range ... ok
[INFO] [stdout] test bn::tests::test_mod_sqrt ... ok
[INFO] [stdout] test cipher_ctx::test::default_aes_192_ccm ... ok
[INFO] [stdout] test cipher_ctx::test::default_aes_256_xts ... ok
[INFO] [stdout] test cipher_ctx::test::full_block_updates_aes_128 - should panic ... ok
[INFO] [stdout] test cipher_ctx::test::default_aes_128_ccm ... ok
[INFO] [stdout] test cipher_ctx::test::fetched_aes_128_cbc ... ok
[INFO] [stdout] test cipher_ctx::test::default_aes_256_ccm ... ok
[INFO] [stdout] test cipher_ctx::test::test_aes128_wrap_pad ... ok
[INFO] [stdout] test cipher_ctx::test::test_aes128_wrap_pad_default_iv ... ok
[INFO] [stdout] test cipher_ctx::test::full_block_updates_aes_256 - should panic ... ok
[INFO] [stdout] test cipher_ctx::test::full_block_updates_3des - should panic ... ok
[INFO] [stdout] test cipher_ctx::test::test_aes192_wrap_default_iv ... ok
[INFO] [stdout] test cipher_ctx::test::test_aes192_wrap_pad ... ok
[INFO] [stdout] test cipher_ctx::test::test_aes192_wrap_pad_default_iv ... ok
[INFO] [stdout] test cipher_ctx::test::test_aes128_wrap ... ok
[INFO] [stdout] test cipher_ctx::test::test_aes128_wrap_default_iv ... ok
[INFO] [stdout] test bn::tests::test_prime_numbers ... ok
[INFO] [stdout] test cipher_ctx::test::test_aes192_wrap ... ok
[INFO] [stdout] test cipher_ctx::test::test_aes256_wrap ... ok
[INFO] [stdout] test cipher_ctx::test::test_aes256_wrap_default_iv ... ok
[INFO] [stdout] test cipher_ctx::test::test_aes256_wrap_pad ... ok
[INFO] [stdout] test cipher_ctx::test::test_aes256_wrap_pad_default_iv ... ok
[INFO] [stdout] test cipher_ctx::test::test_aes_wrap_pad_cipher_update_inplace_buffer_size - should panic ... ok
[INFO] [stdout] test cipher_ctx::test::test_aes_wrap_pad_cipher_update_vec_buffer_size ... ok
[INFO] [stdout] test cipher_ctx::test::test_stream_ciphers ... ok
[INFO] [stdout] test cms::test::cms_sign_verify_ok ... FAILED
[INFO] [stdout] test cms::test::cms_sign_verify_detached_ok ... FAILED
[INFO] [stdout] test cms::test::cms_sign_verify_error ... ok
[INFO] [stdout] test cms::test::cms_encrypt_decrypt ... ok
[INFO] [stdout] test cipher_ctx::test::seal_open ... ok
[INFO] [stdout] test derive::test::derive_without_peer ... ok
[INFO] [stdout] test derive::test::test_ec_key_derive ... ok
[INFO] [stdout] test derive::test::derive_undersized_buffer ... ok
[INFO] [stdout] test derive::test::test_ec_key_derive_ex ... ok
[INFO] [stdout] test dh::tests::test_dh_from_der ... ok
[INFO] [stdout] test dh::tests::test_from_dhx_serializes_q ... ok
[INFO] [stdout] test dh::tests::test_dh_stored_restored ... ok
[INFO] [stdout] test dh::tests::test_set_keys ... ok
[INFO] [stdout] test dh::tests::test_dh_generate_key_compute_key ... ok
[INFO] [stdout] test dsa::test::dsa_sig_debug ... ok
[INFO] [stdout] test dh::tests::test_dh_from_pem ... ok
[INFO] [stdout] test dh::tests::test_dh_params ... ok
[INFO] [stdout] test dsa::test::test_pub_key_from_parts ... ok
[INFO] [stdout] test dsa::test::test_priv_key_from_parts ... ok
[INFO] [stdout] test dh::tests::test_dh_rfc5114 ... ok
[INFO] [stdout] test dsa::test::test_signature ... ok
[INFO] [stdout] test ec::test::asn1_flag ... ok
[INFO] [stdout] test ec::test::cofactor ... ok
[INFO] [stdout] test ec::test::dup ... ok
[INFO] [stdout] test ec::test::ec_group_from_components ... ok
[INFO] [stdout] test dsa::test::test_generate ... ok
[INFO] [stdout] test ec::test::ec_point_set_affine ... ok
[INFO] [stdout] test ec::test::ec_point_set_affine_gfp ... ok
[INFO] [stdout] test ec::test::generate ... ok
[INFO] [stdout] test ec::test::generator ... ok
[INFO] [stdout] test ec::test::generator_opt_none_on_custom_group ... ok
[INFO] [stdout] test ec::test::generator_panics_on_custom_group - should panic ... ok
[INFO] [stdout] test ec::test::ec_group_set_generator ... ok
[INFO] [stdout] test ec::test::get_affine_coordinates ... ok
[INFO] [stdout] test ec::test::get_affine_coordinates_gfp ... ok
[INFO] [stdout] test ec::test::is_infinity ... ok
[INFO] [stdout] test ec::test::is_on_curve ... ok
[INFO] [stdout] test ec::test::key_from_affine_coordinates ... ok
[INFO] [stdout] test ec::test::key_from_private_components ... ok
[INFO] [stdout] test ec::test::key_from_public_key ... ok
[INFO] [stdout] test ec::test::key_new_by_curve_name ... ok
[INFO] [stdout] test ec::test::mul_generator ... ok
[INFO] [stdout] test ec::test::point_bytes ... ok
[INFO] [stdout] test ec::test::point_hex_str ... ok
[INFO] [stdout] test ec::test::point_owned ... ok
[INFO] [stdout] test ec::test::point_new ... ok
[INFO] [stdout] test ec::test::test_debug_standard_group ... ok
[INFO] [stdout] test ec::test::test_password_callback_oversize_return_is_rejected ... ok
[INFO] [stdout] test ecdsa::test::check_private_components ... ok
[INFO] [stdout] test ecdsa::test::serialize_deserialize ... ok
[INFO] [stdout] test ec::test::test_debug_custom_group ... ok
[INFO] [stdout] test ecdsa::test::sign_and_verify ... ok
[INFO] [stdout] test encrypt::test::rsa_encrypt_decrypt_oaep_label ... ok
[INFO] [stdout] test encrypt::test::rsa_encrypt_decrypt ... ok
[INFO] [stdout] test encrypt::test::rsa_encrypt_decrypt_with_sha256 ... ok
[INFO] [stdout] test hash::tests::from_name ... ok
[INFO] [stdout] test hash::tests::from_nid ... ok
[INFO] [stdout] test hash::tests::test_clone ... ok
[INFO] [stdout] test envelope::test::public_encrypt_private_decrypt ... ok
[INFO] [stdout] test hash::tests::test_finish_twice ... ok
[INFO] [stdout] test hash::tests::test_md5 ... ok
[INFO] [stdout] test hash::tests::test_finish_then_squeeze ... ok
[INFO] [stdout] test hash::tests::test_ripemd160 ... ignored
[INFO] [stdout] test hash::tests::test_md5_recycle ... ok
[INFO] [stdout] test hash::tests::test_sha256 ... ok
[INFO] [stdout] test hash::tests::test_sha3_224 ... ok
[INFO] [stdout] test hash::tests::test_sha3_256 ... ok
[INFO] [stdout] test hash::tests::test_sha1 ... ok
[INFO] [stdout] test hash::tests::test_sha3_384 ... ok
[INFO] [stdout] test hash::tests::test_sha3_512 ... ok
[INFO] [stdout] test hash::tests::test_shake_128 ... ok
[INFO] [stdout] test hash::tests::test_shake_256 ... ok
[INFO] [stdout] test hash::tests::test_sm3 ... ok
[INFO] [stdout] test hash::tests::test_squeeze_then_finalize ... ok
[INFO] [stdout] test hash::tests::test_squeeze_then_update ... ok
[INFO] [stdout] test kdf::tests::argon2d ... ok
[INFO] [stdout] test kdf::tests::argon2i ... ok
[INFO] [stdout] test kdf::tests::argon2id ... ok
[INFO] [stdout] test hash::tests::test_sha512 ... ok
[INFO] [stdout] test kdf::tests::hkdf_rfc_case_1 ... ok
[INFO] [stdout] test kdf::tests::argon2id_no_ad_secret ... ok
[INFO] [stdout] test kdf::tests::hkdf_rfc_case_2 ... ok
[INFO] [stdout] test kdf::tests::hkdf_rfc_case_4 ... ok
[INFO] [stdout] test kdf::tests::hkdf_rfc_case_5 ... ok
[INFO] [stdout] test kdf::tests::hkdf_rfc_case_6 ... ok
[INFO] [stdout] test kdf::tests::hkdf_rfc_case_7 ... ok
[INFO] [stdout] test md::test::test_md_fetch_properties ... ok
[INFO] [stdout] test md_ctx::test::digest_final_checks_length ... ok
[INFO] [stdout] test kdf::tests::hkdf_rfc_case_3 ... ok
[INFO] [stdout] test md_ctx::test::verify_md_ctx_reset ... ok
[INFO] [stdout] test md_ctx::test::verify_md_ctx_size ... ok
[INFO] [stdout] test dsa::test::test_signature_der ... ok
[INFO] [stdout] test dsa::test::test_params ... ok
[INFO] [stdout] test memcmp::tests::test_diff_lens - should panic ... ok
[INFO] [stdout] test memcmp::tests::test_eq ... ok
[INFO] [stdout] test nid::test::signature_digest ... ok
[INFO] [stdout] test nid::test::test_create ... ok
[INFO] [stdout] test nid::test::test_debug ... ok
[INFO] [stdout] test nid::test::test_long_name_conversion ... ok
[INFO] [stdout] test nid::test::test_short_name_conversion ... ok
[INFO] [stdout] test ocsp::tests::test_ocsp_no_next_update ... ok
[INFO] [stdout] test ocsp::tests::test_ocsp_revoked ... ok
[INFO] [stdout] test ossl_param::tests::test_builder_locate_octet_string ... ok
[INFO] [stdout] test dh::tests::test_dh_generate_params_generate_key_compute_key ... ok
[INFO] [stdout] test pkcs12::test::create_only_ca ... ok
[INFO] [stdout] test pkcs12::test::parse ... ok
[INFO] [stdout] test pkcs12::test::parse_empty_chain ... ok
[INFO] [stdout] test pkcs5::tests::bytes_to_key ... ok
[INFO] [stdout] test pkcs5::tests::pbkdf2_hmac_sha256 ... ok
[INFO] [stdout] test pkcs5::tests::pbkdf2_hmac_sha512 ... ok
[INFO] [stdout] test dsa::test::test_pubkey_generation ... ok
[INFO] [stdout] test md_ctx::test::verify_success ... ok
[INFO] [stdout] test pkcs7::tests::invalid_from_smime ... ok
[INFO] [stdout] test pkcs7::tests::encrypt_decrypt_test ... ok
[INFO] [stdout] test pkcs7::tests::sign_verify_test_normal ... FAILED
[INFO] [stdout] test pkcs7::tests::sign_verify_test_detached ... FAILED
[INFO] [stdout] test pkcs7::tests::signed_data_certificates_no_signed_data ... ok
[INFO] [stdout] test pkcs7::tests::signers ... ok
[INFO] [stdout] test pkcs7::tests::signed_data_certificates ... ok
[INFO] [stdout] test pkey::tests::test_dh_accessor ... ok
[INFO] [stdout] test pkey::tests::test_dh_conversion ... ok
[INFO] [stdout] test pkcs12::test::create ... ok
[INFO] [stdout] test pkey::tests::test_ec_gen ... ok
[INFO] [stdout] test pkey::tests::test_ec_key_accessor ... ok
[INFO] [stdout] test pkey::tests::test_ec_key_conversion ... ok
[INFO] [stdout] test pkey::tests::test_encrypted_pkcs8_callback ... ok
[INFO] [stdout] test pkcs5::tests::scrypt ... ok
[INFO] [stdout] test pkey::tests::test_encrypted_pkcs8_passphrase ... ok
[INFO] [stdout] test pkey::tests::test_pem ... ok
[INFO] [stdout] test pkey::tests::test_private_key_from_der ... ok
[INFO] [stdout] test pkey::tests::test_private_key_from_pem ... ok
[INFO] [stdout] test pkey::tests::test_private_key_from_seed_invalid_algorithm ... ok
[INFO] [stdout] test pkey::tests::test_private_key_from_seed_mldsa ... ok
[INFO] [stdout] test pkey::tests::test_private_key_from_seed_mlkem ... ok
[INFO] [stdout] test dh::tests::test_dh_check_key ... ok
[INFO] [stdout] test pkey::tests::test_public_key_from_der ... ok
[INFO] [stdout] test pkey::tests::test_public_key_from_pem ... ok
[INFO] [stdout] test pkey::tests::test_raw_hmac ... ok
[INFO] [stdout] test pkey::tests::test_raw_key_fail ... ok
[INFO] [stdout] test pkey::tests::test_raw_private_key_bytes ... ok
[INFO] [stdout] test pkey::tests::test_raw_private_key_from_bytes_ex ... ok
[INFO] [stdout] test pkey::tests::test_raw_public_key_bytes ... ok
[INFO] [stdout] test pkey::tests::test_raw_public_key_from_bytes_ex ... ok
[INFO] [stdout] test md_ctx::test::verify_with_public_success ... ok
[INFO] [stdout] test pkey::tests::test_rsa_accessor ... ok
[INFO] [stdout] test pkey::tests::test_security_bits ... ok
[INFO] [stdout] test pkey::tests::test_seed_into_mldsa_roundtrip ... ok
[INFO] [stdout] test pkey::tests::test_seed_into_mlkem_roundtrip ... ok
[INFO] [stdout] test pkey::tests::test_is_a ... ok
[INFO] [stdout] test pkey::tests::test_to_password ... ok
[INFO] [stdout] test pkey::tests::test_unencrypted_pkcs8 ... ok
[INFO] [stdout] test pkey_ctx::test::cmac_keygen ... ok
[INFO] [stdout] test pkey_ctx::test::derive ... ok
[INFO] [stdout] test pkey_ctx::test::derive_undersized_buffer ... ok
[INFO] [stdout] test pkey::tests::test_rsa_conversion ... ok
[INFO] [stdout] test pkey_ctx::test::dh_paramgen ... ok
[INFO] [stdout] test pkey_ctx::test::ec_keygen ... ok
[INFO] [stdout] test pkey_ctx::test::ecdsa_deterministic_signature ... ok
[INFO] [stdout] test pkey_ctx::test::hkdf ... ok
[INFO] [stdout] test pkey_ctx::test::hkdf_expand ... ok
[INFO] [stdout] test pkey_ctx::test::hkdf_extract ... ok
[INFO] [stdout] test pkey_ctx::test::rsa ... ok
[INFO] [stdout] test pkey::tests::test_public_eq ... ok
[INFO] [stdout] test pkey_ctx::test::rsa_oaep ... ok
[INFO] [stdout] test pkey_ctx::test::rsa_sign ... ok
[INFO] [stdout] test pkey_ctx::test::rsa_sign_pss ... ok
[INFO] [stdout] test pkey_ctx::test::set_context_string_mldsa ... ok
[INFO] [stdout] test pkey_ctx::test::set_nonce_type ... ok
[INFO] [stdout] test pkey::tests::test_dsa_conversion ... ok
[INFO] [stdout] test pkey_ctx::test::rsa_keygen ... ok
[INFO] [stdout] test pkey_ctx::test::verify_fail_ec ... ok
[INFO] [stdout] test rand::tests::test_rand_bytes ... ok
[INFO] [stdout] test rand::tests::test_rand_priv_bytes ... ok
[INFO] [stdout] test pkey_ctx::test::test_verify_recover ... ok
[INFO] [stdout] test pkey::tests::test_seed_into_rejects_non_pq_algorithms ... ok
[INFO] [stdout] test rsa::test::clone ... ok
[INFO] [stdout] test rsa::test::test_from_password ... ok
[INFO] [stdout] test rsa::test::test_from_password_callback ... ok
[INFO] [stdout] test rsa::test::generate_with_e ... ok
[INFO] [stdout] test rsa::test::test_pem_pkcs1_padding ... ok
[INFO] [stdout] test rsa::test::test_private_encrypt ... ok
[INFO] [stdout] test rsa::test::test_public_encrypt ... ok
[INFO] [stdout] test rsa::test::test_public_encrypt_private_decrypt_with_padding ... ok
[INFO] [stdout] test rsa::test::test_public_key_from_pem_pkcs1 ... ok
[INFO] [stdout] test rsa::test::test_public_key_from_pem_pkcs1_file_panic - should panic ... ok
[INFO] [stdout] test rsa::test::test_public_key_from_pem_pkcs1_generate_panic - should panic ... ok
[INFO] [stdout] test rsa::test::test_public_key_to_pem_pkcs1 ... ok
[INFO] [stdout] test rsa::test::test_to_password ... ok
[INFO] [stdout] test sha::test::cloning_allows_incremental_hashing ... ok
[INFO] [stdout] test sha::test::standalone_1 ... ok
[INFO] [stdout] test sha::test::standalone_224 ... ok
[INFO] [stdout] test rsa::test::test_pem_pkcs1_encrypt ... ok
[INFO] [stdout] test sha::test::standalone_256 ... ok
[INFO] [stdout] test sha::test::standalone_384 ... ok
[INFO] [stdout] test sha::test::standalone_512 ... ok
[INFO] [stdout] test sha::test::struct_1 ... ok
[INFO] [stdout] test sha::test::struct_224 ... ok
[INFO] [stdout] test sha::test::struct_256 ... ok
[INFO] [stdout] test sha::test::struct_384 ... ok
[INFO] [stdout] test sha::test::struct_512 ... ok
[INFO] [stdout] test sign::test::ec ... ok
[INFO] [stdout] test sign::test::eddsa ... ok
[INFO] [stdout] test sign::test::hmac_md5 ... ok
[INFO] [stdout] test sign::test::rsa_sign ... ok
[INFO] [stdout] test sign::test::rsa_sign_verify ... ok
[INFO] [stdout] test sign::test::rsa_verify_invalid ... ok
[INFO] [stdout] test sign::test::rsa_verify_ok ... ok
[INFO] [stdout] test sign::test::hmac_sha1 ... ok
[INFO] [stdout] test rsa::test::test_check_key ... ok
[INFO] [stdout] test ssl::test::active_session ... ok
[INFO] [stdout] test ssl::test::add_chain_cert ... ok
[INFO] [stdout] test ssl::test::add_extra_chain_cert ... ok
[INFO] [stdout] test ssl::test::cert_store ... FAILED
[INFO] [stdout] test ssl::test::clear_ctx_options ... ok
[INFO] [stdout] test sign::test::test_cmac ... ok
[INFO] [stdout] test ssl::test::client_hello ... ok
[INFO] [stdout] test ssl::test::cipher_id ... ok
[INFO] [stdout] test md_ctx::test::verify_fail ... ok
[INFO] [stdout] test ssl::test::client_ca_list ... ok
[INFO] [stdout] test ssl::test::connector_can_disable_verify ... ok
[INFO] [stdout] test ssl::test::connector_client_server_mozilla_intermediate ... FAILED
[INFO] [stdout] test ssl::test::connector_client_server_mozilla_modern ... FAILED
[INFO] [stdout] test ssl::test::connector_client_server_mozilla_modern_v5 ... FAILED
[INFO] [stdout] test ssl::test::connector_does_use_sni_with_dnsnames ... FAILED
[INFO] [stdout] test ssl::test::connector_invalid_hostname ... ok
[INFO] [stdout] test ssl::test::connector_doesnt_use_sni_with_ips ... ok
[INFO] [stdout] test ssl::test::connector_no_hostname_still_verifies ... ok
[INFO] [stdout] test ssl::test::connector_invalid_no_hostname_verification ... FAILED
[INFO] [stdout] test ssl::test::custom_extensions ... ok
[INFO] [stdout] test ssl::test::connector_valid_hostname ... FAILED
[INFO] [stdout] test ssl::test::custom_extensions_inline_buffer ... ok
[INFO] [stdout] test ssl::test::connector_client_server_mozilla_intermediate_v5 ... FAILED
[INFO] [stdout] test ssl::test::get_ctx_options ... ok
[INFO] [stdout] test ssl::test::idle_session ... ok
[INFO] [stdout] test ssl::test::flush_panic - should panic ... ok
[INFO] [stdout] test pkey::tests::test_dsa_accessor ... ok
[INFO] [stdout] test ssl::test::dtls_cookie_generate_cb_oversize_length_rejected ... ok
[INFO] [stdout] test ssl::test::new_session_callback_swapped_ctx ... ok
[INFO] [stdout] test ssl::test::keying_export ... ok
[INFO] [stdout] test ssl::test::openssl_cipher_name ... ok
[INFO] [stdout] test ssl::test::default_verify_paths ... ok
[INFO] [stdout] test ssl::test::new_session_callback ... ok
[INFO] [stdout] test ssl::test::no_version_overlap ... ok
[INFO] [stdout] test ssl::test::peer_tmp_key_p384 ... ok
[INFO] [stdout] test ssl::test::peer_tmp_key_rsa ... ok
[INFO] [stdout] test ssl::test::psk_ciphers ... ok
[INFO] [stdout] test ssl::test::psk_client_cb_oversize_psk_len_rejected ... ok
[INFO] [stdout] test ssl::test::pending ... ok
[INFO] [stdout] test ssl::test::peer_certificate ... ok
[INFO] [stdout] test ssl::test::read_panic - should panic ... ok
[INFO] [stdout] test ssl::test::set_ctx_options ... ok
[INFO] [stdout] test ssl::test::set_num_tickets ... ok
[INFO] [stdout] test ssl::test::session_cache_size ... ok
[INFO] [stdout] test ssl::test::refcount_ssl_context ... ok
[INFO] [stdout] test ssl::test::set_ssl_certificate_key_related_api ... ok
[INFO] [stdout] test ssl::test::psk_server_cb_oversize_psk_len_rejected ... ok
[INFO] [stdout] test ssl::test::set_security_level ... ok
[INFO] [stdout] test ssl::test::ssl_ctx_ex_data_leak ... ok
[INFO] [stdout] test ssl::test::ssl_ex_data_leak ... ok
[INFO] [stdout] test ssl::test::state ... ok
[INFO] [stdout] test ssl::test::stateless_cookie_cb_oversize_length_rejected ... ok
[INFO] [stdout] test ssl::test::stateless ... ok
[INFO] [stdout] test ssl::test::status_callbacks ... ok
[INFO] [stdout] test ssl::test::shutdown ... ok
[INFO] [stdout] test ssl::test::test_alpn_server_advertise_multiple ... ok
[INFO] [stdout] test ssl::test::test_alpn_server_select_none ... ok
[INFO] [stdout] test ssl::test::test_alpn_server_select_none_fatal ... ok
[INFO] [stdout] test ssl::test::test_alpn_server_unilateral ... ok
[INFO] [stdout] test ssl::test::sni_callback_swapped_ctx ... ok
[INFO] [stdout] test ssl::test::ssl_verify_callback ... ok
[INFO] [stdout] test ssl::test::test_ssl_set_cert_chain_file ... ok
[INFO] [stdout] test ssl::test::test_connect_with_srtp_ctx ... ok
[INFO] [stdout] test ssl::test::test_connect_with_srtp_ssl ... ok
[INFO] [stdout] test ssl::test::verify_callback ... ok
[INFO] [stdout] test ssl::test::verify_callback_after_swapped_ctx ... ok
[INFO] [stdout] test ssl::test::verify_mode_round_trip ... ok
[INFO] [stdout] test ssl::test::verify_callback_load_certs ... ok
[INFO] [stdout] test ssl::test::verify_trusted_callback_override_bad ... ok
[INFO] [stdout] test ssl::test::verify_trusted ... ok
[INFO] [stdout] test ssl::test::verify_trusted_callback_override_ok ... ok
[INFO] [stdout] test ssl::test::verify_invalid_hostname ... ok
[INFO] [stderr] 
[INFO] [stdout] 
[INFO] [stderr] thread 'ssl::test::verify_trusted_get_error_ok' (693) panicked at /rustc/dfb0accb7f508ae8be965d8629557221c889dd98/library/core/src/panicking.rs:225:5:
[INFO] [stdout] thread 'ssl::test::verify_trusted_get_error_ok' (693) panicked at src/ssl/test/mod.rs:184:13:
[INFO] [stderr] panic in a function that cannot unwind
[INFO] [stdout] assertion `left == right` failed
[INFO] [stderr] stack backtrace:
[INFO] [stdout]   left: X509VerifyResult { code: 10, error: "certificate has expired" }
[INFO] [stderr]    0:     0x61032a435ad1 - <<std[70759c8f55707aa4]::sys::backtrace::BacktraceLock>::print::DisplayBacktrace as core[df12db4294e9bfd3]::fmt::Display>::fmt
[INFO] [stdout]  right: X509VerifyResult { code: 0, error: "ok" }
[INFO] [stderr]    1:     0x61032a44b6ea - core[df12db4294e9bfd3]::fmt::write
[INFO] [stdout] stack backtrace:
[INFO] [stderr]    2:     0x61032a43b59c - <std[70759c8f55707aa4]::sys::stdio::unix::Stderr as core[df12db4294e9bfd3]::io::write::Write>::write_fmt
[INFO] [stdout]    0:     0x61032a435ad1 - <<std[70759c8f55707aa4]::sys::backtrace::BacktraceLock>::print::DisplayBacktrace as core[df12db4294e9bfd3]::fmt::Display>::fmt
[INFO] [stderr]    3:     0x61032a410f76 - std[70759c8f55707aa4]::panicking::default_hook::{closure#0}
[INFO] [stdout]    1:     0x61032a44b6ea - core[df12db4294e9bfd3]::fmt::write
[INFO] [stderr]    4:     0x61032a42d8f1 - std[70759c8f55707aa4]::panicking::default_hook
[INFO] [stdout]    2:     0x61032a43a68c - <alloc[2182bb758b4b3781]::vec::Vec<u8> as core[df12db4294e9bfd3]::io::write::Write>::write_fmt
[INFO] [stderr]    5:     0x61032a3c8f60 - test[9d35eded1c95d3be]::test_main_inner::<test[9d35eded1c95d3be]::test_main_static::{closure#0}>::{closure#0}
[INFO] [stdout]    3:     0x61032a410f76 - std[70759c8f55707aa4]::panicking::default_hook::{closure#0}
[INFO] [stdout]    4:     0x61032a42d929 - std[70759c8f55707aa4]::panicking::default_hook
[INFO] [stdout]    5:     0x61032a3c8f60 - test[9d35eded1c95d3be]::test_main_inner::<test[9d35eded1c95d3be]::test_main_static::{closure#0}>::{closure#0}
[INFO] [stdout]    6:     0x61032a42dc52 - std[70759c8f55707aa4]::panicking::panic_with_hook
[INFO] [stdout]    7:     0x61032a411022 - std[70759c8f55707aa4]::panicking::panic_handler::{closure#0}
[INFO] [stdout]    8:     0x61032a409cf9 - std[70759c8f55707aa4]::sys::backtrace::__rust_end_short_backtrace::<std[70759c8f55707aa4]::panicking::panic_handler::{closure#0}, !>
[INFO] [stdout]    9:     0x61032a411e0d - __rustc[8fa7c3cbc660c2b3]::rust_begin_unwind
[INFO] [stdout]   10:     0x61032a44be1c - core[df12db4294e9bfd3]::panicking::panic_fmt
[INFO] [stdout]   11:     0x61032a44bd33 - core[df12db4294e9bfd3]::panicking::assert_failed_inner
[INFO] [stdout]   12:     0x61032a344c0a - core[df12db4294e9bfd3]::panicking::assert_failed::<openssl[c06310d5d980750d]::x509::X509VerifyResult, openssl[c06310d5d980750d]::x509::X509VerifyResult>
[INFO] [stdout]   13:     0x61032a37f648 - openssl[c06310d5d980750d]::ssl::callbacks::raw_verify::<openssl[c06310d5d980750d]::ssl::test::verify_trusted_get_error_ok::{closure#0}>
[INFO] [stdout]   14:     0x76db575cfeee - <unknown>
[INFO] [stdout]   15:     0x76db575d0085 - <unknown>
[INFO] [stdout]   16:     0x76db575d2efe - <unknown>
[INFO] [stdout]   17:     0x76db575d33be - <unknown>
[INFO] [stdout]   18:     0x76db57838ab8 - <unknown>
[INFO] [stdout]   19:     0x76db578c4c04 - <unknown>
[INFO] [stdout]   20:     0x76db578c039b - <unknown>
[INFO] [stdout]   21:     0x61032a310dfb - <openssl[c06310d5d980750d]::ssl::Ssl>::connect::<std[70759c8f55707aa4]::net::tcp::TcpStream>
[INFO] [stdout]   22:     0x61032a37dd6b - <openssl[c06310d5d980750d]::ssl::test::server::ClientSslBuilder>::connect
[INFO] [stdout]   23:     0x61032a37da1c - <openssl[c06310d5d980750d]::ssl::test::server::ClientBuilder>::connect
[INFO] [stdout]   24:     0x61032a39cd9a - openssl[c06310d5d980750d]::ssl::test::verify_trusted_get_error_ok
[INFO] [stdout]   25:     0x61032a33dd09 - <openssl[c06310d5d980750d]::ssl::test::verify_trusted_get_error_ok::{closure#0} as core[df12db4294e9bfd3]::ops::function::FnOnce<()>>::call_once
[INFO] [stdout]   26:     0x61032a3bc24b - test[9d35eded1c95d3be]::__rust_begin_short_backtrace::<core[df12db4294e9bfd3]::result::Result<(), alloc[2182bb758b4b3781]::string::String>, fn() -> core[df12db4294e9bfd3]::result::Result<(), alloc[2182bb758b4b3781]::string::String>>
[INFO] [stdout]   27:     0x61032a3c98b5 - test[9d35eded1c95d3be]::run_test::{closure#0}
[INFO] [stdout]   28:     0x61032a3c3174 - std[70759c8f55707aa4]::sys::backtrace::__rust_begin_short_backtrace::<test[9d35eded1c95d3be]::run_test::{closure#1}, ()>
[INFO] [stdout]   29:     0x61032a3cca12 - <std[70759c8f55707aa4]::thread::lifecycle::spawn_unchecked<test[9d35eded1c95d3be]::run_test::{closure#1}, ()>::{closure#1} as core[df12db4294e9bfd3]::ops::function::FnOnce<()>>::call_once::{shim:vtable#0}
[INFO] [stdout]   30:     0x61032a434c29 - <std[70759c8f55707aa4]::sys::thread::unix::Thread>::new::thread_start
[INFO] [stdout]   31:     0x76db5703fdfa - <unknown>
[INFO] [stdout]   32:     0x76db570d33d4 - clone
[INFO] [stdout]   33:                0x0 - <unknown>
[INFO] [stderr]    6:     0x61032a42dc52 - std[70759c8f55707aa4]::panicking::panic_with_hook
[INFO] [stderr]    7:     0x61032a411054 - std[70759c8f55707aa4]::panicking::panic_handler::{closure#0}
[INFO] [stderr]    8:     0x61032a409cf9 - std[70759c8f55707aa4]::sys::backtrace::__rust_end_short_backtrace::<std[70759c8f55707aa4]::panicking::panic_handler::{closure#0}, !>
[INFO] [stderr]    9:     0x61032a411e0d - __rustc[8fa7c3cbc660c2b3]::rust_begin_unwind
[INFO] [stderr]   10:     0x61032a44bc9d - core[df12db4294e9bfd3]::panicking::panic_nounwind_fmt
[INFO] [stderr]   11:     0x61032a44bc1b - core[df12db4294e9bfd3]::panicking::panic_nounwind
[INFO] [stderr]   12:     0x61032a44bda7 - core[df12db4294e9bfd3]::panicking::panic_cannot_unwind
[INFO] [stderr]   13:     0x61032a37f6c8 - openssl[c06310d5d980750d]::ssl::callbacks::raw_verify::<openssl[c06310d5d980750d]::ssl::test::verify_trusted_get_error_ok::{closure#0}>
[INFO] [stderr]   14:     0x76db575cfeee - <unknown>
[INFO] [stderr]   15:     0x76db575d0085 - <unknown>
[INFO] [stderr]   16:     0x76db575d2efe - <unknown>
[INFO] [stderr]   17:     0x76db575d33be - <unknown>
[INFO] [stderr]   18:     0x76db57838ab8 - <unknown>
[INFO] [stderr]   19:     0x76db578c4c04 - <unknown>
[INFO] [stderr]   20:     0x76db578c039b - <unknown>
[INFO] [stderr]   21:     0x61032a310dfb - <openssl[c06310d5d980750d]::ssl::Ssl>::connect::<std[70759c8f55707aa4]::net::tcp::TcpStream>
[INFO] [stderr]   22:     0x61032a37dd6b - <openssl[c06310d5d980750d]::ssl::test::server::ClientSslBuilder>::connect
[INFO] [stderr]   23:     0x61032a37da1c - <openssl[c06310d5d980750d]::ssl::test::server::ClientBuilder>::connect
[INFO] [stderr]   24:     0x61032a39cd9a - openssl[c06310d5d980750d]::ssl::test::verify_trusted_get_error_ok
[INFO] [stderr]   25:     0x61032a33dd09 - <openssl[c06310d5d980750d]::ssl::test::verify_trusted_get_error_ok::{closure#0} as core[df12db4294e9bfd3]::ops::function::FnOnce<()>>::call_once
[INFO] [stderr]   26:     0x61032a3bc24b - test[9d35eded1c95d3be]::__rust_begin_short_backtrace::<core[df12db4294e9bfd3]::result::Result<(), alloc[2182bb758b4b3781]::string::String>, fn() -> core[df12db4294e9bfd3]::result::Result<(), alloc[2182bb758b4b3781]::string::String>>
[INFO] [stderr]   27:     0x61032a3c98b5 - test[9d35eded1c95d3be]::run_test::{closure#0}
[INFO] [stderr]   28:     0x61032a3c3174 - std[70759c8f55707aa4]::sys::backtrace::__rust_begin_short_backtrace::<test[9d35eded1c95d3be]::run_test::{closure#1}, ()>
[INFO] [stderr]   29:     0x61032a3cca12 - <std[70759c8f55707aa4]::thread::lifecycle::spawn_unchecked<test[9d35eded1c95d3be]::run_test::{closure#1}, ()>::{closure#1} as core[df12db4294e9bfd3]::ops::function::FnOnce<()>>::call_once::{shim:vtable#0}
[INFO] [stderr]   30:     0x61032a434c29 - <std[70759c8f55707aa4]::sys::thread::unix::Thread>::new::thread_start
[INFO] [stderr]   31:     0x76db5703fdfa - <unknown>
[INFO] [stderr]   32:     0x76db570d33d4 - clone
[INFO] [stderr]   33:                0x0 - <unknown>
[INFO] [stderr] thread caused non-unwinding panic. aborting.
[INFO] [stderr] error: test failed, to rerun pass `--lib`
[INFO] [stderr] 
[INFO] [stderr] Caused by:
[INFO] [stderr]   process didn't exit successfully: `/opt/rustwide/target/release/deps/openssl-f23813204d86e3de` (signal: 6, SIGABRT: process abort signal)
[INFO] running `Command { std: "docker" "inspect" "ea67538b0b080197affecab5b2318d27f707a6536ec1d94f63bc1e4b52ae8e25", kill_on_drop: false }`
[INFO] running `Command { std: "docker" "rm" "-f" "ea67538b0b080197affecab5b2318d27f707a6536ec1d94f63bc1e4b52ae8e25", kill_on_drop: false }`
[INFO] [stdout] ea67538b0b080197affecab5b2318d27f707a6536ec1d94f63bc1e4b52ae8e25
