[INFO] fetching crate openssl-async 0.3.0-alpha.5...
[INFO] testing openssl-async-0.3.0-alpha.5 against 1.99.0-beta.8+cargoflags=--release for beta-release-1.100-2
[INFO] extracting crate openssl-async 0.3.0-alpha.5 into /workspace/builds/worker-1-tc1/source
[INFO] started tweaking crates.io crate openssl-async 0.3.0-alpha.5
[INFO] finished tweaking crates.io crate openssl-async 0.3.0-alpha.5
[INFO] tweaked toml for crates.io crate openssl-async 0.3.0-alpha.5 written to /workspace/builds/worker-1-tc1/source/Cargo.toml
[INFO] validating manifest of crates.io crate openssl-async 0.3.0-alpha.5 on toolchain 1.99.0-beta.8
[INFO] running `Command { std: CARGO_HOME="/workspace/cargo-home" RUSTUP_HOME="/workspace/rustup-home" "/workspace/cargo-home/bin/cargo" "+1.99.0-beta.8" "metadata" "--manifest-path" "Cargo.toml" "--no-deps", kill_on_drop: false }`
[INFO] running `Command { std: CARGO_HOME="/workspace/cargo-home" RUSTUP_HOME="/workspace/rustup-home" "/workspace/cargo-home/bin/cargo" "+1.99.0-beta.8" "generate-lockfile" "--manifest-path" "Cargo.toml", kill_on_drop: false }`
[INFO] [stderr]     Updating crates.io index
[INFO] [stderr]      Locking 100 packages to highest compatible versions
[INFO] running `Command { std: CARGO_HOME="/workspace/cargo-home" RUSTUP_HOME="/workspace/rustup-home" "/workspace/cargo-home/bin/cargo" "+1.99.0-beta.8" "fetch" "--manifest-path" "Cargo.toml", kill_on_drop: false }`
[INFO] [stderr]  Downloading crates ...
[INFO] [stderr]   Downloaded runtime-raw v0.3.0-alpha.5
[INFO] [stderr]   Downloaded tokio-io v0.2.0-alpha.6
[INFO] [stderr]   Downloaded runtime v0.3.0-alpha.8
[INFO] [stderr]   Downloaded runtime-native v0.3.0-alpha.6
[INFO] [stderr]   Downloaded wasm-bindgen-futures v0.3.27
[INFO] [stderr]   Downloaded futures-timer v0.3.0
[INFO] [stderr]   Downloaded async-ready v3.0.0
[INFO] [stderr]   Downloaded juliex v0.3.0-alpha.8
[INFO] [stderr]   Downloaded async-datagram v3.0.0
[INFO] [stderr]   Downloaded runtime-attributes v0.3.0-alpha.6
[INFO] [stderr]   Downloaded romio v0.3.0-alpha.10
[INFO] [stderr]   Downloaded async-stdio v0.3.0-alpha.4
[INFO] running `Command { std: "docker" "create" "-v" "/var/lib/crater-agent-workspace/builds/worker-1-tc1/source:/opt/rustwide/workdir:ro,Z" "-v" "/var/lib/crater-agent-workspace/builds/worker-1-tc1/target:/opt/rustwide/target:rw,Z" "-v" "/var/lib/crater-agent-workspace/cargo-home:/opt/rustwide/cargo-home:ro,Z" "-v" "/var/lib/crater-agent-workspace/rustup-home:/opt/rustwide/rustup-home:ro,Z" "-m" "1610612736" "--network" "none" "ghcr.io/rust-lang/crates-build-env/linux@sha256:77db811e55d90add9212f6832c23229e3de5f1c1f9905e8cb07319ea15df73ac" "sleep" "infinity", kill_on_drop: false }`
[INFO] [stdout] e7c8bc56e251ff7732723a0be52f8e2254701b8731a0d7edb52377ebde2b7edd
[INFO] running `Command { std: "docker" "start" "e7c8bc56e251ff7732723a0be52f8e2254701b8731a0d7edb52377ebde2b7edd", kill_on_drop: false }`
[INFO] running `Command { std: "docker" "inspect" "e7c8bc56e251ff7732723a0be52f8e2254701b8731a0d7edb52377ebde2b7edd", kill_on_drop: false }`
[INFO] running `Command { std: "docker" "exec" "-e" "SOURCE_DIR=/opt/rustwide/workdir" "-e" "CARGO_HOME=/opt/rustwide/cargo-home" "-e" "RUSTUP_HOME=/opt/rustwide/rustup-home" "-e" "CARGO_TARGET_DIR=/opt/rustwide/target" "-w" "/opt/rustwide/workdir" "--user" "0:0" "e7c8bc56e251ff7732723a0be52f8e2254701b8731a0d7edb52377ebde2b7edd" "/opt/rustwide/cargo-home/bin/cargo" "+1.99.0-beta.8" "metadata" "--no-deps" "--format-version=1", kill_on_drop: false }`
[INFO] running `Command { std: "docker" "inspect" "e7c8bc56e251ff7732723a0be52f8e2254701b8731a0d7edb52377ebde2b7edd", kill_on_drop: false }`
[INFO] running `Command { std: "docker" "exec" "-e" "SOURCE_DIR=/opt/rustwide/workdir" "-e" "CARGO_HOME=/opt/rustwide/cargo-home" "-e" "RUSTUP_HOME=/opt/rustwide/rustup-home" "-e" "CARGO_TARGET_DIR=/opt/rustwide/target" "-e" "CARGO_INCREMENTAL=0" "-e" "RUST_BACKTRACE=full" "-e" "RUSTFLAGS=--cap-lints=warn" "-e" "RUSTDOCFLAGS=--cap-lints=warn" "-w" "/opt/rustwide/workdir" "--user" "0:0" "e7c8bc56e251ff7732723a0be52f8e2254701b8731a0d7edb52377ebde2b7edd" "/opt/rustwide/cargo-home/bin/cargo" "+1.99.0-beta.8" "build" "--frozen" "--message-format=json" "--release", kill_on_drop: false }`
[INFO] [stderr]    Compiling proc-macro2 v1.0.107
[INFO] [stderr]    Compiling futures-sink-preview v0.3.0-alpha.19
[INFO] [stderr]    Compiling futures-core-preview v0.3.0-alpha.19
[INFO] [stderr]    Compiling openssl-sys v0.9.117
[INFO] [stderr]    Compiling futures-io-preview v0.3.0-alpha.19
[INFO] [stderr]    Compiling futures v0.1.31
[INFO] [stderr]    Compiling num_cpus v1.17.0
[INFO] [stderr]    Compiling bitflags v2.13.2
[INFO] [stderr]    Compiling futures-channel-preview v0.3.0-alpha.19
[INFO] [stderr]    Compiling openssl v0.10.81
[INFO] [stderr]    Compiling quote v1.0.47
[INFO] [stderr]    Compiling syn v2.0.119
[INFO] [stderr]    Compiling futures-util-preview v0.3.0-alpha.19
[INFO] [stderr]    Compiling futures-executor-preview v0.3.0-alpha.19
[INFO] [stderr]    Compiling openssl-macros v0.1.1
[INFO] [stderr]    Compiling futures-preview v0.3.0-alpha.19
[INFO] [stderr]    Compiling async-stdio v0.3.0-alpha.4
[INFO] [stderr]    Compiling openssl-async v0.3.0-alpha.5 (/opt/rustwide/workdir)
[INFO] [stdout] warning: use of deprecated method `std::error::Error::description`: use the Display impl or to_string()
[INFO] [stdout]   --> src/handshake.rs:88:31
[INFO] [stdout]    |
[INFO] [stdout] 88 |         f.write_str(StdError::description(self))?;
[INFO] [stdout]    |                               ^^^^^^^^^^^
[INFO] [stdout]    |
[INFO] [stdout]    = note: `#[warn(deprecated)]` on by default
[INFO] [stdout] 
[INFO] [stdout] 
[INFO] [stdout] warning: variable does not need to be mutable
[INFO] [stdout]    --> src/handshake.rs:128:13
[INFO] [stdout]     |
[INFO] [stdout] 128 |         let mut handshake = &mut this.0;
[INFO] [stdout]     |             ----^^^^^^^^^
[INFO] [stdout]     |             |
[INFO] [stdout]     |             help: remove this `mut`
[INFO] [stdout]     |
[INFO] [stdout]     = note: `#[warn(unused_mut)]` (part of `#[warn(unused)]`) on by default
[INFO] [stdout] 
[INFO] [stdout] 
[INFO] [stderr]     Finished `release` profile [optimized] target(s) in 22.18s
[INFO] running `Command { std: "docker" "inspect" "e7c8bc56e251ff7732723a0be52f8e2254701b8731a0d7edb52377ebde2b7edd", kill_on_drop: false }`
[INFO] running `Command { std: "docker" "exec" "-e" "SOURCE_DIR=/opt/rustwide/workdir" "-e" "CARGO_HOME=/opt/rustwide/cargo-home" "-e" "RUSTUP_HOME=/opt/rustwide/rustup-home" "-e" "CARGO_TARGET_DIR=/opt/rustwide/target" "-e" "CARGO_INCREMENTAL=0" "-e" "RUST_BACKTRACE=full" "-e" "RUSTFLAGS=--cap-lints=warn" "-e" "RUSTDOCFLAGS=--cap-lints=warn" "-w" "/opt/rustwide/workdir" "--user" "0:0" "e7c8bc56e251ff7732723a0be52f8e2254701b8731a0d7edb52377ebde2b7edd" "/opt/rustwide/cargo-home/bin/cargo" "+1.99.0-beta.8" "test" "--frozen" "--no-run" "--message-format=json" "--release", kill_on_drop: false }`
[INFO] [stderr]    Compiling semver v0.9.0
[INFO] [stderr]    Compiling crossbeam-utils v0.7.2
[INFO] [stderr]    Compiling memoffset v0.5.6
[INFO] [stderr]    Compiling crossbeam-epoch v0.8.2
[INFO] [stderr]    Compiling smallvec v0.6.14
[INFO] [stderr]    Compiling iovec v0.1.4
[INFO] [stderr]    Compiling net2 v0.2.39
[INFO] [stderr]    Compiling syn v1.0.109
[INFO] [stderr]    Compiling lock_api v0.3.4
[INFO] [stderr]    Compiling crossbeam-utils v0.6.6
[INFO] [stderr]    Compiling rustc_version v0.2.3
[INFO] [stderr]    Compiling async-datagram v3.0.0
[INFO] [stderr]    Compiling async-ready v3.0.0
[INFO] [stderr]    Compiling runtime-raw v0.3.0-alpha.5
[INFO] [stderr]    Compiling mio v0.6.23
[INFO] [stderr]    Compiling futures-timer v0.3.0
[INFO] [stderr]    Compiling parking_lot_core v0.6.3
[INFO] [stderr]    Compiling parking_lot v0.9.0
[INFO] [stdout] warning: use of deprecated method `std::error::Error::description`: use the Display impl or to_string()
[INFO] [stdout]   --> src/handshake.rs:88:31
[INFO] [stdout]    |
[INFO] [stdout] 88 |         f.write_str(StdError::description(self))?;
[INFO] [stdout]    |                               ^^^^^^^^^^^
[INFO] [stdout]    |
[INFO] [stdout]    = note: `#[warn(deprecated)]` on by default
[INFO] [stdout] 
[INFO] [stdout] 
[INFO] [stdout] warning: variable does not need to be mutable
[INFO] [stdout]    --> src/handshake.rs:128:13
[INFO] [stdout]     |
[INFO] [stdout] 128 |         let mut handshake = &mut this.0;
[INFO] [stdout]     |             ----^^^^^^^^^
[INFO] [stdout]     |             |
[INFO] [stdout]     |             help: remove this `mut`
[INFO] [stdout]     |
[INFO] [stdout]     = note: `#[warn(unused_mut)]` (part of `#[warn(unused)]`) on by default
[INFO] [stdout] 
[INFO] [stdout] 
[INFO] [stderr]    Compiling crossbeam-channel v0.4.4
[INFO] [stderr]    Compiling crossbeam-queue v0.2.3
[INFO] [stderr]    Compiling crossbeam-deque v0.7.4
[INFO] [stderr]    Compiling crossbeam v0.7.3
[INFO] [stderr]    Compiling juliex v0.3.0-alpha.8
[INFO] [stderr]    Compiling mio-uds v0.6.8
[INFO] [stderr]    Compiling romio v0.3.0-alpha.10
[INFO] [stderr]    Compiling runtime-native v0.3.0-alpha.6
[INFO] [stderr]    Compiling pin-project-internal v0.4.30
[INFO] [stderr]    Compiling runtime-attributes v0.3.0-alpha.6
[INFO] [stderr]    Compiling pin-project v0.4.30
[INFO] [stderr]    Compiling runtime v0.3.0-alpha.8
[INFO] [stderr]    Compiling openssl-async v0.3.0-alpha.5 (/opt/rustwide/workdir)
[INFO] [stdout] warning: use of deprecated method `std::error::Error::description`: use the Display impl or to_string()
[INFO] [stdout]   --> src/handshake.rs:88:31
[INFO] [stdout]    |
[INFO] [stdout] 88 |         f.write_str(StdError::description(self))?;
[INFO] [stdout]    |                               ^^^^^^^^^^^
[INFO] [stdout]    |
[INFO] [stdout]    = note: `#[warn(deprecated)]` on by default
[INFO] [stdout] 
[INFO] [stdout] 
[INFO] [stdout] warning: variable does not need to be mutable
[INFO] [stdout]    --> src/handshake.rs:128:13
[INFO] [stdout]     |
[INFO] [stdout] 128 |         let mut handshake = &mut this.0;
[INFO] [stdout]     |             ----^^^^^^^^^
[INFO] [stdout]     |             |
[INFO] [stdout]     |             help: remove this `mut`
[INFO] [stdout]     |
[INFO] [stdout]     = note: `#[warn(unused_mut)]` (part of `#[warn(unused)]`) on by default
[INFO] [stdout] 
[INFO] [stdout] 
[INFO] [stderr]     Finished `release` profile [optimized] target(s) in 21.58s
[INFO] running `Command { std: "docker" "inspect" "e7c8bc56e251ff7732723a0be52f8e2254701b8731a0d7edb52377ebde2b7edd", kill_on_drop: false }`
[INFO] running `Command { std: "docker" "exec" "-e" "SOURCE_DIR=/opt/rustwide/workdir" "-e" "CARGO_HOME=/opt/rustwide/cargo-home" "-e" "RUSTUP_HOME=/opt/rustwide/rustup-home" "-e" "CARGO_TARGET_DIR=/opt/rustwide/target" "-e" "CARGO_INCREMENTAL=0" "-e" "RUST_BACKTRACE=full" "-e" "RUSTFLAGS=--cap-lints=warn" "-e" "RUSTDOCFLAGS=--cap-lints=warn" "-w" "/opt/rustwide/workdir" "--user" "0:0" "e7c8bc56e251ff7732723a0be52f8e2254701b8731a0d7edb52377ebde2b7edd" "/opt/rustwide/cargo-home/bin/cargo" "+1.99.0-beta.8" "test" "--frozen" "--release", kill_on_drop: false }`
[INFO] [stderr] warning: use of deprecated method `std::error::Error::description`: use the Display impl or to_string()
[INFO] [stderr]   --> src/handshake.rs:88:31
[INFO] [stderr]    |
[INFO] [stderr] 88 |         f.write_str(StdError::description(self))?;
[INFO] [stderr]    |                               ^^^^^^^^^^^
[INFO] [stderr]    |
[INFO] [stderr]    = note: `#[warn(deprecated)]` on by default
[INFO] [stderr] 
[INFO] [stderr] warning: variable does not need to be mutable
[INFO] [stderr]    --> src/handshake.rs:128:13
[INFO] [stderr]     |
[INFO] [stderr] 128 |         let mut handshake = &mut this.0;
[INFO] [stderr]     |             ----^^^^^^^^^
[INFO] [stderr]     |             |
[INFO] [stderr]     |             help: remove this `mut`
[INFO] [stderr]     |
[INFO] [stderr]     = note: `#[warn(unused_mut)]` (part of `#[warn(unused)]`) on by default
[INFO] [stderr] 
[INFO] [stderr] warning: `openssl-async` (lib) generated 2 warnings (run `cargo fix --lib -p openssl-async` to apply 1 suggestion)
[INFO] [stderr] warning: `openssl-async` (lib test) generated 2 warnings (2 duplicates)
[INFO] [stderr]     Finished `release` profile [optimized] target(s) in 0.09s
[INFO] [stderr]      Running unittests src/lib.rs (/opt/rustwide/target/release/deps/openssl_async-a3e8aaa99634ef2e)
[INFO] [stdout] 
[INFO] [stdout] running 0 tests
[INFO] [stdout] 
[INFO] [stdout] test result: ok. 0 passed; 0 failed; 0 ignored; 0 measured; 0 filtered out; finished in 0.00s
[INFO] [stdout] 
[INFO] [stderr]      Running tests/google.rs (/opt/rustwide/target/release/deps/google-03a159934e8b0e5c)
[INFO] [stdout] 
[INFO] [stdout] running 1 test
[INFO] [stdout] test fetch_google ... FAILED
[INFO] [stdout] 
[INFO] [stdout] failures:
[INFO] [stdout] 
[INFO] [stdout] ---- fetch_google stdout ----
[INFO] [stdout] 
[INFO] [stdout] thread '<unnamed>' (980) panicked at tests/google.rs:10:51:
[INFO] [stdout] called `Result::unwrap()` on an `Err` value: Custom { kind: Uncategorized, error: "failed to lookup address information: Temporary failure in name resolution" }
[INFO] [stdout] stack backtrace:
[INFO] [stdout]    0:     0x5fc83479b331 - <<std[70759c8f55707aa4]::sys::backtrace::BacktraceLock>::print::DisplayBacktrace as core[df12db4294e9bfd3]::fmt::Display>::fmt
[INFO] [stdout]    1:     0x5fc8347b0b9a - core[df12db4294e9bfd3]::fmt::write
[INFO] [stdout]    2:     0x5fc8347a018c - <alloc[2182bb758b4b3781]::vec::Vec<u8> as core[df12db4294e9bfd3]::io::write::Write>::write_fmt
[INFO] [stdout]    3:     0x5fc834775706 - std[70759c8f55707aa4]::panicking::default_hook::{closure#0}
[INFO] [stdout]    4:     0x5fc834792fe9 - std[70759c8f55707aa4]::panicking::default_hook
[INFO] [stdout]    5:     0x5fc834708500 - test[9d35eded1c95d3be]::test_main_inner::<test[9d35eded1c95d3be]::test_main_static::{closure#0}>::{closure#0}
[INFO] [stdout]    6:     0x5fc834793312 - std[70759c8f55707aa4]::panicking::panic_with_hook
[INFO] [stdout]    7:     0x5fc8347757b2 - std[70759c8f55707aa4]::panicking::panic_handler::{closure#0}
[INFO] [stdout]    8:     0x5fc83476e459 - std[70759c8f55707aa4]::sys::backtrace::__rust_end_short_backtrace::<std[70759c8f55707aa4]::panicking::panic_handler::{closure#0}, !>
[INFO] [stdout]    9:     0x5fc83477659d - __rustc[8fa7c3cbc660c2b3]::rust_begin_unwind
[INFO] [stdout]   10:     0x5fc8347b12fc - core[df12db4294e9bfd3]::panicking::panic_fmt
[INFO] [stdout]   11:     0x5fc8347b10d2 - core[df12db4294e9bfd3]::result::unwrap_failed
[INFO] [stdout]   12:     0x5fc8346f76eb - runtime_raw[1489564ec5887a7]::enter::<runtime_native[8a0ce0e30261fe]::not_wasm32::Native, google[431cc71c71a02028]::fetch_google::{closure#0}, ()>::{closure#0}
[INFO] [stdout]   13:     0x5fc834740fce - std[70759c8f55707aa4]::sys::backtrace::__rust_begin_short_backtrace::<<juliex[c48511846787731f]::ThreadPool>::with_setup<<runtime_native[8a0ce0e30261fe]::not_wasm32::JULIEX_THREADPOOL as core[df12db4294e9bfd3]::ops::deref::Deref>::deref::__static_ref_initialize::{closure#0}>::{closure#0}, ()>
[INFO] [stderr] error: test failed, to rerun pass `--test google`
[INFO] [stdout]   14:     0x5fc834745d23 - <std[70759c8f55707aa4]::thread::lifecycle::spawn_unchecked<<juliex[c48511846787731f]::ThreadPool>::with_setup<<runtime_native[8a0ce0e30261fe]::not_wasm32::JULIEX_THREADPOOL as core[df12db4294e9bfd3]::ops::deref::Deref>::deref::__static_ref_initialize::{closure#0}>::{closure#0}, ()>::{closure#1} as core[df12db4294e9bfd3]::ops::function::FnOnce<()>>::call_once::{shim:vtable#0}
[INFO] [stdout]   15:     0x5fc83479a6e9 - <std[70759c8f55707aa4]::sys::thread::unix::Thread>::new::thread_start
[INFO] [stdout]   16:     0x7623e623bdfa - <unknown>
[INFO] [stdout]   17:     0x7623e62cf3d4 - clone
[INFO] [stdout]   18:                0x0 - <unknown>
[INFO] [stdout] 
[INFO] [stdout] thread 'fetch_google' (975) panicked at /opt/rustwide/cargo-home/registry/src/index.crates.io-1949cf8c6b5b557f/runtime-raw-0.3.0-alpha.5/src/lib.rs:72:28:
[INFO] [stdout] the main future has panicked: Canceled
[INFO] [stdout] stack backtrace:
[INFO] [stdout]    0:     0x5fc83479b331 - <<std[70759c8f55707aa4]::sys::backtrace::BacktraceLock>::print::DisplayBacktrace as core[df12db4294e9bfd3]::fmt::Display>::fmt
[INFO] [stdout]    1:     0x5fc8347b0b9a - core[df12db4294e9bfd3]::fmt::write
[INFO] [stdout]    2:     0x5fc8347a018c - <alloc[2182bb758b4b3781]::vec::Vec<u8> as core[df12db4294e9bfd3]::io::write::Write>::write_fmt
[INFO] [stdout]    3:     0x5fc834775706 - std[70759c8f55707aa4]::panicking::default_hook::{closure#0}
[INFO] [stdout]    4:     0x5fc834792fe9 - std[70759c8f55707aa4]::panicking::default_hook
[INFO] [stdout]    5:     0x5fc834708500 - test[9d35eded1c95d3be]::test_main_inner::<test[9d35eded1c95d3be]::test_main_static::{closure#0}>::{closure#0}
[INFO] [stdout]    6:     0x5fc834793312 - std[70759c8f55707aa4]::panicking::panic_with_hook
[INFO] [stdout]    7:     0x5fc8347757b2 - std[70759c8f55707aa4]::panicking::panic_handler::{closure#0}
[INFO] [stdout]    8:     0x5fc83476e459 - std[70759c8f55707aa4]::sys::backtrace::__rust_end_short_backtrace::<std[70759c8f55707aa4]::panicking::panic_handler::{closure#0}, !>
[INFO] [stdout]    9:     0x5fc83477659d - __rustc[8fa7c3cbc660c2b3]::rust_begin_unwind
[INFO] [stdout]   10:     0x5fc8347b12fc - core[df12db4294e9bfd3]::panicking::panic_fmt
[INFO] [stdout]   11:     0x5fc8347b10d2 - core[df12db4294e9bfd3]::result::unwrap_failed
[INFO] [stdout]   12:     0x5fc8346f6568 - runtime_raw[1489564ec5887a7]::enter::<runtime_native[8a0ce0e30261fe]::not_wasm32::Native, google[431cc71c71a02028]::fetch_google::{closure#0}, ()>
[INFO] [stdout]   13:     0x5fc8346f9b58 - <google[431cc71c71a02028]::fetch_google::{closure#0} as core[df12db4294e9bfd3]::ops::function::FnOnce<()>>::call_once
[INFO] [stdout]   14:     0x5fc8346fb7eb - test[9d35eded1c95d3be]::__rust_begin_short_backtrace::<core[df12db4294e9bfd3]::result::Result<(), alloc[2182bb758b4b3781]::string::String>, fn() -> core[df12db4294e9bfd3]::result::Result<(), alloc[2182bb758b4b3781]::string::String>>
[INFO] [stdout]   15:     0x5fc834708e55 - test[9d35eded1c95d3be]::run_test::{closure#0}
[INFO] [stdout]   16:     0x5fc834702714 - std[70759c8f55707aa4]::sys::backtrace::__rust_begin_short_backtrace::<test[9d35eded1c95d3be]::run_test::{closure#1}, ()>
[INFO] [stdout]   17:     0x5fc83470bfb2 - <std[70759c8f55707aa4]::thread::lifecycle::spawn_unchecked<test[9d35eded1c95d3be]::run_test::{closure#1}, ()>::{closure#1} as core[df12db4294e9bfd3]::ops::function::FnOnce<()>>::call_once::{shim:vtable#0}
[INFO] [stdout]   18:     0x5fc83479a6e9 - <std[70759c8f55707aa4]::sys::thread::unix::Thread>::new::thread_start
[INFO] [stdout]   19:     0x7623e623bdfa - <unknown>
[INFO] [stdout]   20:     0x7623e62cf3d4 - clone
[INFO] [stdout]   21:                0x0 - <unknown>
[INFO] [stdout] 
[INFO] [stdout] 
[INFO] [stdout] failures:
[INFO] [stdout]     fetch_google
[INFO] [stdout] 
[INFO] [stdout] test result: FAILED. 0 passed; 1 failed; 0 ignored; 0 measured; 0 filtered out; finished in 0.02s
[INFO] [stdout] 
[INFO] running `Command { std: "docker" "inspect" "e7c8bc56e251ff7732723a0be52f8e2254701b8731a0d7edb52377ebde2b7edd", kill_on_drop: false }`
[INFO] running `Command { std: "docker" "rm" "-f" "e7c8bc56e251ff7732723a0be52f8e2254701b8731a0d7edb52377ebde2b7edd", kill_on_drop: false }`
[INFO] [stdout] e7c8bc56e251ff7732723a0be52f8e2254701b8731a0d7edb52377ebde2b7edd
