[INFO] fetching crate openslide-rs 3.0.0...
[INFO] testing openslide-rs-3.0.0 against 1.100.0-beta.1+cargoflags=--release for beta-release-1.100-2
[INFO] extracting crate openslide-rs 3.0.0 into /workspace/builds/worker-2-tc2/source
[INFO] removed /workspace/builds/worker-2-tc2/source/rust-toolchain.toml
[INFO] started tweaking crates.io crate openslide-rs 3.0.0
[INFO] removed 0 missing tests
[INFO] finished tweaking crates.io crate openslide-rs 3.0.0
[INFO] tweaked toml for crates.io crate openslide-rs 3.0.0 written to /workspace/builds/worker-2-tc2/source/Cargo.toml
[INFO] validating manifest of crates.io crate openslide-rs 3.0.0 on toolchain 1.100.0-beta.1
[INFO] running `Command { std: CARGO_HOME="/workspace/cargo-home" RUSTUP_HOME="/workspace/rustup-home" "/workspace/cargo-home/bin/cargo" "+1.100.0-beta.1" "metadata" "--manifest-path" "Cargo.toml" "--no-deps", kill_on_drop: false }`
[INFO] crate crates.io crate openslide-rs 3.0.0 already has a lockfile, it will not be regenerated
[INFO] running `Command { std: CARGO_HOME="/workspace/cargo-home" RUSTUP_HOME="/workspace/rustup-home" "/workspace/cargo-home/bin/cargo" "+1.100.0-beta.1" "fetch" "--manifest-path" "Cargo.toml", kill_on_drop: false }`
[INFO] [stderr] warning: `package.homepage` is redundant with `package.repository`
[INFO] [stderr]   --> Cargo.toml:74:12
[INFO] [stderr]    |
[INFO] [stderr] 74 | homepage = "https://github.com/AzHicham/openslide-rs"
[INFO] [stderr]    |            ^^^^^^^^^^^^^^^^^^^^^^^^^^^^^^^^^^^^^^^^^^
[INFO] [stderr] ...
[INFO] [stderr] 79 | repository = "https://github.com/AzHicham/openslide-rs"
[INFO] [stderr]    |              ------------------------------------------
[INFO] [stderr]    |
[INFO] [stderr]    = note: `cargo::redundant_homepage` is set to `warn` by default
[INFO] [stderr] help: consider removing `package.homepage`
[INFO] [stderr] warning: `openslide-rs` (manifest) generated 1 warning
[INFO] running `Command { std: "docker" "create" "-v" "/var/lib/crater-agent-workspace/builds/worker-2-tc2/source:/opt/rustwide/workdir:ro,Z" "-v" "/var/lib/crater-agent-workspace/builds/worker-2-tc2/target:/opt/rustwide/target:rw,Z" "-v" "/var/lib/crater-agent-workspace/cargo-home:/opt/rustwide/cargo-home:ro,Z" "-v" "/var/lib/crater-agent-workspace/rustup-home:/opt/rustwide/rustup-home:ro,Z" "-m" "1610612736" "--network" "none" "ghcr.io/rust-lang/crates-build-env/linux@sha256:77db811e55d90add9212f6832c23229e3de5f1c1f9905e8cb07319ea15df73ac" "sleep" "infinity", kill_on_drop: false }`
[INFO] [stdout] 0a0ee6fb30ff11c1f451921c18c5b6c0083733ff61b4860d9c6b319bde4385a0
[INFO] running `Command { std: "docker" "start" "0a0ee6fb30ff11c1f451921c18c5b6c0083733ff61b4860d9c6b319bde4385a0", kill_on_drop: false }`
[INFO] running `Command { std: "docker" "inspect" "0a0ee6fb30ff11c1f451921c18c5b6c0083733ff61b4860d9c6b319bde4385a0", kill_on_drop: false }`
[INFO] running `Command { std: "docker" "exec" "-e" "SOURCE_DIR=/opt/rustwide/workdir" "-e" "CARGO_HOME=/opt/rustwide/cargo-home" "-e" "RUSTUP_HOME=/opt/rustwide/rustup-home" "-e" "CARGO_TARGET_DIR=/opt/rustwide/target" "-w" "/opt/rustwide/workdir" "--user" "0:0" "0a0ee6fb30ff11c1f451921c18c5b6c0083733ff61b4860d9c6b319bde4385a0" "/opt/rustwide/cargo-home/bin/cargo" "+1.100.0-beta.1" "metadata" "--no-deps" "--format-version=1", kill_on_drop: false }`
[INFO] running `Command { std: "docker" "inspect" "0a0ee6fb30ff11c1f451921c18c5b6c0083733ff61b4860d9c6b319bde4385a0", kill_on_drop: false }`
[INFO] running `Command { std: "docker" "exec" "-e" "SOURCE_DIR=/opt/rustwide/workdir" "-e" "CARGO_HOME=/opt/rustwide/cargo-home" "-e" "RUSTUP_HOME=/opt/rustwide/rustup-home" "-e" "CARGO_TARGET_DIR=/opt/rustwide/target" "-e" "CARGO_INCREMENTAL=0" "-e" "RUST_BACKTRACE=full" "-e" "RUSTFLAGS=--cap-lints=warn" "-e" "RUSTDOCFLAGS=--cap-lints=warn" "-w" "/opt/rustwide/workdir" "--user" "0:0" "0a0ee6fb30ff11c1f451921c18c5b6c0083733ff61b4860d9c6b319bde4385a0" "/opt/rustwide/cargo-home/bin/cargo" "+1.100.0-beta.1" "build" "--frozen" "--message-format=json" "--release", kill_on_drop: false }`
[INFO] [stderr] warning: `package.homepage` is redundant with `package.repository`
[INFO] [stderr]   --> Cargo.toml:74:12
[INFO] [stderr]    |
[INFO] [stderr] 74 | homepage = "https://github.com/AzHicham/openslide-rs"
[INFO] [stderr]    |            ^^^^^^^^^^^^^^^^^^^^^^^^^^^^^^^^^^^^^^^^^^
[INFO] [stderr] ...
[INFO] [stderr] 79 | repository = "https://github.com/AzHicham/openslide-rs"
[INFO] [stderr]    |              ------------------------------------------
[INFO] [stderr]    |
[INFO] [stderr]    = note: `cargo::redundant_homepage` is set to `warn` by default
[INFO] [stderr] help: consider removing `package.homepage`
[INFO] [stderr] warning: `openslide-rs` (manifest) generated 1 warning
[INFO] [stderr]    Compiling clang-sys v1.9.1
[INFO] [stderr]    Compiling libc v0.2.189
[INFO] [stderr]    Compiling either v1.18.0
[INFO] [stderr]    Compiling syn v2.0.119
[INFO] [stderr]    Compiling bitflags v2.13.2
[INFO] [stderr]    Compiling syn v3.0.6
[INFO] [stderr]    Compiling pxfm v0.1.30
[INFO] [stderr]    Compiling thiserror v2.0.21
[INFO] [stderr]    Compiling regex-automata v0.4.18
[INFO] [stderr]    Compiling libloading v0.8.9
[INFO] [stderr]    Compiling litrs v1.0.0
[INFO] [stderr]    Compiling regex-syntax v0.8.11
[INFO] [stderr]    Compiling bytemuck v1.25.2
[INFO] [stderr]    Compiling itertools v0.13.0
[INFO] [stderr]    Compiling bindgen v0.72.1
[INFO] [stderr]    Compiling document-features v0.2.12
[INFO] [stderr]    Compiling regex v1.13.1
[INFO] [stderr]    Compiling thiserror-impl v2.0.21
[INFO] [stderr]    Compiling moxcms v0.8.1
[INFO] [stderr]    Compiling image v0.25.10
[INFO] [stderr]    Compiling openslide-sys v1.0.9
[INFO] [stderr]    Compiling fast_image_resize v6.1.0
[INFO] [stderr]    Compiling openslide-rs v3.0.0 (/opt/rustwide/workdir)
[INFO] [stderr]     Finished `release` profile [optimized] target(s) in 1m 33s
[INFO] running `Command { std: "docker" "inspect" "0a0ee6fb30ff11c1f451921c18c5b6c0083733ff61b4860d9c6b319bde4385a0", kill_on_drop: false }`
[INFO] running `Command { std: "docker" "exec" "-e" "SOURCE_DIR=/opt/rustwide/workdir" "-e" "CARGO_HOME=/opt/rustwide/cargo-home" "-e" "RUSTUP_HOME=/opt/rustwide/rustup-home" "-e" "CARGO_TARGET_DIR=/opt/rustwide/target" "-e" "CARGO_INCREMENTAL=0" "-e" "RUST_BACKTRACE=full" "-e" "RUSTFLAGS=--cap-lints=warn" "-e" "RUSTDOCFLAGS=--cap-lints=warn" "-w" "/opt/rustwide/workdir" "--user" "0:0" "0a0ee6fb30ff11c1f451921c18c5b6c0083733ff61b4860d9c6b319bde4385a0" "/opt/rustwide/cargo-home/bin/cargo" "+1.100.0-beta.1" "test" "--frozen" "--no-run" "--message-format=json" "--release", kill_on_drop: false }`
[INFO] [stderr] warning: `package.homepage` is redundant with `package.repository`
[INFO] [stderr]   --> Cargo.toml:74:12
[INFO] [stderr]    |
[INFO] [stderr] 74 | homepage = "https://github.com/AzHicham/openslide-rs"
[INFO] [stderr]    |            ^^^^^^^^^^^^^^^^^^^^^^^^^^^^^^^^^^^^^^^^^^
[INFO] [stderr] ...
[INFO] [stderr] 79 | repository = "https://github.com/AzHicham/openslide-rs"
[INFO] [stderr]    |              ------------------------------------------
[INFO] [stderr]    |
[INFO] [stderr]    = note: `cargo::redundant_homepage` is set to `warn` by default
[INFO] [stderr] help: consider removing `package.homepage`
[INFO] [stderr] warning: `openslide-rs` (manifest) generated 1 warning
[INFO] [stderr]    Compiling assert_approx_eq v1.1.0
[INFO] [stderr]    Compiling version-compare v0.2.1
[INFO] [stderr]    Compiling bencher v0.1.5
[INFO] [stderr]    Compiling syn v2.0.119
[INFO] [stderr]    Compiling rstest_macros v0.27.0
[INFO] [stderr]    Compiling bindgen v0.72.1
[INFO] [stderr]    Compiling rstest v0.27.0
[INFO] [stderr]    Compiling openslide-sys v1.0.9
[INFO] [stderr]    Compiling openslide-rs v3.0.0 (/opt/rustwide/workdir)
[INFO] [stderr]     Finished `release` profile [optimized] target(s) in 1m 38s
[INFO] running `Command { std: "docker" "inspect" "0a0ee6fb30ff11c1f451921c18c5b6c0083733ff61b4860d9c6b319bde4385a0", kill_on_drop: false }`
[INFO] running `Command { std: "docker" "exec" "-e" "SOURCE_DIR=/opt/rustwide/workdir" "-e" "CARGO_HOME=/opt/rustwide/cargo-home" "-e" "RUSTUP_HOME=/opt/rustwide/rustup-home" "-e" "CARGO_TARGET_DIR=/opt/rustwide/target" "-e" "CARGO_INCREMENTAL=0" "-e" "RUST_BACKTRACE=full" "-e" "RUSTFLAGS=--cap-lints=warn" "-e" "RUSTDOCFLAGS=--cap-lints=warn" "-w" "/opt/rustwide/workdir" "--user" "0:0" "0a0ee6fb30ff11c1f451921c18c5b6c0083733ff61b4860d9c6b319bde4385a0" "/opt/rustwide/cargo-home/bin/cargo" "+1.100.0-beta.1" "test" "--frozen" "--release", kill_on_drop: false }`
[INFO] [stderr] warning: `package.homepage` is redundant with `package.repository`
[INFO] [stderr]   --> Cargo.toml:74:12
[INFO] [stderr]    |
[INFO] [stderr] 74 | homepage = "https://github.com/AzHicham/openslide-rs"
[INFO] [stderr]    |            ^^^^^^^^^^^^^^^^^^^^^^^^^^^^^^^^^^^^^^^^^^
[INFO] [stderr] ...
[INFO] [stderr] 79 | repository = "https://github.com/AzHicham/openslide-rs"
[INFO] [stderr]    |              ------------------------------------------
[INFO] [stderr]    |
[INFO] [stderr]    = note: `cargo::redundant_homepage` is set to `warn` by default
[INFO] [stderr] help: consider removing `package.homepage`
[INFO] [stderr] warning: `openslide-rs` (manifest) generated 1 warning
[INFO] [stderr]     Finished `release` profile [optimized] target(s) in 0.11s
[INFO] [stderr]      Running unittests src/lib.rs (/opt/rustwide/target/release/build/openslide-rs/0cccbea8ceedb569/out/openslide_rs-0cccbea8ceedb569)
[INFO] [stdout] 
[INFO] [stdout] running 8 tests
[INFO] [stdout] test image::tests::test_resize_error_is_opaque_with_source ... ok
[INFO] [stdout] test slide::tests::test_parse_hex_rgb ... ok
[INFO] [stdout] test image::tests::test_image_from_vec_too_small ... ok
[INFO] [stdout] test image::tests::test_preserve_aspect_ratio ... ok
[INFO] [stdout] test image::tests::test_bgra_to_rgb_composites_over_background ... ok
[INFO] [stdout] test image::tests::test_bgra_to_rgba_unpremultiplies ... ok
[INFO] [stdout] test deepzoom::tests::test_total_tiles_does_not_overflow_u32 ... ok
[INFO] [stdout] test image::tests::test_resize_rgba_does_not_bleed_transparent_pixels ... ok
[INFO] [stdout] 
[INFO] [stdout] test result: ok. 8 passed; 0 failed; 0 ignored; 0 measured; 0 filtered out; finished in 0.01s
[INFO] [stdout] 
[INFO] [stderr]      Running tests/deepzoom.rs (/opt/rustwide/target/release/build/openslide-rs/f88455e03f7578d0/out/deepzoom-f88455e03f7578d0)
[INFO] [stdout] 
[INFO] [stdout] running 7 tests
[INFO] [stdout] test deepzoom::test_invalid_options::case_1 ... ok
[INFO] [stdout] test deepzoom::test_invalid_options::case_2 ... ok
[INFO] [stdout] test deepzoom::test_invalid_address::case_1 ... ok
[INFO] [stderr] tests/assets/boxes.tiff: Warning, Raster width of 64 shall not be larger than image width of 37 -> raster width adapted for reading.
[INFO] [stdout] test deepzoom::test_slide_with_limit_bounds::case_1 ... ok
[INFO] [stdout] test deepzoom::test_overlap_equal_to_tile_size::case_1 ... ok
[INFO] [stderr] tests/assets/boxes.tiff: Warning, Raster width of 64 shall not be larger than image width of 37 -> raster width adapted for reading.
[INFO] [stdout] test deepzoom::test_slide_no_limit_bounds::case_1 ... ok
[INFO] [stdout] test deepzoom::test_slide_no_limit_bounds_arc::case_1 ... ok
[INFO] [stdout] 
[INFO] [stdout] test result: ok. 7 passed; 0 failed; 0 ignored; 0 measured; 0 filtered out; finished in 0.02s
[INFO] [stdout] 
[INFO] [stderr]      Running tests/openslide.rs (/opt/rustwide/target/release/build/openslide-rs/cd09335d5cf7dfab/out/openslide-cd09335d5cf7dfab)
[INFO] [stdout] 
[INFO] [stdout] running 22 tests
[INFO] [stdout] test test_detect_file_not_found::case_1 - should panic ... ok
[INFO] [stdout] test test_detect_vendor::case_2 ... ok
[INFO] [stdout] test test_detect_vendor::case_1 ... ok
[INFO] [stdout] test test_associated_images_rgba::case_1 ... ok
[INFO] [stdout] test test_read_region_out_of_memory::case_1 ... ok
[INFO] [stdout] test test_error_slide_level::case_1 ... ok
[INFO] [stdout] test test_error_associated_images_dimension::case_1 - should panic ... ok
[INFO] [stdout] test test_error_read_associated_images::case_1 - should panic ... ok
[INFO] [stdout] test test_open_file_not_found::case_1 - should panic ... ok
[INFO] [stdout] test test_version ... ok
[INFO] [stdout] test test_read_region_too_large::case_1 ... ok
[INFO] [stdout] test test_detect_unsupported_file::case_1 - should panic ... ok
[INFO] [stdout] test test_detect_format_unsupported::case_1 - should panic ... ok
[INFO] [stdout] test test_open_unsupported_tiff::case_1 - should panic ... ok
[INFO] [stdout] test test_open_unsupported_file::case_1 - should panic ... ok
[INFO] [stdout] test test_thumbnail_rgba::case_1 ... ok
[INFO] [stdout] test test_thumbnail_rgb::case_1 ... ok
[INFO] [stdout] test test_slide_info::case_1 ... ok
[INFO] [stdout] test test_associated_images_rgb::case_1 ... ok
[INFO] [stdout] test test_slide_read_image_rgba::case_1 ... ok
[INFO] [stdout] test test_slide_read_region::case_1 ... ok
[INFO] [stdout] test test_slide_read_image_rgb::case_1 ... ok
[INFO] [stdout] 
[INFO] [stdout] test result: ok. 22 passed; 0 failed; 0 ignored; 0 measured; 0 filtered out; finished in 0.04s
[INFO] [stdout] 
[INFO] [stderr]      Running tests/properties.rs (/opt/rustwide/target/release/build/openslide-rs/b40c01cf5cd6591e/out/properties-b40c01cf5cd6591e)
[INFO] [stdout] 
[INFO] [stdout] running 7 tests
[INFO] [stdout] test test_leica_properties::case_1 ... FAILED
[INFO] [stdout] test test_hamamatsu_properties::case_1 ... FAILED
[INFO] [stdout] test test_mirax_properties::case_1 ... FAILED
[INFO] [stdout] test test_tiff_properties::case_1 ... ok
[INFO] [stdout] test test_slide_properties::case_1 ... ok
[INFO] [stdout] test test_trestle_properties::case_1 ... FAILED
[INFO] [stdout] test test_aperio_properties::case_1 ... ok
[INFO] [stdout] 
[INFO] [stdout] failures:
[INFO] [stdout] 
[INFO] [stdout] ---- test_leica_properties::case_1 stdout ----
[INFO] [stdout] 
[INFO] [stdout] thread 'test_leica_properties::case_1' (1534) panicked at tests/properties.rs:241:42:
[INFO] [stdout] called `Result::unwrap()` on an `Err` value: MissingFile("tests/assets/leica.scn")
[INFO] [stdout] stack backtrace:
[INFO] [stdout]    0:     0x57ba37b191c1 - <<std[617be2ca0a6fd877]::sys::backtrace::BacktraceLock>::print::DisplayBacktrace as core[a373ad73a504971]::fmt::Display>::fmt
[INFO] [stdout]    1:     0x57ba37b2fc7a - core[a373ad73a504971]::fmt::write
[INFO] [stdout]    2:     0x57ba37b1d3dc - <alloc[2e1b2a31b91974c5]::vec::Vec<u8> as core[a373ad73a504971]::io::write::Write>::write_fmt
[INFO] [stdout]    3:     0x57ba37af5586 - std[617be2ca0a6fd877]::panicking::default_hook::{closure#0}
[INFO] [stdout]    4:     0x57ba37b11839 - std[617be2ca0a6fd877]::panicking::default_hook
[INFO] [stdout]    5:     0x57ba37a40460 - test[aada8e7e76ba119b]::test_main_inner::{closure#0}
[INFO] [stdout]    6:     0x57ba37b119f2 - std[617be2ca0a6fd877]::panicking::panic_with_hook
[INFO] [stdout]    7:     0x57ba37af5632 - std[617be2ca0a6fd877]::panicking::panic_handler::{closure#0}
[INFO] [stdout]    8:     0x57ba37aee349 - std[617be2ca0a6fd877]::sys::backtrace::__rust_end_short_backtrace::<std[617be2ca0a6fd877]::panicking::panic_handler::{closure#0}, !>
[INFO] [stdout]    9:     0x57ba37af623d - __rustc[ea4f61d10b84890b]::rust_begin_unwind
[INFO] [stdout]   10:     0x57ba37b3045c - core[a373ad73a504971]::panicking::panic_fmt
[INFO] [stdout]   11:     0x57ba37b30232 - core[a373ad73a504971]::result::unwrap_failed
[INFO] [stdout]   12:     0x57ba37a2a945 - properties[297b10e5c7910e71]::test_leica_properties
[INFO] [stdout]   13:     0x57ba37a32c85 - <properties[297b10e5c7910e71]::test_leica_properties::case_1::{closure#0} as core[a373ad73a504971]::ops::function::FnOnce<()>>::call_once
[INFO] [stdout]   14:     0x57ba37a338ab - test[aada8e7e76ba119b]::__rust_begin_short_backtrace::<core[a373ad73a504971]::result::Result<(), alloc[2e1b2a31b91974c5]::string::String>, fn() -> core[a373ad73a504971]::result::Result<(), alloc[2e1b2a31b91974c5]::string::String>>
[INFO] [stdout]   15:     0x57ba37a40a85 - test[aada8e7e76ba119b]::run_test::{closure#0}
[INFO] [stdout]   16:     0x57ba37a3a374 - std[617be2ca0a6fd877]::sys::backtrace::__rust_begin_short_backtrace::<test[aada8e7e76ba119b]::run_test::{closure#1}, ()>
[INFO] [stdout]   17:     0x57ba37a43b12 - <std[617be2ca0a6fd877]::thread::lifecycle::spawn_unchecked<test[aada8e7e76ba119b]::run_test::{closure#1}, ()>::{closure#1} as core[a373ad73a504971]::ops::function::FnOnce<()>>::call_once::{shim:vtable#0}
[INFO] [stdout]   18:     0x57ba37b18a1f - <std[617be2ca0a6fd877]::sys::thread::unix::Thread>::new::thread_start
[INFO] [stdout]   19:     0x76733dc86dfa - <unknown>
[INFO] [stdout]   20:     0x76733dd1a3d4 - clone
[INFO] [stdout]   21:                0x0 - <unknown>
[INFO] [stdout] 
[INFO] [stdout] ---- test_hamamatsu_properties::case_1 stdout ----
[INFO] [stdout] 
[INFO] [stdout] thread 'test_hamamatsu_properties::case_1' (1533) panicked at tests/properties.rs:473:42:
[INFO] [stdout] called `Result::unwrap()` on an `Err` value: MissingFile("tests/assets/hamamatsu/CMU-3-40x - 2010-01-12 13.57.09.vms")
[INFO] [stdout] stack backtrace:
[INFO] [stdout]    0:     0x57ba37b191c1 - <<std[617be2ca0a6fd877]::sys::backtrace::BacktraceLock>::print::DisplayBacktrace as core[a373ad73a504971]::fmt::Display>::fmt
[INFO] [stdout]    1:     0x57ba37b2fc7a - core[a373ad73a504971]::fmt::write
[INFO] [stdout]    2:     0x57ba37b1d3dc - <alloc[2e1b2a31b91974c5]::vec::Vec<u8> as core[a373ad73a504971]::io::write::Write>::write_fmt
[INFO] [stdout]    3:     0x57ba37af5586 - std[617be2ca0a6fd877]::panicking::default_hook::{closure#0}
[INFO] [stdout]    4:     0x57ba37b11839 - std[617be2ca0a6fd877]::panicking::default_hook
[INFO] [stdout]    5:     0x57ba37a40460 - test[aada8e7e76ba119b]::test_main_inner::{closure#0}
[INFO] [stdout]    6:     0x57ba37b119f2 - std[617be2ca0a6fd877]::panicking::panic_with_hook
[INFO] [stdout]    7:     0x57ba37af5632 - std[617be2ca0a6fd877]::panicking::panic_handler::{closure#0}
[INFO] [stdout]    8:     0x57ba37aee349 - std[617be2ca0a6fd877]::sys::backtrace::__rust_end_short_backtrace::<std[617be2ca0a6fd877]::panicking::panic_handler::{closure#0}, !>
[INFO] [stdout]    9:     0x57ba37af623d - __rustc[ea4f61d10b84890b]::rust_begin_unwind
[INFO] [stdout]   10:     0x57ba37b3045c - core[a373ad73a504971]::panicking::panic_fmt
[INFO] [stdout]   11:     0x57ba37b30232 - core[a373ad73a504971]::result::unwrap_failed
[INFO] [stdout]   12:     0x57ba37a2ef5d - properties[297b10e5c7910e71]::test_hamamatsu_properties
[INFO] [stdout]   13:     0x57ba37a32d75 - <properties[297b10e5c7910e71]::test_hamamatsu_properties::case_1::{closure#0} as core[a373ad73a504971]::ops::function::FnOnce<()>>::call_once
[INFO] [stdout]   14:     0x57ba37a338ab - test[aada8e7e76ba119b]::__rust_begin_short_backtrace::<core[a373ad73a504971]::result::Result<(), alloc[2e1b2a31b91974c5]::string::String>, fn() -> core[a373ad73a504971]::result::Result<(), alloc[2e1b2a31b91974c5]::string::String>>
[INFO] [stdout]   15:     0x57ba37a40a85 - test[aada8e7e76ba119b]::run_test::{closure#0}
[INFO] [stdout]   16:     0x57ba37a3a374 - std[617be2ca0a6fd877]::sys::backtrace::__rust_begin_short_backtrace::<test[aada8e7e76ba119b]::run_test::{closure#1}, ()>
[INFO] [stdout]   17:     0x57ba37a43b12 - <std[617be2ca0a6fd877]::thread::lifecycle::spawn_unchecked<test[aada8e7e76ba119b]::run_test::{closure#1}, ()>::{closure#1} as core[a373ad73a504971]::ops::function::FnOnce<()>>::call_once::{shim:vtable#0}
[INFO] [stdout]   18:     0x57ba37b18a1f - <std[617be2ca0a6fd877]::sys::thread::unix::Thread>::new::thread_start
[INFO] [stdout]   19:     0x76733dc86dfa - <unknown>
[INFO] [stdout]   20:     0x76733dd1a3d4 - clone
[INFO] [stdout]   21:                0x0 - <unknown>
[INFO] [stdout] 
[INFO] [stdout] ---- test_mirax_properties::case_1 stdout ----
[INFO] [stdout] 
[INFO] [stdout] thread 'test_mirax_properties::case_1' (1535) panicked at tests/properties.rs:401:42:
[INFO] [stdout] called `Result::unwrap()` on an `Err` value: MissingFile("tests/assets/mirax/CMU-1-Saved-1_16.mrxs")
[INFO] [stdout] stack backtrace:
[INFO] [stdout]    0:     0x57ba37b191c1 - <<std[617be2ca0a6fd877]::sys::backtrace::BacktraceLock>::print::DisplayBacktrace as core[a373ad73a504971]::fmt::Display>::fmt
[INFO] [stdout]    1:     0x57ba37b2fc7a - core[a373ad73a504971]::fmt::write
[INFO] [stdout]    2:     0x57ba37b1d3dc - <alloc[2e1b2a31b91974c5]::vec::Vec<u8> as core[a373ad73a504971]::io::write::Write>::write_fmt
[INFO] [stdout]    3:     0x57ba37af5586 - std[617be2ca0a6fd877]::panicking::default_hook::{closure#0}
[INFO] [stdout]    4:     0x57ba37b11839 - std[617be2ca0a6fd877]::panicking::default_hook
[INFO] [stdout]    5:     0x57ba37a40460 - test[aada8e7e76ba119b]::test_main_inner::{closure#0}
[INFO] [stdout]    6:     0x57ba37b119f2 - std[617be2ca0a6fd877]::panicking::panic_with_hook
[INFO] [stdout]    7:     0x57ba37af5632 - std[617be2ca0a6fd877]::panicking::panic_handler::{closure#0}
[INFO] [stdout]    8:     0x57ba37aee349 - std[617be2ca0a6fd877]::sys::backtrace::__rust_end_short_backtrace::<std[617be2ca0a6fd877]::panicking::panic_handler::{closure#0}, !>
[INFO] [stdout]    9:     0x57ba37af623d - __rustc[ea4f61d10b84890b]::rust_begin_unwind
[INFO] [stdout]   10:     0x57ba37b3045c - core[a373ad73a504971]::panicking::panic_fmt
[INFO] [stdout]   11:     0x57ba37b30232 - core[a373ad73a504971]::result::unwrap_failed
[INFO] [stdout]   12:     0x57ba37a2bb9b - properties[297b10e5c7910e71]::test_mirax_properties
[INFO] [stdout]   13:     0x57ba37a32cb5 - <properties[297b10e5c7910e71]::test_mirax_properties::case_1::{closure#0} as core[a373ad73a504971]::ops::function::FnOnce<()>>::call_once
[INFO] [stdout]   14:     0x57ba37a338ab - test[aada8e7e76ba119b]::__rust_begin_short_backtrace::<core[a373ad73a504971]::result::Result<(), alloc[2e1b2a31b91974c5]::string::String>, fn() -> core[a373ad73a504971]::result::Result<(), alloc[2e1b2a31b91974c5]::string::String>>
[INFO] [stdout]   15:     0x57ba37a40a85 - test[aada8e7e76ba119b]::run_test::{closure#0}
[INFO] [stdout]   16:     0x57ba37a3a374 - std[617be2ca0a6fd877]::sys::backtrace::__rust_begin_short_backtrace::<test[aada8e7e76ba119b]::run_test::{closure#1}, ()>
[INFO] [stdout]   17:     0x57ba37a43b12 - <std[617be2ca0a6fd877]::thread::lifecycle::spawn_unchecked<test[aada8e7e76ba119b]::run_test::{closure#1}, ()>::{closure#1} as core[a373ad73a504971]::ops::function::FnOnce<()>>::call_once::{shim:vtable#0}
[INFO] [stdout]   18:     0x57ba37b18a1f - <std[617be2ca0a6fd877]::sys::thread::unix::Thread>::new::thread_start
[INFO] [stdout]   19:     0x76733dc86dfa - <unknown>
[INFO] [stdout]   20:     0x76733dd1a3d4 - clone
[INFO] [stdout]   21:                0x0 - <unknown>
[INFO] [stdout] 
[INFO] [stdout] ---- test_trestle_properties::case_1 stdout ----
[INFO] [stdout] 
[INFO] [stdout] thread 'test_trestle_properties::case_1' (1538) panicked at tests/properties.rs:354:42:
[INFO] [stdout] called `Result::unwrap()` on an `Err` value: MissingFile("tests/assets/trestle/CMU-1.tif")
[INFO] [stdout] stack backtrace:
[INFO] [stdout]    0:     0x57ba37b191c1 - <<std[617be2ca0a6fd877]::sys::backtrace::BacktraceLock>::print::DisplayBacktrace as core[a373ad73a504971]::fmt::Display>::fmt
[INFO] [stdout]    1:     0x57ba37b2fc7a - core[a373ad73a504971]::fmt::write
[INFO] [stdout]    2:     0x57ba37b1d3dc - <alloc[2e1b2a31b91974c5]::vec::Vec<u8> as core[a373ad73a504971]::io::write::Write>::write_fmt
[INFO] [stdout]    3:     0x57ba37af5586 - std[617be2ca0a6fd877]::panicking::default_hook::{closure#0}
[INFO] [stdout]    4:     0x57ba37b11839 - std[617be2ca0a6fd877]::panicking::default_hook
[INFO] [stdout]    5:     0x57ba37a40460 - test[aada8e7e76ba119b]::test_main_inner::{closure#0}
[INFO] [stdout]    6:     0x57ba37b119f2 - std[617be2ca0a6fd877]::panicking::panic_with_hook
[INFO] [stdout]    7:     0x57ba37af5632 - std[617be2ca0a6fd877]::panicking::panic_handler::{closure#0}
[INFO] [stdout]    8:     0x57ba37aee349 - std[617be2ca0a6fd877]::sys::backtrace::__rust_end_short_backtrace::<std[617be2ca0a6fd877]::panicking::panic_handler::{closure#0}, !>
[INFO] [stdout]    9:     0x57ba37af623d - __rustc[ea4f61d10b84890b]::rust_begin_unwind
[INFO] [stdout]   10:     0x57ba37b3045c - core[a373ad73a504971]::panicking::panic_fmt
[INFO] [stdout]   11:     0x57ba37b30232 - core[a373ad73a504971]::result::unwrap_failed
[INFO] [stdout]   12:     0x57ba37a2e11f - properties[297b10e5c7910e71]::test_trestle_properties
[INFO] [stdout]   13:     0x57ba37a32d45 - <properties[297b10e5c7910e71]::test_trestle_properties::case_1::{closure#0} as core[a373ad73a504971]::ops::function::FnOnce<()>>::call_once
[INFO] [stdout]   14:     0x57ba37a338ab - test[aada8e7e76ba119b]::__rust_begin_short_backtrace::<core[a373ad73a504971]::result::Result<(), alloc[2e1b2a31b91974c5]::string::String>, fn() -> core[a373ad73a504971]::result::Result<(), alloc[2e1b2a31b91974c5]::string::String>>
[INFO] [stdout]   15:     0x57ba37a40a85 - test[aada8e7e76ba119b]::run_test::{closure#0}
[INFO] [stdout]   16:     0x57ba37a3a374 - std[617be2ca0a6fd877]::sys::backtrace::__rust_begin_short_backtrace::<test[aada8e7e76ba119b]::run_test::{closure#1}, ()>
[INFO] [stdout]   17:     0x57ba37a43b12 - <std[617be2ca0a6fd877]::thread::lifecycle::spawn_unchecked<test[aada8e7e76ba119b]::run_test::{closure#1}, ()>::{closure#1} as core[a373ad73a504971]::ops::function::FnOnce<()>>::call_once::{shim:vtable#0}
[INFO] [stdout]   18:     0x57ba37b18a1f - <std[617be2ca0a6fd877]::sys::thread::unix::Thread>::new::thread_start
[INFO] [stdout]   19:     0x76733dc86dfa - <unknown>
[INFO] [stdout]   20:     0x76733dd1a3d4 - clone
[INFO] [stdout]   21:                0x0 - <unknown>
[INFO] [stdout] 
[INFO] [stdout] 
[INFO] [stdout] failures:
[INFO] [stdout]     test_hamamatsu_properties::case_1
[INFO] [stdout]     test_leica_properties::case_1
[INFO] [stdout]     test_mirax_properties::case_1
[INFO] [stdout]     test_trestle_properties::case_1
[INFO] [stdout] 
[INFO] [stdout] test result: FAILED. 3 passed; 4 failed; 0 ignored; 0 measured; 0 filtered out; finished in 0.02s
[INFO] [stdout] 
[INFO] [stderr] error: test failed, to rerun pass `--test properties`
[INFO] running `Command { std: "docker" "inspect" "0a0ee6fb30ff11c1f451921c18c5b6c0083733ff61b4860d9c6b319bde4385a0", kill_on_drop: false }`
[INFO] running `Command { std: "docker" "rm" "-f" "0a0ee6fb30ff11c1f451921c18c5b6c0083733ff61b4860d9c6b319bde4385a0", kill_on_drop: false }`
[INFO] [stdout] 0a0ee6fb30ff11c1f451921c18c5b6c0083733ff61b4860d9c6b319bde4385a0
