[INFO] fetching crate openskp 0.5.0...
[INFO] testing openskp-0.5.0 against 1.99.0-beta.8+cargoflags=--release for beta-release-1.100-2
[INFO] extracting crate openskp 0.5.0 into /workspace/builds/worker-6-tc1/source
[INFO] started tweaking crates.io crate openskp 0.5.0
[INFO] finished tweaking crates.io crate openskp 0.5.0
[INFO] tweaked toml for crates.io crate openskp 0.5.0 written to /workspace/builds/worker-6-tc1/source/Cargo.toml
[INFO] validating manifest of crates.io crate openskp 0.5.0 on toolchain 1.99.0-beta.8
[INFO] running `Command { std: CARGO_HOME="/workspace/cargo-home" RUSTUP_HOME="/workspace/rustup-home" "/workspace/cargo-home/bin/cargo" "+1.99.0-beta.8" "metadata" "--manifest-path" "Cargo.toml" "--no-deps", kill_on_drop: false }`
[INFO] crate crates.io crate openskp 0.5.0 already has a lockfile, it will not be regenerated
[INFO] running `Command { std: CARGO_HOME="/workspace/cargo-home" RUSTUP_HOME="/workspace/rustup-home" "/workspace/cargo-home/bin/cargo" "+1.99.0-beta.8" "fetch" "--manifest-path" "Cargo.toml", kill_on_drop: false }`
[INFO] running `Command { std: "docker" "create" "-v" "/var/lib/crater-agent-workspace/builds/worker-6-tc1/source:/opt/rustwide/workdir:ro,Z" "-v" "/var/lib/crater-agent-workspace/builds/worker-6-tc1/target:/opt/rustwide/target:rw,Z" "-v" "/var/lib/crater-agent-workspace/cargo-home:/opt/rustwide/cargo-home:ro,Z" "-v" "/var/lib/crater-agent-workspace/rustup-home:/opt/rustwide/rustup-home:ro,Z" "-m" "1610612736" "--network" "none" "ghcr.io/rust-lang/crates-build-env/linux@sha256:77db811e55d90add9212f6832c23229e3de5f1c1f9905e8cb07319ea15df73ac" "sleep" "infinity", kill_on_drop: false }`
[INFO] [stdout] 58bbf74e6036c0deba4f3e1aff0008cd720098b896cf422045fc87581a691734
[INFO] running `Command { std: "docker" "start" "58bbf74e6036c0deba4f3e1aff0008cd720098b896cf422045fc87581a691734", kill_on_drop: false }`
[INFO] running `Command { std: "docker" "inspect" "58bbf74e6036c0deba4f3e1aff0008cd720098b896cf422045fc87581a691734", kill_on_drop: false }`
[INFO] running `Command { std: "docker" "exec" "-e" "SOURCE_DIR=/opt/rustwide/workdir" "-e" "CARGO_HOME=/opt/rustwide/cargo-home" "-e" "RUSTUP_HOME=/opt/rustwide/rustup-home" "-e" "CARGO_TARGET_DIR=/opt/rustwide/target" "-w" "/opt/rustwide/workdir" "--user" "0:0" "58bbf74e6036c0deba4f3e1aff0008cd720098b896cf422045fc87581a691734" "/opt/rustwide/cargo-home/bin/cargo" "+1.99.0-beta.8" "metadata" "--no-deps" "--format-version=1", kill_on_drop: false }`
[INFO] running `Command { std: "docker" "inspect" "58bbf74e6036c0deba4f3e1aff0008cd720098b896cf422045fc87581a691734", kill_on_drop: false }`
[INFO] running `Command { std: "docker" "exec" "-e" "SOURCE_DIR=/opt/rustwide/workdir" "-e" "CARGO_HOME=/opt/rustwide/cargo-home" "-e" "RUSTUP_HOME=/opt/rustwide/rustup-home" "-e" "CARGO_TARGET_DIR=/opt/rustwide/target" "-e" "CARGO_INCREMENTAL=0" "-e" "RUST_BACKTRACE=full" "-e" "RUSTFLAGS=--cap-lints=warn" "-e" "RUSTDOCFLAGS=--cap-lints=warn" "-w" "/opt/rustwide/workdir" "--user" "0:0" "58bbf74e6036c0deba4f3e1aff0008cd720098b896cf422045fc87581a691734" "/opt/rustwide/cargo-home/bin/cargo" "+1.99.0-beta.8" "build" "--frozen" "--message-format=json" "--release", kill_on_drop: false }`
[INFO] [stderr]    Compiling miniz_oxide v0.9.1
[INFO] [stderr]    Compiling openskp v0.5.0 (/opt/rustwide/workdir)
[INFO] [stderr]     Finished `release` profile [optimized] target(s) in 44.63s
[INFO] running `Command { std: "docker" "inspect" "58bbf74e6036c0deba4f3e1aff0008cd720098b896cf422045fc87581a691734", kill_on_drop: false }`
[INFO] running `Command { std: "docker" "exec" "-e" "SOURCE_DIR=/opt/rustwide/workdir" "-e" "CARGO_HOME=/opt/rustwide/cargo-home" "-e" "RUSTUP_HOME=/opt/rustwide/rustup-home" "-e" "CARGO_TARGET_DIR=/opt/rustwide/target" "-e" "CARGO_INCREMENTAL=0" "-e" "RUST_BACKTRACE=full" "-e" "RUSTFLAGS=--cap-lints=warn" "-e" "RUSTDOCFLAGS=--cap-lints=warn" "-w" "/opt/rustwide/workdir" "--user" "0:0" "58bbf74e6036c0deba4f3e1aff0008cd720098b896cf422045fc87581a691734" "/opt/rustwide/cargo-home/bin/cargo" "+1.99.0-beta.8" "test" "--frozen" "--no-run" "--message-format=json" "--release", kill_on_drop: false }`
[INFO] [stderr]    Compiling serde_core v1.0.228
[INFO] [stderr]    Compiling memchr v2.8.2
[INFO] [stderr]    Compiling serde_json v1.0.150
[INFO] [stderr]    Compiling openskp v0.5.0 (/opt/rustwide/workdir)
[INFO] [stderr]     Finished `release` profile [optimized] target(s) in 44.12s
[INFO] running `Command { std: "docker" "inspect" "58bbf74e6036c0deba4f3e1aff0008cd720098b896cf422045fc87581a691734", kill_on_drop: false }`
[INFO] running `Command { std: "docker" "exec" "-e" "SOURCE_DIR=/opt/rustwide/workdir" "-e" "CARGO_HOME=/opt/rustwide/cargo-home" "-e" "RUSTUP_HOME=/opt/rustwide/rustup-home" "-e" "CARGO_TARGET_DIR=/opt/rustwide/target" "-e" "CARGO_INCREMENTAL=0" "-e" "RUST_BACKTRACE=full" "-e" "RUSTFLAGS=--cap-lints=warn" "-e" "RUSTDOCFLAGS=--cap-lints=warn" "-w" "/opt/rustwide/workdir" "--user" "0:0" "58bbf74e6036c0deba4f3e1aff0008cd720098b896cf422045fc87581a691734" "/opt/rustwide/cargo-home/bin/cargo" "+1.99.0-beta.8" "test" "--frozen" "--release", kill_on_drop: false }`
[INFO] [stderr]     Finished `release` profile [optimized] target(s) in 0.02s
[INFO] [stderr]      Running unittests src/lib.rs (/opt/rustwide/target/release/deps/openskp-255c1121a71147a3)
[INFO] [stdout] 
[INFO] [stdout] running 72 tests
[INFO] [stdout] test build26::tests::guid_bytes_takes_only_32_hex_digits ... ok
[INFO] [stdout] test build17::tests::a_plane_lies_midway_between_the_vertices ... ok
[INFO] [stdout] test build26::tests::folder_names_are_safe_and_distinct ... ok
[INFO] [stdout] test build17::tests::a_member_of_half_a_turn_sorts_by_its_ends ... ok
[INFO] [stdout] test build17::tests::a_scenes_axes_byte_follows_its_rendering_options ... ok
[INFO] [stdout] test build17::tests::a_camera_is_stored_upright ... ok
[INFO] [stdout] test carchive::pid_width_tests::mask_03_u16_pid_reads_as_before ... ok
[INFO] [stdout] test carchive::pid_width_tests::sparse_mask_05_omits_the_zero_middle_byte ... ok
[INFO] [stdout] test carchive::skip_tests::without_a_rule_the_unknown_class_still_stalls ... ok
[INFO] [stdout] test carchive::pid_width_tests::mask_07_u24_pid_decodes ... ok
[INFO] [stdout] test carchive::pid_width_tests::mask_0f_u32_pid_decodes_as_the_predicted_extension ... ok
[INFO] [stdout] test carchive::pid_width_tests::mask_past_u32_stalls_instead_of_misreading ... ok
[INFO] [stdout] test carchive::skip_tests::fixed_skip_consumes_one_slot_and_the_walk_continues ... ok
[INFO] [stdout] test carchive::skip_tests::oversized_fixed_rule_stalls_instead_of_panicking ... ok
[INFO] [stdout] test build17::tests::arc_members_are_written_from_the_arcs_start ... ok
[INFO] [stdout] test carchive::skip_tests::dynamic_rule_delimits_a_length_prefixed_body ... ok
[INFO] [stdout] test carchive::strlen_tests::truncated_and_bad_markers_are_none ... ok
[INFO] [stdout] test carchive::slot_size::a_map_slot_stays_at_64_bytes ... ok
[INFO] [stdout] test carchive::strlen_tests::u16_escalated_record ... ok
[INFO] [stdout] test carchive::strlen_tests::boundary_len_254_is_not_escalated ... ok
[INFO] [stdout] test carchive::strlen_tests::short_record_reads_as_before ... ok
[INFO] [stdout] test carchive::strlen_tests::u32_escalated_record ... ok
[INFO] [stdout] test ctx::tests::ctx_of_box_reads_version_and_schemas ... FAILED
[INFO] [stdout] test ctx::tests::garbage_is_unknown ... ok
[INFO] [stdout] test ctx::tests::corpus_2017_files_are_carchive2017 ... FAILED
[INFO] [stdout] test ctx::tests::ctx_of_post_2017_is_none ... FAILED
[INFO] [stdout] test deflate::tests::small_inputs_inflate_back ... ok
[INFO] [stdout] test ctx::tests::post_2017_container_is_zip ... FAILED
[INFO] [stdout] test doc26::tests::blank_header_matches_the_corpus_shape ... ok
[INFO] [stdout] test deflate::tests::reproduces_every_corpus_stream ... FAILED
[INFO] [stdout] test doc26::tests::document_model_equals_model_parse ... FAILED
[INFO] [stdout] test entity::alloc_dos_tests::hostile_face_loop_count_stalls_without_giant_alloc ... ok
[INFO] [stdout] test doc26::tests::open_write_is_identity_with_and_without_repack ... FAILED
[INFO] [stdout] test doc26::tests::stored_entries_are_reencoded_on_write ... FAILED
[INFO] [stdout] test env::tests::an_environment_makes_the_entropy_reproducible ... ok
[INFO] [stdout] test env::tests::the_environment_ends_with_the_call ... ok
[INFO] [stdout] test file17::tests::write_the_single_change_variants ... ok
[INFO] [stdout] test matwalk::specs::archive_walk_matches_anchored_region_walk ... FAILED
[INFO] [stdout] test matwalk::specs::corpus_regions_walk_end_to_end ... FAILED
[INFO] [stdout] test read17::tests::survey_the_attributes ... ignored
[INFO] [stdout] test read17::tests::survey_the_images ... ignored
[INFO] [stdout] test read17::tests::survey_the_two_readers ... ignored
[INFO] [stdout] test read17::tests::survey_what_a_round_trip_loses ... ignored
[INFO] [stdout] test model::tests::suffix_zip_fallback_flags_unresolved_shared_textures ... ok
[INFO] [stdout] test read17::tests::the_grammar_reads_what_the_walk_reads ... FAILED
[INFO] [stdout] test file17::tests::every_2017_file_round_trips_byte_for_byte ... FAILED
[INFO] [stdout] test settings26::tests::screen_image_paths_stay_with_their_own_entry ... ok
[INFO] [stdout] test tree26::tests::containers_are_sorted ... ok
[INFO] [stdout] test matwalk::specs::theater_region_walks_end_to_end ... ok
[INFO] [stdout] test model::tests::arithmetic_success_still_flags_a_partial_unresolved_shared_texture ... ok
[INFO] [stdout] test model::tests::legacy_path_flags_unresolved_shared_textures ... FAILED
[INFO] [stdout] test read26::tests::unresolved_edge_use_drops_the_face ... ok
[INFO] [stdout] test tree26::tests::corpus_trees_round_trip ... FAILED
[INFO] [stdout] test tree26::tests::narrow_ints_and_id_lists ... ok
[INFO] [stdout] test matwalk::specs::links_anchor_on_unique_shift ... ok
[INFO] [stdout] test xml26::tests::g17_matches_c ... ok
[INFO] [stdout] test walk::tests::wide_pid_class_ref_headers_match ... ok
[INFO] [stdout] test xml26::tests::meta_dat_parses_as_records ... ok
[INFO] [stdout] test xml26::tests::esc_keeps_xml_well_formed ... ok
[INFO] [stdout] test xml26::tests::png_is_well_formed ... ok
[INFO] [stdout] test tree26::tests::set_on_a_leaf_is_refused ... ok
[INFO] [stdout] test walk::tests::pid_field_follows_the_presence_bitmask ... ok
[INFO] [stdout] test zip::tests::crc32_known_vector ... ok
[INFO] [stdout] test zip::tests::crc_catches_corruption_inflation_cannot ... ok
[INFO] [stdout] test zip::tests::reads_every_entry_of_every_2026_file ... FAILED
[INFO] [stdout] test zip::tests::zip64_is_refused_by_name ... ok
[INFO] [stdout] test deflate::tests::large_inputs_inflate_back ... ok
[INFO] [stdout] test zip::tests::write_archive_refuses_zip32_overflows ... ok
[INFO] [stdout] test zip::tests::eocd_must_end_the_file ... ok
[INFO] [stdout] test walk::tests::new_class_records_are_not_class_ref_headers ... ok
[INFO] [stdout] test zip::tests::entry_names_must_be_utf8 ... ok
[INFO] [stdout] test zip::tests::implausible_declared_sizes_are_refused ... ok
[INFO] [stdout] 
[INFO] [stdout] failures:
[INFO] [stdout] 
[INFO] [stdout] ---- ctx::tests::ctx_of_box_reads_version_and_schemas stdout ----
[INFO] [stdout] 
[INFO] [stdout] thread 'ctx::tests::ctx_of_box_reads_version_and_schemas' (299) panicked at src/ctx.rs:102:46:
[INFO] [stdout] /opt/rustwide/workdir/../../corpus/2017/box.skp: No such file or directory (os error 2)
[INFO] [stdout] stack backtrace:
[INFO] [stdout]    0:     0x58651ed20f81 - <<std[70759c8f55707aa4]::sys::backtrace::BacktraceLock>::print::DisplayBacktrace as core[df12db4294e9bfd3]::fmt::Display>::fmt
[INFO] [stdout]    1:     0x58651ed385ca - core[df12db4294e9bfd3]::fmt::write
[INFO] [stdout]    2:     0x58651ed257cc - <alloc[2182bb758b4b3781]::vec::Vec<u8> as core[df12db4294e9bfd3]::io::write::Write>::write_fmt
[INFO] [stdout]    3:     0x58651ecfbdc6 - std[70759c8f55707aa4]::panicking::default_hook::{closure#0}
[INFO] [stdout]    4:     0x58651ed18fc9 - std[70759c8f55707aa4]::panicking::default_hook
[INFO] [stdout]    5:     0x58651ecb3c50 - test[9d35eded1c95d3be]::test_main_inner::<test[9d35eded1c95d3be]::test_main_static::{closure#0}>::{closure#0}
[INFO] [stdout]    6:     0x58651ed19182 - std[70759c8f55707aa4]::panicking::panic_with_hook
[INFO] [stdout]    7:     0x58651ecfbe72 - std[70759c8f55707aa4]::panicking::panic_handler::{closure#0}
[INFO] [stdout]    8:     0x58651ecf48a9 - std[70759c8f55707aa4]::sys::backtrace::__rust_end_short_backtrace::<std[70759c8f55707aa4]::panicking::panic_handler::{closure#0}, !>
[INFO] [stdout]    9:     0x58651ecfca6d - __rustc[8fa7c3cbc660c2b3]::rust_begin_unwind
[INFO] [stdout]   10:     0x58651ed38cfc - core[df12db4294e9bfd3]::panicking::panic_fmt
[INFO] [stdout]   11:     0x58651ec78629 - openskp[df563ef7c81f459b]::ctx::tests::corpus::{closure#0}
[INFO] [stdout]   12:     0x58651ec7af51 - openskp[df563ef7c81f459b]::ctx::tests::corpus
[INFO] [stdout]   13:     0x58651ec7b6b7 - openskp[df563ef7c81f459b]::ctx::tests::ctx_of_box_reads_version_and_schemas
[INFO] [stdout]   14:     0x58651ec6e899 - <openskp[df563ef7c81f459b]::ctx::tests::ctx_of_box_reads_version_and_schemas::{closure#0} as core[df12db4294e9bfd3]::ops::function::FnOnce<()>>::call_once
[INFO] [stdout]   15:     0x58651eca6f3b - test[9d35eded1c95d3be]::__rust_begin_short_backtrace::<core[df12db4294e9bfd3]::result::Result<(), alloc[2182bb758b4b3781]::string::String>, fn() -> core[df12db4294e9bfd3]::result::Result<(), alloc[2182bb758b4b3781]::string::String>>
[INFO] [stdout]   16:     0x58651ecb45a5 - test[9d35eded1c95d3be]::run_test::{closure#0}
[INFO] [stdout]   17:     0x58651ecade64 - std[70759c8f55707aa4]::sys::backtrace::__rust_begin_short_backtrace::<test[9d35eded1c95d3be]::run_test::{closure#1}, ()>
[INFO] [stdout]   18:     0x58651ecb7702 - <std[70759c8f55707aa4]::thread::lifecycle::spawn_unchecked<test[9d35eded1c95d3be]::run_test::{closure#1}, ()>::{closure#1} as core[df12db4294e9bfd3]::ops::function::FnOnce<()>>::call_once::{shim:vtable#0}
[INFO] [stdout]   19:     0x58651ed20349 - <std[70759c8f55707aa4]::sys::thread::unix::Thread>::new::thread_start
[INFO] [stdout]   20:     0x71b0474f7dfa - <unknown>
[INFO] [stdout]   21:     0x71b04758b3d4 - clone
[INFO] [stdout]   22:                0x0 - <unknown>
[INFO] [stdout] 
[INFO] [stdout] ---- ctx::tests::corpus_2017_files_are_carchive2017 stdout ----
[INFO] [stdout] 
[INFO] [stdout] thread 'ctx::tests::corpus_2017_files_are_carchive2017' (298) panicked at src/ctx.rs:102:46:
[INFO] [stdout] /opt/rustwide/workdir/../../corpus/2017/box.skp: No such file or directory (os error 2)
[INFO] [stdout] stack backtrace:
[INFO] [stdout]    0:     0x58651ed20f81 - <<std[70759c8f55707aa4]::sys::backtrace::BacktraceLock>::print::DisplayBacktrace as core[df12db4294e9bfd3]::fmt::Display>::fmt
[INFO] [stdout]    1:     0x58651ed385ca - core[df12db4294e9bfd3]::fmt::write
[INFO] [stdout]    2:     0x58651ed257cc - <alloc[2182bb758b4b3781]::vec::Vec<u8> as core[df12db4294e9bfd3]::io::write::Write>::write_fmt
[INFO] [stdout]    3:     0x58651ecfbdc6 - std[70759c8f55707aa4]::panicking::default_hook::{closure#0}
[INFO] [stdout]    4:     0x58651ed18fc9 - std[70759c8f55707aa4]::panicking::default_hook
[INFO] [stdout]    5:     0x58651ecb3c50 - test[9d35eded1c95d3be]::test_main_inner::<test[9d35eded1c95d3be]::test_main_static::{closure#0}>::{closure#0}
[INFO] [stdout]    6:     0x58651ed19182 - std[70759c8f55707aa4]::panicking::panic_with_hook
[INFO] [stdout]    7:     0x58651ecfbe72 - std[70759c8f55707aa4]::panicking::panic_handler::{closure#0}
[INFO] [stdout]    8:     0x58651ecf48a9 - std[70759c8f55707aa4]::sys::backtrace::__rust_end_short_backtrace::<std[70759c8f55707aa4]::panicking::panic_handler::{closure#0}, !>
[INFO] [stdout]    9:     0x58651ecfca6d - __rustc[8fa7c3cbc660c2b3]::rust_begin_unwind
[INFO] [stdout]   10:     0x58651ed38cfc - core[df12db4294e9bfd3]::panicking::panic_fmt
[INFO] [stdout]   11:     0x58651ec78629 - openskp[df563ef7c81f459b]::ctx::tests::corpus::{closure#0}
[INFO] [stdout]   12:     0x58651ec7af51 - openskp[df563ef7c81f459b]::ctx::tests::corpus
[INFO] [stdout]   13:     0x58651ec7b29b - openskp[df563ef7c81f459b]::ctx::tests::corpus_2017_files_are_carchive2017
[INFO] [stdout]   14:     0x58651ec6e879 - <openskp[df563ef7c81f459b]::ctx::tests::corpus_2017_files_are_carchive2017::{closure#0} as core[df12db4294e9bfd3]::ops::function::FnOnce<()>>::call_once
[INFO] [stdout]   15:     0x58651eca6f3b - test[9d35eded1c95d3be]::__rust_begin_short_backtrace::<core[df12db4294e9bfd3]::result::Result<(), alloc[2182bb758b4b3781]::string::String>, fn() -> core[df12db4294e9bfd3]::result::Result<(), alloc[2182bb758b4b3781]::string::String>>
[INFO] [stdout]   16:     0x58651ecb45a5 - test[9d35eded1c95d3be]::run_test::{closure#0}
[INFO] [stdout]   17:     0x58651ecade64 - std[70759c8f55707aa4]::sys::backtrace::__rust_begin_short_backtrace::<test[9d35eded1c95d3be]::run_test::{closure#1}, ()>
[INFO] [stdout]   18:     0x58651ecb7702 - <std[70759c8f55707aa4]::thread::lifecycle::spawn_unchecked<test[9d35eded1c95d3be]::run_test::{closure#1}, ()>::{closure#1} as core[df12db4294e9bfd3]::ops::function::FnOnce<()>>::call_once::{shim:vtable#0}
[INFO] [stdout]   19:     0x58651ed20349 - <std[70759c8f55707aa4]::sys::thread::unix::Thread>::new::thread_start
[INFO] [stdout]   20:     0x71b0474f7dfa - <unknown>
[INFO] [stdout]   21:     0x71b04758b3d4 - clone
[INFO] [stdout]   22:                0x0 - <unknown>
[INFO] [stdout] 
[INFO] [stdout] ---- ctx::tests::ctx_of_post_2017_is_none stdout ----
[INFO] [stdout] 
[INFO] [stdout] thread 'ctx::tests::ctx_of_post_2017_is_none' (300) panicked at src/ctx.rs:102:46:
[INFO] [stdout] /opt/rustwide/workdir/../../corpus/2017/../2026/box.skp: No such file or directory (os error 2)
[INFO] [stdout] stack backtrace:
[INFO] [stdout]    0:     0x58651ed20f81 - <<std[70759c8f55707aa4]::sys::backtrace::BacktraceLock>::print::DisplayBacktrace as core[df12db4294e9bfd3]::fmt::Display>::fmt
[INFO] [stdout]    1:     0x58651ed385ca - core[df12db4294e9bfd3]::fmt::write
[INFO] [stdout]    2:     0x58651ed257cc - <alloc[2182bb758b4b3781]::vec::Vec<u8> as core[df12db4294e9bfd3]::io::write::Write>::write_fmt
[INFO] [stdout]    3:     0x58651ecfbdc6 - std[70759c8f55707aa4]::panicking::default_hook::{closure#0}
[INFO] [stdout]    4:     0x58651ed18fc9 - std[70759c8f55707aa4]::panicking::default_hook
[INFO] [stdout]    5:     0x58651ecb3c50 - test[9d35eded1c95d3be]::test_main_inner::<test[9d35eded1c95d3be]::test_main_static::{closure#0}>::{closure#0}
[INFO] [stdout]    6:     0x58651ed19182 - std[70759c8f55707aa4]::panicking::panic_with_hook
[INFO] [stdout]    7:     0x58651ecfbe72 - std[70759c8f55707aa4]::panicking::panic_handler::{closure#0}
[INFO] [stdout]    8:     0x58651ecf48a9 - std[70759c8f55707aa4]::sys::backtrace::__rust_end_short_backtrace::<std[70759c8f55707aa4]::panicking::panic_handler::{closure#0}, !>
[INFO] [stdout]    9:     0x58651ecfca6d - __rustc[8fa7c3cbc660c2b3]::rust_begin_unwind
[INFO] [stdout]   10:     0x58651ed38cfc - core[df12db4294e9bfd3]::panicking::panic_fmt
[INFO] [stdout]   11:     0x58651ec78629 - openskp[df563ef7c81f459b]::ctx::tests::corpus::{closure#0}
[INFO] [stdout]   12:     0x58651ec7af51 - openskp[df563ef7c81f459b]::ctx::tests::corpus
[INFO] [stdout]   13:     0x58651ec7b0ab - openskp[df563ef7c81f459b]::ctx::tests::ctx_of_post_2017_is_none
[INFO] [stdout]   14:     0x58651ec6e839 - <openskp[df563ef7c81f459b]::ctx::tests::ctx_of_post_2017_is_none::{closure#0} as core[df12db4294e9bfd3]::ops::function::FnOnce<()>>::call_once
[INFO] [stdout]   15:     0x58651eca6f3b - test[9d35eded1c95d3be]::__rust_begin_short_backtrace::<core[df12db4294e9bfd3]::result::Result<(), alloc[2182bb758b4b3781]::string::String>, fn() -> core[df12db4294e9bfd3]::result::Result<(), alloc[2182bb758b4b3781]::string::String>>
[INFO] [stdout]   16:     0x58651ecb45a5 - test[9d35eded1c95d3be]::run_test::{closure#0}
[INFO] [stdout]   17:     0x58651ecade64 - std[70759c8f55707aa4]::sys::backtrace::__rust_begin_short_backtrace::<test[9d35eded1c95d3be]::run_test::{closure#1}, ()>
[INFO] [stdout]   18:     0x58651ecb7702 - <std[70759c8f55707aa4]::thread::lifecycle::spawn_unchecked<test[9d35eded1c95d3be]::run_test::{closure#1}, ()>::{closure#1} as core[df12db4294e9bfd3]::ops::function::FnOnce<()>>::call_once::{shim:vtable#0}
[INFO] [stdout]   19:     0x58651ed20349 - <std[70759c8f55707aa4]::sys::thread::unix::Thread>::new::thread_start
[INFO] [stdout]   20:     0x71b0474f7dfa - <unknown>
[INFO] [stdout]   21:     0x71b04758b3d4 - clone
[INFO] [stdout]   22:                0x0 - <unknown>
[INFO] [stdout] 
[INFO] [stdout] ---- ctx::tests::post_2017_container_is_zip stdout ----
[INFO] [stdout] 
[INFO] [stdout] thread 'ctx::tests::post_2017_container_is_zip' (302) panicked at src/ctx.rs:102:46:
[INFO] [stdout] /opt/rustwide/workdir/../../corpus/2017/../2026/box.skp: No such file or directory (os error 2)
[INFO] [stdout] stack backtrace:
[INFO] [stdout]    0:     0x58651ed20f81 - <<std[70759c8f55707aa4]::sys::backtrace::BacktraceLock>::print::DisplayBacktrace as core[df12db4294e9bfd3]::fmt::Display>::fmt
[INFO] [stdout]    1:     0x58651ed385ca - core[df12db4294e9bfd3]::fmt::write
[INFO] [stdout]    2:     0x58651ed257cc - <alloc[2182bb758b4b3781]::vec::Vec<u8> as core[df12db4294e9bfd3]::io::write::Write>::write_fmt
[INFO] [stdout]    3:     0x58651ecfbdc6 - std[70759c8f55707aa4]::panicking::default_hook::{closure#0}
[INFO] [stdout]    4:     0x58651ed18fc9 - std[70759c8f55707aa4]::panicking::default_hook
[INFO] [stdout]    5:     0x58651ecb3c50 - test[9d35eded1c95d3be]::test_main_inner::<test[9d35eded1c95d3be]::test_main_static::{closure#0}>::{closure#0}
[INFO] [stdout]    6:     0x58651ed19182 - std[70759c8f55707aa4]::panicking::panic_with_hook
[INFO] [stdout]    7:     0x58651ecfbe72 - std[70759c8f55707aa4]::panicking::panic_handler::{closure#0}
[INFO] [stdout]    8:     0x58651ecf48a9 - std[70759c8f55707aa4]::sys::backtrace::__rust_end_short_backtrace::<std[70759c8f55707aa4]::panicking::panic_handler::{closure#0}, !>
[INFO] [stdout]    9:     0x58651ecfca6d - __rustc[8fa7c3cbc660c2b3]::rust_begin_unwind
[INFO] [stdout]   10:     0x58651ed38cfc - core[df12db4294e9bfd3]::panicking::panic_fmt
[INFO] [stdout]   11:     0x58651ec78629 - openskp[df563ef7c81f459b]::ctx::tests::corpus::{closure#0}
[INFO] [stdout]   12:     0x58651ec7af51 - openskp[df563ef7c81f459b]::ctx::tests::corpus
[INFO] [stdout]   13:     0x58651ec7b15d - openskp[df563ef7c81f459b]::ctx::tests::post_2017_container_is_zip
[INFO] [stdout]   14:     0x58651ec6e859 - <openskp[df563ef7c81f459b]::ctx::tests::post_2017_container_is_zip::{closure#0} as core[df12db4294e9bfd3]::ops::function::FnOnce<()>>::call_once
[INFO] [stdout]   15:     0x58651eca6f3b - test[9d35eded1c95d3be]::__rust_begin_short_backtrace::<core[df12db4294e9bfd3]::result::Result<(), alloc[2182bb758b4b3781]::string::String>, fn() -> core[df12db4294e9bfd3]::result::Result<(), alloc[2182bb758b4b3781]::string::String>>
[INFO] [stdout]   16:     0x58651ecb45a5 - test[9d35eded1c95d3be]::run_test::{closure#0}
[INFO] [stdout]   17:     0x58651ecade64 - std[70759c8f55707aa4]::sys::backtrace::__rust_begin_short_backtrace::<test[9d35eded1c95d3be]::run_test::{closure#1}, ()>
[INFO] [stdout]   18:     0x58651ecb7702 - <std[70759c8f55707aa4]::thread::lifecycle::spawn_unchecked<test[9d35eded1c95d3be]::run_test::{closure#1}, ()>::{closure#1} as core[df12db4294e9bfd3]::ops::function::FnOnce<()>>::call_once::{shim:vtable#0}
[INFO] [stdout]   19:     0x58651ed20349 - <std[70759c8f55707aa4]::sys::thread::unix::Thread>::new::thread_start
[INFO] [stdout]   20:     0x71b0474f7dfa - <unknown>
[INFO] [stdout]   21:     0x71b04758b3d4 - clone
[INFO] [stdout]   22:                0x0 - <unknown>
[INFO] [stdout] 
[INFO] [stdout] ---- deflate::tests::reproduces_every_corpus_stream stdout ----
[INFO] [stdout] 
[INFO] [stdout] thread 'deflate::tests::reproduces_every_corpus_stream' (304) panicked at src/deflate.rs:1346:14:
[INFO] [stdout] called `Result::unwrap()` on an `Err` value: Os { code: 2, kind: NotFound, message: "No such file or directory" }
[INFO] [stdout] stack backtrace:
[INFO] [stdout]    0:     0x58651ed20f81 - <<std[70759c8f55707aa4]::sys::backtrace::BacktraceLock>::print::DisplayBacktrace as core[df12db4294e9bfd3]::fmt::Display>::fmt
[INFO] [stdout]    1:     0x58651ed385ca - core[df12db4294e9bfd3]::fmt::write
[INFO] [stdout]    2:     0x58651ed257cc - <alloc[2182bb758b4b3781]::vec::Vec<u8> as core[df12db4294e9bfd3]::io::write::Write>::write_fmt
[INFO] [stdout]    3:     0x58651ecfbdc6 - std[70759c8f55707aa4]::panicking::default_hook::{closure#0}
[INFO] [stdout]    4:     0x58651ed18fc9 - std[70759c8f55707aa4]::panicking::default_hook
[INFO] [stdout]    5:     0x58651ecb3c50 - test[9d35eded1c95d3be]::test_main_inner::<test[9d35eded1c95d3be]::test_main_static::{closure#0}>::{closure#0}
[INFO] [stdout]    6:     0x58651ed19182 - std[70759c8f55707aa4]::panicking::panic_with_hook
[INFO] [stdout]    7:     0x58651ecfbe72 - std[70759c8f55707aa4]::panicking::panic_handler::{closure#0}
[INFO] [stdout]    8:     0x58651ecf48a9 - std[70759c8f55707aa4]::sys::backtrace::__rust_end_short_backtrace::<std[70759c8f55707aa4]::panicking::panic_handler::{closure#0}, !>
[INFO] [stdout]    9:     0x58651ecfca6d - __rustc[8fa7c3cbc660c2b3]::rust_begin_unwind
[INFO] [stdout]   10:     0x58651ed38cfc - core[df12db4294e9bfd3]::panicking::panic_fmt
[INFO] [stdout]   11:     0x58651ed38ad2 - core[df12db4294e9bfd3]::result::unwrap_failed
[INFO] [stdout]   12:     0x58651ebd910c - openskp[df563ef7c81f459b]::deflate::tests::reproduces_every_corpus_stream
[INFO] [stdout]   13:     0x58651ec6f209 - <openskp[df563ef7c81f459b]::deflate::tests::reproduces_every_corpus_stream::{closure#0} as core[df12db4294e9bfd3]::ops::function::FnOnce<()>>::call_once
[INFO] [stdout]   14:     0x58651eca6f3b - test[9d35eded1c95d3be]::__rust_begin_short_backtrace::<core[df12db4294e9bfd3]::result::Result<(), alloc[2182bb758b4b3781]::string::String>, fn() -> core[df12db4294e9bfd3]::result::Result<(), alloc[2182bb758b4b3781]::string::String>>
[INFO] [stdout]   15:     0x58651ecb45a5 - test[9d35eded1c95d3be]::run_test::{closure#0}
[INFO] [stdout]   16:     0x58651ecade64 - std[70759c8f55707aa4]::sys::backtrace::__rust_begin_short_backtrace::<test[9d35eded1c95d3be]::run_test::{closure#1}, ()>
[INFO] [stdout]   17:     0x58651ecb7702 - <std[70759c8f55707aa4]::thread::lifecycle::spawn_unchecked<test[9d35eded1c95d3be]::run_test::{closure#1}, ()>::{closure#1} as core[df12db4294e9bfd3]::ops::function::FnOnce<()>>::call_once::{shim:vtable#0}
[INFO] [stdout]   18:     0x58651ed20349 - <std[70759c8f55707aa4]::sys::thread::unix::Thread>::new::thread_start
[INFO] [stdout]   19:     0x71b0474f7dfa - <unknown>
[INFO] [stdout]   20:     0x71b04758b3d4 - clone
[INFO] [stdout]   21:                0x0 - <unknown>
[INFO] [stdout] 
[INFO] [stdout] ---- doc26::tests::document_model_equals_model_parse stdout ----
[INFO] [stdout] 
[INFO] [stdout] thread 'doc26::tests::document_model_equals_model_parse' (307) panicked at src/doc26.rs:389:14:
[INFO] [stdout] called `Result::unwrap()` on an `Err` value: Os { code: 2, kind: NotFound, message: "No such file or directory" }
[INFO] [stdout] stack backtrace:
[INFO] [stdout]    0:     0x58651ed20f81 - <<std[70759c8f55707aa4]::sys::backtrace::BacktraceLock>::print::DisplayBacktrace as core[df12db4294e9bfd3]::fmt::Display>::fmt
[INFO] [stdout]    1:     0x58651ed385ca - core[df12db4294e9bfd3]::fmt::write
[INFO] [stdout]    2:     0x58651ed257cc - <alloc[2182bb758b4b3781]::vec::Vec<u8> as core[df12db4294e9bfd3]::io::write::Write>::write_fmt
[INFO] [stdout]    3:     0x58651ecfbdc6 - std[70759c8f55707aa4]::panicking::default_hook::{closure#0}
[INFO] [stdout]    4:     0x58651ed18fc9 - std[70759c8f55707aa4]::panicking::default_hook
[INFO] [stdout]    5:     0x58651ecb3c50 - test[9d35eded1c95d3be]::test_main_inner::<test[9d35eded1c95d3be]::test_main_static::{closure#0}>::{closure#0}
[INFO] [stdout]    6:     0x58651ed19182 - std[70759c8f55707aa4]::panicking::panic_with_hook
[INFO] [stdout]    7:     0x58651ecfbe72 - std[70759c8f55707aa4]::panicking::panic_handler::{closure#0}
[INFO] [stdout]    8:     0x58651ecf48a9 - std[70759c8f55707aa4]::sys::backtrace::__rust_end_short_backtrace::<std[70759c8f55707aa4]::panicking::panic_handler::{closure#0}, !>
[INFO] [stdout]    9:     0x58651ecfca6d - __rustc[8fa7c3cbc660c2b3]::rust_begin_unwind
[INFO] [stdout]   10:     0x58651ed38cfc - core[df12db4294e9bfd3]::panicking::panic_fmt
[INFO] [stdout]   11:     0x58651ed38ad2 - core[df12db4294e9bfd3]::result::unwrap_failed
[INFO] [stdout]   12:     0x58651ebe46cf - openskp[df563ef7c81f459b]::doc26::tests::corpus_files
[INFO] [stdout]   13:     0x58651ebe47fd - openskp[df563ef7c81f459b]::doc26::tests::document_model_equals_model_parse
[INFO] [stdout]   14:     0x58651ec6eb49 - <openskp[df563ef7c81f459b]::doc26::tests::document_model_equals_model_parse::{closure#0} as core[df12db4294e9bfd3]::ops::function::FnOnce<()>>::call_once
[INFO] [stdout]   15:     0x58651eca6f3b - test[9d35eded1c95d3be]::__rust_begin_short_backtrace::<core[df12db4294e9bfd3]::result::Result<(), alloc[2182bb758b4b3781]::string::String>, fn() -> core[df12db4294e9bfd3]::result::Result<(), alloc[2182bb758b4b3781]::string::String>>
[INFO] [stdout]   16:     0x58651ecb45a5 - test[9d35eded1c95d3be]::run_test::{closure#0}
[INFO] [stdout]   17:     0x58651ecade64 - std[70759c8f55707aa4]::sys::backtrace::__rust_begin_short_backtrace::<test[9d35eded1c95d3be]::run_test::{closure#1}, ()>
[INFO] [stdout]   18:     0x58651ecb7702 - <std[70759c8f55707aa4]::thread::lifecycle::spawn_unchecked<test[9d35eded1c95d3be]::run_test::{closure#1}, ()>::{closure#1} as core[df12db4294e9bfd3]::ops::function::FnOnce<()>>::call_once::{shim:vtable#0}
[INFO] [stdout]   19:     0x58651ed20349 - <std[70759c8f55707aa4]::sys::thread::unix::Thread>::new::thread_start
[INFO] [stdout]   20:     0x71b0474f7dfa - <unknown>
[INFO] [stdout]   21:     0x71b04758b3d4 - clone
[INFO] [stdout]   22:                0x0 - <unknown>
[INFO] [stdout] 
[INFO] [stdout] ---- doc26::tests::open_write_is_identity_with_and_without_repack stdout ----
[INFO] [stdout] 
[INFO] [stdout] thread 'doc26::tests::open_write_is_identity_with_and_without_repack' (308) panicked at src/doc26.rs:389:14:
[INFO] [stdout] called `Result::unwrap()` on an `Err` value: Os { code: 2, kind: NotFound, message: "No such file or directory" }
[INFO] [stdout] stack backtrace:
[INFO] [stdout]    0:     0x58651ed20f81 - <<std[70759c8f55707aa4]::sys::backtrace::BacktraceLock>::print::DisplayBacktrace as core[df12db4294e9bfd3]::fmt::Display>::fmt
[INFO] [stdout]    1:     0x58651ed385ca - core[df12db4294e9bfd3]::fmt::write
[INFO] [stdout]    2:     0x58651ed257cc - <alloc[2182bb758b4b3781]::vec::Vec<u8> as core[df12db4294e9bfd3]::io::write::Write>::write_fmt
[INFO] [stdout]    3:     0x58651ecfbdc6 - std[70759c8f55707aa4]::panicking::default_hook::{closure#0}
[INFO] [stdout]    4:     0x58651ed18fc9 - std[70759c8f55707aa4]::panicking::default_hook
[INFO] [stdout]    5:     0x58651ecb3c50 - test[9d35eded1c95d3be]::test_main_inner::<test[9d35eded1c95d3be]::test_main_static::{closure#0}>::{closure#0}
[INFO] [stdout]    6:     0x58651ed19182 - std[70759c8f55707aa4]::panicking::panic_with_hook
[INFO] [stdout]    7:     0x58651ecfbe72 - std[70759c8f55707aa4]::panicking::panic_handler::{closure#0}
[INFO] [stdout]    8:     0x58651ecf48a9 - std[70759c8f55707aa4]::sys::backtrace::__rust_end_short_backtrace::<std[70759c8f55707aa4]::panicking::panic_handler::{closure#0}, !>
[INFO] [stdout]    9:     0x58651ecfca6d - __rustc[8fa7c3cbc660c2b3]::rust_begin_unwind
[INFO] [stdout]   10:     0x58651ed38cfc - core[df12db4294e9bfd3]::panicking::panic_fmt
[INFO] [stdout]   11:     0x58651ed38ad2 - core[df12db4294e9bfd3]::result::unwrap_failed
[INFO] [stdout]   12:     0x58651ebe46cf - openskp[df563ef7c81f459b]::doc26::tests::corpus_files
[INFO] [stdout]   13:     0x58651ebe5d4b - openskp[df563ef7c81f459b]::doc26::tests::open_write_is_identity_with_and_without_repack
[INFO] [stdout]   14:     0x58651ec6eba9 - <openskp[df563ef7c81f459b]::doc26::tests::open_write_is_identity_with_and_without_repack::{closure#0} as core[df12db4294e9bfd3]::ops::function::FnOnce<()>>::call_once
[INFO] [stdout]   15:     0x58651eca6f3b - test[9d35eded1c95d3be]::__rust_begin_short_backtrace::<core[df12db4294e9bfd3]::result::Result<(), alloc[2182bb758b4b3781]::string::String>, fn() -> core[df12db4294e9bfd3]::result::Result<(), alloc[2182bb758b4b3781]::string::String>>
[INFO] [stdout]   16:     0x58651ecb45a5 - test[9d35eded1c95d3be]::run_test::{closure#0}
[INFO] [stdout]   17:     0x58651ecade64 - std[70759c8f55707aa4]::sys::backtrace::__rust_begin_short_backtrace::<test[9d35eded1c95d3be]::run_test::{closure#1}, ()>
[INFO] [stdout]   18:     0x58651ecb7702 - <std[70759c8f55707aa4]::thread::lifecycle::spawn_unchecked<test[9d35eded1c95d3be]::run_test::{closure#1}, ()>::{closure#1} as core[df12db4294e9bfd3]::ops::function::FnOnce<()>>::call_once::{shim:vtable#0}
[INFO] [stdout]   19:     0x58651ed20349 - <std[70759c8f55707aa4]::sys::thread::unix::Thread>::new::thread_start
[INFO] [stdout]   20:     0x71b0474f7dfa - <unknown>
[INFO] [stdout]   21:     0x71b04758b3d4 - clone
[INFO] [stdout]   22:                0x0 - <unknown>
[INFO] [stdout] 
[INFO] [stdout] ---- doc26::tests::stored_entries_are_reencoded_on_write stdout ----
[INFO] [stdout] 
[INFO] [stdout] thread 'doc26::tests::stored_entries_are_reencoded_on_write' (309) panicked at src/doc26.rs:389:14:
[INFO] [stdout] called `Result::unwrap()` on an `Err` value: Os { code: 2, kind: NotFound, message: "No such file or directory" }
[INFO] [stdout] stack backtrace:
[INFO] [stdout]    0:     0x58651ed20f81 - <<std[70759c8f55707aa4]::sys::backtrace::BacktraceLock>::print::DisplayBacktrace as core[df12db4294e9bfd3]::fmt::Display>::fmt
[INFO] [stdout]    1:     0x58651ed385ca - core[df12db4294e9bfd3]::fmt::write
[INFO] [stdout]    2:     0x58651ed257cc - <alloc[2182bb758b4b3781]::vec::Vec<u8> as core[df12db4294e9bfd3]::io::write::Write>::write_fmt
[INFO] [stdout]    3:     0x58651ecfbdc6 - std[70759c8f55707aa4]::panicking::default_hook::{closure#0}
[INFO] [stdout]    4:     0x58651ed18fc9 - std[70759c8f55707aa4]::panicking::default_hook
[INFO] [stdout]    5:     0x58651ecb3c50 - test[9d35eded1c95d3be]::test_main_inner::<test[9d35eded1c95d3be]::test_main_static::{closure#0}>::{closure#0}
[INFO] [stdout]    6:     0x58651ed19182 - std[70759c8f55707aa4]::panicking::panic_with_hook
[INFO] [stdout]    7:     0x58651ecfbe72 - std[70759c8f55707aa4]::panicking::panic_handler::{closure#0}
[INFO] [stdout]    8:     0x58651ecf48a9 - std[70759c8f55707aa4]::sys::backtrace::__rust_end_short_backtrace::<std[70759c8f55707aa4]::panicking::panic_handler::{closure#0}, !>
[INFO] [stdout]    9:     0x58651ecfca6d - __rustc[8fa7c3cbc660c2b3]::rust_begin_unwind
[INFO] [stdout]   10:     0x58651ed38cfc - core[df12db4294e9bfd3]::panicking::panic_fmt
[INFO] [stdout]   11:     0x58651ed38ad2 - core[df12db4294e9bfd3]::result::unwrap_failed
[INFO] [stdout]   12:     0x58651ebe46cf - openskp[df563ef7c81f459b]::doc26::tests::corpus_files
[INFO] [stdout]   13:     0x58651ebe510d - openskp[df563ef7c81f459b]::doc26::tests::stored_entries_are_reencoded_on_write
[INFO] [stdout]   14:     0x58651ec6eb89 - <openskp[df563ef7c81f459b]::doc26::tests::stored_entries_are_reencoded_on_write::{closure#0} as core[df12db4294e9bfd3]::ops::function::FnOnce<()>>::call_once
[INFO] [stdout]   15:     0x58651eca6f3b - test[9d35eded1c95d3be]::__rust_begin_short_backtrace::<core[df12db4294e9bfd3]::result::Result<(), alloc[2182bb758b4b3781]::string::String>, fn() -> core[df12db4294e9bfd3]::result::Result<(), alloc[2182bb758b4b3781]::string::String>>
[INFO] [stdout]   16:     0x58651ecb45a5 - test[9d35eded1c95d3be]::run_test::{closure#0}
[INFO] [stdout]   17:     0x58651ecade64 - std[70759c8f55707aa4]::sys::backtrace::__rust_begin_short_backtrace::<test[9d35eded1c95d3be]::run_test::{closure#1}, ()>
[INFO] [stdout]   18:     0x58651ecb7702 - <std[70759c8f55707aa4]::thread::lifecycle::spawn_unchecked<test[9d35eded1c95d3be]::run_test::{closure#1}, ()>::{closure#1} as core[df12db4294e9bfd3]::ops::function::FnOnce<()>>::call_once::{shim:vtable#0}
[INFO] [stdout]   19:     0x58651ed20349 - <std[70759c8f55707aa4]::sys::thread::unix::Thread>::new::thread_start
[INFO] [stdout]   20:     0x71b0474f7dfa - <unknown>
[INFO] [stdout]   21:     0x71b04758b3d4 - clone
[INFO] [stdout]   22:                0x0 - <unknown>
[INFO] [stdout] 
[INFO] [stdout] ---- matwalk::specs::archive_walk_matches_anchored_region_walk stdout ----
[INFO] [stdout] 
[INFO] [stdout] thread 'matwalk::specs::archive_walk_matches_anchored_region_walk' (315) panicked at src/matwalk.rs:374:26:
[INFO] [stdout] corpus file: Os { code: 2, kind: NotFound, message: "No such file or directory" }
[INFO] [stdout] stack backtrace:
[INFO] [stdout]    0:     0x58651ed20f81 - <<std[70759c8f55707aa4]::sys::backtrace::BacktraceLock>::print::DisplayBacktrace as core[df12db4294e9bfd3]::fmt::Display>::fmt
[INFO] [stdout]    1:     0x58651ed385ca - core[df12db4294e9bfd3]::fmt::write
[INFO] [stdout]    2:     0x58651ed257cc - <alloc[2182bb758b4b3781]::vec::Vec<u8> as core[df12db4294e9bfd3]::io::write::Write>::write_fmt
[INFO] [stdout]    3:     0x58651ecfbdc6 - std[70759c8f55707aa4]::panicking::default_hook::{closure#0}
[INFO] [stdout]    4:     0x58651ed18fc9 - std[70759c8f55707aa4]::panicking::default_hook
[INFO] [stdout]    5:     0x58651ecb3c50 - test[9d35eded1c95d3be]::test_main_inner::<test[9d35eded1c95d3be]::test_main_static::{closure#0}>::{closure#0}
[INFO] [stdout]    6:     0x58651ed19182 - std[70759c8f55707aa4]::panicking::panic_with_hook
[INFO] [stdout]    7:     0x58651ecfbe72 - std[70759c8f55707aa4]::panicking::panic_handler::{closure#0}
[INFO] [stdout]    8:     0x58651ecf48a9 - std[70759c8f55707aa4]::sys::backtrace::__rust_end_short_backtrace::<std[70759c8f55707aa4]::panicking::panic_handler::{closure#0}, !>
[INFO] [stdout]    9:     0x58651ecfca6d - __rustc[8fa7c3cbc660c2b3]::rust_begin_unwind
[INFO] [stdout]   10:     0x58651ed38cfc - core[df12db4294e9bfd3]::panicking::panic_fmt
[INFO] [stdout]   11:     0x58651ed38ad2 - core[df12db4294e9bfd3]::result::unwrap_failed
[INFO] [stdout]   12:     0x58651ec7baea - openskp[df563ef7c81f459b]::matwalk::specs::corpus
[INFO] [stdout]   13:     0x58651ec7cb10 - openskp[df563ef7c81f459b]::matwalk::specs::archive_walk_matches_anchored_region_walk
[INFO] [stdout]   14:     0x58651ec6f289 - <openskp[df563ef7c81f459b]::matwalk::specs::archive_walk_matches_anchored_region_walk::{closure#0} as core[df12db4294e9bfd3]::ops::function::FnOnce<()>>::call_once
[INFO] [stdout]   15:     0x58651eca6f3b - test[9d35eded1c95d3be]::__rust_begin_short_backtrace::<core[df12db4294e9bfd3]::result::Result<(), alloc[2182bb758b4b3781]::string::String>, fn() -> core[df12db4294e9bfd3]::result::Result<(), alloc[2182bb758b4b3781]::string::String>>
[INFO] [stdout]   16:     0x58651ecb45a5 - test[9d35eded1c95d3be]::run_test::{closure#0}
[INFO] [stdout]   17:     0x58651ecade64 - std[70759c8f55707aa4]::sys::backtrace::__rust_begin_short_backtrace::<test[9d35eded1c95d3be]::run_test::{closure#1}, ()>
[INFO] [stdout]   18:     0x58651ecb7702 - <std[70759c8f55707aa4]::thread::lifecycle::spawn_unchecked<test[9d35eded1c95d3be]::run_test::{closure#1}, ()>::{closure#1} as core[df12db4294e9bfd3]::ops::function::FnOnce<()>>::call_once::{shim:vtable#0}
[INFO] [stdout]   19:     0x58651ed20349 - <std[70759c8f55707aa4]::sys::thread::unix::Thread>::new::thread_start
[INFO] [stdout]   20:     0x71b0474f7dfa - <unknown>
[INFO] [stdout]   21:     0x71b04758b3d4 - clone
[INFO] [stdout]   22:                0x0 - <unknown>
[INFO] [stdout] 
[INFO] [stdout] ---- matwalk::specs::corpus_regions_walk_end_to_end stdout ----
[INFO] [stdout] 
[INFO] [stdout] thread 'matwalk::specs::corpus_regions_walk_end_to_end' (316) panicked at src/matwalk.rs:374:26:
[INFO] [stdout] corpus file: Os { code: 2, kind: NotFound, message: "No such file or directory" }
[INFO] [stdout] stack backtrace:
[INFO] [stdout]    0:     0x58651ed20f81 - <<std[70759c8f55707aa4]::sys::backtrace::BacktraceLock>::print::DisplayBacktrace as core[df12db4294e9bfd3]::fmt::Display>::fmt
[INFO] [stdout]    1:     0x58651ed385ca - core[df12db4294e9bfd3]::fmt::write
[INFO] [stdout]    2:     0x58651ed257cc - <alloc[2182bb758b4b3781]::vec::Vec<u8> as core[df12db4294e9bfd3]::io::write::Write>::write_fmt
[INFO] [stdout]    3:     0x58651ecfbdc6 - std[70759c8f55707aa4]::panicking::default_hook::{closure#0}
[INFO] [stdout]    4:     0x58651ed18fc9 - std[70759c8f55707aa4]::panicking::default_hook
[INFO] [stdout]    5:     0x58651ecb3c50 - test[9d35eded1c95d3be]::test_main_inner::<test[9d35eded1c95d3be]::test_main_static::{closure#0}>::{closure#0}
[INFO] [stdout]    6:     0x58651ed19182 - std[70759c8f55707aa4]::panicking::panic_with_hook
[INFO] [stdout]    7:     0x58651ecfbe72 - std[70759c8f55707aa4]::panicking::panic_handler::{closure#0}
[INFO] [stdout]    8:     0x58651ecf48a9 - std[70759c8f55707aa4]::sys::backtrace::__rust_end_short_backtrace::<std[70759c8f55707aa4]::panicking::panic_handler::{closure#0}, !>
[INFO] [stdout]    9:     0x58651ecfca6d - __rustc[8fa7c3cbc660c2b3]::rust_begin_unwind
[INFO] [stdout]   10:     0x58651ed38cfc - core[df12db4294e9bfd3]::panicking::panic_fmt
[INFO] [stdout]   11:     0x58651ed38ad2 - core[df12db4294e9bfd3]::result::unwrap_failed
[INFO] [stdout]   12:     0x58651ec7baea - openskp[df563ef7c81f459b]::matwalk::specs::corpus
[INFO] [stdout]   13:     0x58651ec7bf3d - openskp[df563ef7c81f459b]::matwalk::specs::corpus_regions_walk_end_to_end
[INFO] [stdout]   14:     0x58651ec6f249 - <openskp[df563ef7c81f459b]::matwalk::specs::corpus_regions_walk_end_to_end::{closure#0} as core[df12db4294e9bfd3]::ops::function::FnOnce<()>>::call_once
[INFO] [stdout]   15:     0x58651eca6f3b - test[9d35eded1c95d3be]::__rust_begin_short_backtrace::<core[df12db4294e9bfd3]::result::Result<(), alloc[2182bb758b4b3781]::string::String>, fn() -> core[df12db4294e9bfd3]::result::Result<(), alloc[2182bb758b4b3781]::string::String>>
[INFO] [stdout]   16:     0x58651ecb45a5 - test[9d35eded1c95d3be]::run_test::{closure#0}
[INFO] [stdout]   17:     0x58651ecade64 - std[70759c8f55707aa4]::sys::backtrace::__rust_begin_short_backtrace::<test[9d35eded1c95d3be]::run_test::{closure#1}, ()>
[INFO] [stdout]   18:     0x58651ecb7702 - <std[70759c8f55707aa4]::thread::lifecycle::spawn_unchecked<test[9d35eded1c95d3be]::run_test::{closure#1}, ()>::{closure#1} as core[df12db4294e9bfd3]::ops::function::FnOnce<()>>::call_once::{shim:vtable#0}
[INFO] [stdout]   19:     0x58651ed20349 - <std[70759c8f55707aa4]::sys::thread::unix::Thread>::new::thread_start
[INFO] [stdout]   20:     0x71b0474f7dfa - <unknown>
[INFO] [stdout]   21:     0x71b04758b3d4 - clone
[INFO] [stdout]   22:                0x0 - <unknown>
[INFO] [stdout] 
[INFO] [stdout] ---- read17::tests::the_grammar_reads_what_the_walk_reads stdout ----
[INFO] [stdout] 
[INFO] [stdout] thread 'read17::tests::the_grammar_reads_what_the_walk_reads' (322) panicked at src/read17.rs:1179:56:
[INFO] [stdout] called `Result::unwrap()` on an `Err` value: Os { code: 2, kind: NotFound, message: "No such file or directory" }
[INFO] [stdout] stack backtrace:
[INFO] [stdout]    0:     0x58651ed20f81 - <<std[70759c8f55707aa4]::sys::backtrace::BacktraceLock>::print::DisplayBacktrace as core[df12db4294e9bfd3]::fmt::Display>::fmt
[INFO] [stdout]    1:     0x58651ed385ca - core[df12db4294e9bfd3]::fmt::write
[INFO] [stdout]    2:     0x58651ed257cc - <alloc[2182bb758b4b3781]::vec::Vec<u8> as core[df12db4294e9bfd3]::io::write::Write>::write_fmt
[INFO] [stdout]    3:     0x58651ecfbdc6 - std[70759c8f55707aa4]::panicking::default_hook::{closure#0}
[INFO] [stdout]    4:     0x58651ed18fc9 - std[70759c8f55707aa4]::panicking::default_hook
[INFO] [stdout]    5:     0x58651ecb3c50 - test[9d35eded1c95d3be]::test_main_inner::<test[9d35eded1c95d3be]::test_main_static::{closure#0}>::{closure#0}
[INFO] [stdout]    6:     0x58651ed19182 - std[70759c8f55707aa4]::panicking::panic_with_hook
[INFO] [stdout]    7:     0x58651ecfbe72 - std[70759c8f55707aa4]::panicking::panic_handler::{closure#0}
[INFO] [stdout]    8:     0x58651ecf48a9 - std[70759c8f55707aa4]::sys::backtrace::__rust_end_short_backtrace::<std[70759c8f55707aa4]::panicking::panic_handler::{closure#0}, !>
[INFO] [stdout]    9:     0x58651ecfca6d - __rustc[8fa7c3cbc660c2b3]::rust_begin_unwind
[INFO] [stdout]   10:     0x58651ed38cfc - core[df12db4294e9bfd3]::panicking::panic_fmt
[INFO] [stdout]   11:     0x58651ed38ad2 - core[df12db4294e9bfd3]::result::unwrap_failed
[INFO] [stdout]   12:     0x58651ebf1e8e - openskp[df563ef7c81f459b]::read17::tests::the_grammar_reads_what_the_walk_reads
[INFO] [stdout]   13:     0x58651ec6ed89 - <openskp[df563ef7c81f459b]::read17::tests::the_grammar_reads_what_the_walk_reads::{closure#0} as core[df12db4294e9bfd3]::ops::function::FnOnce<()>>::call_once
[INFO] [stdout]   14:     0x58651eca6f3b - test[9d35eded1c95d3be]::__rust_begin_short_backtrace::<core[df12db4294e9bfd3]::result::Result<(), alloc[2182bb758b4b3781]::string::String>, fn() -> core[df12db4294e9bfd3]::result::Result<(), alloc[2182bb758b4b3781]::string::String>>
[INFO] [stdout]   15:     0x58651ecb45a5 - test[9d35eded1c95d3be]::run_test::{closure#0}
[INFO] [stdout]   16:     0x58651ecade64 - std[70759c8f55707aa4]::sys::backtrace::__rust_begin_short_backtrace::<test[9d35eded1c95d3be]::run_test::{closure#1}, ()>
[INFO] [stdout]   17:     0x58651ecb7702 - <std[70759c8f55707aa4]::thread::lifecycle::spawn_unchecked<test[9d35eded1c95d3be]::run_test::{closure#1}, ()>::{closure#1} as core[df12db4294e9bfd3]::ops::function::FnOnce<()>>::call_once::{shim:vtable#0}
[INFO] [stdout]   18:     0x58651ed20349 - <std[70759c8f55707aa4]::sys::thread::unix::Thread>::new::thread_start
[INFO] [stdout]   19:     0x71b0474f7dfa - <unknown>
[INFO] [stdout]   20:     0x71b04758b3d4 - clone
[INFO] [stdout]   21:                0x0 - <unknown>
[INFO] [stdout] 
[INFO] [stdout] ---- file17::tests::every_2017_file_round_trips_byte_for_byte stdout ----
[INFO] [stdout] 
[INFO] [stdout] thread 'file17::tests::every_2017_file_round_trips_byte_for_byte' (313) panicked at src/file17.rs:2037:9:
[INFO] [stdout] only 0 files found
[INFO] [stdout] stack backtrace:
[INFO] [stdout]    0:     0x58651ed20f81 - <<std[70759c8f55707aa4]::sys::backtrace::BacktraceLock>::print::DisplayBacktrace as core[df12db4294e9bfd3]::fmt::Display>::fmt
[INFO] [stdout]    1:     0x58651ed385ca - core[df12db4294e9bfd3]::fmt::write
[INFO] [stdout]    2:     0x58651ed257cc - <alloc[2182bb758b4b3781]::vec::Vec<u8> as core[df12db4294e9bfd3]::io::write::Write>::write_fmt
[INFO] [stdout]    3:     0x58651ecfbdc6 - std[70759c8f55707aa4]::panicking::default_hook::{closure#0}
[INFO] [stdout]    4:     0x58651ed18fc9 - std[70759c8f55707aa4]::panicking::default_hook
[INFO] [stdout]    5:     0x58651ecb3c50 - test[9d35eded1c95d3be]::test_main_inner::<test[9d35eded1c95d3be]::test_main_static::{closure#0}>::{closure#0}
[INFO] [stdout]    6:     0x58651ed19182 - std[70759c8f55707aa4]::panicking::panic_with_hook
[INFO] [stdout]    7:     0x58651ecfbe72 - std[70759c8f55707aa4]::panicking::panic_handler::{closure#0}
[INFO] [stdout]    8:     0x58651ecf48a9 - std[70759c8f55707aa4]::sys::backtrace::__rust_end_short_backtrace::<std[70759c8f55707aa4]::panicking::panic_handler::{closure#0}, !>
[INFO] [stdout]    9:     0x58651ecfca6d - __rustc[8fa7c3cbc660c2b3]::rust_begin_unwind
[INFO] [stdout]   10:     0x58651ed38cfc - core[df12db4294e9bfd3]::panicking::panic_fmt
[INFO] [stdout]   11:     0x58651ebab9b9 - openskp[df563ef7c81f459b]::file17::tests::every_2017_file_round_trips_byte_for_byte
[INFO] [stdout]   12:     0x58651ec6ece9 - <openskp[df563ef7c81f459b]::file17::tests::every_2017_file_round_trips_byte_for_byte::{closure#0} as core[df12db4294e9bfd3]::ops::function::FnOnce<()>>::call_once
[INFO] [stdout]   13:     0x58651eca6f3b - test[9d35eded1c95d3be]::__rust_begin_short_backtrace::<core[df12db4294e9bfd3]::result::Result<(), alloc[2182bb758b4b3781]::string::String>, fn() -> core[df12db4294e9bfd3]::result::Result<(), alloc[2182bb758b4b3781]::string::String>>
[INFO] [stdout]   14:     0x58651ecb45a5 - test[9d35eded1c95d3be]::run_test::{closure#0}
[INFO] [stdout]   15:     0x58651ecade64 - std[70759c8f55707aa4]::sys::backtrace::__rust_begin_short_backtrace::<test[9d35eded1c95d3be]::run_test::{closure#1}, ()>
[INFO] [stdout]   16:     0x58651ecb7702 - <std[70759c8f55707aa4]::thread::lifecycle::spawn_unchecked<test[9d35eded1c95d3be]::run_test::{closure#1}, ()>::{closure#1} as core[df12db4294e9bfd3]::ops::function::FnOnce<()>>::call_once::{shim:vtable#0}
[INFO] [stdout]   17:     0x58651ed20349 - <std[70759c8f55707aa4]::sys::thread::unix::Thread>::new::thread_start
[INFO] [stdout]   18:     0x71b0474f7dfa - <unknown>
[INFO] [stdout]   19:     0x71b04758b3d4 - clone
[INFO] [stdout]   20:                0x0 - <unknown>
[INFO] [stdout] 
[INFO] [stdout] ---- model::tests::legacy_path_flags_unresolved_shared_textures stdout ----
[INFO] [stdout] 
[INFO] [stdout] thread 'model::tests::legacy_path_flags_unresolved_shared_textures' (320) panicked at src/model.rs:2851:26:
[INFO] [stdout] called `Result::unwrap()` on an `Err` value: Os { code: 2, kind: NotFound, message: "No such file or directory" }
[INFO] [stdout] stack backtrace:
[INFO] [stdout]    0:     0x58651ed20f81 - <<std[70759c8f55707aa4]::sys::backtrace::BacktraceLock>::print::DisplayBacktrace as core[df12db4294e9bfd3]::fmt::Display>::fmt
[INFO] [stdout]    1:     0x58651ed385ca - core[df12db4294e9bfd3]::fmt::write
[INFO] [stdout]    2:     0x58651ed257cc - <alloc[2182bb758b4b3781]::vec::Vec<u8> as core[df12db4294e9bfd3]::io::write::Write>::write_fmt
[INFO] [stdout]    3:     0x58651ecfbdc6 - std[70759c8f55707aa4]::panicking::default_hook::{closure#0}
[INFO] [stdout]    4:     0x58651ed18fc9 - std[70759c8f55707aa4]::panicking::default_hook
[INFO] [stdout]    5:     0x58651ecb3c50 - test[9d35eded1c95d3be]::test_main_inner::<test[9d35eded1c95d3be]::test_main_static::{closure#0}>::{closure#0}
[INFO] [stdout]    6:     0x58651ed19182 - std[70759c8f55707aa4]::panicking::panic_with_hook
[INFO] [stdout]    7:     0x58651ecfbe72 - std[70759c8f55707aa4]::panicking::panic_handler::{closure#0}
[INFO] [stdout]    8:     0x58651ecf48a9 - std[70759c8f55707aa4]::sys::backtrace::__rust_end_short_backtrace::<std[70759c8f55707aa4]::panicking::panic_handler::{closure#0}, !>
[INFO] [stdout]    9:     0x58651ecfca6d - __rustc[8fa7c3cbc660c2b3]::rust_begin_unwind
[INFO] [stdout]   10:     0x58651ed38cfc - core[df12db4294e9bfd3]::panicking::panic_fmt
[INFO] [stdout]   11:     0x58651ed38ad2 - core[df12db4294e9bfd3]::result::unwrap_failed
[INFO] [stdout]   12:     0x58651ebe6abe - openskp[df563ef7c81f459b]::model::tests::legacy_path_flags_unresolved_shared_textures
[INFO] [stdout]   13:     0x58651ec6ebc9 - <openskp[df563ef7c81f459b]::model::tests::legacy_path_flags_unresolved_shared_textures::{closure#0} as core[df12db4294e9bfd3]::ops::function::FnOnce<()>>::call_once
[INFO] [stdout]   14:     0x58651eca6f3b - test[9d35eded1c95d3be]::__rust_begin_short_backtrace::<core[df12db4294e9bfd3]::result::Result<(), alloc[2182bb758b4b3781]::string::String>, fn() -> core[df12db4294e9bfd3]::result::Result<(), alloc[2182bb758b4b3781]::string::String>>
[INFO] [stdout]   15:     0x58651ecb45a5 - test[9d35eded1c95d3be]::run_test::{closure#0}
[INFO] [stdout]   16:     0x58651ecade64 - std[70759c8f55707aa4]::sys::backtrace::__rust_begin_short_backtrace::<test[9d35eded1c95d3be]::run_test::{closure#1}, ()>
[INFO] [stdout]   17:     0x58651ecb7702 - <std[70759c8f55707aa4]::thread::lifecycle::spawn_unchecked<test[9d35eded1c95d3be]::run_test::{closure#1}, ()>::{closure#1} as core[df12db4294e9bfd3]::ops::function::FnOnce<()>>::call_once::{shim:vtable#0}
[INFO] [stdout]   18:     0x58651ed20349 - <std[70759c8f55707aa4]::sys::thread::unix::Thread>::new::thread_start
[INFO] [stdout]   19:     0x71b0474f7dfa - <unknown>
[INFO] [stdout]   20:     0x71b04758b3d4 - clone
[INFO] [stdout]   21:                0x0 - <unknown>
[INFO] [stdout] 
[INFO] [stdout] ---- tree26::tests::corpus_trees_round_trip stdout ----
[INFO] [stdout] 
[INFO] [stdout] thread 'tree26::tests::corpus_trees_round_trip' (326) panicked at src/tree26.rs:413:14:
[INFO] [stdout] called `Result::unwrap()` on an `Err` value: Os { code: 2, kind: NotFound, message: "No such file or directory" }
[INFO] [stdout] stack backtrace:
[INFO] [stdout]    0:     0x58651ed20f81 - <<std[70759c8f55707aa4]::sys::backtrace::BacktraceLock>::print::DisplayBacktrace as core[df12db4294e9bfd3]::fmt::Display>::fmt
[INFO] [stdout]    1:     0x58651ed385ca - core[df12db4294e9bfd3]::fmt::write
[INFO] [stdout]    2:     0x58651ed257cc - <alloc[2182bb758b4b3781]::vec::Vec<u8> as core[df12db4294e9bfd3]::io::write::Write>::write_fmt
[INFO] [stdout]    3:     0x58651ecfbdc6 - std[70759c8f55707aa4]::panicking::default_hook::{closure#0}
[INFO] [stdout]    4:     0x58651ed18fc9 - std[70759c8f55707aa4]::panicking::default_hook
[INFO] [stdout]    5:     0x58651ecb3c50 - test[9d35eded1c95d3be]::test_main_inner::<test[9d35eded1c95d3be]::test_main_static::{closure#0}>::{closure#0}
[INFO] [stdout]    6:     0x58651ed19182 - std[70759c8f55707aa4]::panicking::panic_with_hook
[INFO] [stdout]    7:     0x58651ecfbe72 - std[70759c8f55707aa4]::panicking::panic_handler::{closure#0}
[INFO] [stdout]    8:     0x58651ecf48a9 - std[70759c8f55707aa4]::sys::backtrace::__rust_end_short_backtrace::<std[70759c8f55707aa4]::panicking::panic_handler::{closure#0}, !>
[INFO] [stdout]    9:     0x58651ecfca6d - __rustc[8fa7c3cbc660c2b3]::rust_begin_unwind
[INFO] [stdout]   10:     0x58651ed38cfc - core[df12db4294e9bfd3]::panicking::panic_fmt
[INFO] [stdout]   11:     0x58651ed38ad2 - core[df12db4294e9bfd3]::result::unwrap_failed
[INFO] [stdout]   12:     0x58651ebac66e - openskp[df563ef7c81f459b]::tree26::tests::corpus_trees_round_trip
[INFO] [stdout]   13:     0x58651ec6f089 - <openskp[df563ef7c81f459b]::tree26::tests::corpus_trees_round_trip::{closure#0} as core[df12db4294e9bfd3]::ops::function::FnOnce<()>>::call_once
[INFO] [stdout]   14:     0x58651eca6f3b - test[9d35eded1c95d3be]::__rust_begin_short_backtrace::<core[df12db4294e9bfd3]::result::Result<(), alloc[2182bb758b4b3781]::string::String>, fn() -> core[df12db4294e9bfd3]::result::Result<(), alloc[2182bb758b4b3781]::string::String>>
[INFO] [stdout]   15:     0x58651ecb45a5 - test[9d35eded1c95d3be]::run_test::{closure#0}
[INFO] [stdout]   16:     0x58651ecade64 - std[70759c8f55707aa4]::sys::backtrace::__rust_begin_short_backtrace::<test[9d35eded1c95d3be]::run_test::{closure#1}, ()>
[INFO] [stdout]   17:     0x58651ecb7702 - <std[70759c8f55707aa4]::thread::lifecycle::spawn_unchecked<test[9d35eded1c95d3be]::run_test::{closure#1}, ()>::{closure#1} as core[df12db4294e9bfd3]::ops::function::FnOnce<()>>::call_once::{shim:vtable#0}
[INFO] [stdout]   18:     0x58651ed20349 - <std[70759c8f55707aa4]::sys::thread::unix::Thread>::new::thread_start
[INFO] [stdout]   19:     0x71b0474f7dfa - <unknown>
[INFO] [stdout]   20:     0x71b04758b3d4 - clone
[INFO] [stdout]   21:                0x0 - <unknown>
[INFO] [stdout] 
[INFO] [stdout] ---- zip::tests::reads_every_entry_of_every_2026_file stdout ----
[INFO] [stdout] 
[INFO] [stdout] thread 'zip::tests::reads_every_entry_of_every_2026_file' (341) panicked at src/zip.rs:459:14:
[INFO] [stdout] called `Result::unwrap()` on an `Err` value: Os { code: 2, kind: NotFound, message: "No such file or directory" }
[INFO] [stdout] stack backtrace:
[INFO] [stdout]    0:     0x58651ed20f81 - <<std[70759c8f55707aa4]::sys::backtrace::BacktraceLock>::print::DisplayBacktrace as core[df12db4294e9bfd3]::fmt::Display>::fmt
[INFO] [stdout]    1:     0x58651ed385ca - core[df12db4294e9bfd3]::fmt::write
[INFO] [stdout]    2:     0x58651ed257cc - <alloc[2182bb758b4b3781]::vec::Vec<u8> as core[df12db4294e9bfd3]::io::write::Write>::write_fmt
[INFO] [stdout]    3:     0x58651ecfbdc6 - std[70759c8f55707aa4]::panicking::default_hook::{closure#0}
[INFO] [stdout]    4:     0x58651ed18fc9 - std[70759c8f55707aa4]::panicking::default_hook
[INFO] [stdout]    5:     0x58651ecb3c50 - test[9d35eded1c95d3be]::test_main_inner::<test[9d35eded1c95d3be]::test_main_static::{closure#0}>::{closure#0}
[INFO] [stdout]    6:     0x58651ed19182 - std[70759c8f55707aa4]::panicking::panic_with_hook
[INFO] [stdout]    7:     0x58651ecfbe72 - std[70759c8f55707aa4]::panicking::panic_handler::{closure#0}
[INFO] [stdout]    8:     0x58651ecf48a9 - std[70759c8f55707aa4]::sys::backtrace::__rust_end_short_backtrace::<std[70759c8f55707aa4]::panicking::panic_handler::{closure#0}, !>
[INFO] [stdout]    9:     0x58651ecfca6d - __rustc[8fa7c3cbc660c2b3]::rust_begin_unwind
[INFO] [stdout]   10:     0x58651ed38cfc - core[df12db4294e9bfd3]::panicking::panic_fmt
[INFO] [stdout]   11:     0x58651ed38ad2 - core[df12db4294e9bfd3]::result::unwrap_failed
[INFO] [stdout]   12:     0x58651ebe38dd - openskp[df563ef7c81f459b]::zip::tests::reads_every_entry_of_every_2026_file
[INFO] [stdout]   13:     0x58651ec6ea69 - <openskp[df563ef7c81f459b]::zip::tests::reads_every_entry_of_every_2026_file::{closure#0} as core[df12db4294e9bfd3]::ops::function::FnOnce<()>>::call_once
[INFO] [stdout]   14:     0x58651eca6f3b - test[9d35eded1c95d3be]::__rust_begin_short_backtrace::<core[df12db4294e9bfd3]::result::Result<(), alloc[2182bb758b4b3781]::string::String>, fn() -> core[df12db4294e9bfd3]::result::Result<(), alloc[2182bb758b4b3781]::string::String>>
[INFO] [stdout]   15:     0x58651ecb45a5 - test[9d35eded1c95d3be]::run_test::{closure#0}
[INFO] [stdout]   16:     0x58651ecade64 - std[70759c8f55707aa4]::sys::backtrace::__rust_begin_short_backtrace::<test[9d35eded1c95d3be]::run_test::{closure#1}, ()>
[INFO] [stdout]   17:     0x58651ecb7702 - <std[70759c8f55707aa4]::thread::lifecycle::spawn_unchecked<test[9d35eded1c95d3be]::run_test::{closure#1}, ()>::{closure#1} as core[df12db4294e9bfd3]::ops::function::FnOnce<()>>::call_once::{shim:vtable#0}
[INFO] [stdout]   18:     0x58651ed20349 - <std[70759c8f55707aa4]::sys::thread::unix::Thread>::new::thread_start
[INFO] [stdout]   19:     0x71b0474f7dfa - <unknown>
[INFO] [stdout]   20:     0x71b04758b3d4 - clone
[INFO] [stdout]   21:                0x0 - <unknown>
[INFO] [stdout] 
[INFO] [stdout] 
[INFO] [stdout] failures:
[INFO] [stdout]     ctx::tests::corpus_2017_files_are_carchive2017
[INFO] [stdout]     ctx::tests::ctx_of_box_reads_version_and_schemas
[INFO] [stdout]     ctx::tests::ctx_of_post_2017_is_none
[INFO] [stdout]     ctx::tests::post_2017_container_is_zip
[INFO] [stderr] error: test failed, to rerun pass `--lib`
[INFO] [stdout]     deflate::tests::reproduces_every_corpus_stream
[INFO] [stdout]     doc26::tests::document_model_equals_model_parse
[INFO] [stdout]     doc26::tests::open_write_is_identity_with_and_without_repack
[INFO] [stdout]     doc26::tests::stored_entries_are_reencoded_on_write
[INFO] [stdout]     file17::tests::every_2017_file_round_trips_byte_for_byte
[INFO] [stdout]     matwalk::specs::archive_walk_matches_anchored_region_walk
[INFO] [stdout]     matwalk::specs::corpus_regions_walk_end_to_end
[INFO] [stdout]     model::tests::legacy_path_flags_unresolved_shared_textures
[INFO] [stdout]     read17::tests::the_grammar_reads_what_the_walk_reads
[INFO] [stdout]     tree26::tests::corpus_trees_round_trip
[INFO] [stdout]     zip::tests::reads_every_entry_of_every_2026_file
[INFO] [stdout] 
[INFO] [stdout] test result: FAILED. 53 passed; 15 failed; 4 ignored; 0 measured; 0 filtered out; finished in 0.03s
[INFO] [stdout] 
[INFO] running `Command { std: "docker" "inspect" "58bbf74e6036c0deba4f3e1aff0008cd720098b896cf422045fc87581a691734", kill_on_drop: false }`
[INFO] running `Command { std: "docker" "rm" "-f" "58bbf74e6036c0deba4f3e1aff0008cd720098b896cf422045fc87581a691734", kill_on_drop: false }`
[INFO] [stdout] 58bbf74e6036c0deba4f3e1aff0008cd720098b896cf422045fc87581a691734
