[INFO] fetching crate openskp-cli 0.5.0...
[INFO] testing openskp-cli-0.5.0 against 1.100.0-beta.1+cargoflags=--release for beta-release-1.100-2
[INFO] extracting crate openskp-cli 0.5.0 into /workspace/builds/worker-0-tc2/source
[INFO] started tweaking crates.io crate openskp-cli 0.5.0
[INFO] removed 0 missing tests
[INFO] finished tweaking crates.io crate openskp-cli 0.5.0
[INFO] tweaked toml for crates.io crate openskp-cli 0.5.0 written to /workspace/builds/worker-0-tc2/source/Cargo.toml
[INFO] validating manifest of crates.io crate openskp-cli 0.5.0 on toolchain 1.100.0-beta.1
[INFO] running `Command { std: CARGO_HOME="/workspace/cargo-home" RUSTUP_HOME="/workspace/rustup-home" "/workspace/cargo-home/bin/cargo" "+1.100.0-beta.1" "metadata" "--manifest-path" "Cargo.toml" "--no-deps", kill_on_drop: false }`
[INFO] crate crates.io crate openskp-cli 0.5.0 already has a lockfile, it will not be regenerated
[INFO] running `Command { std: CARGO_HOME="/workspace/cargo-home" RUSTUP_HOME="/workspace/rustup-home" "/workspace/cargo-home/bin/cargo" "+1.100.0-beta.1" "fetch" "--manifest-path" "Cargo.toml", kill_on_drop: false }`
[INFO] running `Command { std: "docker" "create" "-v" "/var/lib/crater-agent-workspace/builds/worker-0-tc2/source:/opt/rustwide/workdir:ro,Z" "-v" "/var/lib/crater-agent-workspace/builds/worker-0-tc2/target:/opt/rustwide/target:rw,Z" "-v" "/var/lib/crater-agent-workspace/cargo-home:/opt/rustwide/cargo-home:ro,Z" "-v" "/var/lib/crater-agent-workspace/rustup-home:/opt/rustwide/rustup-home:ro,Z" "-m" "1610612736" "--network" "none" "ghcr.io/rust-lang/crates-build-env/linux@sha256:77db811e55d90add9212f6832c23229e3de5f1c1f9905e8cb07319ea15df73ac" "sleep" "infinity", kill_on_drop: false }`
[INFO] [stdout] 5da49446644b2442a78e60e58e3e255ec3b42af177de9fca48c90d43198b04fe
[INFO] running `Command { std: "docker" "start" "5da49446644b2442a78e60e58e3e255ec3b42af177de9fca48c90d43198b04fe", kill_on_drop: false }`
[INFO] running `Command { std: "docker" "inspect" "5da49446644b2442a78e60e58e3e255ec3b42af177de9fca48c90d43198b04fe", kill_on_drop: false }`
[INFO] running `Command { std: "docker" "exec" "-e" "SOURCE_DIR=/opt/rustwide/workdir" "-e" "CARGO_HOME=/opt/rustwide/cargo-home" "-e" "RUSTUP_HOME=/opt/rustwide/rustup-home" "-e" "CARGO_TARGET_DIR=/opt/rustwide/target" "-w" "/opt/rustwide/workdir" "--user" "0:0" "5da49446644b2442a78e60e58e3e255ec3b42af177de9fca48c90d43198b04fe" "/opt/rustwide/cargo-home/bin/cargo" "+1.100.0-beta.1" "metadata" "--no-deps" "--format-version=1", kill_on_drop: false }`
[INFO] running `Command { std: "docker" "inspect" "5da49446644b2442a78e60e58e3e255ec3b42af177de9fca48c90d43198b04fe", kill_on_drop: false }`
[INFO] running `Command { std: "docker" "exec" "-e" "SOURCE_DIR=/opt/rustwide/workdir" "-e" "CARGO_HOME=/opt/rustwide/cargo-home" "-e" "RUSTUP_HOME=/opt/rustwide/rustup-home" "-e" "CARGO_TARGET_DIR=/opt/rustwide/target" "-e" "CARGO_INCREMENTAL=0" "-e" "RUST_BACKTRACE=full" "-e" "RUSTFLAGS=--cap-lints=warn" "-e" "RUSTDOCFLAGS=--cap-lints=warn" "-w" "/opt/rustwide/workdir" "--user" "0:0" "5da49446644b2442a78e60e58e3e255ec3b42af177de9fca48c90d43198b04fe" "/opt/rustwide/cargo-home/bin/cargo" "+1.100.0-beta.1" "build" "--frozen" "--message-format=json" "--release", kill_on_drop: false }`
[INFO] [stderr]    Compiling miniz_oxide v0.9.1
[INFO] [stderr]    Compiling openskp v0.5.0
[INFO] [stderr]    Compiling openskp-cli v0.5.0 (/opt/rustwide/workdir)
[INFO] [stderr]     Finished `release` profile [optimized] target(s) in 14.18s
[INFO] running `Command { std: "docker" "inspect" "5da49446644b2442a78e60e58e3e255ec3b42af177de9fca48c90d43198b04fe", kill_on_drop: false }`
[INFO] running `Command { std: "docker" "exec" "-e" "SOURCE_DIR=/opt/rustwide/workdir" "-e" "CARGO_HOME=/opt/rustwide/cargo-home" "-e" "RUSTUP_HOME=/opt/rustwide/rustup-home" "-e" "CARGO_TARGET_DIR=/opt/rustwide/target" "-e" "CARGO_INCREMENTAL=0" "-e" "RUST_BACKTRACE=full" "-e" "RUSTFLAGS=--cap-lints=warn" "-e" "RUSTDOCFLAGS=--cap-lints=warn" "-w" "/opt/rustwide/workdir" "--user" "0:0" "5da49446644b2442a78e60e58e3e255ec3b42af177de9fca48c90d43198b04fe" "/opt/rustwide/cargo-home/bin/cargo" "+1.100.0-beta.1" "test" "--frozen" "--no-run" "--message-format=json" "--release", kill_on_drop: false }`
[INFO] [stderr]    Compiling openskp-cli v0.5.0 (/opt/rustwide/workdir)
[INFO] [stderr]     Finished `release` profile [optimized] target(s) in 1.70s
[INFO] running `Command { std: "docker" "inspect" "5da49446644b2442a78e60e58e3e255ec3b42af177de9fca48c90d43198b04fe", kill_on_drop: false }`
[INFO] running `Command { std: "docker" "exec" "-e" "SOURCE_DIR=/opt/rustwide/workdir" "-e" "CARGO_HOME=/opt/rustwide/cargo-home" "-e" "RUSTUP_HOME=/opt/rustwide/rustup-home" "-e" "CARGO_TARGET_DIR=/opt/rustwide/target" "-e" "CARGO_INCREMENTAL=0" "-e" "RUST_BACKTRACE=full" "-e" "RUSTFLAGS=--cap-lints=warn" "-e" "RUSTDOCFLAGS=--cap-lints=warn" "-w" "/opt/rustwide/workdir" "--user" "0:0" "5da49446644b2442a78e60e58e3e255ec3b42af177de9fca48c90d43198b04fe" "/opt/rustwide/cargo-home/bin/cargo" "+1.100.0-beta.1" "test" "--frozen" "--release", kill_on_drop: false }`
[INFO] [stderr]     Finished `release` profile [optimized] target(s) in 0.01s
[INFO] [stderr]      Running unittests src/lib.rs (/opt/rustwide/target/release/build/openskp-cli/0960dfae6bdd9051/out/openskp_cli-0960dfae6bdd9051)
[INFO] [stdout] 
[INFO] [stdout] running 5 tests
[INFO] [stdout] test tests::a_file_name_that_is_not_text_is_kept ... ok
[INFO] [stdout] test tests::edit_distance_counts_single_character_edits ... ok
[INFO] [stdout] test tests::every_command_has_its_own_page ... ok
[INFO] [stdout] test tests::a_mistyped_command_suggests_the_real_one ... ok
[INFO] [stdout] test tests::the_top_page_lists_every_command ... ok
[INFO] [stdout] 
[INFO] [stdout] test result: ok. 5 passed; 0 failed; 0 ignored; 0 measured; 0 filtered out; finished in 0.00s
[INFO] [stdout] 
[INFO] [stderr]      Running unittests src/main.rs (/opt/rustwide/target/release/build/openskp-cli/b3142823143b3608/out/openskp-b3142823143b3608)
[INFO] [stdout] 
[INFO] [stdout] running 0 tests
[INFO] [stdout] 
[INFO] [stdout] test result: ok. 0 passed; 0 failed; 0 ignored; 0 measured; 0 filtered out; finished in 0.00s
[INFO] [stdout] 
[INFO] [stderr]      Running tests/cli.rs (/opt/rustwide/target/release/build/openskp-cli/5400fae02e496213/out/cli-5400fae02e496213)
[INFO] [stdout] 
[INFO] [stdout] running 24 tests
[INFO] [stdout] test a_double_dash_ends_the_options ... ok
[INFO] [stdout] test a_device_is_written_to_and_stays_a_device ... FAILED
[INFO] [stdout] test a_command_line_that_is_not_understood_exits_2_on_stderr ... ok
[INFO] [stdout] test global_options_come_before_the_command ... FAILED
[INFO] [stdout] test a_usage_error_in_a_command_shows_that_commands_page ... ok
[INFO] [stdout] test a_long_name_and_a_closed_directory_are_written ... FAILED
[INFO] [stdout] test convert_takes_only_the_two_formats ... ok
[INFO] [stdout] test copy_reproduces_a_file_of_either_format ... FAILED
[INFO] [stdout] test help_and_the_end_of_options_read_the_same_everywhere ... FAILED
[INFO] [stdout] test a_failed_conversion_leaves_nothing_behind ... ok
[INFO] [stdout] test convert_writes_the_other_container_next_to_the_input ... FAILED
[INFO] [stdout] test help_is_output_and_exits_0 ... ok
[INFO] [stdout] test help_takes_one_command ... ok
[INFO] [stdout] test a_replaced_file_keeps_its_permissions ... FAILED
[INFO] [stdout] test version_prints_the_version ... ok
[INFO] [stdout] test verify_passes_a_file_of_either_format_and_prints_its_records ... FAILED
[INFO] [stdout] test options_go_before_the_files ... FAILED
[INFO] [stdout] test verify_refuses_a_file_that_does_not_reproduce ... FAILED
[INFO] [stdout] test the_reading_commands_print_to_stdout ... FAILED
[INFO] [stdout] test a_link_is_replaced_and_never_written_through ... FAILED
[INFO] [stdout] test every_command_answers_help_with_its_own_page ... ok
[INFO] [stdout] test convert_refuses_to_replace_a_file_without_force ... FAILED
[INFO] [stdout] test a_file_name_need_not_be_text ... ok
[INFO] [stdout] test a_file_that_cannot_be_read_exits_1 ... ok
[INFO] [stdout] 
[INFO] [stdout] failures:
[INFO] [stdout] 
[INFO] [stdout] ---- a_device_is_written_to_and_stays_a_device stdout ----
[INFO] [stdout] 
[INFO] [stdout] thread 'a_device_is_written_to_and_stays_a_device' (314) panicked at tests/cli.rs:539:5:
[INFO] [stdout] assertion `left == right` failed: openskp: cannot read /opt/rustwide/workdir/../../corpus/2026/box.skp: No such file or directory (os error 2)
[INFO] [stdout] 
[INFO] [stdout]   left: 1
[INFO] [stdout]  right: 0
[INFO] [stdout] stack backtrace:
[INFO] [stdout]    0:     0x626660926311 - <<std[617be2ca0a6fd877]::sys::backtrace::BacktraceLock>::print::DisplayBacktrace as core[a373ad73a504971]::fmt::Display>::fmt
[INFO] [stdout]    1:     0x62666093d60a - core[a373ad73a504971]::fmt::write
[INFO] [stdout]    2:     0x62666092a8cc - <alloc[2e1b2a31b91974c5]::vec::Vec<u8> as core[a373ad73a504971]::io::write::Write>::write_fmt
[INFO] [stdout]    3:     0x6266608ff046 - std[617be2ca0a6fd877]::panicking::default_hook::{closure#0}
[INFO] [stdout]    4:     0x62666091c689 - std[617be2ca0a6fd877]::panicking::default_hook
[INFO] [stdout]    5:     0x626660704060 - test[aada8e7e76ba119b]::test_main_inner::{closure#0}
[INFO] [stdout]    6:     0x62666091c842 - std[617be2ca0a6fd877]::panicking::panic_with_hook
[INFO] [stdout]    7:     0x6266608ff0f2 - std[617be2ca0a6fd877]::panicking::panic_handler::{closure#0}
[INFO] [stdout]    8:     0x6266608f7989 - std[617be2ca0a6fd877]::sys::backtrace::__rust_end_short_backtrace::<std[617be2ca0a6fd877]::panicking::panic_handler::{closure#0}, !>
[INFO] [stdout]    9:     0x62666090008d - __rustc[ea4f61d10b84890b]::rust_begin_unwind
[INFO] [stdout]   10:     0x62666093dd3c - core[a373ad73a504971]::panicking::panic_fmt
[INFO] [stdout]   11:     0x62666093dcb3 - core[a373ad73a504971]::panicking::assert_failed_inner
[INFO] [stdout]   12:     0x6266608f7165 - core[a373ad73a504971]::panicking::assert_failed::<i32, i32>
[INFO] [stdout]   13:     0x6266606ee075 - <cli[7394251dfd60a0b9]::a_device_is_written_to_and_stays_a_device::{closure#0} as core[a373ad73a504971]::ops::function::FnOnce<()>>::call_once
[INFO] [stdout]   14:     0x6266606f74ab - test[aada8e7e76ba119b]::__rust_begin_short_backtrace::<core[a373ad73a504971]::result::Result<(), alloc[2e1b2a31b91974c5]::string::String>, fn() -> core[a373ad73a504971]::result::Result<(), alloc[2e1b2a31b91974c5]::string::String>>
[INFO] [stdout]   15:     0x626660704685 - test[aada8e7e76ba119b]::run_test::{closure#0}
[INFO] [stdout]   16:     0x6266606fdf74 - std[617be2ca0a6fd877]::sys::backtrace::__rust_begin_short_backtrace::<test[aada8e7e76ba119b]::run_test::{closure#1}, ()>
[INFO] [stdout]   17:     0x626660707712 - <std[617be2ca0a6fd877]::thread::lifecycle::spawn_unchecked<test[aada8e7e76ba119b]::run_test::{closure#1}, ()>::{closure#1} as core[a373ad73a504971]::ops::function::FnOnce<()>>::call_once::{shim:vtable#0}
[INFO] [stdout]   18:     0x6266609255bf - <std[617be2ca0a6fd877]::sys::thread::unix::Thread>::new::thread_start
[INFO] [stdout]   19:     0x7b2e862e9dfa - <unknown>
[INFO] [stdout]   20:     0x7b2e8637d3d4 - clone
[INFO] [stdout]   21:                0x0 - <unknown>
[INFO] [stdout] 
[INFO] [stdout] ---- global_options_come_before_the_command stdout ----
[INFO] [stdout] 
[INFO] [stdout] thread 'global_options_come_before_the_command' (328) panicked at tests/cli.rs:292:5:
[INFO] [stdout] assertion `left == right` failed: openskp: cannot read /opt/rustwide/workdir/../../corpus/2026/box.skp: No such file or directory (os error 2)
[INFO] [stdout] 
[INFO] [stdout]   left: 1
[INFO] [stdout]  right: 0
[INFO] [stdout] stack backtrace:
[INFO] [stdout]    0:     0x626660926311 - <<std[617be2ca0a6fd877]::sys::backtrace::BacktraceLock>::print::DisplayBacktrace as core[a373ad73a504971]::fmt::Display>::fmt
[INFO] [stdout]    1:     0x62666093d60a - core[a373ad73a504971]::fmt::write
[INFO] [stdout]    2:     0x62666092a8cc - <alloc[2e1b2a31b91974c5]::vec::Vec<u8> as core[a373ad73a504971]::io::write::Write>::write_fmt
[INFO] [stdout]    3:     0x6266608ff046 - std[617be2ca0a6fd877]::panicking::default_hook::{closure#0}
[INFO] [stdout]    4:     0x62666091c689 - std[617be2ca0a6fd877]::panicking::default_hook
[INFO] [stdout]    5:     0x626660704060 - test[aada8e7e76ba119b]::test_main_inner::{closure#0}
[INFO] [stdout]    6:     0x62666091c842 - std[617be2ca0a6fd877]::panicking::panic_with_hook
[INFO] [stdout]    7:     0x6266608ff0f2 - std[617be2ca0a6fd877]::panicking::panic_handler::{closure#0}
[INFO] [stdout]    8:     0x6266608f7989 - std[617be2ca0a6fd877]::sys::backtrace::__rust_end_short_backtrace::<std[617be2ca0a6fd877]::panicking::panic_handler::{closure#0}, !>
[INFO] [stdout]    9:     0x62666090008d - __rustc[ea4f61d10b84890b]::rust_begin_unwind
[INFO] [stdout]   10:     0x62666093dd3c - core[a373ad73a504971]::panicking::panic_fmt
[INFO] [stdout]   11:     0x62666093dcb3 - core[a373ad73a504971]::panicking::assert_failed_inner
[INFO] [stdout]   12:     0x6266608f7165 - core[a373ad73a504971]::panicking::assert_failed::<i32, i32>
[INFO] [stdout]   13:     0x6266606ed19b - <cli[7394251dfd60a0b9]::global_options_come_before_the_command::{closure#0} as core[a373ad73a504971]::ops::function::FnOnce<()>>::call_once
[INFO] [stdout]   14:     0x6266606f74ab - test[aada8e7e76ba119b]::__rust_begin_short_backtrace::<core[a373ad73a504971]::result::Result<(), alloc[2e1b2a31b91974c5]::string::String>, fn() -> core[a373ad73a504971]::result::Result<(), alloc[2e1b2a31b91974c5]::string::String>>
[INFO] [stdout]   15:     0x626660704685 - test[aada8e7e76ba119b]::run_test::{closure#0}
[INFO] [stdout]   16:     0x6266606fdf74 - std[617be2ca0a6fd877]::sys::backtrace::__rust_begin_short_backtrace::<test[aada8e7e76ba119b]::run_test::{closure#1}, ()>
[INFO] [stdout]   17:     0x626660707712 - <std[617be2ca0a6fd877]::thread::lifecycle::spawn_unchecked<test[aada8e7e76ba119b]::run_test::{closure#1}, ()>::{closure#1} as core[a373ad73a504971]::ops::function::FnOnce<()>>::call_once::{shim:vtable#0}
[INFO] [stdout]   18:     0x6266609255bf - <std[617be2ca0a6fd877]::sys::thread::unix::Thread>::new::thread_start
[INFO] [stdout]   19:     0x7b2e862e9dfa - <unknown>
[INFO] [stdout]   20:     0x7b2e8637d3d4 - clone
[INFO] [stdout]   21:                0x0 - <unknown>
[INFO] [stdout] 
[INFO] [stdout] ---- a_long_name_and_a_closed_directory_are_written stdout ----
[INFO] [stdout] 
[INFO] [stdout] thread 'a_long_name_and_a_closed_directory_are_written' (320) panicked at tests/cli.rs:515:5:
[INFO] [stdout] assertion `left == right` failed: openskp: cannot read /opt/rustwide/workdir/../../corpus/2026/box.skp: No such file or directory (os error 2)
[INFO] [stdout] 
[INFO] [stdout]   left: 1
[INFO] [stdout]  right: 0
[INFO] [stdout] stack backtrace:
[INFO] [stdout]    0:     0x626660926311 - <<std[617be2ca0a6fd877]::sys::backtrace::BacktraceLock>::print::DisplayBacktrace as core[a373ad73a504971]::fmt::Display>::fmt
[INFO] [stdout]    1:     0x62666093d60a - core[a373ad73a504971]::fmt::write
[INFO] [stdout]    2:     0x62666092a8cc - <alloc[2e1b2a31b91974c5]::vec::Vec<u8> as core[a373ad73a504971]::io::write::Write>::write_fmt
[INFO] [stdout]    3:     0x6266608ff046 - std[617be2ca0a6fd877]::panicking::default_hook::{closure#0}
[INFO] [stdout]    4:     0x62666091c689 - std[617be2ca0a6fd877]::panicking::default_hook
[INFO] [stdout]    5:     0x626660704060 - test[aada8e7e76ba119b]::test_main_inner::{closure#0}
[INFO] [stdout]    6:     0x62666091c842 - std[617be2ca0a6fd877]::panicking::panic_with_hook
[INFO] [stdout]    7:     0x6266608ff0f2 - std[617be2ca0a6fd877]::panicking::panic_handler::{closure#0}
[INFO] [stderr] error: test failed, to rerun pass `--test cli`
[INFO] [stdout]    8:     0x6266608f7989 - std[617be2ca0a6fd877]::sys::backtrace::__rust_end_short_backtrace::<std[617be2ca0a6fd877]::panicking::panic_handler::{closure#0}, !>
[INFO] [stdout]    9:     0x62666090008d - __rustc[ea4f61d10b84890b]::rust_begin_unwind
[INFO] [stdout]   10:     0x62666093dd3c - core[a373ad73a504971]::panicking::panic_fmt
[INFO] [stdout]   11:     0x62666093dcb3 - core[a373ad73a504971]::panicking::assert_failed_inner
[INFO] [stdout]   12:     0x6266608f7165 - core[a373ad73a504971]::panicking::assert_failed::<i32, i32>
[INFO] [stdout]   13:     0x6266606f193c - <cli[7394251dfd60a0b9]::a_long_name_and_a_closed_directory_are_written::{closure#0} as core[a373ad73a504971]::ops::function::FnOnce<()>>::call_once
[INFO] [stdout]   14:     0x6266606f74ab - test[aada8e7e76ba119b]::__rust_begin_short_backtrace::<core[a373ad73a504971]::result::Result<(), alloc[2e1b2a31b91974c5]::string::String>, fn() -> core[a373ad73a504971]::result::Result<(), alloc[2e1b2a31b91974c5]::string::String>>
[INFO] [stdout]   15:     0x626660704685 - test[aada8e7e76ba119b]::run_test::{closure#0}
[INFO] [stdout]   16:     0x6266606fdf74 - std[617be2ca0a6fd877]::sys::backtrace::__rust_begin_short_backtrace::<test[aada8e7e76ba119b]::run_test::{closure#1}, ()>
[INFO] [stdout]   17:     0x626660707712 - <std[617be2ca0a6fd877]::thread::lifecycle::spawn_unchecked<test[aada8e7e76ba119b]::run_test::{closure#1}, ()>::{closure#1} as core[a373ad73a504971]::ops::function::FnOnce<()>>::call_once::{shim:vtable#0}
[INFO] [stdout]   18:     0x6266609255bf - <std[617be2ca0a6fd877]::sys::thread::unix::Thread>::new::thread_start
[INFO] [stdout]   19:     0x7b2e862e9dfa - <unknown>
[INFO] [stdout]   20:     0x7b2e8637d3d4 - clone
[INFO] [stdout]   21:                0x0 - <unknown>
[INFO] [stdout] 
[INFO] [stdout] ---- copy_reproduces_a_file_of_either_format stdout ----
[INFO] [stdout] 
[INFO] [stdout] thread 'copy_reproduces_a_file_of_either_format' (326) panicked at tests/cli.rs:465:13:
[INFO] [stdout] assertion `left == right` failed: openskp: cannot read /opt/rustwide/workdir/../../corpus/2026/box.skp: No such file or directory (os error 2)
[INFO] [stdout] 
[INFO] [stdout]   left: 1
[INFO] [stdout]  right: 0
[INFO] [stdout] stack backtrace:
[INFO] [stdout]    0:     0x626660926311 - <<std[617be2ca0a6fd877]::sys::backtrace::BacktraceLock>::print::DisplayBacktrace as core[a373ad73a504971]::fmt::Display>::fmt
[INFO] [stdout]    1:     0x62666093d60a - core[a373ad73a504971]::fmt::write
[INFO] [stdout]    2:     0x62666092a8cc - <alloc[2e1b2a31b91974c5]::vec::Vec<u8> as core[a373ad73a504971]::io::write::Write>::write_fmt
[INFO] [stdout]    3:     0x6266608ff046 - std[617be2ca0a6fd877]::panicking::default_hook::{closure#0}
[INFO] [stdout]    4:     0x62666091c689 - std[617be2ca0a6fd877]::panicking::default_hook
[INFO] [stdout]    5:     0x626660704060 - test[aada8e7e76ba119b]::test_main_inner::{closure#0}
[INFO] [stdout]    6:     0x62666091c842 - std[617be2ca0a6fd877]::panicking::panic_with_hook
[INFO] [stdout]    7:     0x6266608ff0f2 - std[617be2ca0a6fd877]::panicking::panic_handler::{closure#0}
[INFO] [stdout]    8:     0x6266608f7989 - std[617be2ca0a6fd877]::sys::backtrace::__rust_end_short_backtrace::<std[617be2ca0a6fd877]::panicking::panic_handler::{closure#0}, !>
[INFO] [stdout]    9:     0x62666090008d - __rustc[ea4f61d10b84890b]::rust_begin_unwind
[INFO] [stdout]   10:     0x62666093dd3c - core[a373ad73a504971]::panicking::panic_fmt
[INFO] [stdout]   11:     0x62666093dcb3 - core[a373ad73a504971]::panicking::assert_failed_inner
[INFO] [stdout]   12:     0x6266608f7165 - core[a373ad73a504971]::panicking::assert_failed::<i32, i32>
[INFO] [stdout]   13:     0x6266606edb4d - <cli[7394251dfd60a0b9]::copy_reproduces_a_file_of_either_format::{closure#0} as core[a373ad73a504971]::ops::function::FnOnce<()>>::call_once
[INFO] [stdout]   14:     0x6266606f74ab - test[aada8e7e76ba119b]::__rust_begin_short_backtrace::<core[a373ad73a504971]::result::Result<(), alloc[2e1b2a31b91974c5]::string::String>, fn() -> core[a373ad73a504971]::result::Result<(), alloc[2e1b2a31b91974c5]::string::String>>
[INFO] [stdout]   15:     0x626660704685 - test[aada8e7e76ba119b]::run_test::{closure#0}
[INFO] [stdout]   16:     0x6266606fdf74 - std[617be2ca0a6fd877]::sys::backtrace::__rust_begin_short_backtrace::<test[aada8e7e76ba119b]::run_test::{closure#1}, ()>
[INFO] [stdout]   17:     0x626660707712 - <std[617be2ca0a6fd877]::thread::lifecycle::spawn_unchecked<test[aada8e7e76ba119b]::run_test::{closure#1}, ()>::{closure#1} as core[a373ad73a504971]::ops::function::FnOnce<()>>::call_once::{shim:vtable#0}
[INFO] [stdout]   18:     0x6266609255bf - <std[617be2ca0a6fd877]::sys::thread::unix::Thread>::new::thread_start
[INFO] [stdout]   19:     0x7b2e862e9dfa - <unknown>
[INFO] [stdout]   20:     0x7b2e8637d3d4 - clone
[INFO] [stdout]   21:                0x0 - <unknown>
[INFO] [stdout] 
[INFO] [stdout] ---- help_and_the_end_of_options_read_the_same_everywhere stdout ----
[INFO] [stdout] 
[INFO] [stdout] thread 'help_and_the_end_of_options_read_the_same_everywhere' (329) panicked at tests/cli.rs:486:5:
[INFO] [stdout] assertion `left == right` failed: openskp: cannot read /opt/rustwide/workdir/../../corpus/2026/box.skp: No such file or directory (os error 2)
[INFO] [stdout] 
[INFO] [stdout]   left: 1
[INFO] [stdout]  right: 0
[INFO] [stdout] stack backtrace:
[INFO] [stdout]    0:     0x626660926311 - <<std[617be2ca0a6fd877]::sys::backtrace::BacktraceLock>::print::DisplayBacktrace as core[a373ad73a504971]::fmt::Display>::fmt
[INFO] [stdout]    1:     0x62666093d60a - core[a373ad73a504971]::fmt::write
[INFO] [stdout]    2:     0x62666092a8cc - <alloc[2e1b2a31b91974c5]::vec::Vec<u8> as core[a373ad73a504971]::io::write::Write>::write_fmt
[INFO] [stdout]    3:     0x6266608ff046 - std[617be2ca0a6fd877]::panicking::default_hook::{closure#0}
[INFO] [stdout]    4:     0x62666091c689 - std[617be2ca0a6fd877]::panicking::default_hook
[INFO] [stdout]    5:     0x626660704060 - test[aada8e7e76ba119b]::test_main_inner::{closure#0}
[INFO] [stdout]    6:     0x62666091c842 - std[617be2ca0a6fd877]::panicking::panic_with_hook
[INFO] [stdout]    7:     0x6266608ff0f2 - std[617be2ca0a6fd877]::panicking::panic_handler::{closure#0}
[INFO] [stdout]    8:     0x6266608f7989 - std[617be2ca0a6fd877]::sys::backtrace::__rust_end_short_backtrace::<std[617be2ca0a6fd877]::panicking::panic_handler::{closure#0}, !>
[INFO] [stdout]    9:     0x62666090008d - __rustc[ea4f61d10b84890b]::rust_begin_unwind
[INFO] [stdout]   10:     0x62666093dd3c - core[a373ad73a504971]::panicking::panic_fmt
[INFO] [stdout]   11:     0x62666093dcb3 - core[a373ad73a504971]::panicking::assert_failed_inner
[INFO] [stdout]   12:     0x6266608f7165 - core[a373ad73a504971]::panicking::assert_failed::<i32, i32>
[INFO] [stdout]   13:     0x6266606f3798 - <cli[7394251dfd60a0b9]::help_and_the_end_of_options_read_the_same_everywhere::{closure#0} as core[a373ad73a504971]::ops::function::FnOnce<()>>::call_once
[INFO] [stdout]   14:     0x6266606f74ab - test[aada8e7e76ba119b]::__rust_begin_short_backtrace::<core[a373ad73a504971]::result::Result<(), alloc[2e1b2a31b91974c5]::string::String>, fn() -> core[a373ad73a504971]::result::Result<(), alloc[2e1b2a31b91974c5]::string::String>>
[INFO] [stdout]   15:     0x626660704685 - test[aada8e7e76ba119b]::run_test::{closure#0}
[INFO] [stdout]   16:     0x6266606fdf74 - std[617be2ca0a6fd877]::sys::backtrace::__rust_begin_short_backtrace::<test[aada8e7e76ba119b]::run_test::{closure#1}, ()>
[INFO] [stdout]   17:     0x626660707712 - <std[617be2ca0a6fd877]::thread::lifecycle::spawn_unchecked<test[aada8e7e76ba119b]::run_test::{closure#1}, ()>::{closure#1} as core[a373ad73a504971]::ops::function::FnOnce<()>>::call_once::{shim:vtable#0}
[INFO] [stdout]   18:     0x6266609255bf - <std[617be2ca0a6fd877]::sys::thread::unix::Thread>::new::thread_start
[INFO] [stdout]   19:     0x7b2e862e9dfa - <unknown>
[INFO] [stdout]   20:     0x7b2e8637d3d4 - clone
[INFO] [stdout]   21:                0x0 - <unknown>
[INFO] [stdout] 
[INFO] [stdout] ---- convert_writes_the_other_container_next_to_the_input stdout ----
[INFO] [stdout] 
[INFO] [stdout] thread 'convert_writes_the_other_container_next_to_the_input' (325) panicked at tests/cli.rs:316:47:
[INFO] [stdout] called `Result::unwrap()` on an `Err` value: Os { code: 2, kind: NotFound, message: "No such file or directory" }
[INFO] [stdout] stack backtrace:
[INFO] [stdout]    0:     0x626660926311 - <<std[617be2ca0a6fd877]::sys::backtrace::BacktraceLock>::print::DisplayBacktrace as core[a373ad73a504971]::fmt::Display>::fmt
[INFO] [stdout]    1:     0x62666093d60a - core[a373ad73a504971]::fmt::write
[INFO] [stdout]    2:     0x62666092a8cc - <alloc[2e1b2a31b91974c5]::vec::Vec<u8> as core[a373ad73a504971]::io::write::Write>::write_fmt
[INFO] [stdout]    3:     0x6266608ff046 - std[617be2ca0a6fd877]::panicking::default_hook::{closure#0}
[INFO] [stdout]    4:     0x62666091c689 - std[617be2ca0a6fd877]::panicking::default_hook
[INFO] [stdout]    5:     0x626660704060 - test[aada8e7e76ba119b]::test_main_inner::{closure#0}
[INFO] [stdout]    6:     0x62666091c842 - std[617be2ca0a6fd877]::panicking::panic_with_hook
[INFO] [stdout]    7:     0x6266608ff0f2 - std[617be2ca0a6fd877]::panicking::panic_handler::{closure#0}
[INFO] [stdout]    8:     0x6266608f7989 - std[617be2ca0a6fd877]::sys::backtrace::__rust_end_short_backtrace::<std[617be2ca0a6fd877]::panicking::panic_handler::{closure#0}, !>
[INFO] [stdout]    9:     0x62666090008d - __rustc[ea4f61d10b84890b]::rust_begin_unwind
[INFO] [stdout]   10:     0x62666093dd3c - core[a373ad73a504971]::panicking::panic_fmt
[INFO] [stdout]   11:     0x62666093db12 - core[a373ad73a504971]::result::unwrap_failed
[INFO] [stdout]   12:     0x6266606f2f93 - <cli[7394251dfd60a0b9]::convert_writes_the_other_container_next_to_the_input::{closure#0} as core[a373ad73a504971]::ops::function::FnOnce<()>>::call_once
[INFO] [stdout]   13:     0x6266606f74ab - test[aada8e7e76ba119b]::__rust_begin_short_backtrace::<core[a373ad73a504971]::result::Result<(), alloc[2e1b2a31b91974c5]::string::String>, fn() -> core[a373ad73a504971]::result::Result<(), alloc[2e1b2a31b91974c5]::string::String>>
[INFO] [stdout]   14:     0x626660704685 - test[aada8e7e76ba119b]::run_test::{closure#0}
[INFO] [stdout]   15:     0x6266606fdf74 - std[617be2ca0a6fd877]::sys::backtrace::__rust_begin_short_backtrace::<test[aada8e7e76ba119b]::run_test::{closure#1}, ()>
[INFO] [stdout]   16:     0x626660707712 - <std[617be2ca0a6fd877]::thread::lifecycle::spawn_unchecked<test[aada8e7e76ba119b]::run_test::{closure#1}, ()>::{closure#1} as core[a373ad73a504971]::ops::function::FnOnce<()>>::call_once::{shim:vtable#0}
[INFO] [stdout]   17:     0x6266609255bf - <std[617be2ca0a6fd877]::sys::thread::unix::Thread>::new::thread_start
[INFO] [stdout]   18:     0x7b2e862e9dfa - <unknown>
[INFO] [stdout]   19:     0x7b2e8637d3d4 - clone
[INFO] [stdout]   20:                0x0 - <unknown>
[INFO] [stdout] 
[INFO] [stdout] ---- a_replaced_file_keeps_its_permissions stdout ----
[INFO] [stdout] 
[INFO] [stdout] thread 'a_replaced_file_keeps_its_permissions' (321) panicked at tests/cli.rs:499:5:
[INFO] [stdout] assertion `left == right` failed: openskp: cannot read /opt/rustwide/workdir/../../corpus/2026/box.skp: No such file or directory (os error 2)
[INFO] [stdout] 
[INFO] [stdout]   left: 1
[INFO] [stdout]  right: 0
[INFO] [stdout] stack backtrace:
[INFO] [stdout]    0:     0x626660926311 - <<std[617be2ca0a6fd877]::sys::backtrace::BacktraceLock>::print::DisplayBacktrace as core[a373ad73a504971]::fmt::Display>::fmt
[INFO] [stdout]    1:     0x62666093d60a - core[a373ad73a504971]::fmt::write
[INFO] [stdout]    2:     0x62666092a8cc - <alloc[2e1b2a31b91974c5]::vec::Vec<u8> as core[a373ad73a504971]::io::write::Write>::write_fmt
[INFO] [stdout]    3:     0x6266608ff046 - std[617be2ca0a6fd877]::panicking::default_hook::{closure#0}
[INFO] [stdout]    4:     0x62666091c689 - std[617be2ca0a6fd877]::panicking::default_hook
[INFO] [stdout]    5:     0x626660704060 - test[aada8e7e76ba119b]::test_main_inner::{closure#0}
[INFO] [stdout]    6:     0x62666091c842 - std[617be2ca0a6fd877]::panicking::panic_with_hook
[INFO] [stdout]    7:     0x6266608ff0f2 - std[617be2ca0a6fd877]::panicking::panic_handler::{closure#0}
[INFO] [stdout]    8:     0x6266608f7989 - std[617be2ca0a6fd877]::sys::backtrace::__rust_end_short_backtrace::<std[617be2ca0a6fd877]::panicking::panic_handler::{closure#0}, !>
[INFO] [stdout]    9:     0x62666090008d - __rustc[ea4f61d10b84890b]::rust_begin_unwind
[INFO] [stdout]   10:     0x62666093dd3c - core[a373ad73a504971]::panicking::panic_fmt
[INFO] [stdout]   11:     0x62666093dcb3 - core[a373ad73a504971]::panicking::assert_failed_inner
[INFO] [stdout]   12:     0x6266608f7165 - core[a373ad73a504971]::panicking::assert_failed::<i32, i32>
[INFO] [stdout]   13:     0x6266606ecaf1 - <cli[7394251dfd60a0b9]::a_replaced_file_keeps_its_permissions::{closure#0} as core[a373ad73a504971]::ops::function::FnOnce<()>>::call_once
[INFO] [stdout]   14:     0x6266606f74ab - test[aada8e7e76ba119b]::__rust_begin_short_backtrace::<core[a373ad73a504971]::result::Result<(), alloc[2e1b2a31b91974c5]::string::String>, fn() -> core[a373ad73a504971]::result::Result<(), alloc[2e1b2a31b91974c5]::string::String>>
[INFO] [stdout]   15:     0x626660704685 - test[aada8e7e76ba119b]::run_test::{closure#0}
[INFO] [stdout]   16:     0x6266606fdf74 - std[617be2ca0a6fd877]::sys::backtrace::__rust_begin_short_backtrace::<test[aada8e7e76ba119b]::run_test::{closure#1}, ()>
[INFO] [stdout]   17:     0x626660707712 - <std[617be2ca0a6fd877]::thread::lifecycle::spawn_unchecked<test[aada8e7e76ba119b]::run_test::{closure#1}, ()>::{closure#1} as core[a373ad73a504971]::ops::function::FnOnce<()>>::call_once::{shim:vtable#0}
[INFO] [stdout]   18:     0x6266609255bf - <std[617be2ca0a6fd877]::sys::thread::unix::Thread>::new::thread_start
[INFO] [stdout]   19:     0x7b2e862e9dfa - <unknown>
[INFO] [stdout]   20:     0x7b2e8637d3d4 - clone
[INFO] [stdout]   21:                0x0 - <unknown>
[INFO] [stdout] 
[INFO] [stdout] ---- verify_passes_a_file_of_either_format_and_prints_its_records stdout ----
[INFO] [stdout] 
[INFO] [stdout] thread 'verify_passes_a_file_of_either_format_and_prints_its_records' (334) panicked at tests/cli.rs:412:9:
[INFO] [stdout] assertion `left == right` failed: openskp: cannot read /opt/rustwide/workdir/../../corpus/2017/box.skp: No such file or directory (os error 2)
[INFO] [stdout] 
[INFO] [stdout]   left: 1
[INFO] [stdout]  right: 0
[INFO] [stdout] stack backtrace:
[INFO] [stdout]    0:     0x626660926311 - <<std[617be2ca0a6fd877]::sys::backtrace::BacktraceLock>::print::DisplayBacktrace as core[a373ad73a504971]::fmt::Display>::fmt
[INFO] [stdout]    1:     0x62666093d60a - core[a373ad73a504971]::fmt::write
[INFO] [stdout]    2:     0x62666092a8cc - <alloc[2e1b2a31b91974c5]::vec::Vec<u8> as core[a373ad73a504971]::io::write::Write>::write_fmt
[INFO] [stdout]    3:     0x6266608ff046 - std[617be2ca0a6fd877]::panicking::default_hook::{closure#0}
[INFO] [stdout]    4:     0x62666091c689 - std[617be2ca0a6fd877]::panicking::default_hook
[INFO] [stdout]    5:     0x626660704060 - test[aada8e7e76ba119b]::test_main_inner::{closure#0}
[INFO] [stdout]    6:     0x62666091c842 - std[617be2ca0a6fd877]::panicking::panic_with_hook
[INFO] [stdout]    7:     0x6266608ff0f2 - std[617be2ca0a6fd877]::panicking::panic_handler::{closure#0}
[INFO] [stdout]    8:     0x6266608f7989 - std[617be2ca0a6fd877]::sys::backtrace::__rust_end_short_backtrace::<std[617be2ca0a6fd877]::panicking::panic_handler::{closure#0}, !>
[INFO] [stdout]    9:     0x62666090008d - __rustc[ea4f61d10b84890b]::rust_begin_unwind
[INFO] [stdout]   10:     0x62666093dd3c - core[a373ad73a504971]::panicking::panic_fmt
[INFO] [stdout]   11:     0x62666093dcb3 - core[a373ad73a504971]::panicking::assert_failed_inner
[INFO] [stdout]   12:     0x6266608f7165 - core[a373ad73a504971]::panicking::assert_failed::<i32, i32>
[INFO] [stdout]   13:     0x6266606f3ef1 - <cli[7394251dfd60a0b9]::verify_passes_a_file_of_either_format_and_prints_its_records::{closure#0} as core[a373ad73a504971]::ops::function::FnOnce<()>>::call_once
[INFO] [stdout]   14:     0x6266606f74ab - test[aada8e7e76ba119b]::__rust_begin_short_backtrace::<core[a373ad73a504971]::result::Result<(), alloc[2e1b2a31b91974c5]::string::String>, fn() -> core[a373ad73a504971]::result::Result<(), alloc[2e1b2a31b91974c5]::string::String>>
[INFO] [stdout]   15:     0x626660704685 - test[aada8e7e76ba119b]::run_test::{closure#0}
[INFO] [stdout]   16:     0x6266606fdf74 - std[617be2ca0a6fd877]::sys::backtrace::__rust_begin_short_backtrace::<test[aada8e7e76ba119b]::run_test::{closure#1}, ()>
[INFO] [stdout]   17:     0x626660707712 - <std[617be2ca0a6fd877]::thread::lifecycle::spawn_unchecked<test[aada8e7e76ba119b]::run_test::{closure#1}, ()>::{closure#1} as core[a373ad73a504971]::ops::function::FnOnce<()>>::call_once::{shim:vtable#0}
[INFO] [stdout]   18:     0x6266609255bf - <std[617be2ca0a6fd877]::sys::thread::unix::Thread>::new::thread_start
[INFO] [stdout]   19:     0x7b2e862e9dfa - <unknown>
[INFO] [stdout]   20:     0x7b2e8637d3d4 - clone
[INFO] [stdout]   21:                0x0 - <unknown>
[INFO] [stdout] 
[INFO] [stdout] ---- options_go_before_the_files stdout ----
[INFO] [stdout] 
[INFO] [stdout] thread 'options_go_before_the_files' (332) panicked at tests/cli.rs:275:9:
[INFO] [stdout] assertion `left == right` failed: openskp: cannot read /opt/rustwide/workdir/../../corpus/2017/box.skp: No such file or directory (os error 2)
[INFO] [stdout] 
[INFO] [stdout]   left: 1
[INFO] [stdout]  right: 0
[INFO] [stdout] stack backtrace:
[INFO] [stdout]    0:     0x626660926311 - <<std[617be2ca0a6fd877]::sys::backtrace::BacktraceLock>::print::DisplayBacktrace as core[a373ad73a504971]::fmt::Display>::fmt
[INFO] [stdout]    1:     0x62666093d60a - core[a373ad73a504971]::fmt::write
[INFO] [stdout]    2:     0x62666092a8cc - <alloc[2e1b2a31b91974c5]::vec::Vec<u8> as core[a373ad73a504971]::io::write::Write>::write_fmt
[INFO] [stdout]    3:     0x6266608ff046 - std[617be2ca0a6fd877]::panicking::default_hook::{closure#0}
[INFO] [stdout]    4:     0x62666091c689 - std[617be2ca0a6fd877]::panicking::default_hook
[INFO] [stdout]    5:     0x626660704060 - test[aada8e7e76ba119b]::test_main_inner::{closure#0}
[INFO] [stdout]    6:     0x62666091c842 - std[617be2ca0a6fd877]::panicking::panic_with_hook
[INFO] [stdout]    7:     0x6266608ff0f2 - std[617be2ca0a6fd877]::panicking::panic_handler::{closure#0}
[INFO] [stdout]    8:     0x6266608f7989 - std[617be2ca0a6fd877]::sys::backtrace::__rust_end_short_backtrace::<std[617be2ca0a6fd877]::panicking::panic_handler::{closure#0}, !>
[INFO] [stdout]    9:     0x62666090008d - __rustc[ea4f61d10b84890b]::rust_begin_unwind
[INFO] [stdout]   10:     0x62666093dd3c - core[a373ad73a504971]::panicking::panic_fmt
[INFO] [stdout]   11:     0x62666093dcb3 - core[a373ad73a504971]::panicking::assert_failed_inner
[INFO] [stdout]   12:     0x6266608f7165 - core[a373ad73a504971]::panicking::assert_failed::<i32, i32>
[INFO] [stdout]   13:     0x6266606eaac8 - <cli[7394251dfd60a0b9]::options_go_before_the_files::{closure#0} as core[a373ad73a504971]::ops::function::FnOnce<()>>::call_once
[INFO] [stdout]   14:     0x6266606f74ab - test[aada8e7e76ba119b]::__rust_begin_short_backtrace::<core[a373ad73a504971]::result::Result<(), alloc[2e1b2a31b91974c5]::string::String>, fn() -> core[a373ad73a504971]::result::Result<(), alloc[2e1b2a31b91974c5]::string::String>>
[INFO] [stdout]   15:     0x626660704685 - test[aada8e7e76ba119b]::run_test::{closure#0}
[INFO] [stdout]   16:     0x6266606fdf74 - std[617be2ca0a6fd877]::sys::backtrace::__rust_begin_short_backtrace::<test[aada8e7e76ba119b]::run_test::{closure#1}, ()>
[INFO] [stdout]   17:     0x626660707712 - <std[617be2ca0a6fd877]::thread::lifecycle::spawn_unchecked<test[aada8e7e76ba119b]::run_test::{closure#1}, ()>::{closure#1} as core[a373ad73a504971]::ops::function::FnOnce<()>>::call_once::{shim:vtable#0}
[INFO] [stdout]   18:     0x6266609255bf - <std[617be2ca0a6fd877]::sys::thread::unix::Thread>::new::thread_start
[INFO] [stdout]   19:     0x7b2e862e9dfa - <unknown>
[INFO] [stdout]   20:     0x7b2e8637d3d4 - clone
[INFO] [stdout]   21:                0x0 - <unknown>
[INFO] [stdout] 
[INFO] [stdout] ---- verify_refuses_a_file_that_does_not_reproduce stdout ----
[INFO] [stdout] 
[INFO] [stdout] thread 'verify_refuses_a_file_that_does_not_reproduce' (335) panicked at tests/cli.rs:435:49:
[INFO] [stdout] called `Result::unwrap()` on an `Err` value: Os { code: 2, kind: NotFound, message: "No such file or directory" }
[INFO] [stdout] stack backtrace:
[INFO] [stdout]    0:     0x626660926311 - <<std[617be2ca0a6fd877]::sys::backtrace::BacktraceLock>::print::DisplayBacktrace as core[a373ad73a504971]::fmt::Display>::fmt
[INFO] [stdout]    1:     0x62666093d60a - core[a373ad73a504971]::fmt::write
[INFO] [stdout]    2:     0x62666092a8cc - <alloc[2e1b2a31b91974c5]::vec::Vec<u8> as core[a373ad73a504971]::io::write::Write>::write_fmt
[INFO] [stdout]    3:     0x6266608ff046 - std[617be2ca0a6fd877]::panicking::default_hook::{closure#0}
[INFO] [stdout]    4:     0x62666091c689 - std[617be2ca0a6fd877]::panicking::default_hook
[INFO] [stdout]    5:     0x626660704060 - test[aada8e7e76ba119b]::test_main_inner::{closure#0}
[INFO] [stdout]    6:     0x62666091c842 - std[617be2ca0a6fd877]::panicking::panic_with_hook
[INFO] [stdout]    7:     0x6266608ff0f2 - std[617be2ca0a6fd877]::panicking::panic_handler::{closure#0}
[INFO] [stdout]    8:     0x6266608f7989 - std[617be2ca0a6fd877]::sys::backtrace::__rust_end_short_backtrace::<std[617be2ca0a6fd877]::panicking::panic_handler::{closure#0}, !>
[INFO] [stdout]    9:     0x62666090008d - __rustc[ea4f61d10b84890b]::rust_begin_unwind
[INFO] [stdout]   10:     0x62666093dd3c - core[a373ad73a504971]::panicking::panic_fmt
[INFO] [stdout]   11:     0x62666093db12 - core[a373ad73a504971]::result::unwrap_failed
[INFO] [stdout]   12:     0x6266606f0fe4 - <cli[7394251dfd60a0b9]::verify_refuses_a_file_that_does_not_reproduce::{closure#0} as core[a373ad73a504971]::ops::function::FnOnce<()>>::call_once
[INFO] [stdout]   13:     0x6266606f74ab - test[aada8e7e76ba119b]::__rust_begin_short_backtrace::<core[a373ad73a504971]::result::Result<(), alloc[2e1b2a31b91974c5]::string::String>, fn() -> core[a373ad73a504971]::result::Result<(), alloc[2e1b2a31b91974c5]::string::String>>
[INFO] [stdout]   14:     0x626660704685 - test[aada8e7e76ba119b]::run_test::{closure#0}
[INFO] [stdout]   15:     0x6266606fdf74 - std[617be2ca0a6fd877]::sys::backtrace::__rust_begin_short_backtrace::<test[aada8e7e76ba119b]::run_test::{closure#1}, ()>
[INFO] [stdout]   16:     0x626660707712 - <std[617be2ca0a6fd877]::thread::lifecycle::spawn_unchecked<test[aada8e7e76ba119b]::run_test::{closure#1}, ()>::{closure#1} as core[a373ad73a504971]::ops::function::FnOnce<()>>::call_once::{shim:vtable#0}
[INFO] [stdout]   17:     0x6266609255bf - <std[617be2ca0a6fd877]::sys::thread::unix::Thread>::new::thread_start
[INFO] [stdout]   18:     0x7b2e862e9dfa - <unknown>
[INFO] [stdout]   19:     0x7b2e8637d3d4 - clone
[INFO] [stdout]   20:                0x0 - <unknown>
[INFO] [stdout] 
[INFO] [stdout] ---- the_reading_commands_print_to_stdout stdout ----
[INFO] [stdout] 
[INFO] [stdout] thread 'the_reading_commands_print_to_stdout' (333) panicked at tests/cli.rs:370:5:
[INFO] [stdout] assertion `left == right` failed
[INFO] [stdout]   left: 1
[INFO] [stdout]  right: 0
[INFO] [stdout] stack backtrace:
[INFO] [stdout]    0:     0x626660926311 - <<std[617be2ca0a6fd877]::sys::backtrace::BacktraceLock>::print::DisplayBacktrace as core[a373ad73a504971]::fmt::Display>::fmt
[INFO] [stdout]    1:     0x62666093d60a - core[a373ad73a504971]::fmt::write
[INFO] [stdout]    2:     0x62666092a8cc - <alloc[2e1b2a31b91974c5]::vec::Vec<u8> as core[a373ad73a504971]::io::write::Write>::write_fmt
[INFO] [stdout]    3:     0x6266608ff046 - std[617be2ca0a6fd877]::panicking::default_hook::{closure#0}
[INFO] [stdout]    4:     0x62666091c689 - std[617be2ca0a6fd877]::panicking::default_hook
[INFO] [stdout]    5:     0x626660704060 - test[aada8e7e76ba119b]::test_main_inner::{closure#0}
[INFO] [stdout]    6:     0x62666091c842 - std[617be2ca0a6fd877]::panicking::panic_with_hook
[INFO] [stdout]    7:     0x6266608ff0f2 - std[617be2ca0a6fd877]::panicking::panic_handler::{closure#0}
[INFO] [stdout]    8:     0x6266608f7989 - std[617be2ca0a6fd877]::sys::backtrace::__rust_end_short_backtrace::<std[617be2ca0a6fd877]::panicking::panic_handler::{closure#0}, !>
[INFO] [stdout]    9:     0x62666090008d - __rustc[ea4f61d10b84890b]::rust_begin_unwind
[INFO] [stdout]   10:     0x62666093dd3c - core[a373ad73a504971]::panicking::panic_fmt
[INFO] [stdout]   11:     0x62666093dc53 - core[a373ad73a504971]::panicking::assert_failed_inner
[INFO] [stdout]   12:     0x6266608f7165 - core[a373ad73a504971]::panicking::assert_failed::<i32, i32>
[INFO] [stdout]   13:     0x6266606ec633 - <cli[7394251dfd60a0b9]::the_reading_commands_print_to_stdout::{closure#0} as core[a373ad73a504971]::ops::function::FnOnce<()>>::call_once
[INFO] [stdout]   14:     0x6266606f74ab - test[aada8e7e76ba119b]::__rust_begin_short_backtrace::<core[a373ad73a504971]::result::Result<(), alloc[2e1b2a31b91974c5]::string::String>, fn() -> core[a373ad73a504971]::result::Result<(), alloc[2e1b2a31b91974c5]::string::String>>
[INFO] [stdout]   15:     0x626660704685 - test[aada8e7e76ba119b]::run_test::{closure#0}
[INFO] [stdout]   16:     0x6266606fdf74 - std[617be2ca0a6fd877]::sys::backtrace::__rust_begin_short_backtrace::<test[aada8e7e76ba119b]::run_test::{closure#1}, ()>
[INFO] [stdout]   17:     0x626660707712 - <std[617be2ca0a6fd877]::thread::lifecycle::spawn_unchecked<test[aada8e7e76ba119b]::run_test::{closure#1}, ()>::{closure#1} as core[a373ad73a504971]::ops::function::FnOnce<()>>::call_once::{shim:vtable#0}
[INFO] [stdout]   18:     0x6266609255bf - <std[617be2ca0a6fd877]::sys::thread::unix::Thread>::new::thread_start
[INFO] [stdout]   19:     0x7b2e862e9dfa - <unknown>
[INFO] [stdout]   20:     0x7b2e8637d3d4 - clone
[INFO] [stdout]   21:                0x0 - <unknown>
[INFO] [stdout] 
[INFO] [stdout] ---- a_link_is_replaced_and_never_written_through stdout ----
[INFO] [stdout] 
[INFO] [stdout] thread 'a_link_is_replaced_and_never_written_through' (319) panicked at tests/cli.rs:152:58:
[INFO] [stdout] called `Result::unwrap()` on an `Err` value: Os { code: 2, kind: NotFound, message: "No such file or directory" }
[INFO] [stdout] stack backtrace:
[INFO] [stdout]    0:     0x626660926311 - <<std[617be2ca0a6fd877]::sys::backtrace::BacktraceLock>::print::DisplayBacktrace as core[a373ad73a504971]::fmt::Display>::fmt
[INFO] [stdout]    1:     0x62666093d60a - core[a373ad73a504971]::fmt::write
[INFO] [stdout]    2:     0x62666092a8cc - <alloc[2e1b2a31b91974c5]::vec::Vec<u8> as core[a373ad73a504971]::io::write::Write>::write_fmt
[INFO] [stdout]    3:     0x6266608ff046 - std[617be2ca0a6fd877]::panicking::default_hook::{closure#0}
[INFO] [stdout]    4:     0x62666091c689 - std[617be2ca0a6fd877]::panicking::default_hook
[INFO] [stdout]    5:     0x626660704060 - test[aada8e7e76ba119b]::test_main_inner::{closure#0}
[INFO] [stdout]    6:     0x62666091c842 - std[617be2ca0a6fd877]::panicking::panic_with_hook
[INFO] [stdout]    7:     0x6266608ff0f2 - std[617be2ca0a6fd877]::panicking::panic_handler::{closure#0}
[INFO] [stdout]    8:     0x6266608f7989 - std[617be2ca0a6fd877]::sys::backtrace::__rust_end_short_backtrace::<std[617be2ca0a6fd877]::panicking::panic_handler::{closure#0}, !>
[INFO] [stdout]    9:     0x62666090008d - __rustc[ea4f61d10b84890b]::rust_begin_unwind
[INFO] [stdout]   10:     0x62666093dd3c - core[a373ad73a504971]::panicking::panic_fmt
[INFO] [stdout]   11:     0x62666093db12 - core[a373ad73a504971]::result::unwrap_failed
[INFO] [stdout]   12:     0x6266606ef25c - <cli[7394251dfd60a0b9]::a_link_is_replaced_and_never_written_through::{closure#0} as core[a373ad73a504971]::ops::function::FnOnce<()>>::call_once
[INFO] [stdout]   13:     0x6266606f74ab - test[aada8e7e76ba119b]::__rust_begin_short_backtrace::<core[a373ad73a504971]::result::Result<(), alloc[2e1b2a31b91974c5]::string::String>, fn() -> core[a373ad73a504971]::result::Result<(), alloc[2e1b2a31b91974c5]::string::String>>
[INFO] [stdout]   14:     0x626660704685 - test[aada8e7e76ba119b]::run_test::{closure#0}
[INFO] [stdout]   15:     0x6266606fdf74 - std[617be2ca0a6fd877]::sys::backtrace::__rust_begin_short_backtrace::<test[aada8e7e76ba119b]::run_test::{closure#1}, ()>
[INFO] [stdout]   16:     0x626660707712 - <std[617be2ca0a6fd877]::thread::lifecycle::spawn_unchecked<test[aada8e7e76ba119b]::run_test::{closure#1}, ()>::{closure#1} as core[a373ad73a504971]::ops::function::FnOnce<()>>::call_once::{shim:vtable#0}
[INFO] [stdout]   17:     0x6266609255bf - <std[617be2ca0a6fd877]::sys::thread::unix::Thread>::new::thread_start
[INFO] [stdout]   18:     0x7b2e862e9dfa - <unknown>
[INFO] [stdout]   19:     0x7b2e8637d3d4 - clone
[INFO] [stdout]   20:                0x0 - <unknown>
[INFO] [stdout] 
[INFO] [stdout] ---- convert_refuses_to_replace_a_file_without_force stdout ----
[INFO] [stdout] 
[INFO] [stdout] thread 'convert_refuses_to_replace_a_file_without_force' (323) panicked at tests/cli.rs:339:5:
[INFO] [stdout] openskp: cannot read /opt/rustwide/workdir/../../corpus/2026/box.skp: No such file or directory (os error 2)
[INFO] [stdout] 
[INFO] [stdout] stack backtrace:
[INFO] [stdout]    0:     0x626660926311 - <<std[617be2ca0a6fd877]::sys::backtrace::BacktraceLock>::print::DisplayBacktrace as core[a373ad73a504971]::fmt::Display>::fmt
[INFO] [stdout]    1:     0x62666093d60a - core[a373ad73a504971]::fmt::write
[INFO] [stdout]    2:     0x62666092a8cc - <alloc[2e1b2a31b91974c5]::vec::Vec<u8> as core[a373ad73a504971]::io::write::Write>::write_fmt
[INFO] [stdout]    3:     0x6266608ff046 - std[617be2ca0a6fd877]::panicking::default_hook::{closure#0}
[INFO] [stdout]    4:     0x62666091c689 - std[617be2ca0a6fd877]::panicking::default_hook
[INFO] [stdout]    5:     0x626660704060 - test[aada8e7e76ba119b]::test_main_inner::{closure#0}
[INFO] [stdout]    6:     0x62666091c842 - std[617be2ca0a6fd877]::panicking::panic_with_hook
[INFO] [stdout]    7:     0x6266608ff0f2 - std[617be2ca0a6fd877]::panicking::panic_handler::{closure#0}
[INFO] [stdout]    8:     0x6266608f7989 - std[617be2ca0a6fd877]::sys::backtrace::__rust_end_short_backtrace::<std[617be2ca0a6fd877]::panicking::panic_handler::{closure#0}, !>
[INFO] [stdout]    9:     0x62666090008d - __rustc[ea4f61d10b84890b]::rust_begin_unwind
[INFO] [stdout]   10:     0x62666093dd3c - core[a373ad73a504971]::panicking::panic_fmt
[INFO] [stdout]   11:     0x6266606f244a - <cli[7394251dfd60a0b9]::convert_refuses_to_replace_a_file_without_force::{closure#0} as core[a373ad73a504971]::ops::function::FnOnce<()>>::call_once
[INFO] [stdout]   12:     0x6266606f74ab - test[aada8e7e76ba119b]::__rust_begin_short_backtrace::<core[a373ad73a504971]::result::Result<(), alloc[2e1b2a31b91974c5]::string::String>, fn() -> core[a373ad73a504971]::result::Result<(), alloc[2e1b2a31b91974c5]::string::String>>
[INFO] [stdout]   13:     0x626660704685 - test[aada8e7e76ba119b]::run_test::{closure#0}
[INFO] [stdout]   14:     0x6266606fdf74 - std[617be2ca0a6fd877]::sys::backtrace::__rust_begin_short_backtrace::<test[aada8e7e76ba119b]::run_test::{closure#1}, ()>
[INFO] [stdout]   15:     0x626660707712 - <std[617be2ca0a6fd877]::thread::lifecycle::spawn_unchecked<test[aada8e7e76ba119b]::run_test::{closure#1}, ()>::{closure#1} as core[a373ad73a504971]::ops::function::FnOnce<()>>::call_once::{shim:vtable#0}
[INFO] [stdout]   16:     0x6266609255bf - <std[617be2ca0a6fd877]::sys::thread::unix::Thread>::new::thread_start
[INFO] [stdout]   17:     0x7b2e862e9dfa - <unknown>
[INFO] [stdout]   18:     0x7b2e8637d3d4 - clone
[INFO] [stdout]   19:                0x0 - <unknown>
[INFO] [stdout] 
[INFO] [stdout] 
[INFO] [stdout] failures:
[INFO] [stdout]     a_device_is_written_to_and_stays_a_device
[INFO] [stdout]     a_link_is_replaced_and_never_written_through
[INFO] [stdout]     a_long_name_and_a_closed_directory_are_written
[INFO] [stdout]     a_replaced_file_keeps_its_permissions
[INFO] [stdout]     convert_refuses_to_replace_a_file_without_force
[INFO] [stdout]     convert_writes_the_other_container_next_to_the_input
[INFO] [stdout]     copy_reproduces_a_file_of_either_format
[INFO] [stdout]     global_options_come_before_the_command
[INFO] [stdout]     help_and_the_end_of_options_read_the_same_everywhere
[INFO] [stdout]     options_go_before_the_files
[INFO] [stdout]     the_reading_commands_print_to_stdout
[INFO] [stdout]     verify_passes_a_file_of_either_format_and_prints_its_records
[INFO] [stdout]     verify_refuses_a_file_that_does_not_reproduce
[INFO] [stdout] 
[INFO] [stdout] test result: FAILED. 11 passed; 13 failed; 0 ignored; 0 measured; 0 filtered out; finished in 0.00s
[INFO] [stdout] 
[INFO] running `Command { std: "docker" "inspect" "5da49446644b2442a78e60e58e3e255ec3b42af177de9fca48c90d43198b04fe", kill_on_drop: false }`
[INFO] running `Command { std: "docker" "rm" "-f" "5da49446644b2442a78e60e58e3e255ec3b42af177de9fca48c90d43198b04fe", kill_on_drop: false }`
[INFO] [stdout] 5da49446644b2442a78e60e58e3e255ec3b42af177de9fca48c90d43198b04fe
