[INFO] fetching crate openreadout-codecs 0.3.0...
[INFO] testing openreadout-codecs-0.3.0 against 1.99.0-beta.8+cargoflags=--release for beta-release-1.100-2
[INFO] extracting crate openreadout-codecs 0.3.0 into /workspace/builds/worker-3-tc1/source
[INFO] started tweaking crates.io crate openreadout-codecs 0.3.0
[INFO] finished tweaking crates.io crate openreadout-codecs 0.3.0
[INFO] tweaked toml for crates.io crate openreadout-codecs 0.3.0 written to /workspace/builds/worker-3-tc1/source/Cargo.toml
[INFO] validating manifest of crates.io crate openreadout-codecs 0.3.0 on toolchain 1.99.0-beta.8
[INFO] running `Command { std: CARGO_HOME="/workspace/cargo-home" RUSTUP_HOME="/workspace/rustup-home" "/workspace/cargo-home/bin/cargo" "+1.99.0-beta.8" "metadata" "--manifest-path" "Cargo.toml" "--no-deps", kill_on_drop: false }`
[INFO] crate crates.io crate openreadout-codecs 0.3.0 already has a lockfile, it will not be regenerated
[INFO] running `Command { std: CARGO_HOME="/workspace/cargo-home" RUSTUP_HOME="/workspace/rustup-home" "/workspace/cargo-home/bin/cargo" "+1.99.0-beta.8" "fetch" "--manifest-path" "Cargo.toml", kill_on_drop: false }`
[INFO] [stderr]     Updating crates.io index
[INFO] [stderr]  Downloading crates ...
[INFO] [stderr]   Downloaded openreadout-jpegxr v0.3.0
[INFO] [stderr]   Downloaded jxl-bitstream v1.1.0
[INFO] [stderr]   Downloaded lerc-rs v0.5.0
[INFO] [stderr]   Downloaded jxl-threadpool v1.0.0
[INFO] [stderr]   Downloaded jxl-oxide-common v1.0.0
[INFO] [stderr]   Downloaded jxl-image v0.13.0
[INFO] [stderr]   Downloaded jxl-oxide v0.12.6
[INFO] [stderr]   Downloaded jxl-vardct v0.11.1
[INFO] [stderr]   Downloaded jxl-grid v0.6.2
[INFO] [stderr]   Downloaded jxl-coding v1.0.1
[INFO] [stderr]   Downloaded jxl-frame v0.13.3
[INFO] [stderr]   Downloaded jxl-jbr v0.2.1
[INFO] [stderr]   Downloaded jxl-modular v0.11.3
[INFO] [stderr]   Downloaded jxl-color v0.11.0
[INFO] [stderr]   Downloaded jxl-render v0.12.4
[INFO] [stderr]   Downloaded ruzstd v0.9.0
[INFO] [stderr]   Downloaded dicom-toolkit-jpeg2000 v0.5.0
[INFO] [stderr]   Downloaded rust-j2k v0.3.0
[INFO] running `Command { std: "docker" "create" "-v" "/var/lib/crater-agent-workspace/builds/worker-3-tc1/source:/opt/rustwide/workdir:ro,Z" "-v" "/var/lib/crater-agent-workspace/builds/worker-3-tc1/target:/opt/rustwide/target:rw,Z" "-v" "/var/lib/crater-agent-workspace/cargo-home:/opt/rustwide/cargo-home:ro,Z" "-v" "/var/lib/crater-agent-workspace/rustup-home:/opt/rustwide/rustup-home:ro,Z" "-m" "1610612736" "--network" "none" "ghcr.io/rust-lang/crates-build-env/linux@sha256:77db811e55d90add9212f6832c23229e3de5f1c1f9905e8cb07319ea15df73ac" "sleep" "infinity", kill_on_drop: false }`
[INFO] [stdout] 0cc398af99918f90959f41c062f0ba13bc5750a4cdeab80b77eb0b45350b0795
[INFO] running `Command { std: "docker" "start" "0cc398af99918f90959f41c062f0ba13bc5750a4cdeab80b77eb0b45350b0795", kill_on_drop: false }`
[INFO] running `Command { std: "docker" "inspect" "0cc398af99918f90959f41c062f0ba13bc5750a4cdeab80b77eb0b45350b0795", kill_on_drop: false }`
[INFO] running `Command { std: "docker" "exec" "-e" "SOURCE_DIR=/opt/rustwide/workdir" "-e" "CARGO_HOME=/opt/rustwide/cargo-home" "-e" "RUSTUP_HOME=/opt/rustwide/rustup-home" "-e" "CARGO_TARGET_DIR=/opt/rustwide/target" "-w" "/opt/rustwide/workdir" "--user" "0:0" "0cc398af99918f90959f41c062f0ba13bc5750a4cdeab80b77eb0b45350b0795" "/opt/rustwide/cargo-home/bin/cargo" "+1.99.0-beta.8" "metadata" "--no-deps" "--format-version=1", kill_on_drop: false }`
[INFO] running `Command { std: "docker" "inspect" "0cc398af99918f90959f41c062f0ba13bc5750a4cdeab80b77eb0b45350b0795", kill_on_drop: false }`
[INFO] running `Command { std: "docker" "exec" "-e" "SOURCE_DIR=/opt/rustwide/workdir" "-e" "CARGO_HOME=/opt/rustwide/cargo-home" "-e" "RUSTUP_HOME=/opt/rustwide/rustup-home" "-e" "CARGO_TARGET_DIR=/opt/rustwide/target" "-e" "CARGO_INCREMENTAL=0" "-e" "RUST_BACKTRACE=full" "-e" "RUSTFLAGS=--cap-lints=warn" "-e" "RUSTDOCFLAGS=--cap-lints=warn" "-w" "/opt/rustwide/workdir" "--user" "0:0" "0cc398af99918f90959f41c062f0ba13bc5750a4cdeab80b77eb0b45350b0795" "/opt/rustwide/cargo-home/bin/cargo" "+1.99.0-beta.8" "build" "--frozen" "--message-format=json" "--release", kill_on_drop: false }`
[INFO] [stderr]    Compiling jxl-bitstream v1.1.0
[INFO] [stderr]    Compiling jxl-grid v0.6.2
[INFO] [stderr]    Compiling jxl-threadpool v1.0.0
[INFO] [stderr]    Compiling alloc-no-stdlib v2.0.4
[INFO] [stderr]    Compiling crc32fast v1.5.2
[INFO] [stderr]    Compiling bytemuck v1.25.2
[INFO] [stderr]    Compiling thiserror v2.0.21
[INFO] [stderr]    Compiling simd-adler32 v0.3.10
[INFO] [stderr]    Compiling twox-hash v2.1.4
[INFO] [stderr]    Compiling image-webp v0.2.4
[INFO] [stderr]    Compiling weezl v0.2.1
[INFO] [stderr]    Compiling dicom-toolkit-jpeg2000 v0.5.0
[INFO] [stderr]    Compiling rust-j2k v0.3.0
[INFO] [stderr]    Compiling openreadout-jpegxr v0.3.0
[INFO] [stderr]    Compiling lz4_flex v0.14.0
[INFO] [stderr]    Compiling syn v3.0.6
[INFO] [stderr]    Compiling alloc-stdlib v0.2.4
[INFO] [stderr]    Compiling ruzstd v0.9.0
[INFO] [stderr]    Compiling jpeg-decoder v0.3.2
[INFO] [stderr]    Compiling brotli-decompressor v5.0.3
[INFO] [stderr]    Compiling jxl-oxide-common v1.0.0
[INFO] [stderr]    Compiling jxl-coding v1.0.1
[INFO] [stderr]    Compiling jxl-image v0.13.0
[INFO] [stderr]    Compiling miniz_oxide v0.9.1
[INFO] [stderr]    Compiling jxl-modular v0.11.3
[INFO] [stderr]    Compiling jxl-color v0.11.0
[INFO] [stderr]    Compiling flate2 v1.1.10
[INFO] [stderr]    Compiling jxl-vardct v0.11.1
[INFO] [stderr]    Compiling thiserror-impl v2.0.21
[INFO] [stderr]    Compiling jxl-frame v0.13.3
[INFO] [stderr]    Compiling jxl-render v0.12.4
[INFO] [stderr]    Compiling jxl-jbr v0.2.1
[INFO] [stderr]    Compiling jxl-oxide v0.12.6
[INFO] [stderr]    Compiling openreadout-codecs v0.3.0 (/opt/rustwide/workdir)
[INFO] [stderr]     Finished `release` profile [optimized] target(s) in 42.71s
[INFO] running `Command { std: "docker" "inspect" "0cc398af99918f90959f41c062f0ba13bc5750a4cdeab80b77eb0b45350b0795", kill_on_drop: false }`
[INFO] running `Command { std: "docker" "exec" "-e" "SOURCE_DIR=/opt/rustwide/workdir" "-e" "CARGO_HOME=/opt/rustwide/cargo-home" "-e" "RUSTUP_HOME=/opt/rustwide/rustup-home" "-e" "CARGO_TARGET_DIR=/opt/rustwide/target" "-e" "CARGO_INCREMENTAL=0" "-e" "RUST_BACKTRACE=full" "-e" "RUSTFLAGS=--cap-lints=warn" "-e" "RUSTDOCFLAGS=--cap-lints=warn" "-w" "/opt/rustwide/workdir" "--user" "0:0" "0cc398af99918f90959f41c062f0ba13bc5750a4cdeab80b77eb0b45350b0795" "/opt/rustwide/cargo-home/bin/cargo" "+1.99.0-beta.8" "test" "--frozen" "--no-run" "--message-format=json" "--release", kill_on_drop: false }`
[INFO] [stderr]    Compiling openreadout-codecs v0.3.0 (/opt/rustwide/workdir)
[INFO] [stderr]     Finished `release` profile [optimized] target(s) in 4.72s
[INFO] running `Command { std: "docker" "inspect" "0cc398af99918f90959f41c062f0ba13bc5750a4cdeab80b77eb0b45350b0795", kill_on_drop: false }`
[INFO] running `Command { std: "docker" "exec" "-e" "SOURCE_DIR=/opt/rustwide/workdir" "-e" "CARGO_HOME=/opt/rustwide/cargo-home" "-e" "RUSTUP_HOME=/opt/rustwide/rustup-home" "-e" "CARGO_TARGET_DIR=/opt/rustwide/target" "-e" "CARGO_INCREMENTAL=0" "-e" "RUST_BACKTRACE=full" "-e" "RUSTFLAGS=--cap-lints=warn" "-e" "RUSTDOCFLAGS=--cap-lints=warn" "-w" "/opt/rustwide/workdir" "--user" "0:0" "0cc398af99918f90959f41c062f0ba13bc5750a4cdeab80b77eb0b45350b0795" "/opt/rustwide/cargo-home/bin/cargo" "+1.99.0-beta.8" "test" "--frozen" "--release", kill_on_drop: false }`
[INFO] [stderr]     Finished `release` profile [optimized] target(s) in 0.05s
[INFO] [stderr]      Running unittests src/lib.rs (/opt/rustwide/target/release/deps/openreadout_codecs-cba7a7e1c7f4ddc3)
[INFO] [stdout] 
[INFO] [stdout] running 29 tests
[INFO] [stdout] test blosc::tests::bitunshuffle_transposes_bits ... ok
[INFO] [stdout] test jpeg12::tests::garbage_is_refused_cleanly ... ok
[INFO] [stdout] test lzma::tests::python_lzma2_vector ... ok
[INFO] [stdout] test lzma::tests::rejects_malformed ... ok
[INFO] [stdout] test blosc::tests::snappy_literals_and_copies ... ok
[INFO] [stdout] test lzma::tests::uncompressed_chunks ... ok
[INFO] [stdout] test tests::hilo_roundtrip ... ok
[INFO] [stdout] test chunked::tests::malformed_headers_are_refused ... ok
[INFO] [stdout] test blosc::tests::hdf5_lz4_stored_block ... ok
[INFO] [stdout] test chunked::tests::two_size_form_gives_the_last_chunk_its_own_size ... ok
[INFO] [stdout] test j2k::tests::jp2_boxes_are_unwrapped ... ok
[INFO] [stdout] test jpeg12::tests::idct_of_a_dc_block_is_flat ... ok
[INFO] [stdout] test blosc::tests::blosclz_literal_and_match ... ok
[INFO] [stdout] test blosc::tests::memcpyed_and_shuffled_stored_blocks ... ok
[INFO] [stdout] test chunked::tests::varints_are_seven_bit_groups ... ok
[INFO] [stdout] test tests::packbits_spec_example ... ok
[INFO] [stdout] test tests::zstd1_header_parses ... ok
[INFO] [stdout] test tests::jpeg_lossless_16bit_is_exact ... ok
[INFO] [stdout] test tests::jpeg_markers_and_libjpeg_colour_rules ... ok
[INFO] [stdout] test tests::jpeg_tiff_rejects_garbage ... ok
[INFO] [stdout] test tests::jpeg_rejects_garbage_cleanly ... ok
[INFO] [stdout] test tests::lzf_literals_and_overlapping_references ... ok
[INFO] [stdout] test tests::zstd_fast_path_and_fallback_enforce_size ... ok
[INFO] [stdout] test tests::webp_huffman_overflow_is_an_error ... ok
[INFO] [stdout] test jpeg12::tests::precision_is_read_from_the_frame_header ... ok
[INFO] [stdout] test tests::garbage_is_a_clean_error ... ok
[INFO] [stdout] test tests::zlib_output_is_capped_at_expected_len ... ok
[INFO] [stdout] test tests::lzw_reused_buffer_preserves_output_and_enforces_limit ... ok
[INFO] [stdout] test tests::jpeg2000_matches_openjpeg ... FAILED
[INFO] [stdout] 
[INFO] [stdout] failures:
[INFO] [stdout] 
[INFO] [stdout] ---- tests::jpeg2000_matches_openjpeg stdout ----
[INFO] [stdout] 
[INFO] [stdout] thread 'tests::jpeg2000_matches_openjpeg' (937) panicked at src/lib.rs:1064:69:
[INFO] [stdout] called `Result::unwrap()` on an `Err` value: Os { code: 2, kind: NotFound, message: "No such file or directory" }
[INFO] [stdout] stack backtrace:
[INFO] [stdout]    0:     0x6051fa7c9d11 - <<std[70759c8f55707aa4]::sys::backtrace::BacktraceLock>::print::DisplayBacktrace as core[df12db4294e9bfd3]::fmt::Display>::fmt
[INFO] [stdout]    1:     0x6051fa7de40a - core[df12db4294e9bfd3]::fmt::write
[INFO] [stdout]    2:     0x6051fa7ce1ac - <alloc[2182bb758b4b3781]::vec::Vec<u8> as core[df12db4294e9bfd3]::io::write::Write>::write_fmt
[INFO] [stdout]    3:     0x6051fa7a5e56 - std[70759c8f55707aa4]::panicking::default_hook::{closure#0}
[INFO] [stdout]    4:     0x6051fa7c2159 - std[70759c8f55707aa4]::panicking::default_hook
[INFO] [stdout]    5:     0x6051fa729f10 - test[9d35eded1c95d3be]::test_main_inner::<test[9d35eded1c95d3be]::test_main_static::{closure#0}>::{closure#0}
[INFO] [stdout]    6:     0x6051fa7c2312 - std[70759c8f55707aa4]::panicking::panic_with_hook
[INFO] [stdout]    7:     0x6051fa7a5f02 - std[70759c8f55707aa4]::panicking::panic_handler::{closure#0}
[INFO] [stdout]    8:     0x6051fa79eaf9 - std[70759c8f55707aa4]::sys::backtrace::__rust_end_short_backtrace::<std[70759c8f55707aa4]::panicking::panic_handler::{closure#0}, !>
[INFO] [stdout]    9:     0x6051fa7a6afd - __rustc[8fa7c3cbc660c2b3]::rust_begin_unwind
[INFO] [stdout]   10:     0x6051fa7deb3c - core[df12db4294e9bfd3]::panicking::panic_fmt
[INFO] [stdout]   11:     0x6051fa7de912 - core[df12db4294e9bfd3]::result::unwrap_failed
[INFO] [stdout]   12:     0x6051fa6778c7 - openreadout_codecs[653a9f7e49755c99]::tests::jpeg2000_matches_openjpeg
[INFO] [stdout]   13:     0x6051fa69c199 - <openreadout_codecs[653a9f7e49755c99]::tests::jpeg2000_matches_openjpeg::{closure#0} as core[df12db4294e9bfd3]::ops::function::FnOnce<()>>::call_once
[INFO] [stdout]   14:     0x6051fa71d1fb - test[9d35eded1c95d3be]::__rust_begin_short_backtrace::<core[df12db4294e9bfd3]::result::Result<(), alloc[2182bb758b4b3781]::string::String>, fn() -> core[df12db4294e9bfd3]::result::Result<(), alloc[2182bb758b4b3781]::string::String>>
[INFO] [stdout]   15:     0x6051fa72a865 - test[9d35eded1c95d3be]::run_test::{closure#0}
[INFO] [stdout]   16:     0x6051fa724124 - std[70759c8f55707aa4]::sys::backtrace::__rust_begin_short_backtrace::<test[9d35eded1c95d3be]::run_test::{closure#1}, ()>
[INFO] [stdout]   17:     0x6051fa72d9c2 - <std[70759c8f55707aa4]::thread::lifecycle::spawn_unchecked<test[9d35eded1c95d3be]::run_test::{closure#1}, ()>::{closure#1} as core[df12db4294e9bfd3]::ops::function::FnOnce<()>>::call_once::{shim:vtable#0}
[INFO] [stdout]   18:     0x6051fa7c92c9 - <std[70759c8f55707aa4]::sys::thread::unix::Thread>::new::thread_start
[INFO] [stdout]   19:     0x748b990badfa - <unknown>
[INFO] [stdout]   20:     0x748b9914e3d4 - clone
[INFO] [stdout]   21:                0x0 - <unknown>
[INFO] [stdout] 
[INFO] [stdout] 
[INFO] [stdout] failures:
[INFO] [stdout]     tests::jpeg2000_matches_openjpeg
[INFO] [stdout] 
[INFO] [stdout] test result: FAILED. 28 passed; 1 failed; 0 ignored; 0 measured; 0 filtered out; finished in 0.03s
[INFO] [stdout] 
[INFO] [stderr] error: test failed, to rerun pass `--lib`
[INFO] running `Command { std: "docker" "inspect" "0cc398af99918f90959f41c062f0ba13bc5750a4cdeab80b77eb0b45350b0795", kill_on_drop: false }`
[INFO] running `Command { std: "docker" "rm" "-f" "0cc398af99918f90959f41c062f0ba13bc5750a4cdeab80b77eb0b45350b0795", kill_on_drop: false }`
[INFO] [stdout] 0cc398af99918f90959f41c062f0ba13bc5750a4cdeab80b77eb0b45350b0795
