[INFO] fetching crate openquiver-ipc 0.1.0...
[INFO] testing openquiver-ipc-0.1.0 against 1.99.0-beta.8+cargoflags=--release for beta-release-1.100-2
[INFO] extracting crate openquiver-ipc 0.1.0 into /workspace/builds/worker-6-tc1/source
[INFO] started tweaking crates.io crate openquiver-ipc 0.1.0
[INFO] removed 0 missing tests
[INFO] finished tweaking crates.io crate openquiver-ipc 0.1.0
[INFO] tweaked toml for crates.io crate openquiver-ipc 0.1.0 written to /workspace/builds/worker-6-tc1/source/Cargo.toml
[INFO] validating manifest of crates.io crate openquiver-ipc 0.1.0 on toolchain 1.99.0-beta.8
[INFO] running `Command { std: CARGO_HOME="/workspace/cargo-home" RUSTUP_HOME="/workspace/rustup-home" "/workspace/cargo-home/bin/cargo" "+1.99.0-beta.8" "metadata" "--manifest-path" "Cargo.toml" "--no-deps", kill_on_drop: false }`
[INFO] crate crates.io crate openquiver-ipc 0.1.0 already has a lockfile, it will not be regenerated
[INFO] running `Command { std: CARGO_HOME="/workspace/cargo-home" RUSTUP_HOME="/workspace/rustup-home" "/workspace/cargo-home/bin/cargo" "+1.99.0-beta.8" "fetch" "--manifest-path" "Cargo.toml", kill_on_drop: false }`
[INFO] [stderr]     Updating crates.io index
[INFO] [stderr]  Downloading crates ...
[INFO] [stderr]   Downloaded openquiver-graph v0.1.0
[INFO] [stderr]   Downloaded openquiver-nodes v0.1.0
[INFO] [stderr]   Downloaded openquiver-diag v0.1.0
[INFO] [stderr]   Downloaded openquiver-syntax v0.1.0
[INFO] [stderr]   Downloaded openquiver-editor v0.1.0
[INFO] [stderr]   Downloaded openquiver-compile v0.1.0
[INFO] running `Command { std: "docker" "create" "-v" "/var/lib/crater-agent-workspace/builds/worker-6-tc1/source:/opt/rustwide/workdir:ro,Z" "-v" "/var/lib/crater-agent-workspace/builds/worker-6-tc1/target:/opt/rustwide/target:rw,Z" "-v" "/var/lib/crater-agent-workspace/cargo-home:/opt/rustwide/cargo-home:ro,Z" "-v" "/var/lib/crater-agent-workspace/rustup-home:/opt/rustwide/rustup-home:ro,Z" "-m" "1610612736" "--network" "none" "ghcr.io/rust-lang/crates-build-env/linux@sha256:77db811e55d90add9212f6832c23229e3de5f1c1f9905e8cb07319ea15df73ac" "sleep" "infinity", kill_on_drop: false }`
[INFO] [stdout] bf1720d438437c3335e0f530b81028df529996af34251e8cf038a44eee3f0658
[INFO] running `Command { std: "docker" "start" "bf1720d438437c3335e0f530b81028df529996af34251e8cf038a44eee3f0658", kill_on_drop: false }`
[INFO] running `Command { std: "docker" "inspect" "bf1720d438437c3335e0f530b81028df529996af34251e8cf038a44eee3f0658", kill_on_drop: false }`
[INFO] running `Command { std: "docker" "exec" "-e" "SOURCE_DIR=/opt/rustwide/workdir" "-e" "CARGO_HOME=/opt/rustwide/cargo-home" "-e" "RUSTUP_HOME=/opt/rustwide/rustup-home" "-e" "CARGO_TARGET_DIR=/opt/rustwide/target" "-w" "/opt/rustwide/workdir" "--user" "0:0" "bf1720d438437c3335e0f530b81028df529996af34251e8cf038a44eee3f0658" "/opt/rustwide/cargo-home/bin/cargo" "+1.99.0-beta.8" "metadata" "--no-deps" "--format-version=1", kill_on_drop: false }`
[INFO] running `Command { std: "docker" "inspect" "bf1720d438437c3335e0f530b81028df529996af34251e8cf038a44eee3f0658", kill_on_drop: false }`
[INFO] running `Command { std: "docker" "exec" "-e" "SOURCE_DIR=/opt/rustwide/workdir" "-e" "CARGO_HOME=/opt/rustwide/cargo-home" "-e" "RUSTUP_HOME=/opt/rustwide/rustup-home" "-e" "CARGO_TARGET_DIR=/opt/rustwide/target" "-e" "CARGO_INCREMENTAL=0" "-e" "RUST_BACKTRACE=full" "-e" "RUSTFLAGS=--cap-lints=warn" "-e" "RUSTDOCFLAGS=--cap-lints=warn" "-w" "/opt/rustwide/workdir" "--user" "0:0" "bf1720d438437c3335e0f530b81028df529996af34251e8cf038a44eee3f0658" "/opt/rustwide/cargo-home/bin/cargo" "+1.99.0-beta.8" "build" "--frozen" "--message-format=json" "--release", kill_on_drop: false }`
[INFO] [stderr]    Compiling syn v2.0.119
[INFO] [stderr]    Compiling termcolor v1.4.1
[INFO] [stderr]    Compiling unicode-ident v1.0.24
[INFO] [stderr]    Compiling tinyvec v1.12.0
[INFO] [stderr]    Compiling serde v1.0.229
[INFO] [stderr]    Compiling regex-automata v0.4.18
[INFO] [stderr]    Compiling unicode-normalization v0.1.25
[INFO] [stderr]    Compiling openquiver-diag v0.1.0
[INFO] [stderr]    Compiling logos-codegen v0.16.1
[INFO] [stderr]    Compiling ts-rs-macros v12.0.1
[INFO] [stderr]    Compiling logos-derive v0.16.1
[INFO] [stderr]    Compiling logos v0.16.1
[INFO] [stderr]    Compiling ts-rs v12.0.1
[INFO] [stderr]    Compiling openquiver-graph v0.1.0
[INFO] [stderr]    Compiling openquiver-nodes v0.1.0
[INFO] [stderr]    Compiling openquiver-syntax v0.1.0
[INFO] [stderr]    Compiling openquiver-compile v0.1.0
[INFO] [stderr]    Compiling openquiver-editor v0.1.0
[INFO] [stderr]    Compiling openquiver-ipc v0.1.0 (/opt/rustwide/workdir)
[INFO] [stderr]     Finished `release` profile [optimized] target(s) in 16.58s
[INFO] running `Command { std: "docker" "inspect" "bf1720d438437c3335e0f530b81028df529996af34251e8cf038a44eee3f0658", kill_on_drop: false }`
[INFO] running `Command { std: "docker" "exec" "-e" "SOURCE_DIR=/opt/rustwide/workdir" "-e" "CARGO_HOME=/opt/rustwide/cargo-home" "-e" "RUSTUP_HOME=/opt/rustwide/rustup-home" "-e" "CARGO_TARGET_DIR=/opt/rustwide/target" "-e" "CARGO_INCREMENTAL=0" "-e" "RUST_BACKTRACE=full" "-e" "RUSTFLAGS=--cap-lints=warn" "-e" "RUSTDOCFLAGS=--cap-lints=warn" "-w" "/opt/rustwide/workdir" "--user" "0:0" "bf1720d438437c3335e0f530b81028df529996af34251e8cf038a44eee3f0658" "/opt/rustwide/cargo-home/bin/cargo" "+1.99.0-beta.8" "test" "--frozen" "--no-run" "--message-format=json" "--release", kill_on_drop: false }`
[INFO] [stderr]    Compiling libc v0.2.189
[INFO] [stderr]    Compiling serde_json v1.0.151
[INFO] [stderr]    Compiling getrandom v0.4.3
[INFO] [stderr]    Compiling tempfile v3.27.0
[INFO] [stderr]    Compiling openquiver-ipc v0.1.0 (/opt/rustwide/workdir)
[INFO] [stderr]     Finished `release` profile [optimized] target(s) in 6.11s
[INFO] running `Command { std: "docker" "inspect" "bf1720d438437c3335e0f530b81028df529996af34251e8cf038a44eee3f0658", kill_on_drop: false }`
[INFO] running `Command { std: "docker" "exec" "-e" "SOURCE_DIR=/opt/rustwide/workdir" "-e" "CARGO_HOME=/opt/rustwide/cargo-home" "-e" "RUSTUP_HOME=/opt/rustwide/rustup-home" "-e" "CARGO_TARGET_DIR=/opt/rustwide/target" "-e" "CARGO_INCREMENTAL=0" "-e" "RUST_BACKTRACE=full" "-e" "RUSTFLAGS=--cap-lints=warn" "-e" "RUSTDOCFLAGS=--cap-lints=warn" "-w" "/opt/rustwide/workdir" "--user" "0:0" "bf1720d438437c3335e0f530b81028df529996af34251e8cf038a44eee3f0658" "/opt/rustwide/cargo-home/bin/cargo" "+1.99.0-beta.8" "test" "--frozen" "--release", kill_on_drop: false }`
[INFO] [stderr]     Finished `release` profile [optimized] target(s) in 0.05s
[INFO] [stderr]      Running unittests src/lib.rs (/opt/rustwide/target/release/deps/openquiver_ipc-0919ebe645f3dc01)
[INFO] [stdout] 
[INFO] [stdout] running 2 tests
[INFO] [stdout] test export_bindings_command ... ok
[INFO] [stdout] test export_bindings_answer ... ok
[INFO] [stdout] 
[INFO] [stdout] test result: ok. 2 passed; 0 failed; 0 ignored; 0 measured; 0 filtered out; finished in 0.05s
[INFO] [stdout] 
[INFO] [stderr]      Running tests/dispatch.rs (/opt/rustwide/target/release/deps/dispatch-01843ce3f3db1fd2)
[INFO] [stdout] 
[INFO] [stdout] running 8 tests
[INFO] [stdout] test a_command_is_json_in_and_a_whole_view_out ... FAILED
[INFO] [stdout] test a_startup_path_that_will_not_open_names_itself ... ok
[INFO] [stdout] test a_startup_path_that_will_not_parse_is_still_named ... ok
[INFO] [stdout] test the_startup_path_opens_and_advances_the_revision ... FAILED
[INFO] [stdout] test view_answers_without_changing_anything ... ok
[INFO] [stdout] test every_answer_advances_the_revision ... ok
[INFO] [stdout] test commands_round_trip_as_json ... ok
[INFO] [stdout] test a_rejected_command_still_answers_with_the_current_view ... FAILED
[INFO] [stdout] 
[INFO] [stdout] failures:
[INFO] [stdout] 
[INFO] [stdout] ---- a_command_is_json_in_and_a_whole_view_out stdout ----
[INFO] [stdout] 
[INFO] [stdout] thread 'a_command_is_json_in_and_a_whole_view_out' (625) panicked at tests/dispatch.rs:18:5:
[INFO] [stdout] assertion failed: answer.rejected.is_none()
[INFO] [stdout] stack backtrace:
[INFO] [stdout]    0:     0x56ba108320c1 - <<std[70759c8f55707aa4]::sys::backtrace::BacktraceLock>::print::DisplayBacktrace as core[df12db4294e9bfd3]::fmt::Display>::fmt
[INFO] [stdout]    1:     0x56ba10847f0a - core[df12db4294e9bfd3]::fmt::write
[INFO] [stdout]    2:     0x56ba1083657c - <alloc[2182bb758b4b3781]::vec::Vec<u8> as core[df12db4294e9bfd3]::io::write::Write>::write_fmt
[INFO] [stdout]    3:     0x56ba1080d836 - std[70759c8f55707aa4]::panicking::default_hook::{closure#0}
[INFO] [stdout]    4:     0x56ba1082a049 - std[70759c8f55707aa4]::panicking::default_hook
[INFO] [stdout]    5:     0x56ba10753810 - test[9d35eded1c95d3be]::test_main_inner::<test[9d35eded1c95d3be]::test_main_static::{closure#0}>::{closure#0}
[INFO] [stdout]    6:     0x56ba1082a202 - std[70759c8f55707aa4]::panicking::panic_with_hook
[INFO] [stdout]    7:     0x56ba1080d914 - std[70759c8f55707aa4]::panicking::panic_handler::{closure#0}
[INFO] [stdout]    8:     0x56ba108063c9 - std[70759c8f55707aa4]::sys::backtrace::__rust_end_short_backtrace::<std[70759c8f55707aa4]::panicking::panic_handler::{closure#0}, !>
[INFO] [stdout]    9:     0x56ba1080e5cd - __rustc[8fa7c3cbc660c2b3]::rust_begin_unwind
[INFO] [stdout]   10:     0x56ba1084863c - core[df12db4294e9bfd3]::panicking::panic_fmt
[INFO] [stdout]   11:     0x56ba10848602 - core[df12db4294e9bfd3]::panicking::panic
[INFO] [stdout]   12:     0x56ba10736555 - <dispatch[8d32faf09b7e5a14]::a_command_is_json_in_and_a_whole_view_out::{closure#0} as core[df12db4294e9bfd3]::ops::function::FnOnce<()>>::call_once
[INFO] [stdout]   13:     0x56ba10746afb - test[9d35eded1c95d3be]::__rust_begin_short_backtrace::<core[df12db4294e9bfd3]::result::Result<(), alloc[2182bb758b4b3781]::string::String>, fn() -> core[df12db4294e9bfd3]::result::Result<(), alloc[2182bb758b4b3781]::string::String>>
[INFO] [stdout]   14:     0x56ba10754165 - test[9d35eded1c95d3be]::run_test::{closure#0}
[INFO] [stdout]   15:     0x56ba1074da24 - std[70759c8f55707aa4]::sys::backtrace::__rust_begin_short_backtrace::<test[9d35eded1c95d3be]::run_test::{closure#1}, ()>
[INFO] [stdout]   16:     0x56ba107572c2 - <std[70759c8f55707aa4]::thread::lifecycle::spawn_unchecked<test[9d35eded1c95d3be]::run_test::{closure#1}, ()>::{closure#1} as core[df12db4294e9bfd3]::ops::function::FnOnce<()>>::call_once::{shim:vtable#0}
[INFO] [stdout]   17:     0x56ba10831439 - <std[70759c8f55707aa4]::sys::thread::unix::Thread>::new::thread_start
[INFO] [stdout]   18:     0x790a5b631dfa - <unknown>
[INFO] [stdout]   19:     0x790a5b6c53d4 - clone
[INFO] [stdout]   20:                0x0 - <unknown>
[INFO] [stdout] 
[INFO] [stdout] ---- the_startup_path_opens_and_advances_the_revision stdout ----
[INFO] [stdout] 
[INFO] [stdout] thread 'the_startup_path_opens_and_advances_the_revision' (631) panicked at tests/dispatch.rs:106:5:
[INFO] [stdout] assertion `left == right` failed
[INFO] [stdout]   left: Err("/opt/rustwide/workdir/../../graphs/hello.quiver: No such file or directory (os error 2)")
[INFO] [stdout]  right: Ok(())
[INFO] [stdout] stack backtrace:
[INFO] [stdout]    0:     0x56ba108320c1 - <<std[70759c8f55707aa4]::sys::backtrace::BacktraceLock>::print::DisplayBacktrace as core[df12db4294e9bfd3]::fmt::Display>::fmt
[INFO] [stdout]    1:     0x56ba10847f0a - core[df12db4294e9bfd3]::fmt::write
[INFO] [stdout]    2:     0x56ba1083657c - <alloc[2182bb758b4b3781]::vec::Vec<u8> as core[df12db4294e9bfd3]::io::write::Write>::write_fmt
[INFO] [stdout]    3:     0x56ba1080d836 - std[70759c8f55707aa4]::panicking::default_hook::{closure#0}
[INFO] [stdout]    4:     0x56ba1082a049 - std[70759c8f55707aa4]::panicking::default_hook
[INFO] [stdout]    5:     0x56ba10753810 - test[9d35eded1c95d3be]::test_main_inner::<test[9d35eded1c95d3be]::test_main_static::{closure#0}>::{closure#0}
[INFO] [stdout]    6:     0x56ba1082a202 - std[70759c8f55707aa4]::panicking::panic_with_hook
[INFO] [stdout]    7:     0x56ba1080d8e2 - std[70759c8f55707aa4]::panicking::panic_handler::{closure#0}
[INFO] [stdout]    8:     0x56ba108063c9 - std[70759c8f55707aa4]::sys::backtrace::__rust_end_short_backtrace::<std[70759c8f55707aa4]::panicking::panic_handler::{closure#0}, !>
[INFO] [stdout]    9:     0x56ba1080e5cd - __rustc[8fa7c3cbc660c2b3]::rust_begin_unwind
[INFO] [stdout]   10:     0x56ba1084863c - core[df12db4294e9bfd3]::panicking::panic_fmt
[INFO] [stdout]   11:     0x56ba10848553 - core[df12db4294e9bfd3]::panicking::assert_failed_inner
[INFO] [stdout]   12:     0x56ba1073ae2d - core[df12db4294e9bfd3]::panicking::assert_failed::<core[df12db4294e9bfd3]::result::Result<(), alloc[2182bb758b4b3781]::string::String>, core[df12db4294e9bfd3]::result::Result<(), alloc[2182bb758b4b3781]::string::String>>
[INFO] [stdout]   13:     0x56ba107367d2 - <dispatch[8d32faf09b7e5a14]::the_startup_path_opens_and_advances_the_revision::{closure#0} as core[df12db4294e9bfd3]::ops::function::FnOnce<()>>::call_once
[INFO] [stdout]   14:     0x56ba10746afb - test[9d35eded1c95d3be]::__rust_begin_short_backtrace::<core[df12db4294e9bfd3]::result::Result<(), alloc[2182bb758b4b3781]::string::String>, fn() -> core[df12db4294e9bfd3]::result::Result<(), alloc[2182bb758b4b3781]::string::String>>
[INFO] [stdout]   15:     0x56ba10754165 - test[9d35eded1c95d3be]::run_test::{closure#0}
[INFO] [stdout]   16:     0x56ba1074da24 - std[70759c8f55707aa4]::sys::backtrace::__rust_begin_short_backtrace::<test[9d35eded1c95d3be]::run_test::{closure#1}, ()>
[INFO] [stdout]   17:     0x56ba107572c2 - <std[70759c8f55707aa4]::thread::lifecycle::spawn_unchecked<test[9d35eded1c95d3be]::run_test::{closure#1}, ()>::{closure#1} as core[df12db4294e9bfd3]::ops::function::FnOnce<()>>::call_once::{shim:vtable#0}
[INFO] [stdout]   18:     0x56ba10831439 - <std[70759c8f55707aa4]::sys::thread::unix::Thread>::new::thread_start
[INFO] [stdout]   19:     0x790a5b631dfa - <unknown>
[INFO] [stdout]   20:     0x790a5b6c53d4 - clone
[INFO] [stdout]   21:                0x0 - <unknown>
[INFO] [stdout] 
[INFO] [stdout] ---- a_rejected_command_still_answers_with_the_current_view stdout ----
[INFO] [stdout] 
[INFO] [stdout] thread 'a_rejected_command_still_answers_with_the_current_view' (626) panicked at tests/dispatch.rs:51:5:
[INFO] [stdout] assertion failed: answer.rejected.as_deref().is_some_and(|r| r.contains("ghost"))
[INFO] [stdout] stack backtrace:
[INFO] [stdout]    0:     0x56ba108320c1 - <<std[70759c8f55707aa4]::sys::backtrace::BacktraceLock>::print::DisplayBacktrace as core[df12db4294e9bfd3]::fmt::Display>::fmt
[INFO] [stdout]    1:     0x56ba10847f0a - core[df12db4294e9bfd3]::fmt::write
[INFO] [stdout]    2:     0x56ba1083657c - <alloc[2182bb758b4b3781]::vec::Vec<u8> as core[df12db4294e9bfd3]::io::write::Write>::write_fmt
[INFO] [stdout]    3:     0x56ba1080d836 - std[70759c8f55707aa4]::panicking::default_hook::{closure#0}
[INFO] [stdout]    4:     0x56ba1082a049 - std[70759c8f55707aa4]::panicking::default_hook
[INFO] [stdout]    5:     0x56ba10753810 - test[9d35eded1c95d3be]::test_main_inner::<test[9d35eded1c95d3be]::test_main_static::{closure#0}>::{closure#0}
[INFO] [stdout]    6:     0x56ba1082a202 - std[70759c8f55707aa4]::panicking::panic_with_hook
[INFO] [stdout]    7:     0x56ba1080d914 - std[70759c8f55707aa4]::panicking::panic_handler::{closure#0}
[INFO] [stdout]    8:     0x56ba108063c9 - std[70759c8f55707aa4]::sys::backtrace::__rust_end_short_backtrace::<std[70759c8f55707aa4]::panicking::panic_handler::{closure#0}, !>
[INFO] [stdout]    9:     0x56ba1080e5cd - __rustc[8fa7c3cbc660c2b3]::rust_begin_unwind
[INFO] [stdout]   10:     0x56ba1084863c - core[df12db4294e9bfd3]::panicking::panic_fmt
[INFO] [stdout]   11:     0x56ba10848602 - core[df12db4294e9bfd3]::panicking::panic
[INFO] [stdout]   12:     0x56ba10736e03 - <dispatch[8d32faf09b7e5a14]::a_rejected_command_still_answers_with_the_current_view::{closure#0} as core[df12db4294e9bfd3]::ops::function::FnOnce<()>>::call_once
[INFO] [stdout]   13:     0x56ba10746afb - test[9d35eded1c95d3be]::__rust_begin_short_backtrace::<core[df12db4294e9bfd3]::result::Result<(), alloc[2182bb758b4b3781]::string::String>, fn() -> core[df12db4294e9bfd3]::result::Result<(), alloc[2182bb758b4b3781]::string::String>>
[INFO] [stdout]   14:     0x56ba10754165 - test[9d35eded1c95d3be]::run_test::{closure#0}
[INFO] [stdout]   15:     0x56ba1074da24 - std[70759c8f55707aa4]::sys::backtrace::__rust_begin_short_backtrace::<test[9d35eded1c95d3be]::run_test::{closure#1}, ()>
[INFO] [stdout]   16:     0x56ba107572c2 - <std[70759c8f55707aa4]::thread::lifecycle::spawn_unchecked<test[9d35eded1c95d3be]::run_test::{closure#1}, ()>::{closure#1} as core[df12db4294e9bfd3]::ops::function::FnOnce<()>>::call_once::{shim:vtable#0}
[INFO] [stdout]   17:     0x56ba10831439 - <std[70759c8f55707aa4]::sys::thread::unix::Thread>::new::thread_start
[INFO] [stdout]   18:     0x790a5b631dfa - <unknown>
[INFO] [stdout]   19:     0x790a5b6c53d4 - clone
[INFO] [stdout]   20:                0x0 - <unknown>
[INFO] [stdout] 
[INFO] [stdout] 
[INFO] [stdout] failures:
[INFO] [stdout]     a_command_is_json_in_and_a_whole_view_out
[INFO] [stdout]     a_rejected_command_still_answers_with_the_current_view
[INFO] [stdout]     the_startup_path_opens_and_advances_the_revision
[INFO] [stdout] 
[INFO] [stdout] test result: FAILED. 5 passed; 3 failed; 0 ignored; 0 measured; 0 filtered out; finished in 0.01s
[INFO] [stdout] 
[INFO] [stderr] error: test failed, to rerun pass `--test dispatch`
[INFO] running `Command { std: "docker" "inspect" "bf1720d438437c3335e0f530b81028df529996af34251e8cf038a44eee3f0658", kill_on_drop: false }`
[INFO] running `Command { std: "docker" "rm" "-f" "bf1720d438437c3335e0f530b81028df529996af34251e8cf038a44eee3f0658", kill_on_drop: false }`
[INFO] [stdout] bf1720d438437c3335e0f530b81028df529996af34251e8cf038a44eee3f0658
