[INFO] fetching crate openquiver-editor 0.1.0...
[INFO] testing openquiver-editor-0.1.0 against 1.99.0-beta.8+cargoflags=--release for beta-release-1.100-2
[INFO] extracting crate openquiver-editor 0.1.0 into /workspace/builds/worker-0-tc1/source
[INFO] started tweaking crates.io crate openquiver-editor 0.1.0
[INFO] removed 0 missing tests
[INFO] finished tweaking crates.io crate openquiver-editor 0.1.0
[INFO] tweaked toml for crates.io crate openquiver-editor 0.1.0 written to /workspace/builds/worker-0-tc1/source/Cargo.toml
[INFO] validating manifest of crates.io crate openquiver-editor 0.1.0 on toolchain 1.99.0-beta.8
[INFO] running `Command { std: CARGO_HOME="/workspace/cargo-home" RUSTUP_HOME="/workspace/rustup-home" "/workspace/cargo-home/bin/cargo" "+1.99.0-beta.8" "metadata" "--manifest-path" "Cargo.toml" "--no-deps", kill_on_drop: false }`
[INFO] crate crates.io crate openquiver-editor 0.1.0 already has a lockfile, it will not be regenerated
[INFO] running `Command { std: CARGO_HOME="/workspace/cargo-home" RUSTUP_HOME="/workspace/rustup-home" "/workspace/cargo-home/bin/cargo" "+1.99.0-beta.8" "fetch" "--manifest-path" "Cargo.toml", kill_on_drop: false }`
[INFO] [stderr]     Updating crates.io index
[INFO] [stderr]  Downloading crates ...
[INFO] [stderr]   Downloaded ts-rs-macros v12.0.1
[INFO] [stderr]   Downloaded openquiver-diag v0.1.0
[INFO] [stderr]   Downloaded ts-rs v12.0.1
[INFO] [stderr]   Downloaded openquiver-graph v0.1.0
[INFO] [stderr]   Downloaded openquiver-syntax v0.1.0
[INFO] [stderr]   Downloaded openquiver-compile v0.1.0
[INFO] [stderr]   Downloaded openquiver-nodes v0.1.0
[INFO] running `Command { std: "docker" "create" "-v" "/var/lib/crater-agent-workspace/builds/worker-0-tc1/source:/opt/rustwide/workdir:ro,Z" "-v" "/var/lib/crater-agent-workspace/builds/worker-0-tc1/target:/opt/rustwide/target:rw,Z" "-v" "/var/lib/crater-agent-workspace/cargo-home:/opt/rustwide/cargo-home:ro,Z" "-v" "/var/lib/crater-agent-workspace/rustup-home:/opt/rustwide/rustup-home:ro,Z" "-m" "1610612736" "--network" "none" "ghcr.io/rust-lang/crates-build-env/linux@sha256:77db811e55d90add9212f6832c23229e3de5f1c1f9905e8cb07319ea15df73ac" "sleep" "infinity", kill_on_drop: false }`
[INFO] [stdout] 60b555b39a7933930b1942215be24b97df09aad60472fcaff6a89b65a78bde05
[INFO] running `Command { std: "docker" "start" "60b555b39a7933930b1942215be24b97df09aad60472fcaff6a89b65a78bde05", kill_on_drop: false }`
[INFO] running `Command { std: "docker" "inspect" "60b555b39a7933930b1942215be24b97df09aad60472fcaff6a89b65a78bde05", kill_on_drop: false }`
[INFO] running `Command { std: "docker" "exec" "-e" "SOURCE_DIR=/opt/rustwide/workdir" "-e" "CARGO_HOME=/opt/rustwide/cargo-home" "-e" "RUSTUP_HOME=/opt/rustwide/rustup-home" "-e" "CARGO_TARGET_DIR=/opt/rustwide/target" "-w" "/opt/rustwide/workdir" "--user" "0:0" "60b555b39a7933930b1942215be24b97df09aad60472fcaff6a89b65a78bde05" "/opt/rustwide/cargo-home/bin/cargo" "+1.99.0-beta.8" "metadata" "--no-deps" "--format-version=1", kill_on_drop: false }`
[INFO] running `Command { std: "docker" "inspect" "60b555b39a7933930b1942215be24b97df09aad60472fcaff6a89b65a78bde05", kill_on_drop: false }`
[INFO] running `Command { std: "docker" "exec" "-e" "SOURCE_DIR=/opt/rustwide/workdir" "-e" "CARGO_HOME=/opt/rustwide/cargo-home" "-e" "RUSTUP_HOME=/opt/rustwide/rustup-home" "-e" "CARGO_TARGET_DIR=/opt/rustwide/target" "-e" "CARGO_INCREMENTAL=0" "-e" "RUST_BACKTRACE=full" "-e" "RUSTFLAGS=--cap-lints=warn" "-e" "RUSTDOCFLAGS=--cap-lints=warn" "-w" "/opt/rustwide/workdir" "--user" "0:0" "60b555b39a7933930b1942215be24b97df09aad60472fcaff6a89b65a78bde05" "/opt/rustwide/cargo-home/bin/cargo" "+1.99.0-beta.8" "build" "--frozen" "--message-format=json" "--release", kill_on_drop: false }`
[INFO] [stderr]    Compiling thiserror v2.0.20
[INFO] [stderr]    Compiling tinyvec_macros v0.1.1
[INFO] [stderr]    Compiling unicode-ident v1.0.24
[INFO] [stderr]    Compiling regex-automata v0.4.18
[INFO] [stderr]    Compiling syn v3.0.3
[INFO] [stderr]    Compiling syn v2.0.119
[INFO] [stderr]    Compiling tinyvec v1.12.0
[INFO] [stderr]    Compiling unicode-normalization v0.1.25
[INFO] [stderr]    Compiling serde_derive v1.0.229
[INFO] [stderr]    Compiling thiserror-impl v2.0.20
[INFO] [stderr]    Compiling logos-codegen v0.16.1
[INFO] [stderr]    Compiling ts-rs-macros v12.0.1
[INFO] [stderr]    Compiling logos-derive v0.16.1
[INFO] [stderr]    Compiling ts-rs v12.0.1
[INFO] [stderr]    Compiling logos v0.16.1
[INFO] [stderr]    Compiling serde v1.0.229
[INFO] [stderr]    Compiling openquiver-graph v0.1.0
[INFO] [stderr]    Compiling openquiver-diag v0.1.0
[INFO] [stderr]    Compiling openquiver-nodes v0.1.0
[INFO] [stderr]    Compiling openquiver-syntax v0.1.0
[INFO] [stderr]    Compiling openquiver-compile v0.1.0
[INFO] [stderr]    Compiling openquiver-editor v0.1.0 (/opt/rustwide/workdir)
[INFO] [stderr]     Finished `release` profile [optimized] target(s) in 7.95s
[INFO] running `Command { std: "docker" "inspect" "60b555b39a7933930b1942215be24b97df09aad60472fcaff6a89b65a78bde05", kill_on_drop: false }`
[INFO] running `Command { std: "docker" "exec" "-e" "SOURCE_DIR=/opt/rustwide/workdir" "-e" "CARGO_HOME=/opt/rustwide/cargo-home" "-e" "RUSTUP_HOME=/opt/rustwide/rustup-home" "-e" "CARGO_TARGET_DIR=/opt/rustwide/target" "-e" "CARGO_INCREMENTAL=0" "-e" "RUST_BACKTRACE=full" "-e" "RUSTFLAGS=--cap-lints=warn" "-e" "RUSTDOCFLAGS=--cap-lints=warn" "-w" "/opt/rustwide/workdir" "--user" "0:0" "60b555b39a7933930b1942215be24b97df09aad60472fcaff6a89b65a78bde05" "/opt/rustwide/cargo-home/bin/cargo" "+1.99.0-beta.8" "test" "--frozen" "--no-run" "--message-format=json" "--release", kill_on_drop: false }`
[INFO] [stderr]    Compiling libc v0.2.189
[INFO] [stderr]    Compiling bitflags v2.13.1
[INFO] [stderr]    Compiling once_cell v1.21.4
[INFO] [stderr]    Compiling fastrand v2.5.0
[INFO] [stderr]    Compiling rustix v1.1.4
[INFO] [stderr]    Compiling getrandom v0.4.3
[INFO] [stderr]    Compiling tempfile v3.27.0
[INFO] [stderr]    Compiling openquiver-editor v0.1.0 (/opt/rustwide/workdir)
[INFO] [stderr]     Finished `release` profile [optimized] target(s) in 3.40s
[INFO] running `Command { std: "docker" "inspect" "60b555b39a7933930b1942215be24b97df09aad60472fcaff6a89b65a78bde05", kill_on_drop: false }`
[INFO] running `Command { std: "docker" "exec" "-e" "SOURCE_DIR=/opt/rustwide/workdir" "-e" "CARGO_HOME=/opt/rustwide/cargo-home" "-e" "RUSTUP_HOME=/opt/rustwide/rustup-home" "-e" "CARGO_TARGET_DIR=/opt/rustwide/target" "-e" "CARGO_INCREMENTAL=0" "-e" "RUST_BACKTRACE=full" "-e" "RUSTFLAGS=--cap-lints=warn" "-e" "RUSTDOCFLAGS=--cap-lints=warn" "-w" "/opt/rustwide/workdir" "--user" "0:0" "60b555b39a7933930b1942215be24b97df09aad60472fcaff6a89b65a78bde05" "/opt/rustwide/cargo-home/bin/cargo" "+1.99.0-beta.8" "test" "--frozen" "--release", kill_on_drop: false }`
[INFO] [stderr]     Finished `release` profile [optimized] target(s) in 0.03s
[INFO] [stderr]      Running unittests src/lib.rs (/opt/rustwide/target/release/deps/openquiver_editor-dc897a65ee9e403f)
[INFO] [stdout] 
[INFO] [stdout] running 8 tests
[INFO] [stdout] test view::export_bindings_pinrefview ... ok
[INFO] [stdout] test view::export_bindings_pinview ... ok
[INFO] [stdout] test view::export_bindings_findingview ... ok
[INFO] [stdout] test view::export_bindings_siteview ... ok
[INFO] [stdout] test view::export_bindings_edgeview ... ok
[INFO] [stdout] test view::export_bindings_nodeview ... ok
[INFO] [stdout] test view::export_bindings_typeview ... ok
[INFO] [stdout] test view::export_bindings_view ... ok
[INFO] [stdout] 
[INFO] [stdout] test result: ok. 8 passed; 0 failed; 0 ignored; 0 measured; 0 filtered out; finished in 0.02s
[INFO] [stdout] 
[INFO] [stderr]      Running tests/editing.rs (/opt/rustwide/target/release/deps/editing-4da42861bfd68462)
[INFO] [stdout] 
[INFO] [stdout] running 6 tests
[INFO] [stdout] test a_fresh_move_after_undo_abandons_the_redo ... FAILED
[INFO] [stdout] test a_move_can_be_taken_back ... FAILED
[INFO] [stdout] test moving_a_node_changes_one_line_of_the_file ... FAILED
[INFO] [stdout] test moving_a_node_that_is_not_there_is_refused_and_changes_nothing ... FAILED
[INFO] [stdout] test moving_a_node_to_where_it_already_is_is_not_a_step_of_history ... FAILED
[INFO] [stdout] test one_gesture_is_one_step_of_history ... FAILED
[INFO] [stdout] 
[INFO] [stdout] failures:
[INFO] [stdout] 
[INFO] [stdout] ---- a_fresh_move_after_undo_abandons_the_redo stdout ----
[INFO] [stdout] 
[INFO] [stdout] thread 'a_fresh_move_after_undo_abandons_the_redo' (884) panicked at tests/editing.rs:11:6:
[INFO] [stdout] read the example: Os { code: 2, kind: NotFound, message: "No such file or directory" }
[INFO] [stdout] stack backtrace:
[INFO] [stdout]    0:     0x633cf9e41731 - <<std[70759c8f55707aa4]::sys::backtrace::BacktraceLock>::print::DisplayBacktrace as core[df12db4294e9bfd3]::fmt::Display>::fmt
[INFO] [stdout]    1:     0x633cf9e56e9a - core[df12db4294e9bfd3]::fmt::write
[INFO] [stdout]    2:     0x633cf9e45e4c - <alloc[2182bb758b4b3781]::vec::Vec<u8> as core[df12db4294e9bfd3]::io::write::Write>::write_fmt
[INFO] [stdout]    3:     0x633cf9e1bf66 - std[70759c8f55707aa4]::panicking::default_hook::{closure#0}
[INFO] [stdout]    4:     0x633cf9e390c9 - std[70759c8f55707aa4]::panicking::default_hook
[INFO] [stdout]    5:     0x633cf9d68ba0 - test[9d35eded1c95d3be]::test_main_inner::<test[9d35eded1c95d3be]::test_main_static::{closure#0}>::{closure#0}
[INFO] [stdout]    6:     0x633cf9e39282 - std[70759c8f55707aa4]::panicking::panic_with_hook
[INFO] [stdout]    7:     0x633cf9e1c012 - std[70759c8f55707aa4]::panicking::panic_handler::{closure#0}
[INFO] [stdout]    8:     0x633cf9e14a89 - std[70759c8f55707aa4]::sys::backtrace::__rust_end_short_backtrace::<std[70759c8f55707aa4]::panicking::panic_handler::{closure#0}, !>
[INFO] [stdout]    9:     0x633cf9e1ccfd - __rustc[8fa7c3cbc660c2b3]::rust_begin_unwind
[INFO] [stdout]   10:     0x633cf9e575cc - core[df12db4294e9bfd3]::panicking::panic_fmt
[INFO] [stdout]   11:     0x633cf9e573a2 - core[df12db4294e9bfd3]::result::unwrap_failed
[INFO] [stdout]   12:     0x633cf9d51aa1 - editing[74350e013a9d69a6]::hello
[INFO] [stdout]   13:     0x633cf9d5306b - <editing[74350e013a9d69a6]::a_fresh_move_after_undo_abandons_the_redo::{closure#0} as core[df12db4294e9bfd3]::ops::function::FnOnce<()>>::call_once
[INFO] [stdout]   14:     0x633cf9d5be8b - test[9d35eded1c95d3be]::__rust_begin_short_backtrace::<core[df12db4294e9bfd3]::result::Result<(), alloc[2182bb758b4b3781]::string::String>, fn() -> core[df12db4294e9bfd3]::result::Result<(), alloc[2182bb758b4b3781]::string::String>>
[INFO] [stdout]   15:     0x633cf9d694f5 - test[9d35eded1c95d3be]::run_test::{closure#0}
[INFO] [stdout]   16:     0x633cf9d62db4 - std[70759c8f55707aa4]::sys::backtrace::__rust_begin_short_backtrace::<test[9d35eded1c95d3be]::run_test::{closure#1}, ()>
[INFO] [stdout]   17:     0x633cf9d6c652 - <std[70759c8f55707aa4]::thread::lifecycle::spawn_unchecked<test[9d35eded1c95d3be]::run_test::{closure#1}, ()>::{closure#1} as core[df12db4294e9bfd3]::ops::function::FnOnce<()>>::call_once::{shim:vtable#0}
[INFO] [stdout]   18:     0x633cf9e40aa9 - <std[70759c8f55707aa4]::sys::thread::unix::Thread>::new::thread_start
[INFO] [stdout]   19:     0x73ce31b56dfa - <unknown>
[INFO] [stdout]   20:     0x73ce31bea3d4 - clone
[INFO] [stdout]   21:                0x0 - <unknown>
[INFO] [stdout] 
[INFO] [stdout] ---- a_move_can_be_taken_back stdout ----
[INFO] [stdout] 
[INFO] [stdout] thread 'a_move_can_be_taken_back' (885) panicked at tests/editing.rs:11:6:
[INFO] [stdout] read the example: Os { code: 2, kind: NotFound, message: "No such file or directory" }
[INFO] [stdout] stack backtrace:
[INFO] [stdout]    0:     0x633cf9e41731 - <<std[70759c8f55707aa4]::sys::backtrace::BacktraceLock>::print::DisplayBacktrace as core[df12db4294e9bfd3]::fmt::Display>::fmt
[INFO] [stdout]    1:     0x633cf9e56e9a - core[df12db4294e9bfd3]::fmt::write
[INFO] [stdout]    2:     0x633cf9e45e4c - <alloc[2182bb758b4b3781]::vec::Vec<u8> as core[df12db4294e9bfd3]::io::write::Write>::write_fmt
[INFO] [stdout]    3:     0x633cf9e1bf66 - std[70759c8f55707aa4]::panicking::default_hook::{closure#0}
[INFO] [stdout]    4:     0x633cf9e390c9 - std[70759c8f55707aa4]::panicking::default_hook
[INFO] [stdout]    5:     0x633cf9d68ba0 - test[9d35eded1c95d3be]::test_main_inner::<test[9d35eded1c95d3be]::test_main_static::{closure#0}>::{closure#0}
[INFO] [stdout]    6:     0x633cf9e39282 - std[70759c8f55707aa4]::panicking::panic_with_hook
[INFO] [stdout]    7:     0x633cf9e1c012 - std[70759c8f55707aa4]::panicking::panic_handler::{closure#0}
[INFO] [stdout]    8:     0x633cf9e14a89 - std[70759c8f55707aa4]::sys::backtrace::__rust_end_short_backtrace::<std[70759c8f55707aa4]::panicking::panic_handler::{closure#0}, !>
[INFO] [stdout]    9:     0x633cf9e1ccfd - __rustc[8fa7c3cbc660c2b3]::rust_begin_unwind
[INFO] [stdout]   10:     0x633cf9e575cc - core[df12db4294e9bfd3]::panicking::panic_fmt
[INFO] [stderr] error: test failed, to rerun pass `--test editing`
[INFO] [stdout]   11:     0x633cf9e573a2 - core[df12db4294e9bfd3]::result::unwrap_failed
[INFO] [stdout]   12:     0x633cf9d51aa1 - editing[74350e013a9d69a6]::hello
[INFO] [stdout]   13:     0x633cf9d5274e - <editing[74350e013a9d69a6]::a_move_can_be_taken_back::{closure#0} as core[df12db4294e9bfd3]::ops::function::FnOnce<()>>::call_once
[INFO] [stdout]   14:     0x633cf9d5be8b - test[9d35eded1c95d3be]::__rust_begin_short_backtrace::<core[df12db4294e9bfd3]::result::Result<(), alloc[2182bb758b4b3781]::string::String>, fn() -> core[df12db4294e9bfd3]::result::Result<(), alloc[2182bb758b4b3781]::string::String>>
[INFO] [stdout]   15:     0x633cf9d694f5 - test[9d35eded1c95d3be]::run_test::{closure#0}
[INFO] [stdout]   16:     0x633cf9d62db4 - std[70759c8f55707aa4]::sys::backtrace::__rust_begin_short_backtrace::<test[9d35eded1c95d3be]::run_test::{closure#1}, ()>
[INFO] [stdout]   17:     0x633cf9d6c652 - <std[70759c8f55707aa4]::thread::lifecycle::spawn_unchecked<test[9d35eded1c95d3be]::run_test::{closure#1}, ()>::{closure#1} as core[df12db4294e9bfd3]::ops::function::FnOnce<()>>::call_once::{shim:vtable#0}
[INFO] [stdout]   18:     0x633cf9e40aa9 - <std[70759c8f55707aa4]::sys::thread::unix::Thread>::new::thread_start
[INFO] [stdout]   19:     0x73ce31b56dfa - <unknown>
[INFO] [stdout]   20:     0x73ce31bea3d4 - clone
[INFO] [stdout]   21:                0x0 - <unknown>
[INFO] [stdout] 
[INFO] [stdout] ---- moving_a_node_changes_one_line_of_the_file stdout ----
[INFO] [stdout] 
[INFO] [stdout] thread 'moving_a_node_changes_one_line_of_the_file' (886) panicked at tests/editing.rs:11:6:
[INFO] [stdout] read the example: Os { code: 2, kind: NotFound, message: "No such file or directory" }
[INFO] [stdout] stack backtrace:
[INFO] [stdout]    0:     0x633cf9e41731 - <<std[70759c8f55707aa4]::sys::backtrace::BacktraceLock>::print::DisplayBacktrace as core[df12db4294e9bfd3]::fmt::Display>::fmt
[INFO] [stdout]    1:     0x633cf9e56e9a - core[df12db4294e9bfd3]::fmt::write
[INFO] [stdout]    2:     0x633cf9e45e4c - <alloc[2182bb758b4b3781]::vec::Vec<u8> as core[df12db4294e9bfd3]::io::write::Write>::write_fmt
[INFO] [stdout]    3:     0x633cf9e1bf66 - std[70759c8f55707aa4]::panicking::default_hook::{closure#0}
[INFO] [stdout]    4:     0x633cf9e390c9 - std[70759c8f55707aa4]::panicking::default_hook
[INFO] [stdout]    5:     0x633cf9d68ba0 - test[9d35eded1c95d3be]::test_main_inner::<test[9d35eded1c95d3be]::test_main_static::{closure#0}>::{closure#0}
[INFO] [stdout]    6:     0x633cf9e39282 - std[70759c8f55707aa4]::panicking::panic_with_hook
[INFO] [stdout]    7:     0x633cf9e1c012 - std[70759c8f55707aa4]::panicking::panic_handler::{closure#0}
[INFO] [stdout]    8:     0x633cf9e14a89 - std[70759c8f55707aa4]::sys::backtrace::__rust_end_short_backtrace::<std[70759c8f55707aa4]::panicking::panic_handler::{closure#0}, !>
[INFO] [stdout]    9:     0x633cf9e1ccfd - __rustc[8fa7c3cbc660c2b3]::rust_begin_unwind
[INFO] [stdout]   10:     0x633cf9e575cc - core[df12db4294e9bfd3]::panicking::panic_fmt
[INFO] [stdout]   11:     0x633cf9e573a2 - core[df12db4294e9bfd3]::result::unwrap_failed
[INFO] [stdout]   12:     0x633cf9d51aa1 - editing[74350e013a9d69a6]::hello
[INFO] [stdout]   13:     0x633cf9d53461 - <editing[74350e013a9d69a6]::moving_a_node_changes_one_line_of_the_file::{closure#0} as core[df12db4294e9bfd3]::ops::function::FnOnce<()>>::call_once
[INFO] [stdout]   14:     0x633cf9d5be8b - test[9d35eded1c95d3be]::__rust_begin_short_backtrace::<core[df12db4294e9bfd3]::result::Result<(), alloc[2182bb758b4b3781]::string::String>, fn() -> core[df12db4294e9bfd3]::result::Result<(), alloc[2182bb758b4b3781]::string::String>>
[INFO] [stdout]   15:     0x633cf9d694f5 - test[9d35eded1c95d3be]::run_test::{closure#0}
[INFO] [stdout]   16:     0x633cf9d62db4 - std[70759c8f55707aa4]::sys::backtrace::__rust_begin_short_backtrace::<test[9d35eded1c95d3be]::run_test::{closure#1}, ()>
[INFO] [stdout]   17:     0x633cf9d6c652 - <std[70759c8f55707aa4]::thread::lifecycle::spawn_unchecked<test[9d35eded1c95d3be]::run_test::{closure#1}, ()>::{closure#1} as core[df12db4294e9bfd3]::ops::function::FnOnce<()>>::call_once::{shim:vtable#0}
[INFO] [stdout]   18:     0x633cf9e40aa9 - <std[70759c8f55707aa4]::sys::thread::unix::Thread>::new::thread_start
[INFO] [stdout]   19:     0x73ce31b56dfa - <unknown>
[INFO] [stdout]   20:     0x73ce31bea3d4 - clone
[INFO] [stdout]   21:                0x0 - <unknown>
[INFO] [stdout] 
[INFO] [stdout] ---- moving_a_node_that_is_not_there_is_refused_and_changes_nothing stdout ----
[INFO] [stdout] 
[INFO] [stdout] thread 'moving_a_node_that_is_not_there_is_refused_and_changes_nothing' (887) panicked at tests/editing.rs:11:6:
[INFO] [stdout] read the example: Os { code: 2, kind: NotFound, message: "No such file or directory" }
[INFO] [stdout] stack backtrace:
[INFO] [stdout]    0:     0x633cf9e41731 - <<std[70759c8f55707aa4]::sys::backtrace::BacktraceLock>::print::DisplayBacktrace as core[df12db4294e9bfd3]::fmt::Display>::fmt
[INFO] [stdout]    1:     0x633cf9e56e9a - core[df12db4294e9bfd3]::fmt::write
[INFO] [stdout]    2:     0x633cf9e45e4c - <alloc[2182bb758b4b3781]::vec::Vec<u8> as core[df12db4294e9bfd3]::io::write::Write>::write_fmt
[INFO] [stdout]    3:     0x633cf9e1bf66 - std[70759c8f55707aa4]::panicking::default_hook::{closure#0}
[INFO] [stdout]    4:     0x633cf9e390c9 - std[70759c8f55707aa4]::panicking::default_hook
[INFO] [stdout]    5:     0x633cf9d68ba0 - test[9d35eded1c95d3be]::test_main_inner::<test[9d35eded1c95d3be]::test_main_static::{closure#0}>::{closure#0}
[INFO] [stdout]    6:     0x633cf9e39282 - std[70759c8f55707aa4]::panicking::panic_with_hook
[INFO] [stdout]    7:     0x633cf9e1c012 - std[70759c8f55707aa4]::panicking::panic_handler::{closure#0}
[INFO] [stdout]    8:     0x633cf9e14a89 - std[70759c8f55707aa4]::sys::backtrace::__rust_end_short_backtrace::<std[70759c8f55707aa4]::panicking::panic_handler::{closure#0}, !>
[INFO] [stdout]    9:     0x633cf9e1ccfd - __rustc[8fa7c3cbc660c2b3]::rust_begin_unwind
[INFO] [stdout]   10:     0x633cf9e575cc - core[df12db4294e9bfd3]::panicking::panic_fmt
[INFO] [stdout]   11:     0x633cf9e573a2 - core[df12db4294e9bfd3]::result::unwrap_failed
[INFO] [stdout]   12:     0x633cf9d51aa1 - editing[74350e013a9d69a6]::hello
[INFO] [stdout]   13:     0x633cf9d53f5e - <editing[74350e013a9d69a6]::moving_a_node_that_is_not_there_is_refused_and_changes_nothing::{closure#0} as core[df12db4294e9bfd3]::ops::function::FnOnce<()>>::call_once
[INFO] [stdout]   14:     0x633cf9d5be8b - test[9d35eded1c95d3be]::__rust_begin_short_backtrace::<core[df12db4294e9bfd3]::result::Result<(), alloc[2182bb758b4b3781]::string::String>, fn() -> core[df12db4294e9bfd3]::result::Result<(), alloc[2182bb758b4b3781]::string::String>>
[INFO] [stdout]   15:     0x633cf9d694f5 - test[9d35eded1c95d3be]::run_test::{closure#0}
[INFO] [stdout]   16:     0x633cf9d62db4 - std[70759c8f55707aa4]::sys::backtrace::__rust_begin_short_backtrace::<test[9d35eded1c95d3be]::run_test::{closure#1}, ()>
[INFO] [stdout]   17:     0x633cf9d6c652 - <std[70759c8f55707aa4]::thread::lifecycle::spawn_unchecked<test[9d35eded1c95d3be]::run_test::{closure#1}, ()>::{closure#1} as core[df12db4294e9bfd3]::ops::function::FnOnce<()>>::call_once::{shim:vtable#0}
[INFO] [stdout]   18:     0x633cf9e40aa9 - <std[70759c8f55707aa4]::sys::thread::unix::Thread>::new::thread_start
[INFO] [stdout]   19:     0x73ce31b56dfa - <unknown>
[INFO] [stdout]   20:     0x73ce31bea3d4 - clone
[INFO] [stdout]   21:                0x0 - <unknown>
[INFO] [stdout] 
[INFO] [stdout] ---- moving_a_node_to_where_it_already_is_is_not_a_step_of_history stdout ----
[INFO] [stdout] 
[INFO] [stdout] thread 'moving_a_node_to_where_it_already_is_is_not_a_step_of_history' (888) panicked at tests/editing.rs:11:6:
[INFO] [stdout] read the example: Os { code: 2, kind: NotFound, message: "No such file or directory" }
[INFO] [stdout] stack backtrace:
[INFO] [stdout]    0:     0x633cf9e41731 - <<std[70759c8f55707aa4]::sys::backtrace::BacktraceLock>::print::DisplayBacktrace as core[df12db4294e9bfd3]::fmt::Display>::fmt
[INFO] [stdout]    1:     0x633cf9e56e9a - core[df12db4294e9bfd3]::fmt::write
[INFO] [stdout]    2:     0x633cf9e45e4c - <alloc[2182bb758b4b3781]::vec::Vec<u8> as core[df12db4294e9bfd3]::io::write::Write>::write_fmt
[INFO] [stdout]    3:     0x633cf9e1bf66 - std[70759c8f55707aa4]::panicking::default_hook::{closure#0}
[INFO] [stdout]    4:     0x633cf9e390c9 - std[70759c8f55707aa4]::panicking::default_hook
[INFO] [stdout]    5:     0x633cf9d68ba0 - test[9d35eded1c95d3be]::test_main_inner::<test[9d35eded1c95d3be]::test_main_static::{closure#0}>::{closure#0}
[INFO] [stdout]    6:     0x633cf9e39282 - std[70759c8f55707aa4]::panicking::panic_with_hook
[INFO] [stdout]    7:     0x633cf9e1c012 - std[70759c8f55707aa4]::panicking::panic_handler::{closure#0}
[INFO] [stdout]    8:     0x633cf9e14a89 - std[70759c8f55707aa4]::sys::backtrace::__rust_end_short_backtrace::<std[70759c8f55707aa4]::panicking::panic_handler::{closure#0}, !>
[INFO] [stdout]    9:     0x633cf9e1ccfd - __rustc[8fa7c3cbc660c2b3]::rust_begin_unwind
[INFO] [stdout]   10:     0x633cf9e575cc - core[df12db4294e9bfd3]::panicking::panic_fmt
[INFO] [stdout]   11:     0x633cf9e573a2 - core[df12db4294e9bfd3]::result::unwrap_failed
[INFO] [stdout]   12:     0x633cf9d51aa1 - editing[74350e013a9d69a6]::hello
[INFO] [stdout]   13:     0x633cf9d53c5b - <editing[74350e013a9d69a6]::moving_a_node_to_where_it_already_is_is_not_a_step_of_history::{closure#0} as core[df12db4294e9bfd3]::ops::function::FnOnce<()>>::call_once
[INFO] [stdout]   14:     0x633cf9d5be8b - test[9d35eded1c95d3be]::__rust_begin_short_backtrace::<core[df12db4294e9bfd3]::result::Result<(), alloc[2182bb758b4b3781]::string::String>, fn() -> core[df12db4294e9bfd3]::result::Result<(), alloc[2182bb758b4b3781]::string::String>>
[INFO] [stdout]   15:     0x633cf9d694f5 - test[9d35eded1c95d3be]::run_test::{closure#0}
[INFO] [stdout]   16:     0x633cf9d62db4 - std[70759c8f55707aa4]::sys::backtrace::__rust_begin_short_backtrace::<test[9d35eded1c95d3be]::run_test::{closure#1}, ()>
[INFO] [stdout]   17:     0x633cf9d6c652 - <std[70759c8f55707aa4]::thread::lifecycle::spawn_unchecked<test[9d35eded1c95d3be]::run_test::{closure#1}, ()>::{closure#1} as core[df12db4294e9bfd3]::ops::function::FnOnce<()>>::call_once::{shim:vtable#0}
[INFO] [stdout]   18:     0x633cf9e40aa9 - <std[70759c8f55707aa4]::sys::thread::unix::Thread>::new::thread_start
[INFO] [stdout]   19:     0x73ce31b56dfa - <unknown>
[INFO] [stdout]   20:     0x73ce31bea3d4 - clone
[INFO] [stdout]   21:                0x0 - <unknown>
[INFO] [stdout] 
[INFO] [stdout] ---- one_gesture_is_one_step_of_history stdout ----
[INFO] [stdout] 
[INFO] [stdout] thread 'one_gesture_is_one_step_of_history' (889) panicked at tests/editing.rs:11:6:
[INFO] [stdout] read the example: Os { code: 2, kind: NotFound, message: "No such file or directory" }
[INFO] [stdout] stack backtrace:
[INFO] [stdout]    0:     0x633cf9e41731 - <<std[70759c8f55707aa4]::sys::backtrace::BacktraceLock>::print::DisplayBacktrace as core[df12db4294e9bfd3]::fmt::Display>::fmt
[INFO] [stdout]    1:     0x633cf9e56e9a - core[df12db4294e9bfd3]::fmt::write
[INFO] [stdout]    2:     0x633cf9e45e4c - <alloc[2182bb758b4b3781]::vec::Vec<u8> as core[df12db4294e9bfd3]::io::write::Write>::write_fmt
[INFO] [stdout]    3:     0x633cf9e1bf66 - std[70759c8f55707aa4]::panicking::default_hook::{closure#0}
[INFO] [stdout]    4:     0x633cf9e390c9 - std[70759c8f55707aa4]::panicking::default_hook
[INFO] [stdout]    5:     0x633cf9d68ba0 - test[9d35eded1c95d3be]::test_main_inner::<test[9d35eded1c95d3be]::test_main_static::{closure#0}>::{closure#0}
[INFO] [stdout]    6:     0x633cf9e39282 - std[70759c8f55707aa4]::panicking::panic_with_hook
[INFO] [stdout]    7:     0x633cf9e1c012 - std[70759c8f55707aa4]::panicking::panic_handler::{closure#0}
[INFO] [stdout]    8:     0x633cf9e14a89 - std[70759c8f55707aa4]::sys::backtrace::__rust_end_short_backtrace::<std[70759c8f55707aa4]::panicking::panic_handler::{closure#0}, !>
[INFO] [stdout]    9:     0x633cf9e1ccfd - __rustc[8fa7c3cbc660c2b3]::rust_begin_unwind
[INFO] [stdout]   10:     0x633cf9e575cc - core[df12db4294e9bfd3]::panicking::panic_fmt
[INFO] [stdout]   11:     0x633cf9e573a2 - core[df12db4294e9bfd3]::result::unwrap_failed
[INFO] [stdout]   12:     0x633cf9d51aa1 - editing[74350e013a9d69a6]::hello
[INFO] [stdout]   13:     0x633cf9d52bfe - <editing[74350e013a9d69a6]::one_gesture_is_one_step_of_history::{closure#0} as core[df12db4294e9bfd3]::ops::function::FnOnce<()>>::call_once
[INFO] [stdout]   14:     0x633cf9d5be8b - test[9d35eded1c95d3be]::__rust_begin_short_backtrace::<core[df12db4294e9bfd3]::result::Result<(), alloc[2182bb758b4b3781]::string::String>, fn() -> core[df12db4294e9bfd3]::result::Result<(), alloc[2182bb758b4b3781]::string::String>>
[INFO] [stdout]   15:     0x633cf9d694f5 - test[9d35eded1c95d3be]::run_test::{closure#0}
[INFO] [stdout]   16:     0x633cf9d62db4 - std[70759c8f55707aa4]::sys::backtrace::__rust_begin_short_backtrace::<test[9d35eded1c95d3be]::run_test::{closure#1}, ()>
[INFO] [stdout]   17:     0x633cf9d6c652 - <std[70759c8f55707aa4]::thread::lifecycle::spawn_unchecked<test[9d35eded1c95d3be]::run_test::{closure#1}, ()>::{closure#1} as core[df12db4294e9bfd3]::ops::function::FnOnce<()>>::call_once::{shim:vtable#0}
[INFO] [stdout]   18:     0x633cf9e40aa9 - <std[70759c8f55707aa4]::sys::thread::unix::Thread>::new::thread_start
[INFO] [stdout]   19:     0x73ce31b56dfa - <unknown>
[INFO] [stdout]   20:     0x73ce31bea3d4 - clone
[INFO] [stdout]   21:                0x0 - <unknown>
[INFO] [stdout] 
[INFO] [stdout] 
[INFO] [stdout] failures:
[INFO] [stdout]     a_fresh_move_after_undo_abandons_the_redo
[INFO] [stdout]     a_move_can_be_taken_back
[INFO] [stdout]     moving_a_node_changes_one_line_of_the_file
[INFO] [stdout]     moving_a_node_that_is_not_there_is_refused_and_changes_nothing
[INFO] [stdout]     moving_a_node_to_where_it_already_is_is_not_a_step_of_history
[INFO] [stdout]     one_gesture_is_one_step_of_history
[INFO] [stdout] 
[INFO] [stdout] test result: FAILED. 0 passed; 6 failed; 0 ignored; 0 measured; 0 filtered out; finished in 0.00s
[INFO] [stdout] 
[INFO] running `Command { std: "docker" "inspect" "60b555b39a7933930b1942215be24b97df09aad60472fcaff6a89b65a78bde05", kill_on_drop: false }`
[INFO] running `Command { std: "docker" "rm" "-f" "60b555b39a7933930b1942215be24b97df09aad60472fcaff6a89b65a78bde05", kill_on_drop: false }`
[INFO] [stdout] 60b555b39a7933930b1942215be24b97df09aad60472fcaff6a89b65a78bde05
