[INFO] fetching crate openpql-core 0.3.0...
[INFO] testing openpql-core-0.3.0 against 1.99.0-beta.8+cargoflags=--release for beta-release-1.100-2
[INFO] extracting crate openpql-core 0.3.0 into /workspace/builds/worker-5-tc1/source
[INFO] started tweaking crates.io crate openpql-core 0.3.0
[INFO] finished tweaking crates.io crate openpql-core 0.3.0
[INFO] tweaked toml for crates.io crate openpql-core 0.3.0 written to /workspace/builds/worker-5-tc1/source/Cargo.toml
[INFO] validating manifest of crates.io crate openpql-core 0.3.0 on toolchain 1.99.0-beta.8
[INFO] running `Command { std: CARGO_HOME="/workspace/cargo-home" RUSTUP_HOME="/workspace/rustup-home" "/workspace/cargo-home/bin/cargo" "+1.99.0-beta.8" "metadata" "--manifest-path" "Cargo.toml" "--no-deps", kill_on_drop: false }`
[INFO] crate crates.io crate openpql-core 0.3.0 already has a lockfile, it will not be regenerated
[INFO] running `Command { std: CARGO_HOME="/workspace/cargo-home" RUSTUP_HOME="/workspace/rustup-home" "/workspace/cargo-home/bin/cargo" "+1.99.0-beta.8" "fetch" "--manifest-path" "Cargo.toml", kill_on_drop: false }`
[INFO] [stderr]     Updating crates.io index
[INFO] [stderr]  Downloading crates ...
[INFO] [stderr]   Downloaded quickcheck_macros v1.2.0
[INFO] [stderr]   Downloaded openpql-prelude v0.3.0
[INFO] running `Command { std: "docker" "create" "-v" "/var/lib/crater-agent-workspace/builds/worker-5-tc1/source:/opt/rustwide/workdir:ro,Z" "-v" "/var/lib/crater-agent-workspace/builds/worker-5-tc1/target:/opt/rustwide/target:rw,Z" "-v" "/var/lib/crater-agent-workspace/cargo-home:/opt/rustwide/cargo-home:ro,Z" "-v" "/var/lib/crater-agent-workspace/rustup-home:/opt/rustwide/rustup-home:ro,Z" "-m" "1610612736" "--network" "none" "ghcr.io/rust-lang/crates-build-env/linux@sha256:77db811e55d90add9212f6832c23229e3de5f1c1f9905e8cb07319ea15df73ac" "sleep" "infinity", kill_on_drop: false }`
[INFO] [stdout] f9248d2c576ea63a712fc084e35c993e14b92c539163aed09ee721bebb06ee81
[INFO] running `Command { std: "docker" "start" "f9248d2c576ea63a712fc084e35c993e14b92c539163aed09ee721bebb06ee81", kill_on_drop: false }`
[INFO] running `Command { std: "docker" "inspect" "f9248d2c576ea63a712fc084e35c993e14b92c539163aed09ee721bebb06ee81", kill_on_drop: false }`
[INFO] running `Command { std: "docker" "exec" "-e" "SOURCE_DIR=/opt/rustwide/workdir" "-e" "CARGO_HOME=/opt/rustwide/cargo-home" "-e" "RUSTUP_HOME=/opt/rustwide/rustup-home" "-e" "CARGO_TARGET_DIR=/opt/rustwide/target" "-w" "/opt/rustwide/workdir" "--user" "0:0" "f9248d2c576ea63a712fc084e35c993e14b92c539163aed09ee721bebb06ee81" "/opt/rustwide/cargo-home/bin/cargo" "+1.99.0-beta.8" "metadata" "--no-deps" "--format-version=1", kill_on_drop: false }`
[INFO] running `Command { std: "docker" "inspect" "f9248d2c576ea63a712fc084e35c993e14b92c539163aed09ee721bebb06ee81", kill_on_drop: false }`
[INFO] running `Command { std: "docker" "exec" "-e" "SOURCE_DIR=/opt/rustwide/workdir" "-e" "CARGO_HOME=/opt/rustwide/cargo-home" "-e" "RUSTUP_HOME=/opt/rustwide/rustup-home" "-e" "CARGO_TARGET_DIR=/opt/rustwide/target" "-e" "CARGO_INCREMENTAL=0" "-e" "RUST_BACKTRACE=full" "-e" "RUSTFLAGS=--cap-lints=warn" "-e" "RUSTDOCFLAGS=--cap-lints=warn" "-w" "/opt/rustwide/workdir" "--user" "0:0" "f9248d2c576ea63a712fc084e35c993e14b92c539163aed09ee721bebb06ee81" "/opt/rustwide/cargo-home/bin/cargo" "+1.99.0-beta.8" "build" "--frozen" "--message-format=json" "--release", kill_on_drop: false }`
[INFO] [stderr]    Compiling libc v0.2.186
[INFO] [stderr]    Compiling syn v2.0.119
[INFO] [stderr]    Compiling getrandom v0.4.3
[INFO] [stderr]    Compiling rand v0.10.2
[INFO] [stderr]    Compiling derive_more-impl v2.1.1
[INFO] [stderr]    Compiling derive_more v2.1.1
[INFO] [stderr]    Compiling openpql-prelude v0.3.0
[INFO] [stderr]    Compiling openpql-core v0.3.0 (/opt/rustwide/workdir)
[INFO] [stderr]     Finished `release` profile [optimized] target(s) in 12.62s
[INFO] running `Command { std: "docker" "inspect" "f9248d2c576ea63a712fc084e35c993e14b92c539163aed09ee721bebb06ee81", kill_on_drop: false }`
[INFO] running `Command { std: "docker" "exec" "-e" "SOURCE_DIR=/opt/rustwide/workdir" "-e" "CARGO_HOME=/opt/rustwide/cargo-home" "-e" "RUSTUP_HOME=/opt/rustwide/rustup-home" "-e" "CARGO_TARGET_DIR=/opt/rustwide/target" "-e" "CARGO_INCREMENTAL=0" "-e" "RUST_BACKTRACE=full" "-e" "RUSTFLAGS=--cap-lints=warn" "-e" "RUSTDOCFLAGS=--cap-lints=warn" "-w" "/opt/rustwide/workdir" "--user" "0:0" "f9248d2c576ea63a712fc084e35c993e14b92c539163aed09ee721bebb06ee81" "/opt/rustwide/cargo-home/bin/cargo" "+1.99.0-beta.8" "test" "--frozen" "--no-run" "--message-format=json" "--release", kill_on_drop: false }`
[INFO] [stderr]    Compiling aho-corasick v1.1.4
[INFO] [stderr]    Compiling quickcheck_macros v1.2.0
[INFO] [stderr]    Compiling approx v0.5.1
[INFO] [stderr]    Compiling regex-automata v0.4.15
[INFO] [stderr]    Compiling regex v1.13.0
[INFO] [stderr]    Compiling env_filter v2.0.0
[INFO] [stderr]    Compiling env_logger v0.11.11
[INFO] [stderr]    Compiling quickcheck v1.1.0
[INFO] [stderr]    Compiling openpql-prelude v0.3.0
[INFO] [stderr]    Compiling openpql-core v0.3.0 (/opt/rustwide/workdir)
[INFO] [stderr]     Finished `release` profile [optimized] target(s) in 10.34s
[INFO] running `Command { std: "docker" "inspect" "f9248d2c576ea63a712fc084e35c993e14b92c539163aed09ee721bebb06ee81", kill_on_drop: false }`
[INFO] running `Command { std: "docker" "exec" "-e" "SOURCE_DIR=/opt/rustwide/workdir" "-e" "CARGO_HOME=/opt/rustwide/cargo-home" "-e" "RUSTUP_HOME=/opt/rustwide/rustup-home" "-e" "CARGO_TARGET_DIR=/opt/rustwide/target" "-e" "CARGO_INCREMENTAL=0" "-e" "RUST_BACKTRACE=full" "-e" "RUSTFLAGS=--cap-lints=warn" "-e" "RUSTDOCFLAGS=--cap-lints=warn" "-w" "/opt/rustwide/workdir" "--user" "0:0" "f9248d2c576ea63a712fc084e35c993e14b92c539163aed09ee721bebb06ee81" "/opt/rustwide/cargo-home/bin/cargo" "+1.99.0-beta.8" "test" "--frozen" "--release", kill_on_drop: false }`
[INFO] [stderr]     Finished `release` profile [optimized] target(s) in 0.04s
[INFO] [stderr]      Running unittests src/lib.rs (/opt/rustwide/target/release/deps/openpql_core-7b75f63a39a9c397)
[INFO] [stdout] 
[INFO] [stdout] running 46 tests
[INFO] [stdout] test functions::board::board_allows_made_lo::tests::test_board_allows_made_lo ... ok
[INFO] [stdout] test functions::board::board_has_two_distinct_lo_cards::tests::test_board_has_two_distinct_lo_cards ... ok
[INFO] [stdout] test functions::board::board_lo_card_count::tests::test_board_lo_card_count_cases ... ok
[INFO] [stdout] test functions::board::board_lo_card_count::tests::test_board_lo_card_count ... ok
[INFO] [stdout] test functions::board::board_has_one_distinct_lo_card::tests::test_board_has_one_distinct_lo_card ... ok
[INFO] [stdout] test functions::board::board_ranks::tests::test_board_ranks ... ok
[INFO] [stdout] test functions::board::board_suit_count::tests::test_board_suit_count ... ok
[INFO] [stdout] test functions::board::flushing_board::tests::test_flushing_board ... ok
[INFO] [stdout] test functions::board::flushing_board::tests::test_flushing_board_cases ... ok
[INFO] [stdout] test functions::board::monotone_board::tests::test_monotone_board ... ok
[INFO] [stdout] test functions::board::rainbow_board::tests::test_rainbow_board ... ok
[INFO] [stdout] test functions::board::paired_board::tests::test_paired_board ... ok
[INFO] [stdout] test functions::board::straight_board::tests::test_shortdeck ... ok
[INFO] [stdout] test functions::board::duplicated_board_ranks::tests::test_duplicated_board_ranks ... ok
[INFO] [stdout] test functions::board::straight_board::tests::test_holdem_omaha ... ok
[INFO] [stdout] test functions::board::twotone_board::tests::test_twotone_board ... ok
[INFO] [stdout] test functions::category::hand_type::tests::test_hand_type_cases ... ok
[INFO] [stdout] test functions::category::hi_rating::tests::test_hi_rating_cases ... ok
[INFO] [stdout] test functions::category::exact_hand_type::tests::test_exact_hand_type ... ok
[INFO] [stdout] test functions::category::flop_hand_category::tests::test_flop_hand_category_cases ... ok
[INFO] [stdout] test functions::equity::fractional_river_equity::tests::test_fractional_river_equity_cases ... ok
[INFO] [stdout] test functions::equity::river_equity::tests::test_river_equity_cases ... ok
[INFO] [stdout] test functions::equity::fractional_river_equity::tests::test_invalid_board - should panic ... FAILED
[INFO] [stdout] test functions::hand_ranks::duplicated_hand_ranks::tests::test_duplicated_hand_ranks ... ok
[INFO] [stdout] test functions::category::min_hi_rating::tests::test_min_hi_rating ... ok
[INFO] [stdout] test functions::category::min_hand_type::tests::test_min_hand_type ... ok
[INFO] [stdout] test functions::hand_ranks::hand_ranks::tests::test_hand_ranks ... ok
[INFO] [stdout] test functions::equity::fractional_river_equity::tests::test_invalid_player_cards_len - should panic ... FAILED
[INFO] [stdout] test functions::hand_ranks::has_second_board_rank::tests::test_has_second_board_rank ... ok
[INFO] [stdout] test functions::hand_ranks::hand_board_intersections::tests::test_hand_board_intersections ... ok
[INFO] [stdout] test functions::category::min_flop_hand_category::tests::test_min_flop_hand_category ... ok
[INFO] [stdout] test functions::category::exact_flop_hand_category::tests::test_exact_flop_hand_category ... ok
[INFO] [stdout] test functions::hand_ranks::has_top_board_rank::tests::test_has_top_board_rank ... ok
[INFO] [stdout] test functions::hand_ranks::nonintersecting_hand_ranks::tests::test_nonintersecting_hand_ranks ... ok
[INFO] [stdout] test functions::hand_ranks::has_second_board_rank::tests::test_has_second_board_rank_cases ... ok
[INFO] [stdout] test functions::hand_ranks::intersecting_hand_ranks::tests::test_intersecting_hand_ranks ... ok
[INFO] [stdout] test functions::hand_ranks::has_top_board_rank::tests::test_has_top_board_rank_cases ... ok
[INFO] [stdout] test functions::equity::fractional_river_equity::tests::test_invalid_hero_idx - should panic ... FAILED
[INFO] [stdout] test functions::hand_ranks::overpair::tests::test_overpair_cases ... ok
[INFO] [stdout] test functions::outs::outs_to_hand_type::tests::test_outs_to_hand_type_cases ... ok
[INFO] [stdout] test functions::hand_ranks::pocket_pair::tests::test_pocket_pair ... ok
[INFO] [stdout] test functions::outs::nut_hi_outs::tests::test_nut_hi_outs_holdem ... ok
[INFO] [stdout] test types::pql_fraction::tests::test_potshare ... ok
[INFO] [stdout] test functions::hand_ranks::overpair::tests::test_overpair ... ok
[INFO] [stdout] test types::pql_fraction::tests::test_zero ... ok
[INFO] [stdout] test functions::outs::min_outs_to_hand_type::tests::test_min_outs_to_hand_type_cases ... ok
[INFO] [stdout] 
[INFO] [stdout] failures:
[INFO] [stdout] 
[INFO] [stdout] ---- functions::equity::fractional_river_equity::tests::test_invalid_board stdout ----
[INFO] [stdout] note: test did not panic as expected at src/functions/equity/fractional_river_equity.rs:88:8
[INFO] [stdout] ---- functions::equity::fractional_river_equity::tests::test_invalid_player_cards_len stdout ----
[INFO] [stdout] note: test did not panic as expected at src/functions/equity/fractional_river_equity.rs:97:8
[INFO] [stdout] ---- functions::equity::fractional_river_equity::tests::test_invalid_hero_idx stdout ----
[INFO] [stdout] 
[INFO] [stdout] thread 'functions::equity::fractional_river_equity::tests::test_invalid_hero_idx' (627) panicked at src/functions/equity/fractional_river_equity.rs:47:23:
[INFO] [stdout] index out of bounds: the len is 2 but the index is 2
[INFO] [stdout] stack backtrace:
[INFO] [stdout]    0:     0x5bf36f788e81 - <<std[70759c8f55707aa4]::sys::backtrace::BacktraceLock>::print::DisplayBacktrace as core[df12db4294e9bfd3]::fmt::Display>::fmt
[INFO] [stdout]    1:     0x5bf36f79ec1a - core[df12db4294e9bfd3]::fmt::write
[INFO] [stdout]    2:     0x5bf36f78d3ac - <alloc[2182bb758b4b3781]::vec::Vec<u8> as core[df12db4294e9bfd3]::io::write::Write>::write_fmt
[INFO] [stdout]    3:     0x5bf36f765386 - std[70759c8f55707aa4]::panicking::default_hook::{closure#0}
[INFO] [stdout]    4:     0x5bf36f7814f9 - std[70759c8f55707aa4]::panicking::default_hook
[INFO] [stdout]    5:     0x5bf36f64bce0 - test[9d35eded1c95d3be]::test_main_inner::<test[9d35eded1c95d3be]::test_main_static::{closure#0}>::{closure#0}
[INFO] [stdout]    6:     0x5bf36f7816b2 - std[70759c8f55707aa4]::panicking::panic_with_hook
[INFO] [stdout]    7:     0x5bf36f765432 - std[70759c8f55707aa4]::panicking::panic_handler::{closure#0}
[INFO] [stdout]    8:     0x5bf36f75e1b9 - std[70759c8f55707aa4]::sys::backtrace::__rust_end_short_backtrace::<std[70759c8f55707aa4]::panicking::panic_handler::{closure#0}, !>
[INFO] [stdout]    9:     0x5bf36f76602d - __rustc[8fa7c3cbc660c2b3]::rust_begin_unwind
[INFO] [stdout]   10:     0x5bf36f79f3fc - core[df12db4294e9bfd3]::panicking::panic_fmt
[INFO] [stdout]   11:     0x5bf36f79f24c - core[df12db4294e9bfd3]::panicking::panic_bounds_check
[INFO] [stdout]   12:     0x5bf36f63891f - openpql_core[ccd7415f17ec213b]::functions::equity::fractional_river_equity::fractional_river_equity
[INFO] [stdout]   13:     0x5bf36f6287dd - openpql_core[ccd7415f17ec213b]::functions::equity::fractional_river_equity::tests::test_invalid_hero_idx
[INFO] [stdout]   14:     0x5bf36f62d629 - <openpql_core[ccd7415f17ec213b]::functions::equity::fractional_river_equity::tests::test_invalid_hero_idx::{closure#0} as core[df12db4294e9bfd3]::ops::function::FnOnce<()>>::call_once
[INFO] [stdout]   15:     0x5bf36f63efcb - test[9d35eded1c95d3be]::__rust_begin_short_backtrace::<core[df12db4294e9bfd3]::result::Result<(), alloc[2182bb758b4b3781]::string::String>, fn() -> core[df12db4294e9bfd3]::result::Result<(), alloc[2182bb758b4b3781]::string::String>>
[INFO] [stdout]   16:     0x5bf36f64c635 - test[9d35eded1c95d3be]::run_test::{closure#0}
[INFO] [stdout]   17:     0x5bf36f645ef4 - std[70759c8f55707aa4]::sys::backtrace::__rust_begin_short_backtrace::<test[9d35eded1c95d3be]::run_test::{closure#1}, ()>
[INFO] [stdout]   18:     0x5bf36f64f792 - <std[70759c8f55707aa4]::thread::lifecycle::spawn_unchecked<test[9d35eded1c95d3be]::run_test::{closure#1}, ()>::{closure#1} as core[df12db4294e9bfd3]::ops::function::FnOnce<()>>::call_once::{shim:vtable#0}
[INFO] [stdout]   19:     0x5bf36f788759 - <std[70759c8f55707aa4]::sys::thread::unix::Thread>::new::thread_start
[INFO] [stdout]   20:     0x775b470a2dfa - <unknown>
[INFO] [stdout]   21:     0x775b471363d4 - clone
[INFO] [stdout]   22:                0x0 - <unknown>
[INFO] [stdout] note: panic did not contain expected string
[INFO] [stdout]       panic message: "index out of bounds: the len is 2 but the index is 2"
[INFO] [stdout]  expected substring: "out of range"
[INFO] [stdout] 
[INFO] [stdout] failures:
[INFO] [stdout]     functions::equity::fractional_river_equity::tests::test_invalid_board
[INFO] [stdout]     functions::equity::fractional_river_equity::tests::test_invalid_hero_idx
[INFO] [stdout]     functions::equity::fractional_river_equity::tests::test_invalid_player_cards_len
[INFO] [stdout] 
[INFO] [stdout] test result: FAILED. 43 passed; 3 failed; 0 ignored; 0 measured; 0 filtered out; finished in 0.01s
[INFO] [stdout] 
[INFO] [stderr] error: test failed, to rerun pass `--lib`
[INFO] running `Command { std: "docker" "inspect" "f9248d2c576ea63a712fc084e35c993e14b92c539163aed09ee721bebb06ee81", kill_on_drop: false }`
[INFO] running `Command { std: "docker" "rm" "-f" "f9248d2c576ea63a712fc084e35c993e14b92c539163aed09ee721bebb06ee81", kill_on_drop: false }`
[INFO] [stdout] f9248d2c576ea63a712fc084e35c993e14b92c539163aed09ee721bebb06ee81
