[INFO] fetching crate openmw-config 3.0.2...
[INFO] testing openmw-config-3.0.2 against 1.100.0-beta.1+cargoflags=--release for beta-release-1.100-2
[INFO] extracting crate openmw-config 3.0.2 into /workspace/builds/worker-1-tc2/source
[INFO] started tweaking crates.io crate openmw-config 3.0.2
[INFO] removed 0 missing tests
[INFO] finished tweaking crates.io crate openmw-config 3.0.2
[INFO] tweaked toml for crates.io crate openmw-config 3.0.2 written to /workspace/builds/worker-1-tc2/source/Cargo.toml
[INFO] validating manifest of crates.io crate openmw-config 3.0.2 on toolchain 1.100.0-beta.1
[INFO] running `Command { std: CARGO_HOME="/workspace/cargo-home" RUSTUP_HOME="/workspace/rustup-home" "/workspace/cargo-home/bin/cargo" "+1.100.0-beta.1" "metadata" "--manifest-path" "Cargo.toml" "--no-deps", kill_on_drop: false }`
[INFO] crate crates.io crate openmw-config 3.0.2 already has a lockfile, it will not be regenerated
[INFO] running `Command { std: CARGO_HOME="/workspace/cargo-home" RUSTUP_HOME="/workspace/rustup-home" "/workspace/cargo-home/bin/cargo" "+1.100.0-beta.1" "fetch" "--manifest-path" "Cargo.toml", kill_on_drop: false }`
[INFO] running `Command { std: "docker" "create" "-v" "/var/lib/crater-agent-workspace/builds/worker-1-tc2/source:/opt/rustwide/workdir:ro,Z" "-v" "/var/lib/crater-agent-workspace/builds/worker-1-tc2/target:/opt/rustwide/target:rw,Z" "-v" "/var/lib/crater-agent-workspace/cargo-home:/opt/rustwide/cargo-home:ro,Z" "-v" "/var/lib/crater-agent-workspace/rustup-home:/opt/rustwide/rustup-home:ro,Z" "-m" "1610612736" "--network" "none" "ghcr.io/rust-lang/crates-build-env/linux@sha256:77db811e55d90add9212f6832c23229e3de5f1c1f9905e8cb07319ea15df73ac" "sleep" "infinity", kill_on_drop: false }`
[INFO] [stdout] e0feb2c929629be7fc38268616cb3b0145c0b290c8fcfa23212416def5ff86d9
[INFO] running `Command { std: "docker" "start" "e0feb2c929629be7fc38268616cb3b0145c0b290c8fcfa23212416def5ff86d9", kill_on_drop: false }`
[INFO] running `Command { std: "docker" "inspect" "e0feb2c929629be7fc38268616cb3b0145c0b290c8fcfa23212416def5ff86d9", kill_on_drop: false }`
[INFO] running `Command { std: "docker" "exec" "-e" "SOURCE_DIR=/opt/rustwide/workdir" "-e" "CARGO_HOME=/opt/rustwide/cargo-home" "-e" "RUSTUP_HOME=/opt/rustwide/rustup-home" "-e" "CARGO_TARGET_DIR=/opt/rustwide/target" "-w" "/opt/rustwide/workdir" "--user" "0:0" "e0feb2c929629be7fc38268616cb3b0145c0b290c8fcfa23212416def5ff86d9" "/opt/rustwide/cargo-home/bin/cargo" "+1.100.0-beta.1" "metadata" "--no-deps" "--format-version=1", kill_on_drop: false }`
[INFO] running `Command { std: "docker" "inspect" "e0feb2c929629be7fc38268616cb3b0145c0b290c8fcfa23212416def5ff86d9", kill_on_drop: false }`
[INFO] running `Command { std: "docker" "exec" "-e" "SOURCE_DIR=/opt/rustwide/workdir" "-e" "CARGO_HOME=/opt/rustwide/cargo-home" "-e" "RUSTUP_HOME=/opt/rustwide/rustup-home" "-e" "CARGO_TARGET_DIR=/opt/rustwide/target" "-e" "CARGO_INCREMENTAL=0" "-e" "RUST_BACKTRACE=full" "-e" "RUSTFLAGS=--cap-lints=warn" "-e" "RUSTDOCFLAGS=--cap-lints=warn" "-w" "/opt/rustwide/workdir" "--user" "0:0" "e0feb2c929629be7fc38268616cb3b0145c0b290c8fcfa23212416def5ff86d9" "/opt/rustwide/cargo-home/bin/cargo" "+1.100.0-beta.1" "build" "--frozen" "--message-format=json" "--release", kill_on_drop: false }`
[INFO] [stderr]    Compiling openmw-config v3.0.2 (/opt/rustwide/workdir)
[INFO] [stderr]     Finished `release` profile [optimized] target(s) in 2.42s
[INFO] running `Command { std: "docker" "inspect" "e0feb2c929629be7fc38268616cb3b0145c0b290c8fcfa23212416def5ff86d9", kill_on_drop: false }`
[INFO] running `Command { std: "docker" "exec" "-e" "SOURCE_DIR=/opt/rustwide/workdir" "-e" "CARGO_HOME=/opt/rustwide/cargo-home" "-e" "RUSTUP_HOME=/opt/rustwide/rustup-home" "-e" "CARGO_TARGET_DIR=/opt/rustwide/target" "-e" "CARGO_INCREMENTAL=0" "-e" "RUST_BACKTRACE=full" "-e" "RUSTFLAGS=--cap-lints=warn" "-e" "RUSTDOCFLAGS=--cap-lints=warn" "-w" "/opt/rustwide/workdir" "--user" "0:0" "e0feb2c929629be7fc38268616cb3b0145c0b290c8fcfa23212416def5ff86d9" "/opt/rustwide/cargo-home/bin/cargo" "+1.100.0-beta.1" "test" "--frozen" "--no-run" "--message-format=json" "--release", kill_on_drop: false }`
[INFO] [stderr]    Compiling unicode-ident v1.0.26
[INFO] [stderr]    Compiling zerocopy v0.8.59
[INFO] [stderr]    Compiling rustix v1.1.5
[INFO] [stderr]    Compiling cc v1.5.1
[INFO] [stderr]    Compiling num-traits v0.2.19
[INFO] [stderr]    Compiling getrandom v0.3.4
[INFO] [stderr]    Compiling getrandom v0.4.3
[INFO] [stderr]    Compiling plotters-backend v0.3.7
[INFO] [stderr]    Compiling ciborium-io v0.2.2
[INFO] [stderr]    Compiling serde_json v1.0.151
[INFO] [stderr]    Compiling regex-automata v0.4.18
[INFO] [stderr]    Compiling itertools v0.13.0
[INFO] [stderr]    Compiling wait-timeout v0.2.1
[INFO] [stderr]    Compiling quick-error v1.2.3
[INFO] [stderr]    Compiling cast v0.3.0
[INFO] [stderr]    Compiling bit-vec v0.8.0
[INFO] [stderr]    Compiling rayon v1.12.0
[INFO] [stderr]    Compiling clap v4.6.7
[INFO] [stderr]    Compiling proc-macro2 v1.0.107
[INFO] [stderr]    Compiling rand_core v0.9.5
[INFO] [stderr]    Compiling page_size v0.6.0
[INFO] [stderr]    Compiling anes v0.1.6
[INFO] [stderr]    Compiling oorandom v11.1.5
[INFO] [stderr]    Compiling plotters-svg v0.3.7
[INFO] [stderr]    Compiling bit-set v0.8.0
[INFO] [stderr]    Compiling rand_xorshift v0.4.0
[INFO] [stderr]    Compiling rand v0.9.5
[INFO] [stderr]    Compiling quote v1.0.47
[INFO] [stderr]    Compiling syn v2.0.119
[INFO] [stderr]    Compiling syn v3.0.6
[INFO] [stderr]    Compiling plotters v0.3.7
[INFO] [stderr]    Compiling alloca v0.4.0
[INFO] [stderr]    Compiling criterion-plot v0.8.2
[INFO] [stderr]    Compiling tempfile v3.27.0
[INFO] [stderr]    Compiling regex v1.13.1
[INFO] [stderr]    Compiling rusty-fork v0.3.1
[INFO] [stderr]    Compiling serde_derive v1.0.229
[INFO] [stderr]    Compiling zerocopy-derive v0.8.59
[INFO] [stderr]    Compiling serde v1.0.229
[INFO] [stderr]    Compiling tinytemplate v1.2.1
[INFO] [stderr]    Compiling half v2.7.1
[INFO] [stderr]    Compiling ppv-lite86 v0.2.21
[INFO] [stderr]    Compiling ciborium-ll v0.2.2
[INFO] [stderr]    Compiling rand_chacha v0.9.0
[INFO] [stderr]    Compiling ciborium v0.2.2
[INFO] [stderr]    Compiling proptest v1.11.0
[INFO] [stderr]    Compiling criterion v0.8.2
[INFO] [stderr]    Compiling openmw-config v3.0.2 (/opt/rustwide/workdir)
[INFO] [stderr]     Finished `release` profile [optimized] target(s) in 27.60s
[INFO] running `Command { std: "docker" "inspect" "e0feb2c929629be7fc38268616cb3b0145c0b290c8fcfa23212416def5ff86d9", kill_on_drop: false }`
[INFO] running `Command { std: "docker" "exec" "-e" "SOURCE_DIR=/opt/rustwide/workdir" "-e" "CARGO_HOME=/opt/rustwide/cargo-home" "-e" "RUSTUP_HOME=/opt/rustwide/rustup-home" "-e" "CARGO_TARGET_DIR=/opt/rustwide/target" "-e" "CARGO_INCREMENTAL=0" "-e" "RUST_BACKTRACE=full" "-e" "RUSTFLAGS=--cap-lints=warn" "-e" "RUSTDOCFLAGS=--cap-lints=warn" "-w" "/opt/rustwide/workdir" "--user" "0:0" "e0feb2c929629be7fc38268616cb3b0145c0b290c8fcfa23212416def5ff86d9" "/opt/rustwide/cargo-home/bin/cargo" "+1.100.0-beta.1" "test" "--frozen" "--release", kill_on_drop: false }`
[INFO] [stderr]     Finished `release` profile [optimized] target(s) in 0.08s
[INFO] [stderr]      Running unittests src/lib.rs (/opt/rustwide/target/release/build/openmw-config/5b7d5645215f7eb3/out/openmw_config-5b7d5645215f7eb3)
[INFO] [stdout] 
[INFO] [stdout] running 192 tests
[INFO] [stdout] test config::directorysetting::tests::test_absolute_path_original_preserved ... ok
[INFO] [stdout] test config::directorysetting::tests::test_backslash_normalised_to_separator ... ok
[INFO] [stdout] test config::directorysetting::tests::test_directory_setting_quoted_path ... ok
[INFO] [stdout] test config::directorysetting::tests::test_directory_setting_relative_path_normalization ... ok
[INFO] [stdout] test config::directorysetting::tests::test_directory_setting_with_user_config_token ... ok
[INFO] [stdout] test config::directorysetting::tests::test_dot_components_not_normalized ... ok
[INFO] [stdout] test config::directorysetting::tests::test_comment_cleared_after_new ... ok
[INFO] [stdout] test config::directorysetting::tests::test_empty_comment_stays_empty ... ok
[INFO] [stdout] test config::directorysetting::tests::test_global_token_with_nested_path_on_supported_platforms ... ok
[INFO] [stdout] test config::directorysetting::tests::test_directory_setting_basic_construction ... ok
[INFO] [stdout] test config::directorysetting::tests::test_absolute_path_not_joined_to_config ... ok
[INFO] [stdout] test config::directorysetting::tests::test_directory_setting_with_user_data_token ... ok
[INFO] [stdout] test config::directorysetting::tests::test_global_token_only_on_supported_platforms ... ok
[INFO] [stdout] test config::directorysetting::tests::test_local_token_only ... ok
[INFO] [stdout] test config::directorysetting::tests::test_dot_component_is_removed ... ok
[INFO] [stdout] test config::directorysetting::tests::test_local_token_with_nested_path ... ok
[INFO] [stdout] test config::directorysetting::tests::test_mixed_separators_normalised ... ok
[INFO] [stdout] test config::directorysetting::tests::test_original_preserves_quotes ... ok
[INFO] [stdout] test config::directorysetting::tests::test_double_dot_not_normalized ... ok
[INFO] [stdout] test config::directorysetting::tests::test_source_config_stored_verbatim ... ok
[INFO] [stdout] test config::directorysetting::tests::test_userconfig_token_only ... ok
[INFO] [stdout] test config::directorysetting::tests::test_quoted_path_ampersand_escapes_next_char ... ok
[INFO] [stdout] test config::directorysetting::tests::test_userdata_token_with_nested_path ... ok
[INFO] [stdout] test config::directorysetting::tests::test_userdata_token_only ... ok
[INFO] [stdout] test config::encodingsetting::tests::test_invalid_encoding ... ok
[INFO] [stdout] test config::encodingsetting::tests::test_source_path_preservation ... ok
[INFO] [stdout] test config::encodingsetting::tests::test_valid_encodings ... ok
[INFO] [stdout] test config::error::tests::test_display_messages_include_key_context ... ok
[INFO] [stdout] test config::filesetting::tests::test_display_outputs_only_file_value ... ok
[INFO] [stdout] test config::directorysetting::tests::test_quoted_path_stripped_of_quotes ... ok
[INFO] [stdout] test config::filesetting::tests::test_new_consumes_comment_and_sets_metadata ... ok
[INFO] [stdout] test config::filesetting::tests::test_partial_eq_variants_compare_by_value_only ... ok
[INFO] [stdout] test config::directorysetting::tests::test_quoted_path_ampersand_escapes_ampersand ... ok
[INFO] [stdout] test config::error::tests::test_io_error_is_the_source ... ok
[INFO] [stdout] test config::encodingsetting::tests::test_display_trait_output ... ok
[INFO] [stdout] test config::error::tests::test_from_io_error_wraps_variant ... ok
[INFO] [stdout] test config::gamesetting::tests::test_different_keys_not_equal ... ok
[INFO] [stdout] test config::encodingsetting::tests::test_empty_encoding_string ... ok
[INFO] [stdout] test config::gamesetting::tests::test_commented_string ... ok
[INFO] [stdout] test config::gamesetting::tests::test_mismatched_types_not_equal ... ok
[INFO] [stdout] test config::gamesetting::tests::test_parse_ambiguous_two_number_value_is_string ... ok
[INFO] [stdout] test config::gamesetting::tests::test_eq_with_str_key ... ok
[INFO] [stdout] test config::gamesetting::tests::test_parse_color_out_of_u8_range_is_string ... ok
[INFO] [stdout] test config::gamesetting::tests::test_parse_color_value ... ok
[INFO] [stdout] test config::gamesetting::tests::test_parse_comment_consumed ... ok
[INFO] [stdout] test config::gamesetting::tests::test_parse_float_value ... ok
[INFO] [stdout] test config::gamesetting::tests::test_parse_integer_value ... ok
[INFO] [stdout] test config::gamesetting::tests::test_parse_missing_comma_errors ... ok
[INFO] [stdout] test config::gamesetting::tests::test_parse_negative_integer ... ok
[INFO] [stdout] test config::gamesetting::tests::test_parse_string_value ... ok
[INFO] [stdout] test config::gamesetting::tests::test_parse_value_with_comma_stays_string ... ok
[INFO] [stdout] test config::gamesetting::tests::test_same_key_same_type_are_equal ... ok
[INFO] [stdout] test config::gamesetting::tests::test_to_string_for_color_setting ... ok
[INFO] [stdout] test config::gamesetting::tests::test_to_string_for_float_setting ... ok
[INFO] [stdout] test config::gamesetting::tests::test_to_string_for_int_setting ... ok
[INFO] [stdout] test config::gamesetting::tests::test_to_string_for_string_setting ... ok
[INFO] [stdout] test config::gamesetting::tests::test_typed_values_follow_the_kind ... ok
[INFO] [stdout] test config::gamesetting::tests::test_value_color_setting ... ok
[INFO] [stdout] test config::gamesetting::tests::test_value_float_setting ... ok
[INFO] [stdout] test config::gamesetting::tests::test_value_int_setting ... ok
[INFO] [stdout] test config::gamesetting::tests::test_value_string_setting ... ok
[INFO] [stdout] test config::genericsetting::tests::test_display_emits_comment_and_pair ... ok
[INFO] [stdout] test config::genericsetting::tests::test_new_consumes_comment_and_tracks_source ... ok
[INFO] [stdout] test config::hash::tests::equal_keys_hash_equal_and_lengths_matter ... ok
[INFO] [stdout] test config::tests::test_a_config_that_names_itself_loads_once ... ok
[INFO] [stdout] test config::tests::test_add_content_file_appends ... ok
[INFO] [stdout] test config::tests::test_add_data_directory ... ok
[INFO] [stdout] test config::tests::test_add_duplicate_archive_errors ... ok
[INFO] [stdout] test config::tests::test_composite_display_does_not_serialize_injected_data_local_as_data ... ok
[INFO] [stdout] test config::tests::test_config_chain_priority_order_for_content_lists_is_depth_first ... ok
[INFO] [stdout] test config::tests::test_a_circular_chain_loads_each_config_once ... ok
[INFO] [stdout] test config::tests::test_add_content_file_source_config_is_cfg_file ... ok
[INFO] [stdout] test config::tests::test_data_directories_absolute_paths_parsed ... ok
[INFO] [stdout] test config::tests::test_display_contains_version_comment ... ok
[INFO] [stdout] test config::tests::test_content_files_empty_on_bare_config ... ok
[INFO] [stdout] test config::tests::test_clear_matching_removes_entries ... ok
[INFO] [stdout] test config::tests::test_display_preserves_comments ... ok
[INFO] [stdout] test config::tests::test_add_duplicate_content_file_errors ... ok
[INFO] [stdout] test config::tests::test_content_files_parsed_in_order ... ok
[INFO] [stdout] test config::tests::test_display_preserves_content_entries ... ok
[INFO] [stdout] test config::tests::test_clone_is_independent ... ok
[INFO] [stdout] test config::tests::test_config_chain_priority_order_for_data_lists_is_depth_first ... ok
[INFO] [stdout] test config::tests::test_config_chain_priority_order_with_user_data_crosscheck ... ok
[INFO] [stdout] test config::tests::test_config_chain_priority_order_is_depth_first ... ok
[INFO] [stdout] test config::tests::test_duplicate_archive_error_reports_line_number ... ok
[INFO] [stdout] test config::tests::test_duplicate_content_file_error_reports_line_number ... ok
[INFO] [stdout] test config::tests::test_config_chain_priority_order_for_groundcover_lists_is_depth_first ... ok
[INFO] [stdout] test config::tests::test_encoding_parsed ... ok
[INFO] [stdout] test config::tests::test_duplicate_content_file_errors_on_load ... ok
[INFO] [stdout] test config::tests::test_error_cannot_find ... ok
[INFO] [stdout] test config::tests::test_error_cannot_add_groundcover_file ... ok
[INFO] [stdout] test config::tests::test_duplicate_groundcover_error_reports_line_number ... ok
[INFO] [stdout] test config::tests::test_error_invalid_line ... ok
[INFO] [stdout] test config::tests::test_from_env_errors_without_local_or_global_root_config ... ok
[INFO] [stdout] test config::tests::test_display_preserves_directory_originals_for_round_trip_boundary ... ok
[INFO] [stdout] test config::tests::test_fallback_archives_parsed ... ok
[INFO] [stdout] test config::tests::test_from_env_or_user_config_errors_when_no_candidates_exist ... ok
[INFO] [stdout] test config::tests::test_from_env_openmw_config_dir ... ok
[INFO] [stdout] test config::tests::test_error_duplicate_archive_file ... ok
[INFO] [stdout] test config::tests::test_from_env_or_user_config_falls_back_to_user_config ... ok
[INFO] [stdout] test config::tests::test_from_env_openmw_config_file ... ok
[INFO] [stdout] test config::tests::test_error_io_from_conversion ... ok
[INFO] [stdout] test config::tests::test_duplicate_groundcover_errors_on_load ... ok
[INFO] [stdout] test config::tests::test_game_settings_deduplicates_by_key ... ok
[INFO] [stdout] test config::tests::test_game_setting_float_roundtrip ... ok
[INFO] [stdout] test config::tests::test_game_settings_last_wins ... ok
[INFO] [stdout] test config::tests::test_game_settings_parsed ... ok
[INFO] [stdout] test config::tests::test_generic_setting_preserved ... ok
[INFO] [stdout] test config::tests::test_generic_settings_can_be_replaced_and_iterated ... ok
[INFO] [stdout] test config::tests::test_get_game_setting_missing_returns_none ... ok
[INFO] [stdout] test config::tests::test_from_env_config_dir_skips_non_file_openmw_cfg_entry ... ok
[INFO] [stdout] test config::tests::test_game_setting_color_roundtrip ... ok
[INFO] [stdout] test config::tests::test_error_max_depth_exceeded ... ok
[INFO] [stdout] test config::tests::test_from_env_prefers_first_openmw_config_dir_entry ... ok
[INFO] [stdout] test config::tests::test_from_env_prefers_openmw_config_file_over_dir ... ok
[INFO] [stdout] test config::tests::test_from_env_uses_global_config_when_no_explicit_env ... ok
[INFO] [stdout] test config::tests::test_groundcover_parsed ... ok
[INFO] [stdout] test config::tests::test_global_root_config_loads_config_chain ... ok
[INFO] [stdout] test config::tests::test_has_archive_file ... ok
[INFO] [stdout] test config::tests::test_has_content_file_found ... ok
[INFO] [stdout] test config::tests::test_has_content_file_not_found ... ok
[INFO] [stdout] test config::tests::test_has_groundcover_file ... ok
[INFO] [stdout] test config::tests::test_indexes_coherent_after_replace_during_load ... ok
[INFO] [stdout] test config::tests::test_indexes_remain_coherent_through_mutations ... ok
[INFO] [stdout] test config::tests::test_injected_data_directories_are_indexed ... ok
[INFO] [stdout] test config::tests::test_invalid_encoding_error_reports_line_number ... ok
[INFO] [stdout] test config::tests::test_load_optional_existing_empty_dir_uses_dir_context ... ok
[INFO] [stdout] test config::tests::test_load_optional_existing_cfg_matches_new ... ok
[INFO] [stdout] test config::tests::test_load_optional_missing_cfg_uses_parent_context ... ok
[INFO] [stdout] test config::tests::test_load_optional_relative_missing_cfg_anchors_to_current_dir ... ok
[INFO] [stdout] test config::tests::test_new_empty_rejects_openmw_cfg_file_shaped_path ... ok
[INFO] [stdout] test config::tests::test_new_empty_relative_dir_anchors_to_current_dir_for_resolved_export ... ok
[INFO] [stdout] test config::tests::test_load_optional_missing_dir_uses_dir_context ... ok
[INFO] [stdout] test config::tests::test_path_level_directory_singleton_clearers_remove_values ... ok
[INFO] [stdout] test config::tests::test_new_empty_uses_directory_as_user_config_context ... ok
[INFO] [stdout] test config::tests::test_path_level_directory_singleton_setters_use_user_config_context ... ok
[INFO] [stdout] test config::tests::test_remove_content_file ... ok
[INFO] [stdout] test config::tests::test_invalid_encoding_errors_on_load ... ok
[INFO] [stdout] test config::tests::test_invalid_game_setting_error_reports_line_number ... ok
[INFO] [stdout] test config::tests::test_save_subconfig_rejects_unloaded_path ... ok
[INFO] [stdout] test config::tests::test_list_counts_follow_the_lists ... ok
[INFO] [stdout] test config::tests::test_repeated_path_level_singleton_setters_replace ... ok
[INFO] [stdout] test config::tests::test_replace_keeps_comment_adjacency ... ok
[INFO] [stdout] test config::tests::test_remove_data_directory ... ok
[INFO] [stdout] test config::tests::test_save_subconfig_accepts_equivalent_symlink_path ... ok
[INFO] [stdout] test config::tests::test_replace_content_clears_prior_plugins ... ok
[INFO] [stdout] test config::tests::test_replace_content_keeps_the_files_own_plugins ... ok
[INFO] [stdout] test config::tests::test_remove_archive_file ... ok
[INFO] [stdout] test config::tests::test_root_config_dir_is_parent ... ok
[INFO] [stdout] test config::tests::test_save_user_does_not_persist_injected_data_local_as_data ... ok
[INFO] [stdout] test config::tests::test_save_resolved_to_path_writes_relocated_safe_output ... ok
[INFO] [stdout] test config::tests::test_save_user_creates_missing_new_empty_config_directory ... ok
[INFO] [stdout] test config::tests::test_root_config_file_points_to_cfg ... ok
[INFO] [stdout] test config::tests::test_settings_matching_filters_correctly ... ok
[INFO] [stdout] test config::tests::test_singleton_changes_keep_the_game_setting_index_valid ... ok
[INFO] [stdout] test config::tests::test_set_content_files_none_clears_all ... ok
[INFO] [stdout] test config::tests::test_symlinked_config_dir_loads_like_real_path ... ok
[INFO] [stdout] test config::tests::test_save_user_not_writable_returns_error ... FAILED
[INFO] [stdout] test config::util::tests::test_display_preserving_absolute_leaves_absolute_paths_alone ... ok
[INFO] [stdout] test config::util::tests::test_expand_tilde_does_not_expand_named_user_syntax ... ok
[INFO] [stdout] test config::util::tests::test_expand_tilde_home_variants ... ok
[INFO] [stdout] test config::util::tests::test_expand_tilde_leaves_regular_path_unchanged ... ok
[INFO] [stdout] test config::tests::test_save_to_path_rejects_unwritable_parent_directory ... FAILED
[INFO] [stdout] test config::tests::test_set_data_directories_replaces_all ... ok
[INFO] [stdout] test config::tests::test_save_to_path_works_from_new_empty_config ... ok
[INFO] [stdout] test config::tests::test_save_subconfig_round_trips_settings ... ok
[INFO] [stdout] test config::tests::test_save_to_path_overwrites_read_only_existing_file ... ok
[INFO] [stdout] test config::tests::test_trailing_comments_survive_serialization ... ok
[INFO] [stdout] test config::tests::test_save_user_round_trips_content_files ... ok
[INFO] [stdout] test config::tests::test_replace_data_clears_prior_dirs ... ok
[INFO] [stdout] test config::tests::test_replace_data_keeps_the_depth_first_order_in_a_branching_chain ... ok
[INFO] [stdout] test tests::test_default_data_local_path_is_userdata_data_child ... ok
[INFO] [stdout] test tests::test_flatpak_auto_detect_via_flatpak_id ... ok
[INFO] [stdout] test config::tests::test_to_resolved_string_emits_resolved_directory_paths ... ok
[INFO] [stdout] test tests::test_flatpak_env_flag_forces_flatpak_paths ... ok
[INFO] [stdout] test config::tests::test_to_resolved_string_excludes_config_replace_and_synthetic_data_local ... ok
[INFO] [stdout] test tests::test_global_config_path_env_override_has_precedence ... ok
[INFO] [stdout] test tests::test_flatpak_app_id_override_precedence ... ok
[INFO] [stdout] test tests::test_global_config_path_is_not_global_data_token_path ... ok
[INFO] [stdout] test config::tests::test_set_content_files_replaces_all ... ok
[INFO] [stdout] test config::util::tests::test_paths_equivalent_treats_symlinked_directories_as_same ... ok
[INFO] [stdout] test config::tests::test_set_game_setting_comment_is_written_as_a_comment_line ... ok
[INFO] [stdout] test tests::test_global_path_default_is_platform_or_flatpak_value ... ok
[INFO] [stdout] test tests::test_global_path_env_override_has_precedence ... ok
[INFO] [stdout] test config::tests::test_sub_configs_iteration ... ok
[INFO] [stdout] test config::tests::test_save_to_path_writes_exact_output_path ... ok
[INFO] [stdout] test tests::test_try_default_config_path_returns_path_or_error ... ok
[INFO] [stdout] test tests::test_root_config_discovery_uses_global_config_when_local_missing ... ok
[INFO] [stdout] test tests::test_root_config_discovery_errors_without_user_fallback ... ok
[INFO] [stdout] test tests::test_root_config_discovery_without_a_global_config_directory ... ok
[INFO] [stdout] test tests::test_try_default_local_path_returns_path_or_error ... ok
[INFO] [stdout] test tests::test_root_config_discovery_uses_local_before_global_config ... ok
[INFO] [stdout] 
[INFO] [stdout] failures:
[INFO] [stdout] 
[INFO] [stdout] ---- config::tests::test_save_user_not_writable_returns_error stdout ----
[INFO] [stdout] 
[INFO] [stdout] thread 'config::tests::test_save_user_not_writable_returns_error' (1745) panicked at src/config.rs:3021:13:
[INFO] [stdout] expected NotWritable, got Ok(())
[INFO] [stdout] stack backtrace:
[INFO] [stdout]    0:     0x577a5ac1b601 - <<std[617be2ca0a6fd877]::sys::backtrace::BacktraceLock>::print::DisplayBacktrace as core[a373ad73a504971]::fmt::Display>::fmt
[INFO] [stdout]    1:     0x577a5ac3121a - core[a373ad73a504971]::fmt::write
[INFO] [stdout]    2:     0x577a5ac1fa9c - <alloc[2e1b2a31b91974c5]::vec::Vec<u8> as core[a373ad73a504971]::io::write::Write>::write_fmt
[INFO] [stdout]    3:     0x577a5abf4fd6 - std[617be2ca0a6fd877]::panicking::default_hook::{closure#0}
[INFO] [stdout]    4:     0x577a5ac127c9 - std[617be2ca0a6fd877]::panicking::default_hook
[INFO] [stdout]    5:     0x577a5abaceb0 - test[aada8e7e76ba119b]::test_main_inner::{closure#0}
[INFO] [stdout]    6:     0x577a5ac12982 - std[617be2ca0a6fd877]::panicking::panic_with_hook
[INFO] [stdout]    7:     0x577a5abf5082 - std[617be2ca0a6fd877]::panicking::panic_handler::{closure#0}
[INFO] [stdout]    8:     0x577a5abed899 - std[617be2ca0a6fd877]::sys::backtrace::__rust_end_short_backtrace::<std[617be2ca0a6fd877]::panicking::panic_handler::{closure#0}, !>
[INFO] [stdout]    9:     0x577a5abf614d - __rustc[ea4f61d10b84890b]::rust_begin_unwind
[INFO] [stdout]   10:     0x577a5ac3197c - core[a373ad73a504971]::panicking::panic_fmt
[INFO] [stdout]   11:     0x577a5ab5087a - <openmw_config[d25048f88520c3c2]::config::tests::test_save_user_not_writable_returns_error::{closure#0} as core[a373ad73a504971]::ops::function::FnOnce<()>>::call_once
[INFO] [stdout]   12:     0x577a5aba02fb - test[aada8e7e76ba119b]::__rust_begin_short_backtrace::<core[a373ad73a504971]::result::Result<(), alloc[2e1b2a31b91974c5]::string::String>, fn() -> core[a373ad73a504971]::result::Result<(), alloc[2e1b2a31b91974c5]::string::String>>
[INFO] [stdout]   13:     0x577a5abad4d5 - test[aada8e7e76ba119b]::run_test::{closure#0}
[INFO] [stdout]   14:     0x577a5aba6dc4 - std[617be2ca0a6fd877]::sys::backtrace::__rust_begin_short_backtrace::<test[aada8e7e76ba119b]::run_test::{closure#1}, ()>
[INFO] [stdout]   15:     0x577a5abb0562 - <std[617be2ca0a6fd877]::thread::lifecycle::spawn_unchecked<test[aada8e7e76ba119b]::run_test::{closure#1}, ()>::{closure#1} as core[a373ad73a504971]::ops::function::FnOnce<()>>::call_once::{shim:vtable#0}
[INFO] [stdout]   16:     0x577a5ac1a91f - <std[617be2ca0a6fd877]::sys::thread::unix::Thread>::new::thread_start
[INFO] [stdout]   17:     0x7cc301e65dfa - <unknown>
[INFO] [stdout]   18:     0x7cc301ef93d4 - clone
[INFO] [stdout]   19:                0x0 - <unknown>
[INFO] [stdout] 
[INFO] [stdout] ---- config::tests::test_save_to_path_rejects_unwritable_parent_directory stdout ----
[INFO] [stdout] 
[INFO] [stdout] thread 'config::tests::test_save_to_path_rejects_unwritable_parent_directory' (1740) panicked at src/config.rs:2860:13:
[INFO] [stdout] assertion failed: matches!(result, Err(ConfigError::NotWritable(_)))
[INFO] [stdout] stack backtrace:
[INFO] [stdout]    0:     0x577a5ac1b601 - <<std[617be2ca0a6fd877]::sys::backtrace::BacktraceLock>::print::DisplayBacktrace as core[a373ad73a504971]::fmt::Display>::fmt
[INFO] [stdout]    1:     0x577a5ac3121a - core[a373ad73a504971]::fmt::write
[INFO] [stdout]    2:     0x577a5ac1fa9c - <alloc[2e1b2a31b91974c5]::vec::Vec<u8> as core[a373ad73a504971]::io::write::Write>::write_fmt
[INFO] [stdout]    3:     0x577a5abf4fd6 - std[617be2ca0a6fd877]::panicking::default_hook::{closure#0}
[INFO] [stdout]    4:     0x577a5ac127c9 - std[617be2ca0a6fd877]::panicking::default_hook
[INFO] [stdout]    5:     0x577a5abaceb0 - test[aada8e7e76ba119b]::test_main_inner::{closure#0}
[INFO] [stdout]    6:     0x577a5ac12982 - std[617be2ca0a6fd877]::panicking::panic_with_hook
[INFO] [stdout]    7:     0x577a5abf50b4 - std[617be2ca0a6fd877]::panicking::panic_handler::{closure#0}
[INFO] [stdout]    8:     0x577a5abed899 - std[617be2ca0a6fd877]::sys::backtrace::__rust_end_short_backtrace::<std[617be2ca0a6fd877]::panicking::panic_handler::{closure#0}, !>
[INFO] [stdout]    9:     0x577a5abf614d - __rustc[ea4f61d10b84890b]::rust_begin_unwind
[INFO] [stdout]   10:     0x577a5ac3197c - core[a373ad73a504971]::panicking::panic_fmt
[INFO] [stdout]   11:     0x577a5ac31942 - core[a373ad73a504971]::panicking::panic
[INFO] [stdout]   12:     0x577a5ab5aa53 - <openmw_config[d25048f88520c3c2]::config::tests::test_save_to_path_rejects_unwritable_parent_directory::{closure#0} as core[a373ad73a504971]::ops::function::FnOnce<()>>::call_once
[INFO] [stdout]   13:     0x577a5aba02fb - test[aada8e7e76ba119b]::__rust_begin_short_backtrace::<core[a373ad73a504971]::result::Result<(), alloc[2e1b2a31b91974c5]::string::String>, fn() -> core[a373ad73a504971]::result::Result<(), alloc[2e1b2a31b91974c5]::string::String>>
[INFO] [stdout]   14:     0x577a5abad4d5 - test[aada8e7e76ba119b]::run_test::{closure#0}
[INFO] [stdout]   15:     0x577a5aba6dc4 - std[617be2ca0a6fd877]::sys::backtrace::__rust_begin_short_backtrace::<test[aada8e7e76ba119b]::run_test::{closure#1}, ()>
[INFO] [stdout]   16:     0x577a5abb0562 - <std[617be2ca0a6fd877]::thread::lifecycle::spawn_unchecked<test[aada8e7e76ba119b]::run_test::{closure#1}, ()>::{closure#1} as core[a373ad73a504971]::ops::function::FnOnce<()>>::call_once::{shim:vtable#0}
[INFO] [stdout]   17:     0x577a5ac1a91f - <std[617be2ca0a6fd877]::sys::thread::unix::Thread>::new::thread_start
[INFO] [stdout]   18:     0x7cc301e65dfa - <unknown>
[INFO] [stdout]   19:     0x7cc301ef93d4 - clone
[INFO] [stdout]   20:                0x0 - <unknown>
[INFO] [stdout] 
[INFO] [stdout] 
[INFO] [stdout] failures:
[INFO] [stdout]     config::tests::test_save_to_path_rejects_unwritable_parent_directory
[INFO] [stdout]     config::tests::test_save_user_not_writable_returns_error
[INFO] [stdout] 
[INFO] [stdout] test result: FAILED. 190 passed; 2 failed; 0 ignored; 0 measured; 0 filtered out; finished in 0.05s
[INFO] [stdout] 
[INFO] [stderr] error: test failed, to rerun pass `--lib`
[INFO] running `Command { std: "docker" "inspect" "e0feb2c929629be7fc38268616cb3b0145c0b290c8fcfa23212416def5ff86d9", kill_on_drop: false }`
[INFO] running `Command { std: "docker" "rm" "-f" "e0feb2c929629be7fc38268616cb3b0145c0b290c8fcfa23212416def5ff86d9", kill_on_drop: false }`
[INFO] [stdout] e0feb2c929629be7fc38268616cb3b0145c0b290c8fcfa23212416def5ff86d9
