[INFO] fetching crate openlogi-async-hid 0.5.3-openlogi.1...
[INFO] testing openlogi-async-hid-0.5.3-openlogi.1 against 1.100.0-beta.1+cargoflags=--release for beta-release-1.100-2
[INFO] extracting crate openlogi-async-hid 0.5.3-openlogi.1 into /workspace/builds/worker-6-tc2/source
[INFO] started tweaking crates.io crate openlogi-async-hid 0.5.3-openlogi.1
[INFO] removed 0 missing examples
[INFO] finished tweaking crates.io crate openlogi-async-hid 0.5.3-openlogi.1
[INFO] tweaked toml for crates.io crate openlogi-async-hid 0.5.3-openlogi.1 written to /workspace/builds/worker-6-tc2/source/Cargo.toml
[INFO] validating manifest of crates.io crate openlogi-async-hid 0.5.3-openlogi.1 on toolchain 1.100.0-beta.1
[INFO] running `Command { std: CARGO_HOME="/workspace/cargo-home" RUSTUP_HOME="/workspace/rustup-home" "/workspace/cargo-home/bin/cargo" "+1.100.0-beta.1" "metadata" "--manifest-path" "Cargo.toml" "--no-deps", kill_on_drop: false }`
[INFO] crate crates.io crate openlogi-async-hid 0.5.3-openlogi.1 already has a lockfile, it will not be regenerated
[INFO] running `Command { std: CARGO_HOME="/workspace/cargo-home" RUSTUP_HOME="/workspace/rustup-home" "/workspace/cargo-home/bin/cargo" "+1.100.0-beta.1" "fetch" "--manifest-path" "Cargo.toml", kill_on_drop: false }`
[INFO] running `Command { std: "docker" "create" "-v" "/var/lib/crater-agent-workspace/builds/worker-6-tc2/source:/opt/rustwide/workdir:ro,Z" "-v" "/var/lib/crater-agent-workspace/builds/worker-6-tc2/target:/opt/rustwide/target:rw,Z" "-v" "/var/lib/crater-agent-workspace/cargo-home:/opt/rustwide/cargo-home:ro,Z" "-v" "/var/lib/crater-agent-workspace/rustup-home:/opt/rustwide/rustup-home:ro,Z" "-m" "1610612736" "--network" "none" "ghcr.io/rust-lang/crates-build-env/linux@sha256:77db811e55d90add9212f6832c23229e3de5f1c1f9905e8cb07319ea15df73ac" "sleep" "infinity", kill_on_drop: false }`
[INFO] [stdout] adf6ad6e2bd8c8228f84d39fe938c4c6cf052652446941d489230177961e4f96
[INFO] running `Command { std: "docker" "start" "adf6ad6e2bd8c8228f84d39fe938c4c6cf052652446941d489230177961e4f96", kill_on_drop: false }`
[INFO] running `Command { std: "docker" "inspect" "adf6ad6e2bd8c8228f84d39fe938c4c6cf052652446941d489230177961e4f96", kill_on_drop: false }`
[INFO] running `Command { std: "docker" "exec" "-e" "SOURCE_DIR=/opt/rustwide/workdir" "-e" "CARGO_HOME=/opt/rustwide/cargo-home" "-e" "RUSTUP_HOME=/opt/rustwide/rustup-home" "-e" "CARGO_TARGET_DIR=/opt/rustwide/target" "-w" "/opt/rustwide/workdir" "--user" "0:0" "adf6ad6e2bd8c8228f84d39fe938c4c6cf052652446941d489230177961e4f96" "/opt/rustwide/cargo-home/bin/cargo" "+1.100.0-beta.1" "metadata" "--no-deps" "--format-version=1", kill_on_drop: false }`
[INFO] running `Command { std: "docker" "inspect" "adf6ad6e2bd8c8228f84d39fe938c4c6cf052652446941d489230177961e4f96", kill_on_drop: false }`
[INFO] running `Command { std: "docker" "exec" "-e" "SOURCE_DIR=/opt/rustwide/workdir" "-e" "CARGO_HOME=/opt/rustwide/cargo-home" "-e" "RUSTUP_HOME=/opt/rustwide/rustup-home" "-e" "CARGO_TARGET_DIR=/opt/rustwide/target" "-e" "CARGO_INCREMENTAL=0" "-e" "RUST_BACKTRACE=full" "-e" "RUSTFLAGS=--cap-lints=warn" "-e" "RUSTDOCFLAGS=--cap-lints=warn" "-w" "/opt/rustwide/workdir" "--user" "0:0" "adf6ad6e2bd8c8228f84d39fe938c4c6cf052652446941d489230177961e4f96" "/opt/rustwide/cargo-home/bin/cargo" "+1.100.0-beta.1" "build" "--frozen" "--message-format=json" "--release", kill_on_drop: false }`
[INFO] [stderr]    Compiling crossbeam-utils v0.8.22
[INFO] [stderr]    Compiling rustix v1.1.4
[INFO] [stderr]    Compiling libc v0.2.189
[INFO] [stderr]    Compiling cfg_aliases v0.2.2
[INFO] [stderr]    Compiling linux-raw-sys v0.12.1
[INFO] [stderr]    Compiling async-io v2.6.0
[INFO] [stderr]    Compiling fastrand v2.5.0
[INFO] [stderr]    Compiling futures-core v0.3.34
[INFO] [stderr]    Compiling nix v0.29.0
[INFO] [stderr]    Compiling futures-lite v2.6.1
[INFO] [stderr]    Compiling concurrent-queue v2.5.0
[INFO] [stderr]    Compiling polling v3.11.0
[INFO] [stderr]    Compiling openlogi-async-hid v0.5.3-openlogi.1 (/opt/rustwide/workdir)
[INFO] [stderr]     Finished `release` profile [optimized] target(s) in 7.47s
[INFO] running `Command { std: "docker" "inspect" "adf6ad6e2bd8c8228f84d39fe938c4c6cf052652446941d489230177961e4f96", kill_on_drop: false }`
[INFO] running `Command { std: "docker" "exec" "-e" "SOURCE_DIR=/opt/rustwide/workdir" "-e" "CARGO_HOME=/opt/rustwide/cargo-home" "-e" "RUSTUP_HOME=/opt/rustwide/rustup-home" "-e" "CARGO_TARGET_DIR=/opt/rustwide/target" "-e" "CARGO_INCREMENTAL=0" "-e" "RUST_BACKTRACE=full" "-e" "RUSTFLAGS=--cap-lints=warn" "-e" "RUSTDOCFLAGS=--cap-lints=warn" "-w" "/opt/rustwide/workdir" "--user" "0:0" "adf6ad6e2bd8c8228f84d39fe938c4c6cf052652446941d489230177961e4f96" "/opt/rustwide/cargo-home/bin/cargo" "+1.100.0-beta.1" "test" "--frozen" "--no-run" "--message-format=json" "--release", kill_on_drop: false }`
[INFO] [stderr]    Compiling quote v1.0.47
[INFO] [stderr]    Compiling time-macros v0.2.32
[INFO] [stderr]    Compiling num_threads v0.1.7
[INFO] [stderr]    Compiling deranged v0.5.8
[INFO] [stderr]    Compiling colored v3.1.1
[INFO] [stderr]    Compiling openlogi-async-hid v0.5.3-openlogi.1 (/opt/rustwide/workdir)
[INFO] [stderr]    Compiling syn v2.0.119
[INFO] [stderr]    Compiling time v0.3.55
[INFO] [stderr]    Compiling pollster-macro v0.4.0
[INFO] [stderr]    Compiling pollster v0.4.0
[INFO] [stderr]    Compiling simple_logger v5.2.0
[INFO] [stdout] warning: unused import: `std::time::Duration`
[INFO] [stdout]  --> examples/open_device.rs:1:5
[INFO] [stdout]   |
[INFO] [stdout] 1 | use std::time::Duration;
[INFO] [stdout]   |     ^^^^^^^^^^^^^^^^^^^
[INFO] [stdout]   |
[INFO] [stdout]   = note: `#[warn(unused_imports)]` (part of `#[warn(unused)]`) on by default
[INFO] [stdout] 
[INFO] [stdout] 
[INFO] [stdout] warning: unused import: `async_io::Timer`
[INFO] [stdout]  --> examples/open_device.rs:4:5
[INFO] [stdout]   |
[INFO] [stdout] 4 | use async_io::Timer;
[INFO] [stdout]   |     ^^^^^^^^^^^^^^^
[INFO] [stdout] 
[INFO] [stdout] 
[INFO] [stdout] warning: associated function `from_slice` is never used
[INFO] [stdout]   --> src/backend/hidraw/descriptor.rs:26:12
[INFO] [stdout]    |
[INFO] [stdout] 10 | impl HidrawReportDescriptor {
[INFO] [stdout]    | --------------------------- associated function in this implementation
[INFO] [stdout] ...
[INFO] [stdout] 26 |     pub fn from_slice(value: &[u8]) -> HidResult<Self> {
[INFO] [stdout]    |            ^^^^^^^^^^
[INFO] [stdout]    |
[INFO] [stdout]    = note: `#[warn(dead_code)]` (part of `#[warn(unused)]`) on by default
[INFO] [stdout] 
[INFO] [stdout] 
[INFO] [stderr]     Finished `release` profile [optimized] target(s) in 4.63s
[INFO] running `Command { std: "docker" "inspect" "adf6ad6e2bd8c8228f84d39fe938c4c6cf052652446941d489230177961e4f96", kill_on_drop: false }`
[INFO] running `Command { std: "docker" "exec" "-e" "SOURCE_DIR=/opt/rustwide/workdir" "-e" "CARGO_HOME=/opt/rustwide/cargo-home" "-e" "RUSTUP_HOME=/opt/rustwide/rustup-home" "-e" "CARGO_TARGET_DIR=/opt/rustwide/target" "-e" "CARGO_INCREMENTAL=0" "-e" "RUST_BACKTRACE=full" "-e" "RUSTFLAGS=--cap-lints=warn" "-e" "RUSTDOCFLAGS=--cap-lints=warn" "-w" "/opt/rustwide/workdir" "--user" "0:0" "adf6ad6e2bd8c8228f84d39fe938c4c6cf052652446941d489230177961e4f96" "/opt/rustwide/cargo-home/bin/cargo" "+1.100.0-beta.1" "test" "--frozen" "--release", kill_on_drop: false }`
[INFO] [stderr] warning: unused import: `std::time::Duration`
[INFO] [stderr]  --> examples/open_device.rs:1:5
[INFO] [stderr]   |
[INFO] [stderr] 1 | use std::time::Duration;
[INFO] [stderr]   |     ^^^^^^^^^^^^^^^^^^^
[INFO] [stderr]   |
[INFO] [stderr]   = note: `#[warn(unused_imports)]` (part of `#[warn(unused)]`) on by default
[INFO] [stderr] 
[INFO] [stderr] warning: unused import: `async_io::Timer`
[INFO] [stderr]  --> examples/open_device.rs:4:5
[INFO] [stderr]   |
[INFO] [stderr] 4 | use async_io::Timer;
[INFO] [stderr]   |     ^^^^^^^^^^^^^^^
[INFO] [stderr] 
[INFO] [stderr] warning: associated function `from_slice` is never used
[INFO] [stderr]   --> src/backend/hidraw/descriptor.rs:26:12
[INFO] [stderr]    |
[INFO] [stderr] 10 | impl HidrawReportDescriptor {
[INFO] [stderr]    | --------------------------- associated function in this implementation
[INFO] [stderr] ...
[INFO] [stderr] 26 |     pub fn from_slice(value: &[u8]) -> HidResult<Self> {
[INFO] [stderr]    |            ^^^^^^^^^^
[INFO] [stderr]    |
[INFO] [stderr]    = note: `#[warn(dead_code)]` (part of `#[warn(unused)]`) on by default
[INFO] [stderr] 
[INFO] [stderr] warning: `openlogi-async-hid` (example "open_device") generated 2 warnings (run `cargo fix --example "open_device" -p openlogi-async-hid` to apply 2 suggestions)
[INFO] [stderr] warning: `openlogi-async-hid` (lib test) generated 1 warning
[INFO] [stderr]     Finished `release` profile [optimized] target(s) in 0.05s
[INFO] [stderr]      Running unittests src/lib.rs (/opt/rustwide/target/release/build/openlogi-async-hid/8ea3876ff64f0b45/out/async_hid-8ea3876ff64f0b45)
[INFO] [stdout] 
[INFO] [stderr]    Doc-tests async_hid
[INFO] [stdout] running 1 test
[INFO] [stdout] test utils::tests::test_try_flatten_iter ... ok
[INFO] [stdout] 
[INFO] [stdout] test result: ok. 1 passed; 0 failed; 0 ignored; 0 measured; 0 filtered out; finished in 0.00s
[INFO] [stdout] 
[INFO] [stdout] 
[INFO] [stdout] running 2 tests
[INFO] [stdout] test src/device_info.rs - device_info::DeviceId (line 16) - compile ... ok
[INFO] [stdout] test src/lib.rs - (line 17) ... FAILED
[INFO] [stdout] 
[INFO] [stdout] failures:
[INFO] [stdout] 
[INFO] [stdout] ---- src/lib.rs - (line 17) stdout ----
[INFO] [stdout] error[E0432]: unresolved import `async_hid::AccessMode`
[INFO] [stdout]   --> src/lib.rs:19:17
[INFO] [stdout]    |
[INFO] [stdout] 19 | use async_hid::{AccessMode, DeviceInfo, HidResult};
[INFO] [stdout]    |                 ^^^^^^^^^^ no `AccessMode` in the root
[INFO] [stdout] 
[INFO] [stdout] error[E0599]: the associated function or constant `enumerate` exists for struct `DeviceInfo`, but its trait bounds were not satisfied
[INFO] [stdout]   --> src/lib.rs:27:30
[INFO] [stdout]    |
[INFO] [stdout] 27 |     let device = DeviceInfo::enumerate()
[INFO] [stdout]    |                              ^^^^^^^^^ associated function or constant cannot be called on `DeviceInfo` due to unsatisfied trait bounds
[INFO] [stdout]    |
[INFO] [stdout]   ::: src/device_info.rs:46:1
[INFO] [stdout]    |
[INFO] [stdout] 46 | pub struct DeviceInfo {
[INFO] [stdout]    | --------------------- doesn't satisfy `DeviceInfo: Iterator`, `DeviceInfo: StreamExt` or `DeviceInfo: Stream`
[INFO] [stdout]    |
[INFO] [stdout]    = note: the following trait bounds were not satisfied:
[INFO] [stdout]            `DeviceInfo: Stream`
[INFO] [stdout]            which is required by `DeviceInfo: StreamExt`
[INFO] [stdout]            `&DeviceInfo: Stream`
[INFO] [stdout]            which is required by `&DeviceInfo: StreamExt`
[INFO] [stdout]            `&mut DeviceInfo: Stream`
[INFO] [stdout]            which is required by `&mut DeviceInfo: StreamExt`
[INFO] [stdout]            `DeviceInfo: Iterator`
[INFO] [stdout]            which is required by `&mut DeviceInfo: Iterator`
[INFO] [stdout] 
[INFO] [stdout] warning: method call on a diverging inference variable
[INFO] [stdout]   --> src/lib.rs:30:10
[INFO] [stdout]    |
[INFO] [stdout] 30 |         .find(|info: &DeviceInfo | info.matches(0xFFC0, 0x1, 0x1038, 0x2206))
[INFO] [stdout]    |          ^^^^
[INFO] [stdout]    |
[INFO] [stdout]    = help: consider providing a type annotation
[INFO] [stdout]    = warning: this was previously accepted by the compiler but is being phased out; it will become a hard error in a future release!
[INFO] [stdout]    = note: for more information, see issue #156047 <https://github.com/rust-lang/rust/issues/156047>
[INFO] [stdout]    = note: `#[warn(method_call_on_diverging_infer_var)]` (part of `#[warn(future_incompatible)]`) on by default
[INFO] [stdout] 
[INFO] [stdout] error[E0034]: multiple applicable items in scope
[INFO] [stdout]     --> src/lib.rs:30:10
[INFO] [stdout]      |
[INFO] [stdout]   30 |         .find(|info: &DeviceInfo | info.matches(0xFFC0, 0x1, 0x1038, 0x2206))
[INFO] [stdout]      |          ^^^^ multiple `find` found
[INFO] [stdout]      |
[INFO] [stdout] note: candidate #1 is defined in the trait `Iterator`
[INFO] [stdout]     --> /rustc/e3feeb59cd1bdd011a2bfcc0747b55125d9b8527/library/core/src/iter/traits/iterator.rs:2971:4
[INFO] [stdout] note: candidate #2 is defined in the trait `StreamExt`
[INFO] [stdout]     --> /opt/rustwide/cargo-home/registry/src/index.crates.io-1949cf8c6b5b557f/futures-lite-2.6.1/src/stream.rs:1677:5
[INFO] [stdout]      |
[INFO] [stdout] 1677 | /     fn find<P>(&mut self, predicate: P) -> FindFuture<'_, Self, P>
[INFO] [stdout] 1678 | |     where
[INFO] [stdout] 1679 | |         Self: Unpin,
[INFO] [stdout] 1680 | |         P: FnMut(&Self::Item) -> bool,
[INFO] [stdout]      | |______________________________________^
[INFO] [stdout] help: disambiguate the method for candidate #1
[INFO] [stdout]      |
[INFO] [stdout]   27 ~     let device = Iterator::find(&mut DeviceInfo::enumerate()
[INFO] [stdout]   28 +         .await?, |info: &DeviceInfo | info.matches(0xFFC0, 0x1, 0x1038, 0x2206))
[INFO] [stdout]      |
[INFO] [stdout] help: disambiguate the method for candidate #2
[INFO] [stdout]      |
[INFO] [stdout]   27 ~     let device = StreamExt::find(&mut DeviceInfo::enumerate()
[INFO] [stdout]   28 +         .await?, |info: &DeviceInfo | info.matches(0xFFC0, 0x1, 0x1038, 0x2206))
[INFO] [stdout]      |
[INFO] [stdout] 
[INFO] [stdout] warning: method call on a diverging inference variable
[INFO] [stdout]   --> src/lib.rs:36:12
[INFO] [stdout]    |
[INFO] [stdout] 36 |     device.write_output_report(&[0x0, 0xb0]).await?;
[INFO] [stdout]    |            ^^^^^^^^^^^^^^^^^^^
[INFO] [stdout]    |
[INFO] [stdout]    = help: consider providing a type annotation
[INFO] [stdout]    = warning: this was previously accepted by the compiler but is being phased out; it will become a hard error in a future release!
[INFO] [stdout]    = note: for more information, see issue #156047 <https://github.com/rust-lang/rust/issues/156047>
[INFO] [stdout] 
[INFO] [stdout] error[E0599]: no method named `write_output_report` found for type `!` in the current scope
[INFO] [stdout]   --> src/lib.rs:36:12
[INFO] [stdout]    |
[INFO] [stdout] 36 |     device.write_output_report(&[0x0, 0xb0]).await?;
[INFO] [stdout]    |            ^^^^^^^^^^^^^^^^^^^ method not found in `!`
[INFO] [stdout] 
[INFO] [stdout] error[E0599]: no method named `read_input_report` found for type `!` in the current scope
[INFO] [stdout]   --> src/lib.rs:38:23
[INFO] [stdout]    |
[INFO] [stdout] 38 |     let size = device.read_input_report(&mut buffer).await?;
[INFO] [stdout]    |                       ^^^^^^^^^^^^^^^^^ method not found in `!`
[INFO] [stdout] 
[INFO] [stdout] error: aborting due to 5 previous errors; 2 warnings emitted
[INFO] [stdout] 
[INFO] [stdout] Some errors have detailed explanations: E0034, E0432, E0599.
[INFO] [stdout] For more information about an error, try `rustc --explain E0034`.
[INFO] [stdout] Couldn't compile the test.
[INFO] [stdout] 
[INFO] [stdout] failures:
[INFO] [stdout]     src/lib.rs - (line 17)
[INFO] [stdout] 
[INFO] [stdout] test result: FAILED. 1 passed; 1 failed; 0 ignored; 0 measured; 0 filtered out; finished in 0.12s
[INFO] [stdout] 
[INFO] [stderr] error: doctest failed, to rerun pass `--doc`
[INFO] running `Command { std: "docker" "inspect" "adf6ad6e2bd8c8228f84d39fe938c4c6cf052652446941d489230177961e4f96", kill_on_drop: false }`
[INFO] running `Command { std: "docker" "rm" "-f" "adf6ad6e2bd8c8228f84d39fe938c4c6cf052652446941d489230177961e4f96", kill_on_drop: false }`
[INFO] [stdout] adf6ad6e2bd8c8228f84d39fe938c4c6cf052652446941d489230177961e4f96
