[INFO] fetching crate openlimits-coinbase 0.3.0...
[INFO] testing openlimits-coinbase-0.3.0 against 1.99.0-beta.8+cargoflags=--release for beta-release-1.100-2
[INFO] extracting crate openlimits-coinbase 0.3.0 into /workspace/builds/worker-2-tc1/source
[INFO] started tweaking crates.io crate openlimits-coinbase 0.3.0
[INFO] finished tweaking crates.io crate openlimits-coinbase 0.3.0
[INFO] tweaked toml for crates.io crate openlimits-coinbase 0.3.0 written to /workspace/builds/worker-2-tc1/source/Cargo.toml
[INFO] validating manifest of crates.io crate openlimits-coinbase 0.3.0 on toolchain 1.99.0-beta.8
[INFO] running `Command { std: CARGO_HOME="/workspace/cargo-home" RUSTUP_HOME="/workspace/rustup-home" "/workspace/cargo-home/bin/cargo" "+1.99.0-beta.8" "metadata" "--manifest-path" "Cargo.toml" "--no-deps", kill_on_drop: false }`
[INFO] running `Command { std: CARGO_HOME="/workspace/cargo-home" RUSTUP_HOME="/workspace/rustup-home" "/workspace/cargo-home/bin/cargo" "+1.99.0-beta.8" "generate-lockfile" "--manifest-path" "Cargo.toml", kill_on_drop: false }`
[INFO] [stderr]     Updating crates.io index
[INFO] [stderr]      Locking 223 packages to highest compatible versions
[INFO] [stderr]       Adding base64 v0.13.1 (available: v0.23.1)
[INFO] [stderr]       Adding hmac v0.8.1 (available: v0.13.0)
[INFO] [stderr]       Adding reqwest v0.11.27 (available: v0.13.5)
[INFO] [stderr]       Adding sha2 v0.9.9 (available: v0.11.1)
[INFO] [stderr]       Adding thiserror v1.0.69 (available: v2.0.21)
[INFO] [stderr]       Adding tokio-tungstenite v0.13.0 (available: v0.30.0)
[INFO] running `Command { std: CARGO_HOME="/workspace/cargo-home" RUSTUP_HOME="/workspace/rustup-home" "/workspace/cargo-home/bin/cargo" "+1.99.0-beta.8" "fetch" "--manifest-path" "Cargo.toml", kill_on_drop: false }`
[INFO] [stderr]  Downloading crates ...
[INFO] [stderr]   Downloaded input_buffer v0.4.0
[INFO] [stderr]   Downloaded tokio-tungstenite v0.13.0
[INFO] [stderr]   Downloaded tungstenite v0.12.0
[INFO] [stderr]   Downloaded openlimits-exchange v0.3.0
[INFO] [stderr]   Downloaded openlimits-messaging v0.1.0
[INFO] running `Command { std: "docker" "create" "-v" "/var/lib/crater-agent-workspace/builds/worker-2-tc1/source:/opt/rustwide/workdir:ro,Z" "-v" "/var/lib/crater-agent-workspace/builds/worker-2-tc1/target:/opt/rustwide/target:rw,Z" "-v" "/var/lib/crater-agent-workspace/cargo-home:/opt/rustwide/cargo-home:ro,Z" "-v" "/var/lib/crater-agent-workspace/rustup-home:/opt/rustwide/rustup-home:ro,Z" "-m" "1610612736" "--network" "none" "ghcr.io/rust-lang/crates-build-env/linux@sha256:77db811e55d90add9212f6832c23229e3de5f1c1f9905e8cb07319ea15df73ac" "sleep" "infinity", kill_on_drop: false }`
[INFO] [stdout] e754d509bd5e2e6ec75d24526ace778c9576e17a2d96cb872c424f61cb54be71
[INFO] running `Command { std: "docker" "start" "e754d509bd5e2e6ec75d24526ace778c9576e17a2d96cb872c424f61cb54be71", kill_on_drop: false }`
[INFO] running `Command { std: "docker" "inspect" "e754d509bd5e2e6ec75d24526ace778c9576e17a2d96cb872c424f61cb54be71", kill_on_drop: false }`
[INFO] running `Command { std: "docker" "exec" "-e" "SOURCE_DIR=/opt/rustwide/workdir" "-e" "CARGO_HOME=/opt/rustwide/cargo-home" "-e" "RUSTUP_HOME=/opt/rustwide/rustup-home" "-e" "CARGO_TARGET_DIR=/opt/rustwide/target" "-w" "/opt/rustwide/workdir" "--user" "0:0" "e754d509bd5e2e6ec75d24526ace778c9576e17a2d96cb872c424f61cb54be71" "/opt/rustwide/cargo-home/bin/cargo" "+1.99.0-beta.8" "metadata" "--no-deps" "--format-version=1", kill_on_drop: false }`
[INFO] running `Command { std: "docker" "inspect" "e754d509bd5e2e6ec75d24526ace778c9576e17a2d96cb872c424f61cb54be71", kill_on_drop: false }`
[INFO] running `Command { std: "docker" "exec" "-e" "SOURCE_DIR=/opt/rustwide/workdir" "-e" "CARGO_HOME=/opt/rustwide/cargo-home" "-e" "RUSTUP_HOME=/opt/rustwide/rustup-home" "-e" "CARGO_TARGET_DIR=/opt/rustwide/target" "-e" "CARGO_INCREMENTAL=0" "-e" "RUST_BACKTRACE=full" "-e" "RUSTFLAGS=--cap-lints=warn" "-e" "RUSTDOCFLAGS=--cap-lints=warn" "-w" "/opt/rustwide/workdir" "--user" "0:0" "e754d509bd5e2e6ec75d24526ace778c9576e17a2d96cb872c424f61cb54be71" "/opt/rustwide/cargo-home/bin/cargo" "+1.99.0-beta.8" "build" "--frozen" "--message-format=json" "--release", kill_on_drop: false }`
[INFO] [stderr]    Compiling syn v3.0.9
[INFO] [stderr]    Compiling smallvec v1.16.3
[INFO] [stderr]    Compiling syn v2.0.119
[INFO] [stderr]    Compiling pkg-config v0.3.34
[INFO] [stderr]    Compiling cc v1.8.0
[INFO] [stderr]    Compiling futures-core v0.3.34
[INFO] [stderr]    Compiling futures-sink v0.3.34
[INFO] [stderr]    Compiling generic-array v0.14.9
[INFO] [stderr]    Compiling writeable v0.6.4
[INFO] [stderr]    Compiling litemap v0.8.3
[INFO] [stderr]    Compiling futures-channel v0.3.34
[INFO] [stderr]    Compiling parking_lot_core v0.9.12
[INFO] [stderr]    Compiling errno v0.3.14
[INFO] [stderr]    Compiling futures-io v0.3.34
[INFO] [stderr]    Compiling icu_normalizer_data v2.3.0
[INFO] [stderr]    Compiling futures-task v0.3.34
[INFO] [stderr]    Compiling icu_properties_data v2.3.0
[INFO] [stderr]    Compiling signal-hook-registry v1.4.8
[INFO] [stderr]    Compiling mio v1.2.4
[INFO] [stderr]    Compiling parking_lot v0.12.5
[INFO] [stderr]    Compiling socket2 v0.6.5
[INFO] [stderr]    Compiling openssl v0.10.81
[INFO] [stderr]    Compiling http v0.2.12
[INFO] [stderr]    Compiling bitflags v2.13.2
[INFO] [stderr]    Compiling digest v0.9.0
[INFO] [stderr]    Compiling getrandom v0.2.17
[INFO] [stderr]    Compiling equivalent v1.0.3
[INFO] [stderr]    Compiling num-traits v0.2.19
[INFO] [stderr]    Compiling indexmap v2.14.2
[INFO] [stderr]    Compiling rand_core v0.6.4
[INFO] [stderr]    Compiling tracing v0.1.44
[INFO] [stderr]    Compiling block-buffer v0.9.0
[INFO] [stderr]    Compiling want v0.3.2
[INFO] [stderr]    Compiling rand_chacha v0.3.1
[INFO] [stderr]    Compiling encoding_rs v0.8.42
[INFO] [stderr]    Compiling openssl-sys v0.9.117
[INFO] [stderr]    Compiling http-body v0.4.6
[INFO] [stderr]    Compiling socket2 v0.5.10
[INFO] [stderr]    Compiling rand v0.8.8
[INFO] [stderr]    Compiling native-tls v0.2.18
[INFO] [stderr]    Compiling sha-1 v0.9.8
[INFO] [stderr]    Compiling input_buffer v0.4.0
[INFO] [stderr]    Compiling base64 v0.13.1
[INFO] [stderr]    Compiling rust_decimal v1.43.0
[INFO] [stderr]    Compiling serde_json v1.0.154
[INFO] [stderr]    Compiling convert_case v0.4.0
[INFO] [stderr]    Compiling ipnet v2.12.2
[INFO] [stderr]    Compiling arrayvec v0.7.8
[INFO] [stderr]    Compiling crypto-mac v0.8.0
[INFO] [stderr]    Compiling sha2 v0.9.9
[INFO] [stderr]    Compiling hmac v0.8.1
[INFO] [stderr]    Compiling openssl-macros v0.1.1
[INFO] [stderr]    Compiling pin-project-internal v1.1.13
[INFO] [stderr]    Compiling thiserror-impl v1.0.69
[INFO] [stderr]    Compiling synstructure v0.14.0
[INFO] [stderr]    Compiling derive_more v0.99.20
[INFO] [stderr]    Compiling thiserror v1.0.69
[INFO] [stderr]    Compiling pin-project v1.1.13
[INFO] [stderr]    Compiling zerofrom-derive v0.1.8
[INFO] [stderr]    Compiling yoke-derive v0.8.4
[INFO] [stderr]    Compiling zerovec-derive v0.11.6
[INFO] [stderr]    Compiling displaydoc v0.2.7
[INFO] [stderr]    Compiling futures-macro v0.3.34
[INFO] [stderr]    Compiling tokio-macros v2.7.2
[INFO] [stderr]    Compiling serde_derive v1.0.229
[INFO] [stderr]    Compiling tokio v1.53.3
[INFO] [stderr]    Compiling futures-util v0.3.34
[INFO] [stderr]    Compiling async-trait v0.1.92
[INFO] [stderr]    Compiling zerofrom v0.1.8
[INFO] [stderr]    Compiling yoke v0.8.3
[INFO] [stderr]    Compiling zerovec v0.11.8
[INFO] [stderr]    Compiling zerotrie v0.2.5
[INFO] [stderr]    Compiling tinystr v0.8.4
[INFO] [stderr]    Compiling potential_utf v0.1.6
[INFO] [stderr]    Compiling icu_collections v2.3.0
[INFO] [stderr]    Compiling icu_locale_core v2.3.0
[INFO] [stderr]    Compiling serde v1.0.229
[INFO] [stderr]    Compiling icu_provider v2.3.1
[INFO] [stderr]    Compiling icu_normalizer v2.3.0
[INFO] [stderr]    Compiling icu_properties v2.3.0
[INFO] [stderr]    Compiling futures-executor v0.3.34
[INFO] [stderr]    Compiling serde_urlencoded v0.7.1
[INFO] [stderr]    Compiling chrono v0.4.45
[INFO] [stderr]    Compiling futures v0.3.34
[INFO] [stderr]    Compiling openlimits-messaging v0.1.0
[INFO] [stderr]    Compiling idna_adapter v1.2.2
[INFO] [stderr]    Compiling idna v1.1.0
[INFO] [stderr]    Compiling url v2.5.8
[INFO] [stderr]    Compiling tungstenite v0.12.0
[INFO] [stderr]    Compiling tokio-util v0.7.20
[INFO] [stderr]    Compiling tokio-native-tls v0.3.1
[INFO] [stderr]    Compiling tokio-tungstenite v0.13.0
[INFO] [stderr]    Compiling h2 v0.3.27
[INFO] [stderr]    Compiling hyper v0.14.32
[INFO] [stderr]    Compiling hyper-tls v0.5.0
[INFO] [stderr]    Compiling reqwest v0.11.27
[INFO] [stderr]    Compiling openlimits-exchange v0.3.0
[INFO] [stderr]    Compiling openlimits-coinbase v0.3.0 (/opt/rustwide/workdir)
[INFO] [stdout] warning: unexpected `cfg` condition value: `bindings`
[INFO] [stdout]   --> src/lib.rs:24:7
[INFO] [stdout]    |
[INFO] [stdout] 24 | #[cfg(feature = "bindings")]
[INFO] [stdout]    |       ^^^^^^^^^^^^^^^^^^^^ help: remove the condition
[INFO] [stdout]    |
[INFO] [stdout]    = note: no expected values for `feature`
[INFO] [stdout]    = help: consider adding `bindings` as a feature in `Cargo.toml`
[INFO] [stdout]    = note: see <https://doc.rust-lang.org/nightly/rustc/check-cfg/cargo-specifics.html> for more information about checking conditional configuration
[INFO] [stdout]    = note: `#[warn(unexpected_cfgs)]` on by default
[INFO] [stdout] 
[INFO] [stdout] 
[INFO] [stdout] warning: unexpected `cfg` condition value: `bindings`
[INFO] [stdout]   --> src/lib.rs:27:7
[INFO] [stdout]    |
[INFO] [stdout] 27 | #[cfg(feature = "bindings")]
[INFO] [stdout]    |       ^^^^^^^^^^^^^^^^^^^^ help: remove the condition
[INFO] [stdout]    |
[INFO] [stdout]    = note: no expected values for `feature`
[INFO] [stdout]    = help: consider adding `bindings` as a feature in `Cargo.toml`
[INFO] [stdout]    = note: see <https://doc.rust-lang.org/nightly/rustc/check-cfg/cargo-specifics.html> for more information about checking conditional configuration
[INFO] [stdout] 
[INFO] [stdout] 
[INFO] [stdout] warning: use of deprecated method `chrono::NaiveDateTime::timestamp_millis`: use `.and_utc().timestamp_millis()` instead
[INFO] [stdout]    --> src/lib.rs:197:48
[INFO] [stdout]     |
[INFO] [stdout] 197 |             created_at: Some((order.created_at.timestamp_millis()) as u64),
[INFO] [stdout]     |                                                ^^^^^^^^^^^^^^^^
[INFO] [stdout]     |
[INFO] [stdout]     = note: `#[warn(deprecated)]` on by default
[INFO] [stdout] 
[INFO] [stdout] 
[INFO] [stdout] warning: enum `Either` is never used
[INFO] [stdout]   --> src/client/stream.rs:27:6
[INFO] [stdout]    |
[INFO] [stdout] 27 | enum Either<L, R> {
[INFO] [stdout]    |      ^^^^^^
[INFO] [stdout]    |
[INFO] [stdout]    = note: `#[warn(dead_code)]` (part of `#[warn(unused)]`) on by default
[INFO] [stdout] 
[INFO] [stdout] 
[INFO] [stderr]     Finished `release` profile [optimized] target(s) in 1m 19s
[INFO] running `Command { std: "docker" "inspect" "e754d509bd5e2e6ec75d24526ace778c9576e17a2d96cb872c424f61cb54be71", kill_on_drop: false }`
[INFO] running `Command { std: "docker" "exec" "-e" "SOURCE_DIR=/opt/rustwide/workdir" "-e" "CARGO_HOME=/opt/rustwide/cargo-home" "-e" "RUSTUP_HOME=/opt/rustwide/rustup-home" "-e" "CARGO_TARGET_DIR=/opt/rustwide/target" "-e" "CARGO_INCREMENTAL=0" "-e" "RUST_BACKTRACE=full" "-e" "RUSTFLAGS=--cap-lints=warn" "-e" "RUSTDOCFLAGS=--cap-lints=warn" "-w" "/opt/rustwide/workdir" "--user" "0:0" "e754d509bd5e2e6ec75d24526ace778c9576e17a2d96cb872c424f61cb54be71" "/opt/rustwide/cargo-home/bin/cargo" "+1.99.0-beta.8" "test" "--frozen" "--no-run" "--message-format=json" "--release", kill_on_drop: false }`
[INFO] [stdout] warning: unexpected `cfg` condition value: `bindings`
[INFO] [stdout]   --> src/lib.rs:24:7
[INFO] [stdout]    |
[INFO] [stdout] 24 | #[cfg(feature = "bindings")]
[INFO] [stdout]    |       ^^^^^^^^^^^^^^^^^^^^ help: remove the condition
[INFO] [stdout]    |
[INFO] [stdout]    = note: no expected values for `feature`
[INFO] [stdout]    = help: consider adding `bindings` as a feature in `Cargo.toml`
[INFO] [stdout]    = note: see <https://doc.rust-lang.org/nightly/rustc/check-cfg/cargo-specifics.html> for more information about checking conditional configuration
[INFO] [stdout]    = note: `#[warn(unexpected_cfgs)]` on by default
[INFO] [stdout] 
[INFO] [stdout] 
[INFO] [stdout] warning: unexpected `cfg` condition value: `bindings`
[INFO] [stdout]   --> src/lib.rs:27:7
[INFO] [stdout]    |
[INFO] [stdout] 27 | #[cfg(feature = "bindings")]
[INFO] [stdout]    |       ^^^^^^^^^^^^^^^^^^^^ help: remove the condition
[INFO] [stdout]    |
[INFO] [stdout]    = note: no expected values for `feature`
[INFO] [stdout]    = help: consider adding `bindings` as a feature in `Cargo.toml`
[INFO] [stdout]    = note: see <https://doc.rust-lang.org/nightly/rustc/check-cfg/cargo-specifics.html> for more information about checking conditional configuration
[INFO] [stdout] 
[INFO] [stdout] 
[INFO] [stdout] warning: use of deprecated method `chrono::NaiveDateTime::timestamp_millis`: use `.and_utc().timestamp_millis()` instead
[INFO] [stdout]    --> src/lib.rs:197:48
[INFO] [stdout]     |
[INFO] [stdout] 197 |             created_at: Some((order.created_at.timestamp_millis()) as u64),
[INFO] [stdout]     |                                                ^^^^^^^^^^^^^^^^
[INFO] [stdout]     |
[INFO] [stdout]     = note: `#[warn(deprecated)]` on by default
[INFO] [stdout] 
[INFO] [stdout] 
[INFO] [stderr]    Compiling openlimits-coinbase v0.3.0 (/opt/rustwide/workdir)
[INFO] [stdout] warning: enum `Either` is never used
[INFO] [stdout]   --> src/client/stream.rs:27:6
[INFO] [stdout]    |
[INFO] [stdout] 27 | enum Either<L, R> {
[INFO] [stdout]    |      ^^^^^^
[INFO] [stdout]    |
[INFO] [stdout]    = note: `#[warn(dead_code)]` (part of `#[warn(unused)]`) on by default
[INFO] [stdout] 
[INFO] [stdout] 
[INFO] [stdout] warning: unexpected `cfg` condition value: `bindings`
[INFO] [stdout]   --> src/lib.rs:24:7
[INFO] [stdout]    |
[INFO] [stdout] 24 | #[cfg(feature = "bindings")]
[INFO] [stdout]    |       ^^^^^^^^^^^^^^^^^^^^ help: remove the condition
[INFO] [stdout]    |
[INFO] [stdout]    = note: no expected values for `feature`
[INFO] [stdout]    = help: consider adding `bindings` as a feature in `Cargo.toml`
[INFO] [stdout]    = note: see <https://doc.rust-lang.org/nightly/rustc/check-cfg/cargo-specifics.html> for more information about checking conditional configuration
[INFO] [stdout]    = note: `#[warn(unexpected_cfgs)]` on by default
[INFO] [stdout] 
[INFO] [stdout] 
[INFO] [stdout] warning: unexpected `cfg` condition value: `bindings`
[INFO] [stdout]   --> src/lib.rs:27:7
[INFO] [stdout]    |
[INFO] [stdout] 27 | #[cfg(feature = "bindings")]
[INFO] [stdout]    |       ^^^^^^^^^^^^^^^^^^^^ help: remove the condition
[INFO] [stdout]    |
[INFO] [stdout]    = note: no expected values for `feature`
[INFO] [stdout]    = help: consider adding `bindings` as a feature in `Cargo.toml`
[INFO] [stdout]    = note: see <https://doc.rust-lang.org/nightly/rustc/check-cfg/cargo-specifics.html> for more information about checking conditional configuration
[INFO] [stdout] 
[INFO] [stdout] 
[INFO] [stdout] warning: use of deprecated method `chrono::NaiveDateTime::timestamp_millis`: use `.and_utc().timestamp_millis()` instead
[INFO] [stdout]    --> src/lib.rs:197:48
[INFO] [stdout]     |
[INFO] [stdout] 197 |             created_at: Some((order.created_at.timestamp_millis()) as u64),
[INFO] [stdout]     |                                                ^^^^^^^^^^^^^^^^
[INFO] [stdout]     |
[INFO] [stdout]     = note: `#[warn(deprecated)]` on by default
[INFO] [stdout] 
[INFO] [stdout] 
[INFO] [stdout] warning: enum `Either` is never used
[INFO] [stdout]   --> src/client/stream.rs:27:6
[INFO] [stdout]    |
[INFO] [stdout] 27 | enum Either<L, R> {
[INFO] [stdout]    |      ^^^^^^
[INFO] [stdout]    |
[INFO] [stdout]    = note: `#[warn(dead_code)]` (part of `#[warn(unused)]`) on by default
[INFO] [stdout] 
[INFO] [stdout] 
[INFO] [stderr]     Finished `release` profile [optimized] target(s) in 3.11s
[INFO] running `Command { std: "docker" "inspect" "e754d509bd5e2e6ec75d24526ace778c9576e17a2d96cb872c424f61cb54be71", kill_on_drop: false }`
[INFO] running `Command { std: "docker" "exec" "-e" "SOURCE_DIR=/opt/rustwide/workdir" "-e" "CARGO_HOME=/opt/rustwide/cargo-home" "-e" "RUSTUP_HOME=/opt/rustwide/rustup-home" "-e" "CARGO_TARGET_DIR=/opt/rustwide/target" "-e" "CARGO_INCREMENTAL=0" "-e" "RUST_BACKTRACE=full" "-e" "RUSTFLAGS=--cap-lints=warn" "-e" "RUSTDOCFLAGS=--cap-lints=warn" "-w" "/opt/rustwide/workdir" "--user" "0:0" "e754d509bd5e2e6ec75d24526ace778c9576e17a2d96cb872c424f61cb54be71" "/opt/rustwide/cargo-home/bin/cargo" "+1.99.0-beta.8" "test" "--frozen" "--release", kill_on_drop: false }`
[INFO] [stderr] warning: unexpected `cfg` condition value: `bindings`
[INFO] [stderr]   --> src/lib.rs:24:7
[INFO] [stderr]    |
[INFO] [stderr] 24 | #[cfg(feature = "bindings")]
[INFO] [stderr]    |       ^^^^^^^^^^^^^^^^^^^^ help: remove the condition
[INFO] [stderr]    |
[INFO] [stderr]    = note: no expected values for `feature`
[INFO] [stderr]    = help: consider adding `bindings` as a feature in `Cargo.toml`
[INFO] [stderr]    = note: see <https://doc.rust-lang.org/nightly/rustc/check-cfg/cargo-specifics.html> for more information about checking conditional configuration
[INFO] [stderr]    = note: `#[warn(unexpected_cfgs)]` on by default
[INFO] [stderr] 
[INFO] [stderr] warning: unexpected `cfg` condition value: `bindings`
[INFO] [stderr]   --> src/lib.rs:27:7
[INFO] [stderr]    |
[INFO] [stderr] 27 | #[cfg(feature = "bindings")]
[INFO] [stderr]    |       ^^^^^^^^^^^^^^^^^^^^ help: remove the condition
[INFO] [stderr]    |
[INFO] [stderr]    = note: no expected values for `feature`
[INFO] [stderr]    = help: consider adding `bindings` as a feature in `Cargo.toml`
[INFO] [stderr]    = note: see <https://doc.rust-lang.org/nightly/rustc/check-cfg/cargo-specifics.html> for more information about checking conditional configuration
[INFO] [stderr] 
[INFO] [stderr] warning: use of deprecated method `chrono::NaiveDateTime::timestamp_millis`: use `.and_utc().timestamp_millis()` instead
[INFO] [stderr]    --> src/lib.rs:197:48
[INFO] [stderr]     |
[INFO] [stderr] 197 |             created_at: Some((order.created_at.timestamp_millis()) as u64),
[INFO] [stderr]     |                                                ^^^^^^^^^^^^^^^^
[INFO] [stderr]     |
[INFO] [stderr]     = note: `#[warn(deprecated)]` on by default
[INFO] [stderr] 
[INFO] [stderr] warning: enum `Either` is never used
[INFO] [stderr]   --> src/client/stream.rs:27:6
[INFO] [stderr]    |
[INFO] [stderr] 27 | enum Either<L, R> {
[INFO] [stderr]    |      ^^^^^^
[INFO] [stderr]    |
[INFO] [stderr]    = note: `#[warn(dead_code)]` (part of `#[warn(unused)]`) on by default
[INFO] [stderr] 
[INFO] [stderr] warning: `openlimits-coinbase` (lib) generated 4 warnings
[INFO] [stderr] warning: `openlimits-coinbase` (lib test) generated 4 warnings (4 duplicates)
[INFO] [stderr]     Finished `release` profile [optimized] target(s) in 0.17s
[INFO] [stderr]      Running unittests src/lib.rs (/opt/rustwide/target/release/deps/openlimits_coinbase-0d127defca5461e6)
[INFO] [stdout] 
[INFO] [stderr]    Doc-tests openlimits_coinbase
[INFO] [stdout] running 0 tests
[INFO] [stdout] 
[INFO] [stdout] test result: ok. 0 passed; 0 failed; 0 ignored; 0 measured; 0 filtered out; finished in 0.00s
[INFO] [stdout] 
[INFO] [stdout] 
[INFO] [stdout] running 1 test
[INFO] [stdout] test src/lib.rs - (line 3) - compile ... FAILED
[INFO] [stdout] 
[INFO] [stdout] failures:
[INFO] [stdout] 
[INFO] [stdout] ---- src/lib.rs - (line 3) stdout ----
[INFO] [stdout] error[E0433]: cannot find module or crate `openlimits` in this scope
[INFO] [stdout]  --> src/lib.rs:4:5
[INFO] [stdout]   |
[INFO] [stdout] 4 | use openlimits::exchange::coinbase::Coinbase;
[INFO] [stdout]   |     ^^^^^^^^^^ use of unresolved module or unlinked crate `openlimits`
[INFO] [stdout]   |
[INFO] [stdout]   = help: if you wanted to use a crate named `openlimits`, use `cargo add openlimits` to add it to your `Cargo.toml`
[INFO] [stdout] 
[INFO] [stdout] error[E0433]: cannot find module or crate `openlimits` in this scope
[INFO] [stdout]  --> src/lib.rs:5:5
[INFO] [stdout]   |
[INFO] [stdout] 5 | use openlimits::exchange::coinbase::CoinbaseParameters;
[INFO] [stdout]   |     ^^^^^^^^^^ use of unresolved module or unlinked crate `openlimits`
[INFO] [stdout]   |
[INFO] [stdout]   = help: if you wanted to use a crate named `openlimits`, use `cargo add openlimits` to add it to your `Cargo.toml`
[INFO] [stdout] 
[INFO] [stdout] error[E0433]: cannot find module or crate `openlimits` in this scope
[INFO] [stdout]  --> src/lib.rs:6:5
[INFO] [stdout]   |
[INFO] [stdout] 6 | use openlimits::prelude::*;
[INFO] [stdout]   |     ^^^^^^^^^^ use of unresolved module or unlinked crate `openlimits`
[INFO] [stdout]   |
[INFO] [stdout]   = help: if you wanted to use a crate named `openlimits`, use `cargo add openlimits` to add it to your `Cargo.toml`
[INFO] [stdout] 
[INFO] [stdout] error[E0433]: cannot find module or crate `openlimits` in this scope
[INFO] [stdout]  --> src/lib.rs:7:5
[INFO] [stdout]   |
[INFO] [stdout] 7 | use openlimits::model::market_pair::*;
[INFO] [stdout]   |     ^^^^^^^^^^ use of unresolved module or unlinked crate `openlimits`
[INFO] [stdout]   |
[INFO] [stdout]   = help: if you wanted to use a crate named `openlimits`, use `cargo add openlimits` to add it to your `Cargo.toml`
[INFO] [stdout] 
[INFO] [stdout] error[E0432]: unresolved imports `openlimits::exchange::coinbase::Coinbase`, `openlimits::exchange::coinbase::CoinbaseParameters`, `openlimits::prelude::*`, `openlimits::model::market_pair::*`
[INFO] [stdout]  --> src/lib.rs:4:5
[INFO] [stdout]   |
[INFO] [stdout] 4 | use openlimits::exchange::coinbase::Coinbase;
[INFO] [stdout]   |     ^^^^^^^^^^^^^^^^^^^^^^^^^^^^^^^^^^^^^^^^
[INFO] [stdout] 5 | use openlimits::exchange::coinbase::CoinbaseParameters;
[INFO] [stdout]   |     ^^^^^^^^^^^^^^^^^^^^^^^^^^^^^^^^^^^^^^^^^^^^^^^^^^
[INFO] [stdout] 6 | use openlimits::prelude::*;
[INFO] [stdout]   |     ^^^^^^^^^^^^^^^^^^^^^^
[INFO] [stdout] 7 | use openlimits::model::market_pair::*;
[INFO] [stdout]   |     ^^^^^^^^^^^^^^^^^^^^^^^^^^^^^^^^^
[INFO] [stdout] 
[INFO] [stdout] error[E0422]: cannot find struct, variant or union type `OrderBookRequest` in this scope
[INFO] [stdout]   --> src/lib.rs:16:43
[INFO] [stdout]    |
[INFO] [stdout] 16 |     let order_book = coinbase.order_book(&OrderBookRequest { market_pair })
[INFO] [stdout]    |                                           ^^^^^^^^^^^^^^^^ not found in this scope
[INFO] [stdout] 
[INFO] [stdout] error[E0433]: cannot find type `Currency` in this scope
[INFO] [stdout]   --> src/lib.rs:15:34
[INFO] [stdout]    |
[INFO] [stdout] 15 |     let market_pair = MarketPair(Currency::BTC, Currency::ETH);
[INFO] [stdout]    |                                  ^^^^^^^^ use of undeclared type `Currency`
[INFO] [stdout] 
[INFO] [stdout] error[E0433]: cannot find type `Currency` in this scope
[INFO] [stdout]   --> src/lib.rs:15:49
[INFO] [stdout]    |
[INFO] [stdout] 15 |     let market_pair = MarketPair(Currency::BTC, Currency::ETH);
[INFO] [stdout]    |                                                 ^^^^^^^^ use of undeclared type `Currency`
[INFO] [stdout] 
[INFO] [stdout] error[E0425]: cannot find function, tuple struct or tuple variant `MarketPair` in this scope
[INFO] [stdout]   --> src/lib.rs:15:23
[INFO] [stdout]    |
[INFO] [stdout] 15 |     let market_pair = MarketPair(Currency::BTC, Currency::ETH);
[INFO] [stdout]    |                       ^^^^^^^^^^ not found in this scope
[INFO] [stdout] 
[INFO] [stdout] error: aborting due to 9 previous errors
[INFO] [stdout] 
[INFO] [stdout] Some errors have detailed explanations: E0422, E0425, E0432, E0433.
[INFO] [stdout] For more information about an error, try `rustc --explain E0422`.
[INFO] [stdout] Couldn't compile the test.
[INFO] [stdout] 
[INFO] [stdout] failures:
[INFO] [stdout]     src/lib.rs - (line 3)
[INFO] [stdout] 
[INFO] [stdout] test result: FAILED. 0 passed; 1 failed; 0 ignored; 0 measured; 0 filtered out; finished in 0.11s
[INFO] [stdout] 
[INFO] [stderr] error: doctest failed, to rerun pass `--doc`
[INFO] running `Command { std: "docker" "inspect" "e754d509bd5e2e6ec75d24526ace778c9576e17a2d96cb872c424f61cb54be71", kill_on_drop: false }`
[INFO] running `Command { std: "docker" "rm" "-f" "e754d509bd5e2e6ec75d24526ace778c9576e17a2d96cb872c424f61cb54be71", kill_on_drop: false }`
[INFO] [stdout] e754d509bd5e2e6ec75d24526ace778c9576e17a2d96cb872c424f61cb54be71
