[INFO] fetching crate openkind-model-store 0.4.0...
[INFO] testing openkind-model-store-0.4.0 against 1.100.0-beta.1+cargoflags=--release for beta-release-1.100-2
[INFO] extracting crate openkind-model-store 0.4.0 into /workspace/builds/worker-1-tc2/source
[INFO] started tweaking crates.io crate openkind-model-store 0.4.0
[INFO] removed 0 missing tests
[INFO] finished tweaking crates.io crate openkind-model-store 0.4.0
[INFO] tweaked toml for crates.io crate openkind-model-store 0.4.0 written to /workspace/builds/worker-1-tc2/source/Cargo.toml
[INFO] validating manifest of crates.io crate openkind-model-store 0.4.0 on toolchain 1.100.0-beta.1
[INFO] running `Command { std: CARGO_HOME="/workspace/cargo-home" RUSTUP_HOME="/workspace/rustup-home" "/workspace/cargo-home/bin/cargo" "+1.100.0-beta.1" "metadata" "--manifest-path" "Cargo.toml" "--no-deps", kill_on_drop: false }`
[INFO] crate crates.io crate openkind-model-store 0.4.0 already has a lockfile, it will not be regenerated
[INFO] running `Command { std: CARGO_HOME="/workspace/cargo-home" RUSTUP_HOME="/workspace/rustup-home" "/workspace/cargo-home/bin/cargo" "+1.100.0-beta.1" "fetch" "--manifest-path" "Cargo.toml", kill_on_drop: false }`
[INFO] [stderr] warning: Cargo.toml: only one of `license` or `license-file` is necessary
[INFO] [stderr] `license` should be used if the package license can be expressed with a standard SPDX expression.
[INFO] [stderr] `license-file` should be used if the package uses a non-standard license.
[INFO] [stderr] See https://doc.rust-lang.org/cargo/reference/manifest.html#the-license-and-license-file-fields for more information.
[INFO] [stderr] warning: `openkind-model-store` (manifest) generated 1 warning
[INFO] running `Command { std: "docker" "create" "-v" "/var/lib/crater-agent-workspace/builds/worker-1-tc2/source:/opt/rustwide/workdir:ro,Z" "-v" "/var/lib/crater-agent-workspace/builds/worker-1-tc2/target:/opt/rustwide/target:rw,Z" "-v" "/var/lib/crater-agent-workspace/cargo-home:/opt/rustwide/cargo-home:ro,Z" "-v" "/var/lib/crater-agent-workspace/rustup-home:/opt/rustwide/rustup-home:ro,Z" "-m" "1610612736" "--network" "none" "ghcr.io/rust-lang/crates-build-env/linux@sha256:77db811e55d90add9212f6832c23229e3de5f1c1f9905e8cb07319ea15df73ac" "sleep" "infinity", kill_on_drop: false }`
[INFO] [stdout] 5ef267fab0b776f046cae1caefc2eeea317670dae608e47e765850bb8baf7277
[INFO] running `Command { std: "docker" "start" "5ef267fab0b776f046cae1caefc2eeea317670dae608e47e765850bb8baf7277", kill_on_drop: false }`
[INFO] running `Command { std: "docker" "inspect" "5ef267fab0b776f046cae1caefc2eeea317670dae608e47e765850bb8baf7277", kill_on_drop: false }`
[INFO] running `Command { std: "docker" "exec" "-e" "SOURCE_DIR=/opt/rustwide/workdir" "-e" "CARGO_HOME=/opt/rustwide/cargo-home" "-e" "RUSTUP_HOME=/opt/rustwide/rustup-home" "-e" "CARGO_TARGET_DIR=/opt/rustwide/target" "-w" "/opt/rustwide/workdir" "--user" "0:0" "5ef267fab0b776f046cae1caefc2eeea317670dae608e47e765850bb8baf7277" "/opt/rustwide/cargo-home/bin/cargo" "+1.100.0-beta.1" "metadata" "--no-deps" "--format-version=1", kill_on_drop: false }`
[INFO] running `Command { std: "docker" "inspect" "5ef267fab0b776f046cae1caefc2eeea317670dae608e47e765850bb8baf7277", kill_on_drop: false }`
[INFO] running `Command { std: "docker" "exec" "-e" "SOURCE_DIR=/opt/rustwide/workdir" "-e" "CARGO_HOME=/opt/rustwide/cargo-home" "-e" "RUSTUP_HOME=/opt/rustwide/rustup-home" "-e" "CARGO_TARGET_DIR=/opt/rustwide/target" "-e" "CARGO_INCREMENTAL=0" "-e" "RUST_BACKTRACE=full" "-e" "RUSTFLAGS=--cap-lints=warn" "-e" "RUSTDOCFLAGS=--cap-lints=warn" "-w" "/opt/rustwide/workdir" "--user" "0:0" "5ef267fab0b776f046cae1caefc2eeea317670dae608e47e765850bb8baf7277" "/opt/rustwide/cargo-home/bin/cargo" "+1.100.0-beta.1" "build" "--frozen" "--message-format=json" "--release", kill_on_drop: false }`
[INFO] [stderr] warning: Cargo.toml: only one of `license` or `license-file` is necessary
[INFO] [stderr] `license` should be used if the package license can be expressed with a standard SPDX expression.
[INFO] [stderr] `license-file` should be used if the package uses a non-standard license.
[INFO] [stderr] See https://doc.rust-lang.org/cargo/reference/manifest.html#the-license-and-license-file-fields for more information.
[INFO] [stderr] warning: `openkind-model-store` (manifest) generated 1 warning
[INFO] [stderr]    Compiling libc v0.2.190
[INFO] [stderr]    Compiling aws-lc-rs v1.18.2
[INFO] [stderr]    Compiling zeroize v1.9.1
[INFO] [stderr]    Compiling rustls v0.23.45
[INFO] [stderr]    Compiling futures-macro v0.3.34
[INFO] [stderr]    Compiling hybrid-array v0.4.15
[INFO] [stderr]    Compiling base64 v0.23.1
[INFO] [stderr]    Compiling thiserror v2.0.21
[INFO] [stderr]    Compiling http-body-util v0.1.5
[INFO] [stderr]    Compiling thiserror-impl v2.0.21
[INFO] [stderr]    Compiling icu_normalizer v2.3.0
[INFO] [stderr]    Compiling rustls-pki-types v1.15.1
[INFO] [stderr]    Compiling crypto-common v0.2.2
[INFO] [stderr]    Compiling block-buffer v0.12.1
[INFO] [stderr]    Compiling rustls-native-certs v0.8.5
[INFO] [stderr]    Compiling futures-util v0.3.34
[INFO] [stderr]    Compiling idna_adapter v1.2.2
[INFO] [stderr]    Compiling idna v1.1.0
[INFO] [stderr]    Compiling url v2.5.8
[INFO] [stderr]    Compiling digest v0.11.3
[INFO] [stderr]    Compiling sha2 v0.11.1
[INFO] [stderr]    Compiling jobserver v0.1.35
[INFO] [stderr]    Compiling errno v0.3.14
[INFO] [stderr]    Compiling socket2 v0.6.5
[INFO] [stderr]    Compiling mio v1.2.4
[INFO] [stderr]    Compiling fs2 v0.4.3
[INFO] [stderr]    Compiling cc v1.8.0
[INFO] [stderr]    Compiling signal-hook-registry v1.4.8
[INFO] [stderr]    Compiling tokio v1.53.3
[INFO] [stderr]    Compiling cmake v0.1.58
[INFO] [stderr]    Compiling aws-lc-sys v0.46.0
[INFO] [stderr]    Compiling futures-executor v0.3.34
[INFO] [stderr]    Compiling futures v0.3.34
[INFO] [stderr]    Compiling hyper v1.12.0
[INFO] [stderr]    Compiling tower v0.5.3
[INFO] [stderr]    Compiling tokio-util v0.7.20
[INFO] [stderr]    Compiling tower-http v0.6.11
[INFO] [stderr]    Compiling hyper-util v0.1.21
[INFO] [stderr]    Compiling rustls-webpki v0.103.15
[INFO] [stderr]    Compiling tokio-rustls v0.26.6
[INFO] [stderr]    Compiling rustls-platform-verifier v0.7.1
[INFO] [stderr]    Compiling hyper-rustls v0.27.10
[INFO] [stderr]    Compiling reqwest v0.13.5
[INFO] [stderr]    Compiling openkind-model-store v0.4.0 (/opt/rustwide/workdir)
[INFO] [stderr]     Finished `release` profile [optimized] target(s) in 1m 04s
[INFO] running `Command { std: "docker" "inspect" "5ef267fab0b776f046cae1caefc2eeea317670dae608e47e765850bb8baf7277", kill_on_drop: false }`
[INFO] running `Command { std: "docker" "exec" "-e" "SOURCE_DIR=/opt/rustwide/workdir" "-e" "CARGO_HOME=/opt/rustwide/cargo-home" "-e" "RUSTUP_HOME=/opt/rustwide/rustup-home" "-e" "CARGO_TARGET_DIR=/opt/rustwide/target" "-e" "CARGO_INCREMENTAL=0" "-e" "RUST_BACKTRACE=full" "-e" "RUSTFLAGS=--cap-lints=warn" "-e" "RUSTDOCFLAGS=--cap-lints=warn" "-w" "/opt/rustwide/workdir" "--user" "0:0" "5ef267fab0b776f046cae1caefc2eeea317670dae608e47e765850bb8baf7277" "/opt/rustwide/cargo-home/bin/cargo" "+1.100.0-beta.1" "test" "--frozen" "--no-run" "--message-format=json" "--release", kill_on_drop: false }`
[INFO] [stderr] warning: Cargo.toml: only one of `license` or `license-file` is necessary
[INFO] [stderr] `license` should be used if the package license can be expressed with a standard SPDX expression.
[INFO] [stderr] `license-file` should be used if the package uses a non-standard license.
[INFO] [stderr] See https://doc.rust-lang.org/cargo/reference/manifest.html#the-license-and-license-file-fields for more information.
[INFO] [stderr] warning: `openkind-model-store` (manifest) generated 1 warning
[INFO] [stderr]    Compiling serde_json v1.0.154
[INFO] [stderr]    Compiling rustix v1.1.5
[INFO] [stderr]    Compiling hyper v1.12.0
[INFO] [stderr]    Compiling tower v0.5.3
[INFO] [stderr]    Compiling serde v1.0.229
[INFO] [stderr]    Compiling syn v2.0.119
[INFO] [stderr]    Compiling axum-core v0.5.6
[INFO] [stderr]    Compiling getrandom v0.4.3
[INFO] [stderr]    Compiling serde_path_to_error v0.1.20
[INFO] [stderr]    Compiling url v2.5.8
[INFO] [stderr]    Compiling tower-http v0.6.11
[INFO] [stderr]    Compiling serde_urlencoded v0.7.1
[INFO] [stderr]    Compiling hyper-util v0.1.21
[INFO] [stderr]    Compiling tempfile v3.27.0
[INFO] [stderr]    Compiling hyper-rustls v0.27.10
[INFO] [stderr]    Compiling reqwest v0.13.5
[INFO] [stderr]    Compiling axum-macros v0.5.1
[INFO] [stderr]    Compiling axum v0.8.9
[INFO] [stderr]    Compiling openkind-model-store v0.4.0 (/opt/rustwide/workdir)
[INFO] [stderr]     Finished `release` profile [optimized] target(s) in 26.70s
[INFO] running `Command { std: "docker" "inspect" "5ef267fab0b776f046cae1caefc2eeea317670dae608e47e765850bb8baf7277", kill_on_drop: false }`
[INFO] running `Command { std: "docker" "exec" "-e" "SOURCE_DIR=/opt/rustwide/workdir" "-e" "CARGO_HOME=/opt/rustwide/cargo-home" "-e" "RUSTUP_HOME=/opt/rustwide/rustup-home" "-e" "CARGO_TARGET_DIR=/opt/rustwide/target" "-e" "CARGO_INCREMENTAL=0" "-e" "RUST_BACKTRACE=full" "-e" "RUSTFLAGS=--cap-lints=warn" "-e" "RUSTDOCFLAGS=--cap-lints=warn" "-w" "/opt/rustwide/workdir" "--user" "0:0" "5ef267fab0b776f046cae1caefc2eeea317670dae608e47e765850bb8baf7277" "/opt/rustwide/cargo-home/bin/cargo" "+1.100.0-beta.1" "test" "--frozen" "--release", kill_on_drop: false }`
[INFO] [stderr] warning: Cargo.toml: only one of `license` or `license-file` is necessary
[INFO] [stderr] `license` should be used if the package license can be expressed with a standard SPDX expression.
[INFO] [stderr] `license-file` should be used if the package uses a non-standard license.
[INFO] [stderr] See https://doc.rust-lang.org/cargo/reference/manifest.html#the-license-and-license-file-fields for more information.
[INFO] [stderr] warning: `openkind-model-store` (manifest) generated 1 warning
[INFO] [stderr]     Finished `release` profile [optimized] target(s) in 0.20s
[INFO] [stderr]      Running unittests src/lib.rs (/opt/rustwide/target/release/build/openkind-model-store/8c28862bebcbfaef/out/openkind_model_store-8c28862bebcbfaef)
[INFO] [stdout] 
[INFO] [stdout] running 45 tests
[INFO] [stdout] test manifest::tests::rejects_models_over_the_installation_size_limit ... ok
[INFO] [stdout] test manifest::context_limit_tests::catalog_rejects_bad_schema_duplicate_names_and_metadata ... ok
[INFO] [stdout] test manifest::tests::rejects_paths_that_escape_or_replace_store_metadata ... ok
[INFO] [stdout] test manifest::tests::sha256_is_lowercase_hex_of_the_nist_vector ... ok
[INFO] [stdout] test manifest::tests::catalog_accepts_unique_well_formed_aliases ... ok
[INFO] [stdout] test manifest::context_limit_tests::source_urls_pin_github_and_huggingface_layouts ... ok
[INFO] [stdout] test manifest::context_limit_tests::valid_sha256_rejects_wrong_length_charset_and_case ... ok
[INFO] [stdout] test manifest::tests::rejects_artifacts_that_replace_install_metadata_or_parent_paths ... ok
[INFO] [stdout] test manifest::context_limit_tests::catalog_rejects_zero_context_limits ... ok
[INFO] [stdout] test manifest::tests::catalog_rejects_alias_collisions_and_bad_shapes ... ok
[INFO] [stdout] test manifest::context_limit_tests::manifest_rejects_bad_shapes_field_by_field ... ok
[INFO] [stdout] test store::tests::checked_in_catalog_and_manifests_match_compiled_profiles ... FAILED
[INFO] [stdout] test store::tests::empty_model_root_is_rejected_before_io ... ok
[INFO] [stdout] test store::tests::empty_platform_fallbacks_require_a_usable_home ... ok
[INFO] [stdout] test manifest::context_limit_tests::source_rejects_bad_shapes_field_by_field ... ok
[INFO] [stdout] test store::tests::parallel_verify_tests::reports_the_earliest_failure_in_manifest_order ... ok
[INFO] [stdout] test manifest::tests::requires_immutable_model_names ... ok
[INFO] [stdout] test store::tests::pinned_catalog_profiles_are_supported_by_identity ... ok
[INFO] [stdout] test store::tests::reusable_blob_does_not_hide_unrelated_io_failures ... ok
[INFO] [stdout] test store::tests::reusable_blob_propagates_nonregular_file_errors ... ok
[INFO] [stdout] test store::tests::serving_integrity_tests::default_models_dir_honors_the_override_and_rejects_an_empty_one ... ok
[INFO] [stdout] test store::tests::serving_integrity_tests::disk_names_round_trip_and_reject_invalid_spellings ... ok
[INFO] [stdout] test store::tests::parallel_verify_tests::accepts_many_good_artifacts ... ok
[INFO] [stdout] test store::tests::rejects_catalog_that_does_not_match_the_release_digest ... ok
[INFO] [stdout] test store::tests::partial_symlink_cannot_append_outside_the_store ... ok
[INFO] [stdout] test store::tests::production_catalog_url_is_derived_from_the_pinned_digest ... ok
[INFO] [stdout] test store::tests::serving_integrity_tests::list_ignores_files_stages_and_unspellable_entries ... ok
[INFO] [stdout] test store::tests::metadata_alias_cannot_install_or_overwrite_a_verified_blob ... ok
[INFO] [stdout] test store::tests::serving_integrity_tests::acquire_serving_detects_a_corrupted_installation ... ok
[INFO] [stdout] test store::tests::pull_by_alias_then_by_name_share_one_installation ... ok
[INFO] [stdout] test store::tests::resumes_from_the_reported_byte_range ... ok
[INFO] [stdout] test store::tests::serving_integrity_tests::pull_reports_progress_for_present_and_installed_artifacts ... ok
[INFO] [stdout] test store::tests::pull_resolves_a_catalog_alias_to_the_canonical_installation ... ok
[INFO] [stdout] test store::tests::pull_replaces_corrupt_blobs_and_cleans_abandoned_stages ... ok
[INFO] [stdout] test store::tests::serving_integrity_tests::tampered_installed_manifests_fail_closed ... ok
[INFO] [stdout] test store::tests::pull_install_lock_and_remove_are_atomic ... ok
[INFO] [stdout] test store::tests::serving_integrity_tests::name_guards_cover_pull_show_acquire_and_remove ... ok
[INFO] [stdout] test store::tests::stage_cleanup_preserves_snapshots_partial_downloads_and_external_targets ... ok
[INFO] [stdout] test store::tests::chunked_metadata_is_bounded_before_the_response_finishes ... ok
[INFO] [stdout] test store::tests::concurrent_pulls_leave_one_complete_installation ... ok
[INFO] [stdout] test store::tests::serving_integrity_tests::verify_file_rejects_symlinked_artifacts_and_bad_identities ... ok
[INFO] [stdout] test store::tests::shared_blob_survives_until_last_model_is_removed ... ok
[INFO] [stdout] test store::tests::short_artifact_response_preserves_bytes_for_the_next_resume ... ok
[INFO] [stdout] test store::tests::serving_integrity_tests::repull_rejects_an_installation_that_differs_from_the_manifest ... ok
[INFO] [stdout] test store::tests::resumed_download_rejects_inconsistent_range_headers ... ok
[INFO] [stdout] 
[INFO] [stdout] failures:
[INFO] [stdout] 
[INFO] [stdout] ---- store::tests::checked_in_catalog_and_manifests_match_compiled_profiles stdout ----
[INFO] [stdout] 
[INFO] [stdout] thread 'store::tests::checked_in_catalog_and_manifests_match_compiled_profiles' (2755) panicked at src/store.rs:960:69:
[INFO] [stdout] called `Result::unwrap()` on an `Err` value: Os { code: 2, kind: NotFound, message: "No such file or directory" }
[INFO] [stdout] stack backtrace:
[INFO] [stdout]    0:     0x6335b4553fd1 - <<std[617be2ca0a6fd877]::sys::backtrace::BacktraceLock>::print::DisplayBacktrace as core[a373ad73a504971]::fmt::Display>::fmt
[INFO] [stdout]    1:     0x6335b456b49a - core[a373ad73a504971]::fmt::write
[INFO] [stdout]    2:     0x6335b45590cc - <alloc[2e1b2a31b91974c5]::vec::Vec<u8> as core[a373ad73a504971]::io::write::Write>::write_fmt
[INFO] [stdout]    3:     0x6335b452bb56 - std[617be2ca0a6fd877]::panicking::default_hook::{closure#0}
[INFO] [stdout]    4:     0x6335b454a299 - std[617be2ca0a6fd877]::panicking::default_hook
[INFO] [stdout]    5:     0x6335b4124e30 - test[aada8e7e76ba119b]::test_main_inner::{closure#0}
[INFO] [stdout]    6:     0x6335b454a5c2 - std[617be2ca0a6fd877]::panicking::panic_with_hook
[INFO] [stdout]    7:     0x6335b452bc02 - std[617be2ca0a6fd877]::panicking::panic_handler::{closure#0}
[INFO] [stdout]    8:     0x6335b4524229 - std[617be2ca0a6fd877]::sys::backtrace::__rust_end_short_backtrace::<std[617be2ca0a6fd877]::panicking::panic_handler::{closure#0}, !>
[INFO] [stdout]    9:     0x6335b452ceed - __rustc[ea4f61d10b84890b]::rust_begin_unwind
[INFO] [stdout]   10:     0x6335b456bbfc - core[a373ad73a504971]::panicking::panic_fmt
[INFO] [stdout]   11:     0x6335b456b9d2 - core[a373ad73a504971]::result::unwrap_failed
[INFO] [stdout]   12:     0x6335b4081daa - <openkind_model_store[cca04fcc787c8e4f]::store::tests::checked_in_catalog_and_manifests_match_compiled_profiles::{closure#0} as core[a373ad73a504971]::ops::function::FnOnce<()>>::call_once
[INFO] [stdout]   13:     0x6335b411827b - test[aada8e7e76ba119b]::__rust_begin_short_backtrace::<core[a373ad73a504971]::result::Result<(), alloc[2e1b2a31b91974c5]::string::String>, fn() -> core[a373ad73a504971]::result::Result<(), alloc[2e1b2a31b91974c5]::string::String>>
[INFO] [stdout]   14:     0x6335b4125455 - test[aada8e7e76ba119b]::run_test::{closure#0}
[INFO] [stdout]   15:     0x6335b411ed44 - std[617be2ca0a6fd877]::sys::backtrace::__rust_begin_short_backtrace::<test[aada8e7e76ba119b]::run_test::{closure#1}, ()>
[INFO] [stdout]   16:     0x6335b41284e2 - <std[617be2ca0a6fd877]::thread::lifecycle::spawn_unchecked<test[aada8e7e76ba119b]::run_test::{closure#1}, ()>::{closure#1} as core[a373ad73a504971]::ops::function::FnOnce<()>>::call_once::{shim:vtable#0}
[INFO] [stdout]   17:     0x6335b4552f8f - <std[617be2ca0a6fd877]::sys::thread::unix::Thread>::new::thread_start
[INFO] [stdout]   18:     0x7de12b1f8dfa - <unknown>
[INFO] [stdout]   19:     0x7de12b28c3d4 - clone
[INFO] [stdout]   20:                0x0 - <unknown>
[INFO] [stdout] 
[INFO] [stdout] 
[INFO] [stdout] failures:
[INFO] [stdout]     store::tests::checked_in_catalog_and_manifests_match_compiled_profiles
[INFO] [stdout] 
[INFO] [stdout] test result: FAILED. 44 passed; 1 failed; 0 ignored; 0 measured; 0 filtered out; finished in 0.24s
[INFO] [stdout] 
[INFO] [stderr] error: test failed, to rerun pass `--lib`
[INFO] running `Command { std: "docker" "inspect" "5ef267fab0b776f046cae1caefc2eeea317670dae608e47e765850bb8baf7277", kill_on_drop: false }`
[INFO] running `Command { std: "docker" "rm" "-f" "5ef267fab0b776f046cae1caefc2eeea317670dae608e47e765850bb8baf7277", kill_on_drop: false }`
[INFO] [stdout] 5ef267fab0b776f046cae1caefc2eeea317670dae608e47e765850bb8baf7277
