[INFO] fetching crate openkache 0.1.3...
[INFO] testing openkache-0.1.3 against 1.100.0-beta.1+cargoflags=--release for beta-release-1.100-2
[INFO] extracting crate openkache 0.1.3 into /workspace/builds/worker-1-tc2/source
[INFO] started tweaking crates.io crate openkache 0.1.3
[INFO] removed 0 missing examples
[INFO] finished tweaking crates.io crate openkache 0.1.3
[INFO] tweaked toml for crates.io crate openkache 0.1.3 written to /workspace/builds/worker-1-tc2/source/Cargo.toml
[INFO] validating manifest of crates.io crate openkache 0.1.3 on toolchain 1.100.0-beta.1
[INFO] running `Command { std: CARGO_HOME="/workspace/cargo-home" RUSTUP_HOME="/workspace/rustup-home" "/workspace/cargo-home/bin/cargo" "+1.100.0-beta.1" "metadata" "--manifest-path" "Cargo.toml" "--no-deps", kill_on_drop: false }`
[INFO] crate crates.io crate openkache 0.1.3 already has a lockfile, it will not be regenerated
[INFO] running `Command { std: CARGO_HOME="/workspace/cargo-home" RUSTUP_HOME="/workspace/rustup-home" "/workspace/cargo-home/bin/cargo" "+1.100.0-beta.1" "fetch" "--manifest-path" "Cargo.toml", kill_on_drop: false }`
[INFO] running `Command { std: "docker" "create" "-v" "/var/lib/crater-agent-workspace/builds/worker-1-tc2/source:/opt/rustwide/workdir:ro,Z" "-v" "/var/lib/crater-agent-workspace/builds/worker-1-tc2/target:/opt/rustwide/target:rw,Z" "-v" "/var/lib/crater-agent-workspace/cargo-home:/opt/rustwide/cargo-home:ro,Z" "-v" "/var/lib/crater-agent-workspace/rustup-home:/opt/rustwide/rustup-home:ro,Z" "-m" "1610612736" "--network" "none" "ghcr.io/rust-lang/crates-build-env/linux@sha256:77db811e55d90add9212f6832c23229e3de5f1c1f9905e8cb07319ea15df73ac" "sleep" "infinity", kill_on_drop: false }`
[INFO] [stdout] 32d4e08439a8c526429efaf80f651fa683fe613a15eb4abd955a50fdd45227e9
[INFO] running `Command { std: "docker" "start" "32d4e08439a8c526429efaf80f651fa683fe613a15eb4abd955a50fdd45227e9", kill_on_drop: false }`
[INFO] running `Command { std: "docker" "inspect" "32d4e08439a8c526429efaf80f651fa683fe613a15eb4abd955a50fdd45227e9", kill_on_drop: false }`
[INFO] running `Command { std: "docker" "exec" "-e" "SOURCE_DIR=/opt/rustwide/workdir" "-e" "CARGO_HOME=/opt/rustwide/cargo-home" "-e" "RUSTUP_HOME=/opt/rustwide/rustup-home" "-e" "CARGO_TARGET_DIR=/opt/rustwide/target" "-w" "/opt/rustwide/workdir" "--user" "0:0" "32d4e08439a8c526429efaf80f651fa683fe613a15eb4abd955a50fdd45227e9" "/opt/rustwide/cargo-home/bin/cargo" "+1.100.0-beta.1" "metadata" "--no-deps" "--format-version=1", kill_on_drop: false }`
[INFO] running `Command { std: "docker" "inspect" "32d4e08439a8c526429efaf80f651fa683fe613a15eb4abd955a50fdd45227e9", kill_on_drop: false }`
[INFO] running `Command { std: "docker" "exec" "-e" "SOURCE_DIR=/opt/rustwide/workdir" "-e" "CARGO_HOME=/opt/rustwide/cargo-home" "-e" "RUSTUP_HOME=/opt/rustwide/rustup-home" "-e" "CARGO_TARGET_DIR=/opt/rustwide/target" "-e" "CARGO_INCREMENTAL=0" "-e" "RUST_BACKTRACE=full" "-e" "RUSTFLAGS=--cap-lints=warn" "-e" "RUSTDOCFLAGS=--cap-lints=warn" "-w" "/opt/rustwide/workdir" "--user" "0:0" "32d4e08439a8c526429efaf80f651fa683fe613a15eb4abd955a50fdd45227e9" "/opt/rustwide/cargo-home/bin/cargo" "+1.100.0-beta.1" "build" "--frozen" "--message-format=json" "--release", kill_on_drop: false }`
[INFO] [stderr]    Compiling libc v0.2.189
[INFO] [stderr]    Compiling getrandom v0.4.3
[INFO] [stderr]    Compiling aws-lc-rs v1.17.3
[INFO] [stderr]    Compiling syn v2.0.119
[INFO] [stderr]    Compiling syn v3.0.3
[INFO] [stderr]    Compiling cpubits v0.1.1
[INFO] [stderr]    Compiling rustls v0.23.43
[INFO] [stderr]    Compiling tracing v0.1.44
[INFO] [stderr]    Compiling quinn-udp v0.5.15
[INFO] [stderr]    Compiling chacha20 v0.10.1
[INFO] [stderr]    Compiling serde_json v1.0.151
[INFO] [stderr]    Compiling serde v1.0.229
[INFO] [stderr]    Compiling tinyvec v1.12.0
[INFO] [stderr]    Compiling quinn v0.11.11
[INFO] [stderr]    Compiling socket2 v0.5.10
[INFO] [stderr]    Compiling rand v0.10.2
[INFO] [stderr]    Compiling rand_pcg v0.10.2
[INFO] [stderr]    Compiling lru-slab v0.1.2
[INFO] [stderr]    Compiling rustc-hash v2.1.3
[INFO] [stderr]    Compiling constant_time_eq v0.4.2
[INFO] [stderr]    Compiling pointers v0.1.0
[INFO] [stderr]    Compiling ryu-js v1.0.3
[INFO] [stderr]    Compiling futures-task v0.3.33
[INFO] [stderr]    Compiling jobserver v0.1.35
[INFO] [stderr]    Compiling crossfire v3.1.19
[INFO] [stderr]    Compiling crossbeam-queue v0.3.13
[INFO] [stderr]    Compiling zstd-pure-rs v0.1.2
[INFO] [stderr]    Compiling cc v1.4.0
[INFO] [stderr]    Compiling vu128 v1.1.0
[INFO] [stderr]    Compiling serde_json_canonicalizer v0.3.2
[INFO] [stderr]    Compiling cmake v0.1.58
[INFO] [stderr]    Compiling aws-lc-sys v0.43.0
[INFO] [stderr]    Compiling blake3 v1.8.5
[INFO] [stderr]    Compiling thiserror-impl v2.0.19
[INFO] [stderr]    Compiling tokio-macros v2.7.2
[INFO] [stderr]    Compiling tokio v1.53.1
[INFO] [stderr]    Compiling zeroize_derive v1.5.0
[INFO] [stderr]    Compiling futures-macro v0.3.33
[INFO] [stderr]    Compiling thiserror v2.0.19
[INFO] [stderr]    Compiling zeroize v1.9.0
[INFO] [stderr]    Compiling futures-util v0.3.33
[INFO] [stderr]    Compiling hybrid-array v0.4.13
[INFO] [stderr]    Compiling rustls-pki-types v1.15.1
[INFO] [stderr]    Compiling crypto-common v0.2.2
[INFO] [stderr]    Compiling block-buffer v0.12.1
[INFO] [stderr]    Compiling inout v0.2.2
[INFO] [stderr]    Compiling cipher v0.5.2
[INFO] [stderr]    Compiling aead v0.6.1
[INFO] [stderr]    Compiling digest v0.11.3
[INFO] [stderr]    Compiling ctr v0.10.1
[INFO] [stderr]    Compiling aes v0.9.1
[INFO] [stderr]    Compiling universal-hash v0.6.1
[INFO] [stderr]    Compiling dbl v0.5.0
[INFO] [stderr]    Compiling cmac v0.8.0
[INFO] [stderr]    Compiling polyval v0.7.3
[INFO] [stderr]    Compiling arrayvec v0.7.8
[INFO] [stderr]    Compiling rustls-native-certs v0.8.4
[INFO] [stderr]    Compiling aes-siv v0.8.0-rc.3
[INFO] [stderr]    Compiling aes-gcm-siv v0.12.0-rc.3
[INFO] [stderr]    Compiling rustls-webpki v0.103.13
[INFO] [stderr]    Compiling quinn-proto v0.11.16
[INFO] [stderr]    Compiling openkache v0.1.3 (/opt/rustwide/workdir)
[INFO] [stderr]     Finished `release` profile [optimized] target(s) in 3m 04s
[INFO] running `Command { std: "docker" "inspect" "32d4e08439a8c526429efaf80f651fa683fe613a15eb4abd955a50fdd45227e9", kill_on_drop: false }`
[INFO] running `Command { std: "docker" "exec" "-e" "SOURCE_DIR=/opt/rustwide/workdir" "-e" "CARGO_HOME=/opt/rustwide/cargo-home" "-e" "RUSTUP_HOME=/opt/rustwide/rustup-home" "-e" "CARGO_TARGET_DIR=/opt/rustwide/target" "-e" "CARGO_INCREMENTAL=0" "-e" "RUST_BACKTRACE=full" "-e" "RUSTFLAGS=--cap-lints=warn" "-e" "RUSTDOCFLAGS=--cap-lints=warn" "-w" "/opt/rustwide/workdir" "--user" "0:0" "32d4e08439a8c526429efaf80f651fa683fe613a15eb4abd955a50fdd45227e9" "/opt/rustwide/cargo-home/bin/cargo" "+1.100.0-beta.1" "test" "--frozen" "--no-run" "--message-format=json" "--release", kill_on_drop: false }`
[INFO] [stderr]    Compiling openkache v0.1.3 (/opt/rustwide/workdir)
[INFO] [stderr]     Finished `release` profile [optimized] target(s) in 17.11s
[INFO] running `Command { std: "docker" "inspect" "32d4e08439a8c526429efaf80f651fa683fe613a15eb4abd955a50fdd45227e9", kill_on_drop: false }`
[INFO] running `Command { std: "docker" "exec" "-e" "SOURCE_DIR=/opt/rustwide/workdir" "-e" "CARGO_HOME=/opt/rustwide/cargo-home" "-e" "RUSTUP_HOME=/opt/rustwide/rustup-home" "-e" "CARGO_TARGET_DIR=/opt/rustwide/target" "-e" "CARGO_INCREMENTAL=0" "-e" "RUST_BACKTRACE=full" "-e" "RUSTFLAGS=--cap-lints=warn" "-e" "RUSTDOCFLAGS=--cap-lints=warn" "-w" "/opt/rustwide/workdir" "--user" "0:0" "32d4e08439a8c526429efaf80f651fa683fe613a15eb4abd955a50fdd45227e9" "/opt/rustwide/cargo-home/bin/cargo" "+1.100.0-beta.1" "test" "--frozen" "--release", kill_on_drop: false }`
[INFO] [stderr]     Finished `release` profile [optimized] target(s) in 0.13s
[INFO] [stderr]      Running unittests src/lib.rs (/opt/rustwide/target/release/build/openkache/1d9e3c3be76f8bf4/out/openkache-1d9e3c3be76f8bf4)
[INFO] [stdout] 
[INFO] [stdout] running 0 tests
[INFO] [stdout] 
[INFO] [stdout] test result: ok. 0 passed; 0 failed; 0 ignored; 0 measured; 0 filtered out; finished in 0.00s
[INFO] [stdout] 
[INFO] [stderr]    Doc-tests openkache
[INFO] [stdout] 
[INFO] [stdout] running 13 tests
[INFO] [stdout] test src/../README.md - (line 256) ... FAILED
[INFO] [stdout] test src/../README.md - (line 242) ... FAILED
[INFO] [stdout] test src/../README.md - (line 336) ... FAILED
[INFO] [stdout] test src/../README.md - (line 322) ... FAILED
[INFO] [stdout] test src/../README.md - (line 276) ... FAILED
[INFO] [stdout] test src/../README.md - (line 382) ... FAILED
[INFO] [stdout] test src/../README.md - (line 351) ... FAILED
[INFO] [stdout] test src/../README.md - (line 116) ... FAILED
[INFO] [stdout] test src/../README.md - (line 187) ... FAILED
[INFO] [stdout] test src/../README.md - (line 388) ... FAILED
[INFO] [stdout] test src/../README.md - (line 62) ... FAILED
[INFO] [stdout] test src/../README.md - (line 397) ... FAILED
[INFO] [stdout] test src/../README.md - (line 28) ... FAILED
[INFO] [stdout] 
[INFO] [stdout] failures:
[INFO] [stdout] 
[INFO] [stdout] ---- src/../README.md - (line 256) stdout ----
[INFO] [stdout] error[E0425]: cannot find value `client` in this scope
[INFO] [stdout]    --> src/../README.md:257:7
[INFO] [stdout]     |
[INFO] [stdout] 257 | match client.get("greeting").await? {
[INFO] [stdout]     |       ^^^^^^ not found in this scope
[INFO] [stdout] 
[INFO] [stdout] error[E0728]: `await` is only allowed inside `async` functions and blocks
[INFO] [stdout]    --> src/../README.md:257:30
[INFO] [stdout]     |
[INFO] [stdout] 256 | fn main() { #[allow(non_snake_case)] fn _doctest_main_src____README_md_256_0() {
[INFO] [stdout]     |                                      ----------------------------------------- this is not `async`
[INFO] [stdout] 257 | match client.get("greeting").await? {
[INFO] [stdout]     |                              ^^^^^ only allowed inside `async` functions and blocks
[INFO] [stdout] 
[INFO] [stdout] error: aborting due to 2 previous errors
[INFO] [stdout] 
[INFO] [stdout] Some errors have detailed explanations: E0425, E0728.
[INFO] [stdout] For more information about an error, try `rustc --explain E0425`.
[INFO] [stdout] Couldn't compile the test.
[INFO] [stdout] ---- src/../README.md - (line 242) stdout ----
[INFO] [stdout] error[E0728]: `await` is only allowed inside `async` functions and blocks
[INFO] [stdout]    --> src/../README.md:243:48
[INFO] [stdout]     |
[INFO] [stdout] 242 | fn main() { #[allow(non_snake_case)] fn _doctest_main_src____README_md_242_0() {
[INFO] [stdout]     |                                      ----------------------------------------- this is not `async`
[INFO] [stdout] 243 | let client = Client::connect("127.0.0.1:4433").await?;
[INFO] [stdout]     |                                                ^^^^^ only allowed inside `async` functions and blocks
[INFO] [stdout] 
[INFO] [stdout] error[E0433]: cannot find type `Client` in this scope
[INFO] [stdout]    --> src/../README.md:243:14
[INFO] [stdout]     |
[INFO] [stdout] 243 | let client = Client::connect("127.0.0.1:4433").await?;
[INFO] [stdout]     |              ^^^^^^ use of undeclared type `Client`
[INFO] [stdout] 
[INFO] [stdout] error: aborting due to 2 previous errors
[INFO] [stdout] 
[INFO] [stdout] Some errors have detailed explanations: E0433, E0728.
[INFO] [stdout] For more information about an error, try `rustc --explain E0433`.
[INFO] [stdout] Couldn't compile the test.
[INFO] [stdout] ---- src/../README.md - (line 336) stdout ----
[INFO] [stdout] error[E0425]: cannot find value `client` in this scope
[INFO] [stdout]    --> src/../README.md:337:1
[INFO] [stdout]     |
[INFO] [stdout] 337 | client.close().await?;
[INFO] [stdout]     | ^^^^^^ not found in this scope
[INFO] [stdout] 
[INFO] [stdout] error[E0728]: `await` is only allowed inside `async` functions and blocks
[INFO] [stdout]    --> src/../README.md:337:16
[INFO] [stdout]     |
[INFO] [stdout] 336 | fn main() { #[allow(non_snake_case)] fn _doctest_main_src____README_md_336_0() {
[INFO] [stdout]     |                                      ----------------------------------------- this is not `async`
[INFO] [stdout] 337 | client.close().await?;
[INFO] [stdout]     |                ^^^^^ only allowed inside `async` functions and blocks
[INFO] [stdout] 
[INFO] [stdout] error: aborting due to 2 previous errors
[INFO] [stdout] 
[INFO] [stdout] Some errors have detailed explanations: E0425, E0728.
[INFO] [stdout] For more information about an error, try `rustc --explain E0425`.
[INFO] [stdout] Couldn't compile the test.
[INFO] [stdout] ---- src/../README.md - (line 322) stdout ----
[INFO] [stdout] error[E0425]: cannot find value `client` in this scope
[INFO] [stdout]    --> src/../README.md:323:15
[INFO] [stdout]     |
[INFO] [stdout] 323 | let removed = client.delete("greeting").await?;
[INFO] [stdout]     |               ^^^^^^ not found in this scope
[INFO] [stdout] 
[INFO] [stdout] error[E0728]: `await` is only allowed inside `async` functions and blocks
[INFO] [stdout]    --> src/../README.md:323:41
[INFO] [stdout]     |
[INFO] [stdout] 322 | fn main() { #[allow(non_snake_case)] fn _doctest_main_src____README_md_322_0() {
[INFO] [stdout]     |                                      ----------------------------------------- this is not `async`
[INFO] [stdout] 323 | let removed = client.delete("greeting").await?;
[INFO] [stdout]     |                                         ^^^^^ only allowed inside `async` functions and blocks
[INFO] [stdout] 
[INFO] [stdout] error: aborting due to 2 previous errors
[INFO] [stdout] 
[INFO] [stdout] Some errors have detailed explanations: E0425, E0728.
[INFO] [stdout] For more information about an error, try `rustc --explain E0425`.
[INFO] [stdout] Couldn't compile the test.
[INFO] [stdout] ---- src/../README.md - (line 276) stdout ----
[INFO] [stdout] error[E0425]: cannot find value `client` in this scope
[INFO] [stdout]    --> src/../README.md:277:15
[INFO] [stdout]     |
[INFO] [stdout] 277 | let outcome = client.set("greeting", "hello").await?;
[INFO] [stdout]     |               ^^^^^^ not found in this scope
[INFO] [stdout] 
[INFO] [stdout] error[E0728]: `await` is only allowed inside `async` functions and blocks
[INFO] [stdout]    --> src/../README.md:277:47
[INFO] [stdout]     |
[INFO] [stdout] 276 | fn main() { #[allow(non_snake_case)] fn _doctest_main_src____README_md_276_0() {
[INFO] [stdout]     |                                      ----------------------------------------- this is not `async`
[INFO] [stdout] 277 | let outcome = client.set("greeting", "hello").await?;
[INFO] [stdout]     |                                               ^^^^^ only allowed inside `async` functions and blocks
[INFO] [stdout] 
[INFO] [stdout] error: aborting due to 2 previous errors
[INFO] [stdout] 
[INFO] [stdout] Some errors have detailed explanations: E0425, E0728.
[INFO] [stdout] For more information about an error, try `rustc --explain E0425`.
[INFO] [stdout] Couldn't compile the test.
[INFO] [stdout] ---- src/../README.md - (line 382) stdout ----
[INFO] [stdout] error[E0425]: cannot find value `client` in this scope
[INFO] [stdout]    --> src/../README.md:383:1
[INFO] [stdout]     |
[INFO] [stdout] 383 | client.set("name", "Ada").await?;
[INFO] [stdout]     | ^^^^^^ not found in this scope
[INFO] [stdout] 
[INFO] [stdout] error[E0425]: cannot find value `client` in this scope
[INFO] [stdout]    --> src/../README.md:384:1
[INFO] [stdout]     |
[INFO] [stdout] 384 | client.set("count", 42_u64).await?;
[INFO] [stdout]     | ^^^^^^ not found in this scope
[INFO] [stdout] 
[INFO] [stdout] error[E0425]: cannot find value `client` in this scope
[INFO] [stdout]    --> src/../README.md:385:1
[INFO] [stdout]     |
[INFO] [stdout] 385 | client.set("payload", b"bytes").await?;
[INFO] [stdout]     | ^^^^^^ not found in this scope
[INFO] [stdout] 
[INFO] [stdout] error[E0728]: `await` is only allowed inside `async` functions and blocks
[INFO] [stdout]    --> src/../README.md:383:27
[INFO] [stdout]     |
[INFO] [stdout] 382 | fn main() { #[allow(non_snake_case)] fn _doctest_main_src____README_md_382_0() {
[INFO] [stdout]     |                                      ----------------------------------------- this is not `async`
[INFO] [stdout] 383 | client.set("name", "Ada").await?;
[INFO] [stdout]     |                           ^^^^^ only allowed inside `async` functions and blocks
[INFO] [stdout] 
[INFO] [stdout] error[E0728]: `await` is only allowed inside `async` functions and blocks
[INFO] [stdout]    --> src/../README.md:384:29
[INFO] [stdout]     |
[INFO] [stdout] 382 | fn main() { #[allow(non_snake_case)] fn _doctest_main_src____README_md_382_0() {
[INFO] [stdout]     |                                      ----------------------------------------- this is not `async`
[INFO] [stdout] 383 | client.set("name", "Ada").await?;
[INFO] [stdout] 384 | client.set("count", 42_u64).await?;
[INFO] [stdout]     |                             ^^^^^ only allowed inside `async` functions and blocks
[INFO] [stdout] 
[INFO] [stdout] error[E0728]: `await` is only allowed inside `async` functions and blocks
[INFO] [stdout]    --> src/../README.md:385:33
[INFO] [stdout]     |
[INFO] [stdout] 382 | fn main() { #[allow(non_snake_case)] fn _doctest_main_src____README_md_382_0() {
[INFO] [stdout]     |                                      ----------------------------------------- this is not `async`
[INFO] [stdout] ...
[INFO] [stdout] 385 | client.set("payload", b"bytes").await?;
[INFO] [stdout]     |                                 ^^^^^ only allowed inside `async` functions and blocks
[INFO] [stdout] 
[INFO] [stdout] error: aborting due to 6 previous errors
[INFO] [stdout] 
[INFO] [stdout] Some errors have detailed explanations: E0425, E0728.
[INFO] [stdout] For more information about an error, try `rustc --explain E0425`.
[INFO] [stdout] Couldn't compile the test.
[INFO] [stdout] ---- src/../README.md - (line 351) stdout ----
[INFO] [stdout] error[E0425]: cannot find value `client` in this scope
[INFO] [stdout]    --> src/../README.md:352:1
[INFO] [stdout]     |
[INFO] [stdout] 352 | client.get("text-key").await?;
[INFO] [stdout]     | ^^^^^^ not found in this scope
[INFO] [stdout] 
[INFO] [stdout] error[E0425]: cannot find value `client` in this scope
[INFO] [stdout]    --> src/../README.md:353:1
[INFO] [stdout]     |
[INFO] [stdout] 353 | client.get(b"bytes-key").await?;
[INFO] [stdout]     | ^^^^^^ not found in this scope
[INFO] [stdout] 
[INFO] [stdout] error[E0425]: cannot find value `client` in this scope
[INFO] [stdout]    --> src/../README.md:354:1
[INFO] [stdout]     |
[INFO] [stdout] 354 | client.get(42_i64).await?;
[INFO] [stdout]     | ^^^^^^ not found in this scope
[INFO] [stdout] 
[INFO] [stdout] error[E0728]: `await` is only allowed inside `async` functions and blocks
[INFO] [stdout]    --> src/../README.md:352:24
[INFO] [stdout]     |
[INFO] [stdout] 351 | fn main() { #[allow(non_snake_case)] fn _doctest_main_src____README_md_351_0() {
[INFO] [stdout]     |                                      ----------------------------------------- this is not `async`
[INFO] [stdout] 352 | client.get("text-key").await?;
[INFO] [stdout]     |                        ^^^^^ only allowed inside `async` functions and blocks
[INFO] [stdout] 
[INFO] [stdout] error[E0728]: `await` is only allowed inside `async` functions and blocks
[INFO] [stdout]    --> src/../README.md:353:26
[INFO] [stdout]     |
[INFO] [stdout] 351 | fn main() { #[allow(non_snake_case)] fn _doctest_main_src____README_md_351_0() {
[INFO] [stdout]     |                                      ----------------------------------------- this is not `async`
[INFO] [stdout] 352 | client.get("text-key").await?;
[INFO] [stdout] 353 | client.get(b"bytes-key").await?;
[INFO] [stdout]     |                          ^^^^^ only allowed inside `async` functions and blocks
[INFO] [stdout] 
[INFO] [stdout] error[E0728]: `await` is only allowed inside `async` functions and blocks
[INFO] [stdout]    --> src/../README.md:354:20
[INFO] [stdout]     |
[INFO] [stdout] 351 | fn main() { #[allow(non_snake_case)] fn _doctest_main_src____README_md_351_0() {
[INFO] [stdout]     |                                      ----------------------------------------- this is not `async`
[INFO] [stdout] ...
[INFO] [stdout] 354 | client.get(42_i64).await?;
[INFO] [stdout]     |                    ^^^^^ only allowed inside `async` functions and blocks
[INFO] [stdout] 
[INFO] [stdout] error: aborting due to 6 previous errors
[INFO] [stdout] 
[INFO] [stdout] Some errors have detailed explanations: E0425, E0728.
[INFO] [stdout] For more information about an error, try `rustc --explain E0425`.
[INFO] [stdout] Couldn't compile the test.
[INFO] [stdout] ---- src/../README.md - (line 116) stdout ----
[INFO] [stdout] error[E0308]: `?` operator has incompatible types
[INFO] [stdout]    --> src/../README.md:154:12
[INFO] [stdout]     |
[INFO] [stdout] 154 |         x: x.ok_or("missing x")?,
[INFO] [stdout]     |            ^^^^^^^^^^^^^^^^^^^^^ expected `i64`, found `i128`
[INFO] [stdout]     |
[INFO] [stdout]     = note: `?` operator cannot convert from `i128` to `i64`
[INFO] [stdout] help: you can convert an `i128` to an `i64` and panic if the converted value doesn't fit
[INFO] [stdout]     |
[INFO] [stdout] 154 |         x: x.ok_or("missing x")?.try_into().unwrap(),
[INFO] [stdout]     |                                 ++++++++++++++++++++
[INFO] [stdout] 
[INFO] [stdout] error[E0308]: `?` operator has incompatible types
[INFO] [stdout]    --> src/../README.md:155:12
[INFO] [stdout]     |
[INFO] [stdout] 155 |         y: y.ok_or("missing y")?,
[INFO] [stdout]     |            ^^^^^^^^^^^^^^^^^^^^^ expected `i64`, found `i128`
[INFO] [stdout]     |
[INFO] [stdout]     = note: `?` operator cannot convert from `i128` to `i64`
[INFO] [stdout] help: you can convert an `i128` to an `i64` and panic if the converted value doesn't fit
[INFO] [stdout]     |
[INFO] [stdout] 155 |         y: y.ok_or("missing y")?.try_into().unwrap(),
[INFO] [stdout]     |                                 ++++++++++++++++++++
[INFO] [stdout] 
[INFO] [stdout] error: aborting due to 2 previous errors
[INFO] [stdout] 
[INFO] [stdout] For more information about this error, try `rustc --explain E0308`.
[INFO] [stdout] Couldn't compile the test.
[INFO] [stdout] ---- src/../README.md - (line 187) stdout ----
[INFO] [stdout] error[E0432]: unresolved import `bincode`
[INFO] [stdout]    --> src/../README.md:189:5
[INFO] [stdout]     |
[INFO] [stdout] 189 | use bincode::config;
[INFO] [stdout]     |     ^^^^^^^ use of unresolved module or unlinked crate `bincode`
[INFO] [stdout]     |
[INFO] [stdout]     = help: if you wanted to use a crate named `bincode`, use `cargo add bincode` to add it to your `Cargo.toml`
[INFO] [stdout] 
[INFO] [stdout] error: cannot find derive macro `Deserialize` in this scope
[INFO] [stdout]    --> src/../README.md:193:17
[INFO] [stdout]     |
[INFO] [stdout] 193 | #[derive(Debug, Deserialize, PartialEq, Serialize)]
[INFO] [stdout]     |                 ^^^^^^^^^^^
[INFO] [stdout]     |
[INFO] [stdout] note: `Deserialize` is a trait, not a derive macro
[INFO] [stdout]    --> /opt/rustwide/cargo-home/registry/src/index.crates.io-1949cf8c6b5b557f/serde_core-1.0.229/src/de/mod.rs:554:1
[INFO] [stdout]     |
[INFO] [stdout] 554 | pub trait Deserialize<'de>: Sized {
[INFO] [stdout]     | ^^^^^^^^^^^^^^^^^^^^^^^^^^^^^^^^^
[INFO] [stdout]     = help: consider implementing `Deserialize` for your type manually
[INFO] [stdout] 
[INFO] [stdout] error: cannot find derive macro `Serialize` in this scope
[INFO] [stdout]    --> src/../README.md:193:41
[INFO] [stdout]     |
[INFO] [stdout] 193 | #[derive(Debug, Deserialize, PartialEq, Serialize)]
[INFO] [stdout]     |                                         ^^^^^^^^^
[INFO] [stdout]     |
[INFO] [stdout] note: `Serialize` is a trait, not a derive macro
[INFO] [stdout]    --> /opt/rustwide/cargo-home/registry/src/index.crates.io-1949cf8c6b5b557f/serde_core-1.0.229/src/ser/mod.rs:234:1
[INFO] [stdout]     |
[INFO] [stdout] 234 | pub trait Serialize {
[INFO] [stdout]     | ^^^^^^^^^^^^^^^^^^^
[INFO] [stdout]     = help: consider implementing `Serialize` for your type manually
[INFO] [stdout] 
[INFO] [stdout] error[E0433]: cannot find module or crate `bincode` in this scope
[INFO] [stdout]    --> src/../README.md:209:19
[INFO] [stdout]     |
[INFO] [stdout] 209 |     let payload = bincode::serde::encode_to_vec(&session, config::standard())?;
[INFO] [stdout]     |                   ^^^^^^^ use of unresolved module or unlinked crate `bincode`
[INFO] [stdout]     |
[INFO] [stdout]     = help: if you wanted to use a crate named `bincode`, use `cargo add bincode` to add it to your `Cargo.toml`
[INFO] [stdout] 
[INFO] [stdout] error[E0433]: cannot find module or crate `bincode` in this scope
[INFO] [stdout]    --> src/../README.md:221:9
[INFO] [stdout]     |
[INFO] [stdout] 221 |         bincode::serde::decode_from_slice(bytes, config::standard())?;
[INFO] [stdout]     |         ^^^^^^^ use of unresolved module or unlinked crate `bincode`
[INFO] [stdout]     |
[INFO] [stdout]     = help: if you wanted to use a crate named `bincode`, use `cargo add bincode` to add it to your `Cargo.toml`
[INFO] [stdout] 
[INFO] [stdout] error: aborting due to 5 previous errors
[INFO] [stdout] 
[INFO] [stdout] Some errors have detailed explanations: E0432, E0433.
[INFO] [stdout] For more information about an error, try `rustc --explain E0432`.
[INFO] [stdout] Couldn't compile the test.
[INFO] [stdout] ---- src/../README.md - (line 388) stdout ----
[INFO] [stdout] error[E0425]: cannot find value `client` in this scope
[INFO] [stdout]    --> src/../README.md:392:1
[INFO] [stdout]     |
[INFO] [stdout] 392 | client.set("stats", value).await?;
[INFO] [stdout]     | ^^^^^^ not found in this scope
[INFO] [stdout] 
[INFO] [stdout] error[E0728]: `await` is only allowed inside `async` functions and blocks
[INFO] [stdout]    --> src/../README.md:392:28
[INFO] [stdout]     |
[INFO] [stdout] 388 | fn main() { #[allow(non_snake_case)] fn _doctest_main_src____README_md_388_0() {
[INFO] [stdout]     |                                      ----------------------------------------- this is not `async`
[INFO] [stdout] ...
[INFO] [stdout] 392 | client.set("stats", value).await?;
[INFO] [stdout]     |                            ^^^^^ only allowed inside `async` functions and blocks
[INFO] [stdout] 
[INFO] [stdout] error[E0433]: cannot find type `Value` in this scope
[INFO] [stdout]    --> src/../README.md:389:13
[INFO] [stdout]     |
[INFO] [stdout] 389 | let value = Value::map(vec![
[INFO] [stdout]     |             ^^^^^ use of undeclared type `Value`
[INFO] [stdout] 
[INFO] [stdout] error[E0433]: cannot find type `Value` in this scope
[INFO] [stdout]    --> src/../README.md:390:6
[INFO] [stdout]     |
[INFO] [stdout] 390 |     (Value::text("count"), Value::integer(1_i128)),
[INFO] [stdout]     |      ^^^^^ use of undeclared type `Value`
[INFO] [stdout] 
[INFO] [stdout] error[E0433]: cannot find type `Value` in this scope
[INFO] [stdout]    --> src/../README.md:390:28
[INFO] [stdout]     |
[INFO] [stdout] 390 |     (Value::text("count"), Value::integer(1_i128)),
[INFO] [stdout]     |                            ^^^^^ use of undeclared type `Value`
[INFO] [stdout] 
[INFO] [stdout] error: aborting due to 5 previous errors
[INFO] [stdout] 
[INFO] [stdout] Some errors have detailed explanations: E0425, E0433, E0728.
[INFO] [stdout] For more information about an error, try `rustc --explain E0425`.
[INFO] [stdout] Couldn't compile the test.
[INFO] [stdout] ---- src/../README.md - (line 62) stdout ----
[INFO] [stdout] error: cannot find derive macro `Deserialize` in this scope
[INFO] [stdout]    --> src/../README.md:67:17
[INFO] [stdout]     |
[INFO] [stdout]  67 | #[derive(Debug, Deserialize, Serialize)]
[INFO] [stdout]     |                 ^^^^^^^^^^^
[INFO] [stdout]     |
[INFO] [stdout] note: `Deserialize` is a trait, not a derive macro
[INFO] [stdout]    --> /opt/rustwide/cargo-home/registry/src/index.crates.io-1949cf8c6b5b557f/serde_core-1.0.229/src/de/mod.rs:554:1
[INFO] [stdout]     |
[INFO] [stdout] 554 | pub trait Deserialize<'de>: Sized {
[INFO] [stdout]     | ^^^^^^^^^^^^^^^^^^^^^^^^^^^^^^^^^
[INFO] [stdout]     = help: consider implementing `Deserialize` for your type manually
[INFO] [stdout] 
[INFO] [stdout] error: cannot find derive macro `Serialize` in this scope
[INFO] [stdout]    --> src/../README.md:67:30
[INFO] [stdout]     |
[INFO] [stdout]  67 | #[derive(Debug, Deserialize, Serialize)]
[INFO] [stdout]     |                              ^^^^^^^^^
[INFO] [stdout]     |
[INFO] [stdout] note: `Serialize` is a trait, not a derive macro
[INFO] [stdout]    --> /opt/rustwide/cargo-home/registry/src/index.crates.io-1949cf8c6b5b557f/serde_core-1.0.229/src/ser/mod.rs:234:1
[INFO] [stdout]     |
[INFO] [stdout] 234 | pub trait Serialize {
[INFO] [stdout]     | ^^^^^^^^^^^^^^^^^^^
[INFO] [stdout]     = help: consider implementing `Serialize` for your type manually
[INFO] [stdout] 
[INFO] [stdout] error[E0277]: the trait bound `User: serde::Serialize` is not satisfied
[INFO] [stdout]    --> src/../README.md:76:31
[INFO] [stdout]     |
[INFO] [stdout]  76 |         .set_serde("user:1", &User { id: 7, name: "Ada".into() })
[INFO] [stdout]     |          ---------            ^^^^^^^^^^^^^^^^^^^^^^^^^^^^^^^^^^ unsatisfied trait bound
[INFO] [stdout]     |          |
[INFO] [stdout]     |          required by a bound introduced by this call
[INFO] [stdout]     |
[INFO] [stdout] help: the trait `Serialize` is not implemented for `User`
[INFO] [stdout]    --> src/../README.md:68:1
[INFO] [stdout]     |
[INFO] [stdout]  68 | struct User {
[INFO] [stdout]     | ^^^^^^^^^^^
[INFO] [stdout]     = note: for local types consider adding `#[derive(serde::Serialize)]` to your `User` type
[INFO] [stdout]     = note: for types from other crates check whether the crate offers a `serde` feature flag
[INFO] [stdout]     = help: the following other types implement trait `Serialize`:
[INFO] [stdout]               &'a T
[INFO] [stdout]               &'a mut T
[INFO] [stdout]               ()
[INFO] [stdout]               (T,)
[INFO] [stdout]               (T0, T1)
[INFO] [stdout]               (T0, T1, T2)
[INFO] [stdout]               (T0, T1, T2, T3)
[INFO] [stdout]               (T0, T1, T2, T3, T4)
[INFO] [stdout]             and 130 others
[INFO] [stdout]     = note: required for `&User` to implement `Serialize`
[INFO] [stdout] note: required by a bound in `Client::set_serde`
[INFO] [stdout]    --> src/lib.rs:359:35
[INFO] [stdout]     |
[INFO] [stdout] 186 |     impl Client {
[INFO] [stdout] ...
[INFO] [stdout] 359 |         pub async fn set_serde<T: Serialize>(
[INFO] [stdout]     |                                   ^^^^^^^^^ required by this bound in `Client::set_serde`
[INFO] [stdout] 
[INFO] [stdout] error[E0277]: the trait bound `User: serde::Serialize` is not satisfied
[INFO] [stdout]    --> src/../README.md:75:5
[INFO] [stdout]     |
[INFO] [stdout]  75 | /     client
[INFO] [stdout]  76 | |         .set_serde("user:1", &User { id: 7, name: "Ada".into() })
[INFO] [stdout]     | |_________________________________________________________________^ unsatisfied trait bound
[INFO] [stdout]     |
[INFO] [stdout] help: the trait `Serialize` is not implemented for `User`
[INFO] [stdout]    --> src/../README.md:68:1
[INFO] [stdout]     |
[INFO] [stdout]  68 | struct User {
[INFO] [stdout]     | ^^^^^^^^^^^
[INFO] [stdout]     = note: for local types consider adding `#[derive(serde::Serialize)]` to your `User` type
[INFO] [stdout]     = note: for types from other crates check whether the crate offers a `serde` feature flag
[INFO] [stdout]     = help: the following other types implement trait `Serialize`:
[INFO] [stdout]               &'a T
[INFO] [stdout]               &'a mut T
[INFO] [stdout]               ()
[INFO] [stdout]               (T,)
[INFO] [stdout]               (T0, T1)
[INFO] [stdout]               (T0, T1, T2)
[INFO] [stdout]               (T0, T1, T2, T3)
[INFO] [stdout]               (T0, T1, T2, T3, T4)
[INFO] [stdout]             and 130 others
[INFO] [stdout]     = note: required for `&User` to implement `Serialize`
[INFO] [stdout] note: required by a bound in `Client::set_serde`
[INFO] [stdout]    --> src/lib.rs:359:35
[INFO] [stdout]     |
[INFO] [stdout] 186 |     impl Client {
[INFO] [stdout] ...
[INFO] [stdout] 359 |         pub async fn set_serde<T: Serialize>(
[INFO] [stdout]     |                                   ^^^^^^^^^ required by this bound in `Client::set_serde`
[INFO] [stdout] 
[INFO] [stdout] error[E0277]: the trait bound `User: serde::Serialize` is not satisfied
[INFO] [stdout]    --> src/../README.md:77:10
[INFO] [stdout]     |
[INFO] [stdout]  77 |         .await?;
[INFO] [stdout]     |          ^^^^^ unsatisfied trait bound
[INFO] [stdout]     |
[INFO] [stdout] help: the trait `Serialize` is not implemented for `User`
[INFO] [stdout]    --> src/../README.md:68:1
[INFO] [stdout]     |
[INFO] [stdout]  68 | struct User {
[INFO] [stdout]     | ^^^^^^^^^^^
[INFO] [stdout]     = note: for local types consider adding `#[derive(serde::Serialize)]` to your `User` type
[INFO] [stdout]     = note: for types from other crates check whether the crate offers a `serde` feature flag
[INFO] [stdout]     = help: the following other types implement trait `Serialize`:
[INFO] [stdout]               &'a T
[INFO] [stdout]               &'a mut T
[INFO] [stdout]               ()
[INFO] [stdout]               (T,)
[INFO] [stdout]               (T0, T1)
[INFO] [stdout]               (T0, T1, T2)
[INFO] [stdout]               (T0, T1, T2, T3)
[INFO] [stdout]               (T0, T1, T2, T3, T4)
[INFO] [stdout]             and 130 others
[INFO] [stdout]     = note: required for `&User` to implement `Serialize`
[INFO] [stdout] note: required by a bound in `Client::set_serde`
[INFO] [stdout]    --> src/lib.rs:359:35
[INFO] [stdout]     |
[INFO] [stdout] 186 |     impl Client {
[INFO] [stdout] ...
[INFO] [stdout] 359 |         pub async fn set_serde<T: Serialize>(
[INFO] [stdout]     |                                   ^^^^^^^^^ required by this bound in `Client::set_serde`
[INFO] [stdout] 
[INFO] [stdout] error[E0277]: the trait bound `User: serde::de::DeserializeOwned` is not satisfied
[INFO] [stdout]    --> src/../README.md:78:29
[INFO] [stdout]     |
[INFO] [stdout]  78 |     let user: User = client.get_serde("user:1").await?.unwrap();
[INFO] [stdout]     |                             ^^^^^^^^^ unsatisfied trait bound
[INFO] [stdout]     |
[INFO] [stdout] help: the trait `for<'de> Deserialize<'de>` is not implemented for `User`
[INFO] [stdout]    --> src/../README.md:68:1
[INFO] [stdout]     |
[INFO] [stdout]  68 | struct User {
[INFO] [stdout]     | ^^^^^^^^^^^
[INFO] [stdout]     = help: the following other types implement trait `Deserialize<'de>`:
[INFO] [stdout]               &'a Path
[INFO] [stdout]               &'a [u8]
[INFO] [stdout]               &'a str
[INFO] [stdout]               ()
[INFO] [stdout]               (T,)
[INFO] [stdout]               (T0, T1)
[INFO] [stdout]               (T0, T1, T2)
[INFO] [stdout]               (T0, T1, T2, T3)
[INFO] [stdout]             and 142 others
[INFO] [stdout]     = note: required for `User` to implement `DeserializeOwned`
[INFO] [stdout] note: required by a bound in `Client::get_serde`
[INFO] [stdout]    --> src/lib.rs:325:35
[INFO] [stdout]     |
[INFO] [stdout] 186 |     impl Client {
[INFO] [stdout] ...
[INFO] [stdout] 325 |         pub async fn get_serde<T: DeserializeOwned>(
[INFO] [stdout]     |                                   ^^^^^^^^^^^^^^^^ required by this bound in `Client::get_serde`
[INFO] [stdout] 
[INFO] [stdout] error: aborting due to 6 previous errors
[INFO] [stdout] 
[INFO] [stdout] For more information about this error, try `rustc --explain E0277`.
[INFO] [stdout] Couldn't compile the test.
[INFO] [stdout] ---- src/../README.md - (line 397) stdout ----
[INFO] [stdout] Test executable failed (exit status: 1).
[INFO] [stdout] 
[INFO] [stdout] stderr:
[INFO] [stdout] Error: Core("operation timed out during connection setup")
[INFO] [stdout] 
[INFO] [stdout] 
[INFO] [stdout] ---- src/../README.md - (line 28) stdout ----
[INFO] [stdout] Test executable failed (exit status: 1).
[INFO] [stdout] 
[INFO] [stdout] stderr:
[INFO] [stdout] Error: Core("operation timed out during connection setup")
[INFO] [stdout] 
[INFO] [stdout] 
[INFO] [stdout] 
[INFO] [stdout] failures:
[INFO] [stdout]     src/../README.md - (line 116)
[INFO] [stdout]     src/../README.md - (line 187)
[INFO] [stdout]     src/../README.md - (line 242)
[INFO] [stdout]     src/../README.md - (line 256)
[INFO] [stdout]     src/../README.md - (line 276)
[INFO] [stdout]     src/../README.md - (line 28)
[INFO] [stdout]     src/../README.md - (line 322)
[INFO] [stdout]     src/../README.md - (line 336)
[INFO] [stdout]     src/../README.md - (line 351)
[INFO] [stdout]     src/../README.md - (line 382)
[INFO] [stdout]     src/../README.md - (line 388)
[INFO] [stdout]     src/../README.md - (line 397)
[INFO] [stdout]     src/../README.md - (line 62)
[INFO] [stdout] 
[INFO] [stdout] test result: FAILED. 0 passed; 13 failed; 0 ignored; 0 measured; 0 filtered out; finished in 7.80s
[INFO] [stdout] 
[INFO] [stdout] all doctests ran in 8.18s; merged doctests compilation took 0.38s
[INFO] [stderr] error: doctest failed, to rerun pass `--doc`
[INFO] running `Command { std: "docker" "inspect" "32d4e08439a8c526429efaf80f651fa683fe613a15eb4abd955a50fdd45227e9", kill_on_drop: false }`
[INFO] running `Command { std: "docker" "rm" "-f" "32d4e08439a8c526429efaf80f651fa683fe613a15eb4abd955a50fdd45227e9", kill_on_drop: false }`
[INFO] [stdout] 32d4e08439a8c526429efaf80f651fa683fe613a15eb4abd955a50fdd45227e9
