[INFO] fetching crate openjp2 0.6.1...
[INFO] testing openjp2-0.6.1 against 1.99.0-beta.8+cargoflags=--release for beta-release-1.100-2
[INFO] extracting crate openjp2 0.6.1 into /workspace/builds/worker-1-tc1/source
[INFO] started tweaking crates.io crate openjp2 0.6.1
[INFO] removed 0 missing tests
[INFO] finished tweaking crates.io crate openjp2 0.6.1
[INFO] tweaked toml for crates.io crate openjp2 0.6.1 written to /workspace/builds/worker-1-tc1/source/Cargo.toml
[INFO] validating manifest of crates.io crate openjp2 0.6.1 on toolchain 1.99.0-beta.8
[INFO] running `Command { std: CARGO_HOME="/workspace/cargo-home" RUSTUP_HOME="/workspace/rustup-home" "/workspace/cargo-home/bin/cargo" "+1.99.0-beta.8" "metadata" "--manifest-path" "Cargo.toml" "--no-deps", kill_on_drop: false }`
[INFO] crate crates.io crate openjp2 0.6.1 already has a lockfile, it will not be regenerated
[INFO] running `Command { std: CARGO_HOME="/workspace/cargo-home" RUSTUP_HOME="/workspace/rustup-home" "/workspace/cargo-home/bin/cargo" "+1.99.0-beta.8" "fetch" "--manifest-path" "Cargo.toml", kill_on_drop: false }`
[INFO] [stderr]  Downloading crates ...
[INFO] [stderr]   Downloaded sprintf v0.1.3
[INFO] running `Command { std: "docker" "create" "-v" "/var/lib/crater-agent-workspace/builds/worker-1-tc1/source:/opt/rustwide/workdir:ro,Z" "-v" "/var/lib/crater-agent-workspace/builds/worker-1-tc1/target:/opt/rustwide/target:rw,Z" "-v" "/var/lib/crater-agent-workspace/cargo-home:/opt/rustwide/cargo-home:ro,Z" "-v" "/var/lib/crater-agent-workspace/rustup-home:/opt/rustwide/rustup-home:ro,Z" "-m" "1610612736" "--network" "none" "ghcr.io/rust-lang/crates-build-env/linux@sha256:77db811e55d90add9212f6832c23229e3de5f1c1f9905e8cb07319ea15df73ac" "sleep" "infinity", kill_on_drop: false }`
[INFO] [stdout] e95b2b8a3a0d652add9c12032bbd9746c74f927dda39a2d401258ea0acb2e4f3
[INFO] running `Command { std: "docker" "start" "e95b2b8a3a0d652add9c12032bbd9746c74f927dda39a2d401258ea0acb2e4f3", kill_on_drop: false }`
[INFO] running `Command { std: "docker" "inspect" "e95b2b8a3a0d652add9c12032bbd9746c74f927dda39a2d401258ea0acb2e4f3", kill_on_drop: false }`
[INFO] running `Command { std: "docker" "exec" "-e" "SOURCE_DIR=/opt/rustwide/workdir" "-e" "CARGO_HOME=/opt/rustwide/cargo-home" "-e" "RUSTUP_HOME=/opt/rustwide/rustup-home" "-e" "CARGO_TARGET_DIR=/opt/rustwide/target" "-w" "/opt/rustwide/workdir" "--user" "0:0" "e95b2b8a3a0d652add9c12032bbd9746c74f927dda39a2d401258ea0acb2e4f3" "/opt/rustwide/cargo-home/bin/cargo" "+1.99.0-beta.8" "metadata" "--no-deps" "--format-version=1", kill_on_drop: false }`
[INFO] running `Command { std: "docker" "inspect" "e95b2b8a3a0d652add9c12032bbd9746c74f927dda39a2d401258ea0acb2e4f3", kill_on_drop: false }`
[INFO] running `Command { std: "docker" "exec" "-e" "SOURCE_DIR=/opt/rustwide/workdir" "-e" "CARGO_HOME=/opt/rustwide/cargo-home" "-e" "RUSTUP_HOME=/opt/rustwide/rustup-home" "-e" "CARGO_TARGET_DIR=/opt/rustwide/target" "-e" "CARGO_INCREMENTAL=0" "-e" "RUST_BACKTRACE=full" "-e" "RUSTFLAGS=--cap-lints=warn" "-e" "RUSTDOCFLAGS=--cap-lints=warn" "-w" "/opt/rustwide/workdir" "--user" "0:0" "e95b2b8a3a0d652add9c12032bbd9746c74f927dda39a2d401258ea0acb2e4f3" "/opt/rustwide/cargo-home/bin/cargo" "+1.99.0-beta.8" "build" "--frozen" "--message-format=json" "--release", kill_on_drop: false }`
[INFO] [stderr]    Compiling libc v0.2.169
[INFO] [stderr]    Compiling smallvec v1.13.2
[INFO] [stderr]    Compiling sprintf v0.1.3
[INFO] [stderr]    Compiling openjp2 v0.6.1 (/opt/rustwide/workdir)
[INFO] [stdout] warning: hiding a lifetime that's elided elsewhere is confusing
[INFO] [stdout]    --> src/types.rs:294:22
[INFO] [stdout]     |
[INFO] [stdout] 294 |   pub fn icc_profile(&self) -> Option<ICCProfileRef> {
[INFO] [stdout]     |                      ^^^^^            ^^^^^^^^^^^^^ the same lifetime is hidden here
[INFO] [stdout]     |                      |
[INFO] [stdout]     |                      the lifetime is elided here
[INFO] [stdout]     |
[INFO] [stdout]     = help: the same lifetime is referred to in inconsistent ways, making the signature confusing
[INFO] [stdout]     = note: `#[warn(mismatched_lifetime_syntaxes)]` on by default
[INFO] [stdout] help: use `'_` for type paths
[INFO] [stdout]     |
[INFO] [stdout] 294 |   pub fn icc_profile(&self) -> Option<ICCProfileRef<'_>> {
[INFO] [stdout]     |                                                    ++++
[INFO] [stdout] 
[INFO] [stdout] 
[INFO] [stderr]     Finished `release` profile [optimized] target(s) in 7.89s
[INFO] running `Command { std: "docker" "inspect" "e95b2b8a3a0d652add9c12032bbd9746c74f927dda39a2d401258ea0acb2e4f3", kill_on_drop: false }`
[INFO] running `Command { std: "docker" "exec" "-e" "SOURCE_DIR=/opt/rustwide/workdir" "-e" "CARGO_HOME=/opt/rustwide/cargo-home" "-e" "RUSTUP_HOME=/opt/rustwide/rustup-home" "-e" "CARGO_TARGET_DIR=/opt/rustwide/target" "-e" "CARGO_INCREMENTAL=0" "-e" "RUST_BACKTRACE=full" "-e" "RUSTFLAGS=--cap-lints=warn" "-e" "RUSTDOCFLAGS=--cap-lints=warn" "-w" "/opt/rustwide/workdir" "--user" "0:0" "e95b2b8a3a0d652add9c12032bbd9746c74f927dda39a2d401258ea0acb2e4f3" "/opt/rustwide/cargo-home/bin/cargo" "+1.99.0-beta.8" "test" "--frozen" "--no-run" "--message-format=json" "--release", kill_on_drop: false }`
[INFO] [stderr]    Compiling openjp2 v0.6.1 (/opt/rustwide/workdir)
[INFO] [stdout] warning: hiding a lifetime that's elided elsewhere is confusing
[INFO] [stdout]    --> src/types.rs:294:22
[INFO] [stdout]     |
[INFO] [stdout] 294 |   pub fn icc_profile(&self) -> Option<ICCProfileRef> {
[INFO] [stdout]     |                      ^^^^^            ^^^^^^^^^^^^^ the same lifetime is hidden here
[INFO] [stdout]     |                      |
[INFO] [stdout]     |                      the lifetime is elided here
[INFO] [stdout]     |
[INFO] [stdout]     = help: the same lifetime is referred to in inconsistent ways, making the signature confusing
[INFO] [stdout]     = note: `#[warn(mismatched_lifetime_syntaxes)]` on by default
[INFO] [stdout] help: use `'_` for type paths
[INFO] [stdout]     |
[INFO] [stdout] 294 |   pub fn icc_profile(&self) -> Option<ICCProfileRef<'_>> {
[INFO] [stdout]     |                                                    ++++
[INFO] [stdout] 
[INFO] [stdout] 
[INFO] [stdout] warning: hiding a lifetime that's elided elsewhere is confusing
[INFO] [stdout]    --> src/types.rs:294:22
[INFO] [stdout]     |
[INFO] [stdout] 294 |   pub fn icc_profile(&self) -> Option<ICCProfileRef> {
[INFO] [stdout]     |                      ^^^^^            ^^^^^^^^^^^^^ the same lifetime is hidden here
[INFO] [stdout]     |                      |
[INFO] [stdout]     |                      the lifetime is elided here
[INFO] [stdout]     |
[INFO] [stdout]     = help: the same lifetime is referred to in inconsistent ways, making the signature confusing
[INFO] [stdout]     = note: `#[warn(mismatched_lifetime_syntaxes)]` on by default
[INFO] [stdout] help: use `'_` for type paths
[INFO] [stdout]     |
[INFO] [stdout] 294 |   pub fn icc_profile(&self) -> Option<ICCProfileRef<'_>> {
[INFO] [stdout]     |                                                    ++++
[INFO] [stdout] 
[INFO] [stdout] 
[INFO] [stderr]     Finished `release` profile [optimized] target(s) in 8.33s
[INFO] running `Command { std: "docker" "inspect" "e95b2b8a3a0d652add9c12032bbd9746c74f927dda39a2d401258ea0acb2e4f3", kill_on_drop: false }`
[INFO] running `Command { std: "docker" "exec" "-e" "SOURCE_DIR=/opt/rustwide/workdir" "-e" "CARGO_HOME=/opt/rustwide/cargo-home" "-e" "RUSTUP_HOME=/opt/rustwide/rustup-home" "-e" "CARGO_TARGET_DIR=/opt/rustwide/target" "-e" "CARGO_INCREMENTAL=0" "-e" "RUST_BACKTRACE=full" "-e" "RUSTFLAGS=--cap-lints=warn" "-e" "RUSTDOCFLAGS=--cap-lints=warn" "-w" "/opt/rustwide/workdir" "--user" "0:0" "e95b2b8a3a0d652add9c12032bbd9746c74f927dda39a2d401258ea0acb2e4f3" "/opt/rustwide/cargo-home/bin/cargo" "+1.99.0-beta.8" "test" "--frozen" "--release", kill_on_drop: false }`
[INFO] [stderr] warning: hiding a lifetime that's elided elsewhere is confusing
[INFO] [stderr]    --> src/types.rs:294:22
[INFO] [stderr]     |
[INFO] [stderr] 294 |   pub fn icc_profile(&self) -> Option<ICCProfileRef> {
[INFO] [stderr]     |                      ^^^^^            ^^^^^^^^^^^^^ the same lifetime is hidden here
[INFO] [stderr]     |                      |
[INFO] [stderr]     |                      the lifetime is elided here
[INFO] [stderr]     |
[INFO] [stderr]     = help: the same lifetime is referred to in inconsistent ways, making the signature confusing
[INFO] [stderr]     = note: `#[warn(mismatched_lifetime_syntaxes)]` on by default
[INFO] [stderr] help: use `'_` for type paths
[INFO] [stderr]     |
[INFO] [stderr] 294 |   pub fn icc_profile(&self) -> Option<ICCProfileRef<'_>> {
[INFO] [stderr]     |                                                    ++++
[INFO] [stderr] 
[INFO] [stderr] warning: `openjp2` (lib) generated 1 warning (run `cargo fix --lib -p openjp2` to apply 1 suggestion)
[INFO] [stderr] warning: `openjp2` (lib test) generated 1 warning (1 duplicate)
[INFO] [stderr]     Finished `release` profile [optimized] target(s) in 0.02s
[INFO] [stderr]      Running unittests src/lib.rs (/opt/rustwide/target/release/deps/openjp2-7ba6fe1e5a8f63f8)
[INFO] [stdout] 
[INFO] [stdout] running 2 tests
[INFO] [stdout] test consts::tests::test_jpip_box_type_roundtrip ... ok
[INFO] [stdout] test consts::tests::test_jp2_box_type_roundtrip ... ok
[INFO] [stdout] 
[INFO] [stdout] test result: ok. 2 passed; 0 failed; 0 ignored; 0 measured; 0 filtered out; finished in 0.00s
[INFO] [stdout] 
[INFO] [stderr]      Running tests/byte_stream.rs (/opt/rustwide/target/release/deps/byte_stream-cb92721a6ebb7a9c)
[INFO] [stdout] 
[INFO] [stdout] running 1 test
[INFO] [stdout] test decode_byte_stream ... FAILED
[INFO] [stderr] error: test failed, to rerun pass `--test byte_stream`
[INFO] [stdout] 
[INFO] [stdout] failures:
[INFO] [stdout] 
[INFO] [stdout] ---- decode_byte_stream stdout ----
[INFO] [stdout] 
[INFO] [stdout] thread 'decode_byte_stream' (345) panicked at tests/byte_stream.rs:112:58:
[INFO] [stdout] Open file: Os { code: 2, kind: NotFound, message: "No such file or directory" }
[INFO] [stdout] stack backtrace:
[INFO] [stdout]    0:     0x63faac8e09e1 - <<std[70759c8f55707aa4]::sys::backtrace::BacktraceLock>::print::DisplayBacktrace as core[df12db4294e9bfd3]::fmt::Display>::fmt
[INFO] [stdout]    1:     0x63faac8f4cda - core[df12db4294e9bfd3]::fmt::write
[INFO] [stdout]    2:     0x63faac8e4e7c - <alloc[2182bb758b4b3781]::vec::Vec<u8> as core[df12db4294e9bfd3]::io::write::Write>::write_fmt
[INFO] [stdout]    3:     0x63faac8bcfd6 - std[70759c8f55707aa4]::panicking::default_hook::{closure#0}
[INFO] [stdout]    4:     0x63faac8d9149 - std[70759c8f55707aa4]::panicking::default_hook
[INFO] [stdout]    5:     0x63faac83a530 - test[9d35eded1c95d3be]::test_main_inner::<test[9d35eded1c95d3be]::test_main_static::{closure#0}>::{closure#0}
[INFO] [stdout]    6:     0x63faac8d9302 - std[70759c8f55707aa4]::panicking::panic_with_hook
[INFO] [stdout]    7:     0x63faac8bd082 - std[70759c8f55707aa4]::panicking::panic_handler::{closure#0}
[INFO] [stdout]    8:     0x63faac8b5e09 - std[70759c8f55707aa4]::sys::backtrace::__rust_end_short_backtrace::<std[70759c8f55707aa4]::panicking::panic_handler::{closure#0}, !>
[INFO] [stdout]    9:     0x63faac8bdc7d - __rustc[8fa7c3cbc660c2b3]::rust_begin_unwind
[INFO] [stdout]   10:     0x63faac8f540c - core[df12db4294e9bfd3]::panicking::panic_fmt
[INFO] [stdout]   11:     0x63faac8f51e2 - core[df12db4294e9bfd3]::result::unwrap_failed
[INFO] [stdout]   12:     0x63faac82d6ea - <byte_stream[e26b97a9eb740f1]::decode_byte_stream::{closure#0} as core[df12db4294e9bfd3]::ops::function::FnOnce<()>>::call_once
[INFO] [stdout]   13:     0x63faac82d81b - test[9d35eded1c95d3be]::__rust_begin_short_backtrace::<core[df12db4294e9bfd3]::result::Result<(), alloc[2182bb758b4b3781]::string::String>, fn() -> core[df12db4294e9bfd3]::result::Result<(), alloc[2182bb758b4b3781]::string::String>>
[INFO] [stdout]   14:     0x63faac83ae85 - test[9d35eded1c95d3be]::run_test::{closure#0}
[INFO] [stdout]   15:     0x63faac834744 - std[70759c8f55707aa4]::sys::backtrace::__rust_begin_short_backtrace::<test[9d35eded1c95d3be]::run_test::{closure#1}, ()>
[INFO] [stdout]   16:     0x63faac83dfe2 - <std[70759c8f55707aa4]::thread::lifecycle::spawn_unchecked<test[9d35eded1c95d3be]::run_test::{closure#1}, ()>::{closure#1} as core[df12db4294e9bfd3]::ops::function::FnOnce<()>>::call_once::{shim:vtable#0}
[INFO] [stdout]   17:     0x63faac8e02b9 - <std[70759c8f55707aa4]::sys::thread::unix::Thread>::new::thread_start
[INFO] [stdout]   18:     0x726270fc3dfa - <unknown>
[INFO] [stdout]   19:     0x7262710573d4 - clone
[INFO] [stdout]   20:                0x0 - <unknown>
[INFO] [stdout] 
[INFO] [stdout] 
[INFO] [stdout] failures:
[INFO] [stdout]     decode_byte_stream
[INFO] [stdout] 
[INFO] [stdout] test result: FAILED. 0 passed; 1 failed; 0 ignored; 0 measured; 0 filtered out; finished in 0.00s
[INFO] [stdout] 
[INFO] running `Command { std: "docker" "inspect" "e95b2b8a3a0d652add9c12032bbd9746c74f927dda39a2d401258ea0acb2e4f3", kill_on_drop: false }`
[INFO] running `Command { std: "docker" "rm" "-f" "e95b2b8a3a0d652add9c12032bbd9746c74f927dda39a2d401258ea0acb2e4f3", kill_on_drop: false }`
[INFO] [stdout] e95b2b8a3a0d652add9c12032bbd9746c74f927dda39a2d401258ea0acb2e4f3
