[INFO] fetching crate openinvar-mcp 0.3.0...
[INFO] testing openinvar-mcp-0.3.0 against 1.100.0-beta.1+cargoflags=--release for beta-release-1.100-2
[INFO] extracting crate openinvar-mcp 0.3.0 into /workspace/builds/worker-2-tc2/source
[INFO] started tweaking crates.io crate openinvar-mcp 0.3.0
[INFO] removed 0 missing tests
[INFO] finished tweaking crates.io crate openinvar-mcp 0.3.0
[INFO] tweaked toml for crates.io crate openinvar-mcp 0.3.0 written to /workspace/builds/worker-2-tc2/source/Cargo.toml
[INFO] validating manifest of crates.io crate openinvar-mcp 0.3.0 on toolchain 1.100.0-beta.1
[INFO] running `Command { std: CARGO_HOME="/workspace/cargo-home" RUSTUP_HOME="/workspace/rustup-home" "/workspace/cargo-home/bin/cargo" "+1.100.0-beta.1" "metadata" "--manifest-path" "Cargo.toml" "--no-deps", kill_on_drop: false }`
[INFO] crate crates.io crate openinvar-mcp 0.3.0 already has a lockfile, it will not be regenerated
[INFO] running `Command { std: CARGO_HOME="/workspace/cargo-home" RUSTUP_HOME="/workspace/rustup-home" "/workspace/cargo-home/bin/cargo" "+1.100.0-beta.1" "fetch" "--manifest-path" "Cargo.toml", kill_on_drop: false }`
[INFO] running `Command { std: "docker" "create" "-v" "/var/lib/crater-agent-workspace/builds/worker-2-tc2/source:/opt/rustwide/workdir:ro,Z" "-v" "/var/lib/crater-agent-workspace/builds/worker-2-tc2/target:/opt/rustwide/target:rw,Z" "-v" "/var/lib/crater-agent-workspace/cargo-home:/opt/rustwide/cargo-home:ro,Z" "-v" "/var/lib/crater-agent-workspace/rustup-home:/opt/rustwide/rustup-home:ro,Z" "-m" "1610612736" "--network" "none" "ghcr.io/rust-lang/crates-build-env/linux@sha256:77db811e55d90add9212f6832c23229e3de5f1c1f9905e8cb07319ea15df73ac" "sleep" "infinity", kill_on_drop: false }`
[INFO] [stdout] 712a8503e55cb1ff95369ac8ff6f2c2a10a8c8ba3751bd5a9ccc43bc0703e9bb
[INFO] running `Command { std: "docker" "start" "712a8503e55cb1ff95369ac8ff6f2c2a10a8c8ba3751bd5a9ccc43bc0703e9bb", kill_on_drop: false }`
[INFO] running `Command { std: "docker" "inspect" "712a8503e55cb1ff95369ac8ff6f2c2a10a8c8ba3751bd5a9ccc43bc0703e9bb", kill_on_drop: false }`
[INFO] running `Command { std: "docker" "exec" "-e" "SOURCE_DIR=/opt/rustwide/workdir" "-e" "CARGO_HOME=/opt/rustwide/cargo-home" "-e" "RUSTUP_HOME=/opt/rustwide/rustup-home" "-e" "CARGO_TARGET_DIR=/opt/rustwide/target" "-w" "/opt/rustwide/workdir" "--user" "0:0" "712a8503e55cb1ff95369ac8ff6f2c2a10a8c8ba3751bd5a9ccc43bc0703e9bb" "/opt/rustwide/cargo-home/bin/cargo" "+1.100.0-beta.1" "metadata" "--no-deps" "--format-version=1", kill_on_drop: false }`
[INFO] running `Command { std: "docker" "inspect" "712a8503e55cb1ff95369ac8ff6f2c2a10a8c8ba3751bd5a9ccc43bc0703e9bb", kill_on_drop: false }`
[INFO] running `Command { std: "docker" "exec" "-e" "SOURCE_DIR=/opt/rustwide/workdir" "-e" "CARGO_HOME=/opt/rustwide/cargo-home" "-e" "RUSTUP_HOME=/opt/rustwide/rustup-home" "-e" "CARGO_TARGET_DIR=/opt/rustwide/target" "-e" "CARGO_INCREMENTAL=0" "-e" "RUST_BACKTRACE=full" "-e" "RUSTFLAGS=--cap-lints=warn" "-e" "RUSTDOCFLAGS=--cap-lints=warn" "-w" "/opt/rustwide/workdir" "--user" "0:0" "712a8503e55cb1ff95369ac8ff6f2c2a10a8c8ba3751bd5a9ccc43bc0703e9bb" "/opt/rustwide/cargo-home/bin/cargo" "+1.100.0-beta.1" "build" "--frozen" "--message-format=json" "--release", kill_on_drop: false }`
[INFO] [stderr]    Compiling cc v1.0.106
[INFO] [stderr]    Compiling smallvec v1.16.1
[INFO] [stderr]    Compiling zerocopy v0.8.57
[INFO] [stderr]    Compiling syn v3.0.5
[INFO] [stderr]    Compiling syn v2.0.119
[INFO] [stderr]    Compiling serde_json v1.0.151
[INFO] [stderr]    Compiling serde_core v1.0.229
[INFO] [stderr]    Compiling indexmap v2.14.2
[INFO] [stderr]    Compiling futures-channel v0.3.34
[INFO] [stderr]    Compiling parking_lot_core v0.9.12
[INFO] [stderr]    Compiling toml_datetime v1.1.1+spec-1.1.0
[INFO] [stderr]    Compiling serde_spanned v1.1.1
[INFO] [stderr]    Compiling zmij v1.0.23
[INFO] [stderr]    Compiling ref-cast v1.0.27
[INFO] [stderr]    Compiling fixedbitset v0.4.2
[INFO] [stderr]    Compiling either v1.18.0
[INFO] [stderr]    Compiling petgraph v0.6.5
[INFO] [stderr]    Compiling rayon v1.12.0
[INFO] [stderr]    Compiling toml v1.1.6+spec-1.1.0
[INFO] [stderr]    Compiling tree-sitter v0.22.6
[INFO] [stderr]    Compiling libsqlite3-sys v0.30.0
[INFO] [stderr]    Compiling serde_derive_internals v0.30.0
[INFO] [stderr]    Compiling darling_core v0.23.0
[INFO] [stderr]    Compiling tree-sitter-c v0.21.4
[INFO] [stderr]    Compiling serde_derive v1.0.229
[INFO] [stderr]    Compiling thiserror-impl v2.0.20
[INFO] [stderr]    Compiling ahash v0.8.12
[INFO] [stderr]    Compiling hashbrown v0.14.5
[INFO] [stderr]    Compiling futures-macro v0.3.34
[INFO] [stderr]    Compiling thiserror v2.0.20
[INFO] [stderr]    Compiling tokio-macros v2.7.2
[INFO] [stderr]    Compiling futures-util v0.3.34
[INFO] [stderr]    Compiling ref-cast-impl v1.0.27
[INFO] [stderr]    Compiling dashmap v6.2.1
[INFO] [stderr]    Compiling tree-sitter-c-sharp v0.21.3
[INFO] [stderr]    Compiling tree-sitter-cpp v0.21.0
[INFO] [stderr]    Compiling tree-sitter-go v0.21.2
[INFO] [stderr]    Compiling tree-sitter-java v0.21.0
[INFO] [stderr]    Compiling tree-sitter-javascript v0.21.4
[INFO] [stderr]    Compiling tree-sitter-python v0.21.0
[INFO] [stderr]    Compiling tree-sitter-ruby v0.21.0
[INFO] [stderr]    Compiling tree-sitter-rust v0.21.2
[INFO] [stderr]    Compiling tree-sitter-typescript v0.21.2
[INFO] [stderr]    Compiling parking_lot v0.12.5
[INFO] [stderr]    Compiling darling_macro v0.23.0
[INFO] [stderr]    Compiling glob v0.3.4
[INFO] [stderr]    Compiling darling v0.23.0
[INFO] [stderr]    Compiling tokio v1.53.1
[INFO] [stderr]    Compiling serde v1.0.229
[INFO] [stderr]    Compiling hashlink v0.9.1
[INFO] [stderr]    Compiling chrono v0.4.45
[INFO] [stderr]    Compiling tracing-attributes v0.1.31
[INFO] [stderr]    Compiling schemars_derive v1.2.2
[INFO] [stderr]    Compiling futures-executor v0.3.34
[INFO] [stderr]    Compiling fallible-iterator v0.3.0
[INFO] [stderr]    Compiling fallible-streaming-iterator v0.1.9
[INFO] [stderr]    Compiling rmcp v1.8.0
[INFO] [stderr]    Compiling tracing v0.1.44
[INFO] [stderr]    Compiling schemars v1.2.2
[INFO] [stderr]    Compiling futures v0.3.34
[INFO] [stderr]    Compiling async-trait v0.1.92
[INFO] [stderr]    Compiling pastey v0.2.3
[INFO] [stderr]    Compiling rmcp-macros v1.8.0
[INFO] [stderr]    Compiling openinvar-core v0.3.0
[INFO] [stderr]    Compiling tokio-util v0.7.19
[INFO] [stderr]    Compiling openinvar-lang v0.3.0
[INFO] [stderr]    Compiling rusqlite v0.32.0
[INFO] [stderr]    Compiling openinvar-store v0.3.0
[INFO] [stderr]    Compiling openinvar-mcp v0.3.0 (/opt/rustwide/workdir)
[INFO] [stderr]     Finished `release` profile [optimized] target(s) in 2m 19s
[INFO] running `Command { std: "docker" "inspect" "712a8503e55cb1ff95369ac8ff6f2c2a10a8c8ba3751bd5a9ccc43bc0703e9bb", kill_on_drop: false }`
[INFO] running `Command { std: "docker" "exec" "-e" "SOURCE_DIR=/opt/rustwide/workdir" "-e" "CARGO_HOME=/opt/rustwide/cargo-home" "-e" "RUSTUP_HOME=/opt/rustwide/rustup-home" "-e" "CARGO_TARGET_DIR=/opt/rustwide/target" "-e" "CARGO_INCREMENTAL=0" "-e" "RUST_BACKTRACE=full" "-e" "RUSTFLAGS=--cap-lints=warn" "-e" "RUSTDOCFLAGS=--cap-lints=warn" "-w" "/opt/rustwide/workdir" "--user" "0:0" "712a8503e55cb1ff95369ac8ff6f2c2a10a8c8ba3751bd5a9ccc43bc0703e9bb" "/opt/rustwide/cargo-home/bin/cargo" "+1.100.0-beta.1" "test" "--frozen" "--no-run" "--message-format=json" "--release", kill_on_drop: false }`
[INFO] [stderr]    Compiling openinvar-mcp v0.3.0 (/opt/rustwide/workdir)
[INFO] [stderr]     Finished `release` profile [optimized] target(s) in 17.85s
[INFO] running `Command { std: "docker" "inspect" "712a8503e55cb1ff95369ac8ff6f2c2a10a8c8ba3751bd5a9ccc43bc0703e9bb", kill_on_drop: false }`
[INFO] running `Command { std: "docker" "exec" "-e" "SOURCE_DIR=/opt/rustwide/workdir" "-e" "CARGO_HOME=/opt/rustwide/cargo-home" "-e" "RUSTUP_HOME=/opt/rustwide/rustup-home" "-e" "CARGO_TARGET_DIR=/opt/rustwide/target" "-e" "CARGO_INCREMENTAL=0" "-e" "RUST_BACKTRACE=full" "-e" "RUSTFLAGS=--cap-lints=warn" "-e" "RUSTDOCFLAGS=--cap-lints=warn" "-w" "/opt/rustwide/workdir" "--user" "0:0" "712a8503e55cb1ff95369ac8ff6f2c2a10a8c8ba3751bd5a9ccc43bc0703e9bb" "/opt/rustwide/cargo-home/bin/cargo" "+1.100.0-beta.1" "test" "--frozen" "--release", kill_on_drop: false }`
[INFO] [stderr]     Finished `release` profile [optimized] target(s) in 0.22s
[INFO] [stdout] 
[INFO] [stderr]      Running unittests src/lib.rs (/opt/rustwide/target/release/build/openinvar-mcp/47767cba98848b35/out/openinvar_mcp-47767cba98848b35)
[INFO] [stdout] running 0 tests
[INFO] [stderr]      Running tests/diff_check_tools.rs (/opt/rustwide/target/release/build/openinvar-mcp/e6f947a1e28349a4/out/diff_check_tools-e6f947a1e28349a4)
[INFO] [stdout] 
[INFO] [stdout] test result: ok. 0 passed; 0 failed; 0 ignored; 0 measured; 0 filtered out; finished in 0.00s
[INFO] [stdout] 
[INFO] [stdout] 
[INFO] [stdout] running 6 tests
[INFO] [stdout] test a_delta_rule_without_a_delta_is_reported_as_skipped_and_not_as_clean ... FAILED
[INFO] [stdout] test a_malformed_rules_file_is_an_error_that_says_nothing_was_checked ... FAILED
[INFO] [stdout] test a_repository_with_no_rules_file_is_told_that_nothing_was_enforced ... FAILED
[INFO] [stdout] test a_revision_that_was_never_recorded_is_an_error_naming_the_fix ... FAILED
[INFO] [stdout] test base_without_head_is_refused ... FAILED
[INFO] [stdout] test an_unresolvable_revision_is_refused_rather_than_used_as_a_name ... FAILED
[INFO] [stdout] 
[INFO] [stdout] failures:
[INFO] [stdout] 
[INFO] [stdout] ---- a_delta_rule_without_a_delta_is_reported_as_skipped_and_not_as_clean stdout ----
[INFO] [stdout] 
[INFO] [stdout] thread 'a_delta_rule_without_a_delta_is_reported_as_skipped_and_not_as_clean' (1844) panicked at tests/diff_check_tools.rs:28:42:
[INFO] [stdout] read fixture dir: Os { code: 2, kind: NotFound, message: "No such file or directory" }
[INFO] [stdout] stack backtrace:
[INFO] [stdout]    0:     0x5a07d63acef1 - <<std[617be2ca0a6fd877]::sys::backtrace::BacktraceLock>::print::DisplayBacktrace as core[a373ad73a504971]::fmt::Display>::fmt
[INFO] [stdout]    1:     0x5a07d63c26da - core[a373ad73a504971]::fmt::write
[INFO] [stdout]    2:     0x5a07d63b14ac - <alloc[2e1b2a31b91974c5]::vec::Vec<u8> as core[a373ad73a504971]::io::write::Write>::write_fmt
[INFO] [stdout]    3:     0x5a07d6386756 - std[617be2ca0a6fd877]::panicking::default_hook::{closure#0}
[INFO] [stdout]    4:     0x5a07d63a38f9 - std[617be2ca0a6fd877]::panicking::default_hook
[INFO] [stdout]    5:     0x5a07d610d0c0 - test[aada8e7e76ba119b]::test_main_inner::{closure#0}
[INFO] [stdout]    6:     0x5a07d63a3ab2 - std[617be2ca0a6fd877]::panicking::panic_with_hook
[INFO] [stdout]    7:     0x5a07d6386802 - std[617be2ca0a6fd877]::panicking::panic_handler::{closure#0}
[INFO] [stdout]    8:     0x5a07d637f199 - std[617be2ca0a6fd877]::sys::backtrace::__rust_end_short_backtrace::<std[617be2ca0a6fd877]::panicking::panic_handler::{closure#0}, !>
[INFO] [stdout]    9:     0x5a07d638740d - __rustc[ea4f61d10b84890b]::rust_begin_unwind
[INFO] [stdout]   10:     0x5a07d63c2e7c - core[a373ad73a504971]::panicking::panic_fmt
[INFO] [stdout]   11:     0x5a07d63c2c52 - core[a373ad73a504971]::result::unwrap_failed
[INFO] [stdout]   12:     0x5a07d60fe60e - diff_check_tools[5b11e433160527e3]::copy_tree
[INFO] [stdout]   13:     0x5a07d60fe1b8 - diff_check_tools[5b11e433160527e3]::fixture
[INFO] [stdout]   14:     0x5a07d60ffa7a - <diff_check_tools[5b11e433160527e3]::a_delta_rule_without_a_delta_is_reported_as_skipped_and_not_as_clean::{closure#0} as core[a373ad73a504971]::ops::function::FnOnce<()>>::call_once
[INFO] [stdout]   15:     0x5a07d610050b - test[aada8e7e76ba119b]::__rust_begin_short_backtrace::<core[a373ad73a504971]::result::Result<(), alloc[2e1b2a31b91974c5]::string::String>, fn() -> core[a373ad73a504971]::result::Result<(), alloc[2e1b2a31b91974c5]::string::String>>
[INFO] [stdout]   16:     0x5a07d610d6e5 - test[aada8e7e76ba119b]::run_test::{closure#0}
[INFO] [stdout]   17:     0x5a07d6106fd4 - std[617be2ca0a6fd877]::sys::backtrace::__rust_begin_short_backtrace::<test[aada8e7e76ba119b]::run_test::{closure#1}, ()>
[INFO] [stdout]   18:     0x5a07d6110772 - <std[617be2ca0a6fd877]::thread::lifecycle::spawn_unchecked<test[aada8e7e76ba119b]::run_test::{closure#1}, ()>::{closure#1} as core[a373ad73a504971]::ops::function::FnOnce<()>>::call_once::{shim:vtable#0}
[INFO] [stdout]   19:     0x5a07d63ac11f - <std[617be2ca0a6fd877]::sys::thread::unix::Thread>::new::thread_start
[INFO] [stdout]   20:     0x7f108d984dfa - <unknown>
[INFO] [stdout]   21:     0x7f108da183d4 - clone
[INFO] [stdout]   22:                0x0 - <unknown>
[INFO] [stdout] 
[INFO] [stdout] ---- a_malformed_rules_file_is_an_error_that_says_nothing_was_checked stdout ----
[INFO] [stdout] 
[INFO] [stdout] thread 'a_malformed_rules_file_is_an_error_that_says_nothing_was_checked' (1845) panicked at tests/diff_check_tools.rs:28:42:
[INFO] [stdout] read fixture dir: Os { code: 2, kind: NotFound, message: "No such file or directory" }
[INFO] [stdout] stack backtrace:
[INFO] [stdout]    0:     0x5a07d63acef1 - <<std[617be2ca0a6fd877]::sys::backtrace::BacktraceLock>::print::DisplayBacktrace as core[a373ad73a504971]::fmt::Display>::fmt
[INFO] [stdout]    1:     0x5a07d63c26da - core[a373ad73a504971]::fmt::write
[INFO] [stdout]    2:     0x5a07d63b14ac - <alloc[2e1b2a31b91974c5]::vec::Vec<u8> as core[a373ad73a504971]::io::write::Write>::write_fmt
[INFO] [stdout]    3:     0x5a07d6386756 - std[617be2ca0a6fd877]::panicking::default_hook::{closure#0}
[INFO] [stdout]    4:     0x5a07d63a38f9 - std[617be2ca0a6fd877]::panicking::default_hook
[INFO] [stdout]    5:     0x5a07d610d0c0 - test[aada8e7e76ba119b]::test_main_inner::{closure#0}
[INFO] [stdout]    6:     0x5a07d63a3ab2 - std[617be2ca0a6fd877]::panicking::panic_with_hook
[INFO] [stdout]    7:     0x5a07d6386802 - std[617be2ca0a6fd877]::panicking::panic_handler::{closure#0}
[INFO] [stdout]    8:     0x5a07d637f199 - std[617be2ca0a6fd877]::sys::backtrace::__rust_end_short_backtrace::<std[617be2ca0a6fd877]::panicking::panic_handler::{closure#0}, !>
[INFO] [stdout]    9:     0x5a07d638740d - __rustc[ea4f61d10b84890b]::rust_begin_unwind
[INFO] [stdout]   10:     0x5a07d63c2e7c - core[a373ad73a504971]::panicking::panic_fmt
[INFO] [stdout]   11:     0x5a07d63c2c52 - core[a373ad73a504971]::result::unwrap_failed
[INFO] [stdout]   12:     0x5a07d60fe60e - diff_check_tools[5b11e433160527e3]::copy_tree
[INFO] [stdout]   13:     0x5a07d60fe1b8 - diff_check_tools[5b11e433160527e3]::fixture
[INFO] [stdout]   14:     0x5a07d60ff6a7 - <diff_check_tools[5b11e433160527e3]::a_malformed_rules_file_is_an_error_that_says_nothing_was_checked::{closure#0} as core[a373ad73a504971]::ops::function::FnOnce<()>>::call_once
[INFO] [stdout]   15:     0x5a07d610050b - test[aada8e7e76ba119b]::__rust_begin_short_backtrace::<core[a373ad73a504971]::result::Result<(), alloc[2e1b2a31b91974c5]::string::String>, fn() -> core[a373ad73a504971]::result::Result<(), alloc[2e1b2a31b91974c5]::string::String>>
[INFO] [stdout]   16:     0x5a07d610d6e5 - test[aada8e7e76ba119b]::run_test::{closure#0}
[INFO] [stdout]   17:     0x5a07d6106fd4 - std[617be2ca0a6fd877]::sys::backtrace::__rust_begin_short_backtrace::<test[aada8e7e76ba119b]::run_test::{closure#1}, ()>
[INFO] [stdout]   18:     0x5a07d6110772 - <std[617be2ca0a6fd877]::thread::lifecycle::spawn_unchecked<test[aada8e7e76ba119b]::run_test::{closure#1}, ()>::{closure#1} as core[a373ad73a504971]::ops::function::FnOnce<()>>::call_once::{shim:vtable#0}
[INFO] [stdout]   19:     0x5a07d63ac11f - <std[617be2ca0a6fd877]::sys::thread::unix::Thread>::new::thread_start
[INFO] [stdout]   20:     0x7f108d984dfa - <unknown>
[INFO] [stdout]   21:     0x7f108da183d4 - clone
[INFO] [stdout]   22:                0x0 - <unknown>
[INFO] [stdout] 
[INFO] [stdout] ---- a_repository_with_no_rules_file_is_told_that_nothing_was_enforced stdout ----
[INFO] [stdout] 
[INFO] [stdout] thread 'a_repository_with_no_rules_file_is_told_that_nothing_was_enforced' (1846) panicked at tests/diff_check_tools.rs:28:42:
[INFO] [stdout] read fixture dir: Os { code: 2, kind: NotFound, message: "No such file or directory" }
[INFO] [stdout] stack backtrace:
[INFO] [stdout]    0:     0x5a07d63acef1 - <<std[617be2ca0a6fd877]::sys::backtrace::BacktraceLock>::print::DisplayBacktrace as core[a373ad73a504971]::fmt::Display>::fmt
[INFO] [stdout]    1:     0x5a07d63c26da - core[a373ad73a504971]::fmt::write
[INFO] [stdout]    2:     0x5a07d63b14ac - <alloc[2e1b2a31b91974c5]::vec::Vec<u8> as core[a373ad73a504971]::io::write::Write>::write_fmt
[INFO] [stdout]    3:     0x5a07d6386756 - std[617be2ca0a6fd877]::panicking::default_hook::{closure#0}
[INFO] [stdout]    4:     0x5a07d63a38f9 - std[617be2ca0a6fd877]::panicking::default_hook
[INFO] [stdout]    5:     0x5a07d610d0c0 - test[aada8e7e76ba119b]::test_main_inner::{closure#0}
[INFO] [stdout]    6:     0x5a07d63a3ab2 - std[617be2ca0a6fd877]::panicking::panic_with_hook
[INFO] [stdout]    7:     0x5a07d6386802 - std[617be2ca0a6fd877]::panicking::panic_handler::{closure#0}
[INFO] [stdout]    8:     0x5a07d637f199 - std[617be2ca0a6fd877]::sys::backtrace::__rust_end_short_backtrace::<std[617be2ca0a6fd877]::panicking::panic_handler::{closure#0}, !>
[INFO] [stdout]    9:     0x5a07d638740d - __rustc[ea4f61d10b84890b]::rust_begin_unwind
[INFO] [stdout]   10:     0x5a07d63c2e7c - core[a373ad73a504971]::panicking::panic_fmt
[INFO] [stdout]   11:     0x5a07d63c2c52 - core[a373ad73a504971]::result::unwrap_failed
[INFO] [stdout]   12:     0x5a07d60fe60e - diff_check_tools[5b11e433160527e3]::copy_tree
[INFO] [stdout]   13:     0x5a07d60fe1b8 - diff_check_tools[5b11e433160527e3]::fixture
[INFO] [stdout]   14:     0x5a07d60ff879 - <diff_check_tools[5b11e433160527e3]::a_repository_with_no_rules_file_is_told_that_nothing_was_enforced::{closure#0} as core[a373ad73a504971]::ops::function::FnOnce<()>>::call_once
[INFO] [stdout]   15:     0x5a07d610050b - test[aada8e7e76ba119b]::__rust_begin_short_backtrace::<core[a373ad73a504971]::result::Result<(), alloc[2e1b2a31b91974c5]::string::String>, fn() -> core[a373ad73a504971]::result::Result<(), alloc[2e1b2a31b91974c5]::string::String>>
[INFO] [stdout]   16:     0x5a07d610d6e5 - test[aada8e7e76ba119b]::run_test::{closure#0}
[INFO] [stdout]   17:     0x5a07d6106fd4 - std[617be2ca0a6fd877]::sys::backtrace::__rust_begin_short_backtrace::<test[aada8e7e76ba119b]::run_test::{closure#1}, ()>
[INFO] [stdout]   18:     0x5a07d6110772 - <std[617be2ca0a6fd877]::thread::lifecycle::spawn_unchecked<test[aada8e7e76ba119b]::run_test::{closure#1}, ()>::{closure#1} as core[a373ad73a504971]::ops::function::FnOnce<()>>::call_once::{shim:vtable#0}
[INFO] [stdout]   19:     0x5a07d63ac11f - <std[617be2ca0a6fd877]::sys::thread::unix::Thread>::new::thread_start
[INFO] [stdout]   20:     0x7f108d984dfa - <unknown>
[INFO] [stdout]   21:     0x7f108da183d4 - clone
[INFO] [stdout]   22:                0x0 - <unknown>
[INFO] [stdout] 
[INFO] [stdout] ---- a_revision_that_was_never_recorded_is_an_error_naming_the_fix stdout ----
[INFO] [stdout] 
[INFO] [stdout] thread 'a_revision_that_was_never_recorded_is_an_error_naming_the_fix' (1847) panicked at tests/diff_check_tools.rs:28:42:
[INFO] [stdout] read fixture dir: Os { code: 2, kind: NotFound, message: "No such file or directory" }
[INFO] [stdout] stack backtrace:
[INFO] [stdout]    0:     0x5a07d63acef1 - <<std[617be2ca0a6fd877]::sys::backtrace::BacktraceLock>::print::DisplayBacktrace as core[a373ad73a504971]::fmt::Display>::fmt
[INFO] [stdout]    1:     0x5a07d63c26da - core[a373ad73a504971]::fmt::write
[INFO] [stdout]    2:     0x5a07d63b14ac - <alloc[2e1b2a31b91974c5]::vec::Vec<u8> as core[a373ad73a504971]::io::write::Write>::write_fmt
[INFO] [stdout]    3:     0x5a07d6386756 - std[617be2ca0a6fd877]::panicking::default_hook::{closure#0}
[INFO] [stdout]    4:     0x5a07d63a38f9 - std[617be2ca0a6fd877]::panicking::default_hook
[INFO] [stdout]    5:     0x5a07d610d0c0 - test[aada8e7e76ba119b]::test_main_inner::{closure#0}
[INFO] [stdout]    6:     0x5a07d63a3ab2 - std[617be2ca0a6fd877]::panicking::panic_with_hook
[INFO] [stdout]    7:     0x5a07d6386802 - std[617be2ca0a6fd877]::panicking::panic_handler::{closure#0}
[INFO] [stdout]    8:     0x5a07d637f199 - std[617be2ca0a6fd877]::sys::backtrace::__rust_end_short_backtrace::<std[617be2ca0a6fd877]::panicking::panic_handler::{closure#0}, !>
[INFO] [stdout]    9:     0x5a07d638740d - __rustc[ea4f61d10b84890b]::rust_begin_unwind
[INFO] [stdout]   10:     0x5a07d63c2e7c - core[a373ad73a504971]::panicking::panic_fmt
[INFO] [stdout]   11:     0x5a07d63c2c52 - core[a373ad73a504971]::result::unwrap_failed
[INFO] [stdout]   12:     0x5a07d60fe60e - diff_check_tools[5b11e433160527e3]::copy_tree
[INFO] [stdout]   13:     0x5a07d60fe1b8 - diff_check_tools[5b11e433160527e3]::fixture
[INFO] [stdout]   14:     0x5a07d60ff226 - <diff_check_tools[5b11e433160527e3]::a_revision_that_was_never_recorded_is_an_error_naming_the_fix::{closure#0} as core[a373ad73a504971]::ops::function::FnOnce<()>>::call_once
[INFO] [stdout]   15:     0x5a07d610050b - test[aada8e7e76ba119b]::__rust_begin_short_backtrace::<core[a373ad73a504971]::result::Result<(), alloc[2e1b2a31b91974c5]::string::String>, fn() -> core[a373ad73a504971]::result::Result<(), alloc[2e1b2a31b91974c5]::string::String>>
[INFO] [stdout]   16:     0x5a07d610d6e5 - test[aada8e7e76ba119b]::run_test::{closure#0}
[INFO] [stdout]   17:     0x5a07d6106fd4 - std[617be2ca0a6fd877]::sys::backtrace::__rust_begin_short_backtrace::<test[aada8e7e76ba119b]::run_test::{closure#1}, ()>
[INFO] [stdout]   18:     0x5a07d6110772 - <std[617be2ca0a6fd877]::thread::lifecycle::spawn_unchecked<test[aada8e7e76ba119b]::run_test::{closure#1}, ()>::{closure#1} as core[a373ad73a504971]::ops::function::FnOnce<()>>::call_once::{shim:vtable#0}
[INFO] [stdout]   19:     0x5a07d63ac11f - <std[617be2ca0a6fd877]::sys::thread::unix::Thread>::new::thread_start
[INFO] [stdout]   20:     0x7f108d984dfa - <unknown>
[INFO] [stdout]   21:     0x7f108da183d4 - clone
[INFO] [stdout]   22:                0x0 - <unknown>
[INFO] [stdout] 
[INFO] [stdout] ---- base_without_head_is_refused stdout ----
[INFO] [stdout] 
[INFO] [stdout] thread 'base_without_head_is_refused' (1849) panicked at tests/diff_check_tools.rs:28:42:
[INFO] [stdout] read fixture dir: Os { code: 2, kind: NotFound, message: "No such file or directory" }
[INFO] [stdout] stack backtrace:
[INFO] [stdout]    0:     0x5a07d63acef1 - <<std[617be2ca0a6fd877]::sys::backtrace::BacktraceLock>::print::DisplayBacktrace as core[a373ad73a504971]::fmt::Display>::fmt
[INFO] [stdout]    1:     0x5a07d63c26da - core[a373ad73a504971]::fmt::write
[INFO] [stdout]    2:     0x5a07d63b14ac - <alloc[2e1b2a31b91974c5]::vec::Vec<u8> as core[a373ad73a504971]::io::write::Write>::write_fmt
[INFO] [stdout]    3:     0x5a07d6386756 - std[617be2ca0a6fd877]::panicking::default_hook::{closure#0}
[INFO] [stdout]    4:     0x5a07d63a38f9 - std[617be2ca0a6fd877]::panicking::default_hook
[INFO] [stdout]    5:     0x5a07d610d0c0 - test[aada8e7e76ba119b]::test_main_inner::{closure#0}
[INFO] [stdout]    6:     0x5a07d63a3ab2 - std[617be2ca0a6fd877]::panicking::panic_with_hook
[INFO] [stdout]    7:     0x5a07d6386802 - std[617be2ca0a6fd877]::panicking::panic_handler::{closure#0}
[INFO] [stdout]    8:     0x5a07d637f199 - std[617be2ca0a6fd877]::sys::backtrace::__rust_end_short_backtrace::<std[617be2ca0a6fd877]::panicking::panic_handler::{closure#0}, !>
[INFO] [stdout]    9:     0x5a07d638740d - __rustc[ea4f61d10b84890b]::rust_begin_unwind
[INFO] [stdout]   10:     0x5a07d63c2e7c - core[a373ad73a504971]::panicking::panic_fmt
[INFO] [stdout]   11:     0x5a07d63c2c52 - core[a373ad73a504971]::result::unwrap_failed
[INFO] [stdout]   12:     0x5a07d60fe60e - diff_check_tools[5b11e433160527e3]::copy_tree
[INFO] [stdout]   13:     0x5a07d60fe1b8 - diff_check_tools[5b11e433160527e3]::fixture
[INFO] [stdout]   14:     0x5a07d60ff017 - <diff_check_tools[5b11e433160527e3]::base_without_head_is_refused::{closure#0} as core[a373ad73a504971]::ops::function::FnOnce<()>>::call_once
[INFO] [stdout]   15:     0x5a07d610050b - test[aada8e7e76ba119b]::__rust_begin_short_backtrace::<core[a373ad73a504971]::result::Result<(), alloc[2e1b2a31b91974c5]::string::String>, fn() -> core[a373ad73a504971]::result::Result<(), alloc[2e1b2a31b91974c5]::string::String>>
[INFO] [stdout]   16:     0x5a07d610d6e5 - test[aada8e7e76ba119b]::run_test::{closure#0}
[INFO] [stdout]   17:     0x5a07d6106fd4 - std[617be2ca0a6fd877]::sys::backtrace::__rust_begin_short_backtrace::<test[aada8e7e76ba119b]::run_test::{closure#1}, ()>
[INFO] [stdout]   18:     0x5a07d6110772 - <std[617be2ca0a6fd877]::thread::lifecycle::spawn_unchecked<test[aada8e7e76ba119b]::run_test::{closure#1}, ()>::{closure#1} as core[a373ad73a504971]::ops::function::FnOnce<()>>::call_once::{shim:vtable#0}
[INFO] [stdout]   19:     0x5a07d63ac11f - <std[617be2ca0a6fd877]::sys::thread::unix::Thread>::new::thread_start
[INFO] [stdout]   20:     0x7f108d984dfa - <unknown>
[INFO] [stdout]   21:     0x7f108da183d4 - clone
[INFO] [stdout]   22:                0x0 - <unknown>
[INFO] [stdout] 
[INFO] [stdout] ---- an_unresolvable_revision_is_refused_rather_than_used_as_a_name stdout ----
[INFO] [stdout] 
[INFO] [stdout] thread 'an_unresolvable_revision_is_refused_rather_than_used_as_a_name' (1848) panicked at tests/diff_check_tools.rs:28:42:
[INFO] [stdout] read fixture dir: Os { code: 2, kind: NotFound, message: "No such file or directory" }
[INFO] [stdout] stack backtrace:
[INFO] [stdout]    0:     0x5a07d63acef1 - <<std[617be2ca0a6fd877]::sys::backtrace::BacktraceLock>::print::DisplayBacktrace as core[a373ad73a504971]::fmt::Display>::fmt
[INFO] [stdout]    1:     0x5a07d63c26da - core[a373ad73a504971]::fmt::write
[INFO] [stdout]    2:     0x5a07d63b14ac - <alloc[2e1b2a31b91974c5]::vec::Vec<u8> as core[a373ad73a504971]::io::write::Write>::write_fmt
[INFO] [stdout]    3:     0x5a07d6386756 - std[617be2ca0a6fd877]::panicking::default_hook::{closure#0}
[INFO] [stdout]    4:     0x5a07d63a38f9 - std[617be2ca0a6fd877]::panicking::default_hook
[INFO] [stdout]    5:     0x5a07d610d0c0 - test[aada8e7e76ba119b]::test_main_inner::{closure#0}
[INFO] [stdout]    6:     0x5a07d63a3ab2 - std[617be2ca0a6fd877]::panicking::panic_with_hook
[INFO] [stdout]    7:     0x5a07d6386802 - std[617be2ca0a6fd877]::panicking::panic_handler::{closure#0}
[INFO] [stdout]    8:     0x5a07d637f199 - std[617be2ca0a6fd877]::sys::backtrace::__rust_end_short_backtrace::<std[617be2ca0a6fd877]::panicking::panic_handler::{closure#0}, !>
[INFO] [stdout]    9:     0x5a07d638740d - __rustc[ea4f61d10b84890b]::rust_begin_unwind
[INFO] [stdout]   10:     0x5a07d63c2e7c - core[a373ad73a504971]::panicking::panic_fmt
[INFO] [stdout]   11:     0x5a07d63c2c52 - core[a373ad73a504971]::result::unwrap_failed
[INFO] [stdout]   12:     0x5a07d60fe60e - diff_check_tools[5b11e433160527e3]::copy_tree
[INFO] [stdout]   13:     0x5a07d60fe1b8 - diff_check_tools[5b11e433160527e3]::fixture
[INFO] [stdout]   14:     0x5a07d60ff474 - <diff_check_tools[5b11e433160527e3]::an_unresolvable_revision_is_refused_rather_than_used_as_a_name::{closure#0} as core[a373ad73a504971]::ops::function::FnOnce<()>>::call_once
[INFO] [stdout]   15:     0x5a07d610050b - test[aada8e7e76ba119b]::__rust_begin_short_backtrace::<core[a373ad73a504971]::result::Result<(), alloc[2e1b2a31b91974c5]::string::String>, fn() -> core[a373ad73a504971]::result::Result<(), alloc[2e1b2a31b91974c5]::string::String>>
[INFO] [stdout]   16:     0x5a07d610d6e5 - test[aada8e7e76ba119b]::run_test::{closure#0}
[INFO] [stdout]   17:     0x5a07d6106fd4 - std[617be2ca0a6fd877]::sys::backtrace::__rust_begin_short_backtrace::<test[aada8e7e76ba119b]::run_test::{closure#1}, ()>
[INFO] [stdout]   18:     0x5a07d6110772 - <std[617be2ca0a6fd877]::thread::lifecycle::spawn_unchecked<test[aada8e7e76ba119b]::run_test::{closure#1}, ()>::{closure#1} as core[a373ad73a504971]::ops::function::FnOnce<()>>::call_once::{shim:vtable#0}
[INFO] [stdout]   19:     0x5a07d63ac11f - <std[617be2ca0a6fd877]::sys::thread::unix::Thread>::new::thread_start
[INFO] [stdout]   20:     0x7f108d984dfa - <unknown>
[INFO] [stdout]   21:     0x7f108da183d4 - clone
[INFO] [stdout]   22:                0x0 - <unknown>
[INFO] [stdout] 
[INFO] [stdout] 
[INFO] [stdout] failures:
[INFO] [stdout]     a_delta_rule_without_a_delta_is_reported_as_skipped_and_not_as_clean
[INFO] [stdout]     a_malformed_rules_file_is_an_error_that_says_nothing_was_checked
[INFO] [stdout]     a_repository_with_no_rules_file_is_told_that_nothing_was_enforced
[INFO] [stdout]     a_revision_that_was_never_recorded_is_an_error_naming_the_fix
[INFO] [stdout]     an_unresolvable_revision_is_refused_rather_than_used_as_a_name
[INFO] [stdout]     base_without_head_is_refused
[INFO] [stdout] 
[INFO] [stdout] test result: FAILED. 0 passed; 6 failed; 0 ignored; 0 measured; 0 filtered out; finished in 0.00s
[INFO] [stdout] 
[INFO] [stderr] error: test failed, to rerun pass `--test diff_check_tools`
[INFO] running `Command { std: "docker" "inspect" "712a8503e55cb1ff95369ac8ff6f2c2a10a8c8ba3751bd5a9ccc43bc0703e9bb", kill_on_drop: false }`
[INFO] running `Command { std: "docker" "rm" "-f" "712a8503e55cb1ff95369ac8ff6f2c2a10a8c8ba3751bd5a9ccc43bc0703e9bb", kill_on_drop: false }`
[INFO] [stdout] 712a8503e55cb1ff95369ac8ff6f2c2a10a8c8ba3751bd5a9ccc43bc0703e9bb
