[INFO] fetching crate openinvar-lang 0.3.0...
[INFO] testing openinvar-lang-0.3.0 against 1.100.0-beta.1+cargoflags=--release for beta-release-1.100-2
[INFO] extracting crate openinvar-lang 0.3.0 into /workspace/builds/worker-0-tc2/source
[INFO] started tweaking crates.io crate openinvar-lang 0.3.0
[INFO] removed 0 missing tests
[INFO] finished tweaking crates.io crate openinvar-lang 0.3.0
[INFO] tweaked toml for crates.io crate openinvar-lang 0.3.0 written to /workspace/builds/worker-0-tc2/source/Cargo.toml
[INFO] validating manifest of crates.io crate openinvar-lang 0.3.0 on toolchain 1.100.0-beta.1
[INFO] running `Command { std: CARGO_HOME="/workspace/cargo-home" RUSTUP_HOME="/workspace/rustup-home" "/workspace/cargo-home/bin/cargo" "+1.100.0-beta.1" "metadata" "--manifest-path" "Cargo.toml" "--no-deps", kill_on_drop: false }`
[INFO] crate crates.io crate openinvar-lang 0.3.0 already has a lockfile, it will not be regenerated
[INFO] running `Command { std: CARGO_HOME="/workspace/cargo-home" RUSTUP_HOME="/workspace/rustup-home" "/workspace/cargo-home/bin/cargo" "+1.100.0-beta.1" "fetch" "--manifest-path" "Cargo.toml", kill_on_drop: false }`
[INFO] running `Command { std: "docker" "create" "-v" "/var/lib/crater-agent-workspace/builds/worker-0-tc2/source:/opt/rustwide/workdir:ro,Z" "-v" "/var/lib/crater-agent-workspace/builds/worker-0-tc2/target:/opt/rustwide/target:rw,Z" "-v" "/var/lib/crater-agent-workspace/cargo-home:/opt/rustwide/cargo-home:ro,Z" "-v" "/var/lib/crater-agent-workspace/rustup-home:/opt/rustwide/rustup-home:ro,Z" "-m" "1610612736" "--network" "none" "ghcr.io/rust-lang/crates-build-env/linux@sha256:77db811e55d90add9212f6832c23229e3de5f1c1f9905e8cb07319ea15df73ac" "sleep" "infinity", kill_on_drop: false }`
[INFO] [stdout] aa3beb8e0f31ee12899754582e5533415e951dde5d3e3731b466d379553ba347
[INFO] running `Command { std: "docker" "start" "aa3beb8e0f31ee12899754582e5533415e951dde5d3e3731b466d379553ba347", kill_on_drop: false }`
[INFO] running `Command { std: "docker" "inspect" "aa3beb8e0f31ee12899754582e5533415e951dde5d3e3731b466d379553ba347", kill_on_drop: false }`
[INFO] running `Command { std: "docker" "exec" "-e" "SOURCE_DIR=/opt/rustwide/workdir" "-e" "CARGO_HOME=/opt/rustwide/cargo-home" "-e" "RUSTUP_HOME=/opt/rustwide/rustup-home" "-e" "CARGO_TARGET_DIR=/opt/rustwide/target" "-w" "/opt/rustwide/workdir" "--user" "0:0" "aa3beb8e0f31ee12899754582e5533415e951dde5d3e3731b466d379553ba347" "/opt/rustwide/cargo-home/bin/cargo" "+1.100.0-beta.1" "metadata" "--no-deps" "--format-version=1", kill_on_drop: false }`
[INFO] running `Command { std: "docker" "inspect" "aa3beb8e0f31ee12899754582e5533415e951dde5d3e3731b466d379553ba347", kill_on_drop: false }`
[INFO] running `Command { std: "docker" "exec" "-e" "SOURCE_DIR=/opt/rustwide/workdir" "-e" "CARGO_HOME=/opt/rustwide/cargo-home" "-e" "RUSTUP_HOME=/opt/rustwide/rustup-home" "-e" "CARGO_TARGET_DIR=/opt/rustwide/target" "-e" "CARGO_INCREMENTAL=0" "-e" "RUST_BACKTRACE=full" "-e" "RUSTFLAGS=--cap-lints=warn" "-e" "RUSTDOCFLAGS=--cap-lints=warn" "-w" "/opt/rustwide/workdir" "--user" "0:0" "aa3beb8e0f31ee12899754582e5533415e951dde5d3e3731b466d379553ba347" "/opt/rustwide/cargo-home/bin/cargo" "+1.100.0-beta.1" "build" "--frozen" "--message-format=json" "--release", kill_on_drop: false }`
[INFO] [stderr]    Compiling cc v1.0.106
[INFO] [stderr]    Compiling crossbeam-utils v0.8.23
[INFO] [stderr]    Compiling serde_core v1.0.229
[INFO] [stderr]    Compiling crossbeam-epoch v0.9.21
[INFO] [stderr]    Compiling crossbeam-deque v0.8.8
[INFO] [stderr]    Compiling rayon-core v1.13.0
[INFO] [stderr]    Compiling winnow v1.0.4
[INFO] [stderr]    Compiling regex-automata v0.4.18
[INFO] [stderr]    Compiling smallvec v1.16.1
[INFO] [stderr]    Compiling serde v1.0.229
[INFO] [stderr]    Compiling serde_json v1.0.151
[INFO] [stderr]    Compiling indexmap v2.14.2
[INFO] [stderr]    Compiling syn v3.0.5
[INFO] [stderr]    Compiling fixedbitset v0.4.2
[INFO] [stderr]    Compiling either v1.18.0
[INFO] [stderr]    Compiling toml_writer v1.1.2+spec-1.1.0
[INFO] [stderr]    Compiling same-file v1.0.6
[INFO] [stderr]    Compiling glob v0.3.4
[INFO] [stderr]    Compiling walkdir v2.5.0
[INFO] [stderr]    Compiling parking_lot_core v0.9.12
[INFO] [stderr]    Compiling toml_parser v1.1.3+spec-1.1.0
[INFO] [stderr]    Compiling dashmap v6.2.1
[INFO] [stderr]    Compiling tree-sitter v0.22.6
[INFO] [stderr]    Compiling tree-sitter-java v0.21.0
[INFO] [stderr]    Compiling tree-sitter-javascript v0.21.4
[INFO] [stderr]    Compiling tree-sitter-python v0.21.0
[INFO] [stderr]    Compiling tree-sitter-ruby v0.21.0
[INFO] [stderr]    Compiling tree-sitter-rust v0.21.2
[INFO] [stderr]    Compiling tree-sitter-typescript v0.21.2
[INFO] [stderr]    Compiling tree-sitter-c v0.21.4
[INFO] [stderr]    Compiling tree-sitter-c-sharp v0.21.3
[INFO] [stderr]    Compiling tree-sitter-cpp v0.21.0
[INFO] [stderr]    Compiling tree-sitter-go v0.21.2
[INFO] [stderr]    Compiling petgraph v0.6.5
[INFO] [stderr]    Compiling rayon v1.12.0
[INFO] [stderr]    Compiling thiserror-impl v2.0.20
[INFO] [stderr]    Compiling serde_derive v1.0.229
[INFO] [stderr]    Compiling serde_spanned v1.1.1
[INFO] [stderr]    Compiling toml_datetime v1.1.1+spec-1.1.0
[INFO] [stderr]    Compiling toml v1.1.6+spec-1.1.0
[INFO] [stderr]    Compiling thiserror v2.0.20
[INFO] [stderr]    Compiling regex v1.13.1
[INFO] [stderr]    Compiling openinvar-core v0.3.0
[INFO] [stderr]    Compiling openinvar-lang v0.3.0 (/opt/rustwide/workdir)
[INFO] [stderr]     Finished `release` profile [optimized] target(s) in 30.12s
[INFO] running `Command { std: "docker" "inspect" "aa3beb8e0f31ee12899754582e5533415e951dde5d3e3731b466d379553ba347", kill_on_drop: false }`
[INFO] running `Command { std: "docker" "exec" "-e" "SOURCE_DIR=/opt/rustwide/workdir" "-e" "CARGO_HOME=/opt/rustwide/cargo-home" "-e" "RUSTUP_HOME=/opt/rustwide/rustup-home" "-e" "CARGO_TARGET_DIR=/opt/rustwide/target" "-e" "CARGO_INCREMENTAL=0" "-e" "RUST_BACKTRACE=full" "-e" "RUSTFLAGS=--cap-lints=warn" "-e" "RUSTDOCFLAGS=--cap-lints=warn" "-w" "/opt/rustwide/workdir" "--user" "0:0" "aa3beb8e0f31ee12899754582e5533415e951dde5d3e3731b466d379553ba347" "/opt/rustwide/cargo-home/bin/cargo" "+1.100.0-beta.1" "test" "--frozen" "--no-run" "--message-format=json" "--release", kill_on_drop: false }`
[INFO] [stderr]    Compiling openinvar-lang v0.3.0 (/opt/rustwide/workdir)
[INFO] [stderr]     Finished `release` profile [optimized] target(s) in 12.56s
[INFO] running `Command { std: "docker" "inspect" "aa3beb8e0f31ee12899754582e5533415e951dde5d3e3731b466d379553ba347", kill_on_drop: false }`
[INFO] running `Command { std: "docker" "exec" "-e" "SOURCE_DIR=/opt/rustwide/workdir" "-e" "CARGO_HOME=/opt/rustwide/cargo-home" "-e" "RUSTUP_HOME=/opt/rustwide/rustup-home" "-e" "CARGO_TARGET_DIR=/opt/rustwide/target" "-e" "CARGO_INCREMENTAL=0" "-e" "RUST_BACKTRACE=full" "-e" "RUSTFLAGS=--cap-lints=warn" "-e" "RUSTDOCFLAGS=--cap-lints=warn" "-w" "/opt/rustwide/workdir" "--user" "0:0" "aa3beb8e0f31ee12899754582e5533415e951dde5d3e3731b466d379553ba347" "/opt/rustwide/cargo-home/bin/cargo" "+1.100.0-beta.1" "test" "--frozen" "--release", kill_on_drop: false }`
[INFO] [stderr]     Finished `release` profile [optimized] target(s) in 0.09s
[INFO] [stderr]      Running unittests src/lib.rs (/opt/rustwide/target/release/build/openinvar-lang/562ab74c8d755f9a/out/openinvar_lang-562ab74c8d755f9a)
[INFO] [stdout] 
[INFO] [stdout] running 38 tests
[INFO] [stdout] test assertions::tests::an_uncounted_language_reports_nothing_rather_than_zero ... ok
[INFO] [stdout] test assertions::tests::a_symbol_with_no_recorded_span_still_owns_its_assertions ... ok
[INFO] [stdout] test assertions::tests::counting_is_stable_across_runs ... ok
[INFO] [stdout] test assertions::tests::a_chained_matcher_counts_once ... ok
[INFO] [stdout] test assertions::tests::rust_assert_macros_are_counted ... ok
[INFO] [stdout] test assertions::tests::the_synthetic_module_symbol_loses_to_a_real_one ... ok
[INFO] [stdout] test lang::c::include_resolver::tests::include_placeholders_round_trip ... ok
[INFO] [stdout] test assertions::tests::the_innermost_symbol_owns_the_assertion ... ok
[INFO] [stdout] test assertions::tests::ordinary_rust_code_counts_nothing ... ok
[INFO] [stdout] test lang::go::module_resolver::tests::module_paths_are_read_from_go_mod ... ok
[INFO] [stdout] test lang::python::import_resolver::tests::file_paths_become_dotted_modules ... ok
[INFO] [stdout] test lang::c::include_resolver::tests::relative_includes_normalise_against_the_including_file ... ok
[INFO] [stdout] test lang::python::framework::tests::ordinary_classes_are_plain ... ok
[INFO] [stdout] test lang::c::include_resolver::tests::includes_escaping_the_root_do_not_resolve ... ok
[INFO] [stdout] test lang::rust::crate_set::tests::containment_requires_a_path_boundary ... ok
[INFO] [stdout] test lang::python::framework::tests::pydantic_and_django_models_are_recognised ... ok
[INFO] [stdout] test lang::python::import_resolver::tests::absolute_imports_are_left_alone ... ok
[INFO] [stdout] test lang::rust::crate_set::tests::a_tree_with_no_manifest_falls_back_to_the_conventional_root ... ok
[INFO] [stdout] test lang::typescript::framework_preprocessor::tests::test_blank_preserving_newlines_preserves_all_newlines ... ok
[INFO] [stdout] test lang::python::framework::tests::dataclasses_are_recognised_by_decorator ... ok
[INFO] [stdout] test lang::typescript::framework_preprocessor::tests::test_svelte_script_extraction ... ok
[INFO] [stdout] test lang::typescript::framework_preprocessor::tests::test_vue_script_extraction_preserves_line_numbers ... ok
[INFO] [stdout] test lang::rust::crate_set::tests::crate_names_become_identifiers ... ok
[INFO] [stdout] test spec::tests::a_structural_spec_can_actually_run ... ok
[INFO] [stdout] test lang::rust::crate_set::tests::module_paths_are_namespaced_by_their_crate ... ok
[INFO] [stdout] test lang::python::framework::tests::protocols_and_abcs_are_interfaces ... ok
[INFO] [stdout] test lang::go::module_resolver::tests::nearest_module_wins_for_nested_layouts ... ok
[INFO] [stdout] test lang::rust::crate_set::tests::paths_join_without_doubling_separators ... ok
[INFO] [stdout] test lang::python::import_resolver::tests::relative_imports_climb_from_the_importing_package ... ok
[INFO] [stdout] test structural::tests::capture_suffixes_map_to_kinds ... ok
[INFO] [stdout] test lang::python::framework::tests::interface_wins_over_model_when_both_apply ... ok
[INFO] [stdout] test spec::tests::every_spec_claims_at_least_one_extension ... ok
[INFO] [stdout] test structural::tests::an_unknown_capture_is_skipped_rather_than_guessed ... ok
[INFO] [stdout] test lang::typescript::framework_preprocessor::tests::test_vue_with_no_script_block_returns_blanked ... ok
[INFO] [stdout] test spec::tests::no_two_specs_claim_the_same_extension ... ok
[INFO] [stdout] test spec::tests::tier_one_is_the_only_gate_safe_tier ... ok
[INFO] [stdout] test lang::rust::crate_set::tests::the_workspace_fixture_is_discovered_as_several_crates ... FAILED
[INFO] [stdout] test lang::typescript::framework_preprocessor::tests::test_astro_frontmatter_extraction_preserves_line_numbers ... ok
[INFO] [stdout] 
[INFO] [stdout] failures:
[INFO] [stdout] 
[INFO] [stdout] ---- lang::rust::crate_set::tests::the_workspace_fixture_is_discovered_as_several_crates stdout ----
[INFO] [stdout] 
[INFO] [stdout] thread 'lang::rust::crate_set::tests::the_workspace_fixture_is_discovered_as_several_crates' (3638) panicked at src/lang/rust/crate_set.rs:600:9:
[INFO] [stdout] assertion `left == right` failed
[INFO] [stdout]   left: ["app", "app", "core_lib", "legacy", "renamed_lib"]
[INFO] [stdout]  right: ["app", "core_lib", "kernel", "legacy"]
[INFO] [stdout] stack backtrace:
[INFO] [stdout]    0:     0x5795cff18441 - <<std[617be2ca0a6fd877]::sys::backtrace::BacktraceLock>::print::DisplayBacktrace as core[a373ad73a504971]::fmt::Display>::fmt
[INFO] [stdout]    1:     0x5795cff2e93a - core[a373ad73a504971]::fmt::write
[INFO] [stdout]    2:     0x5795cff1c99c - <alloc[2e1b2a31b91974c5]::vec::Vec<u8> as core[a373ad73a504971]::io::write::Write>::write_fmt
[INFO] [stdout]    3:     0x5795cfef3476 - std[617be2ca0a6fd877]::panicking::default_hook::{closure#0}
[INFO] [stdout]    4:     0x5795cff101c9 - std[617be2ca0a6fd877]::panicking::default_hook
[INFO] [stdout]    5:     0x5795cfe62e80 - test[aada8e7e76ba119b]::test_main_inner::{closure#0}
[INFO] [stdout]    6:     0x5795cff104f2 - std[617be2ca0a6fd877]::panicking::panic_with_hook
[INFO] [stdout]    7:     0x5795cfef3522 - std[617be2ca0a6fd877]::panicking::panic_handler::{closure#0}
[INFO] [stdout]    8:     0x5795cfeec009 - std[617be2ca0a6fd877]::sys::backtrace::__rust_end_short_backtrace::<std[617be2ca0a6fd877]::panicking::panic_handler::{closure#0}, !>
[INFO] [stdout]    9:     0x5795cfef412d - __rustc[ea4f61d10b84890b]::rust_begin_unwind
[INFO] [stdout]   10:     0x5795cff2f0ac - core[a373ad73a504971]::panicking::panic_fmt
[INFO] [stdout]   11:     0x5795cff2efc3 - core[a373ad73a504971]::panicking::assert_failed_inner
[INFO] [stdout]   12:     0x5795cfc8e395 - core[a373ad73a504971]::panicking::assert_failed::<alloc[2e1b2a31b91974c5]::vec::Vec<&str>, alloc[2e1b2a31b91974c5]::vec::Vec<&str>>
[INFO] [stdout]   13:     0x5795cfc11f72 - <openinvar_lang[9bbb82ddc25a8572]::lang::rust::crate_set::tests::the_workspace_fixture_is_discovered_as_several_crates::{closure#0} as core[a373ad73a504971]::ops::function::FnOnce<()>>::call_once
[INFO] [stdout]   14:     0x5795cfe562cb - test[aada8e7e76ba119b]::__rust_begin_short_backtrace::<core[a373ad73a504971]::result::Result<(), alloc[2e1b2a31b91974c5]::string::String>, fn() -> core[a373ad73a504971]::result::Result<(), alloc[2e1b2a31b91974c5]::string::String>>
[INFO] [stdout]   15:     0x5795cfe634a5 - test[aada8e7e76ba119b]::run_test::{closure#0}
[INFO] [stdout]   16:     0x5795cfe5cd94 - std[617be2ca0a6fd877]::sys::backtrace::__rust_begin_short_backtrace::<test[aada8e7e76ba119b]::run_test::{closure#1}, ()>
[INFO] [stdout]   17:     0x5795cfe66532 - <std[617be2ca0a6fd877]::thread::lifecycle::spawn_unchecked<test[aada8e7e76ba119b]::run_test::{closure#1}, ()>::{closure#1} as core[a373ad73a504971]::ops::function::FnOnce<()>>::call_once::{shim:vtable#0}
[INFO] [stdout]   18:     0x5795cff1792f - <std[617be2ca0a6fd877]::sys::thread::unix::Thread>::new::thread_start
[INFO] [stdout]   19:     0x79e8e9b47dfa - <unknown>
[INFO] [stdout]   20:     0x79e8e9bdb3d4 - clone
[INFO] [stdout]   21:                0x0 - <unknown>
[INFO] [stdout] 
[INFO] [stdout] 
[INFO] [stdout] failures:
[INFO] [stdout]     lang::rust::crate_set::tests::the_workspace_fixture_is_discovered_as_several_crates
[INFO] [stdout] 
[INFO] [stdout] test result: FAILED. 37 passed; 1 failed; 0 ignored; 0 measured; 0 filtered out; finished in 0.01s
[INFO] [stdout] 
[INFO] [stderr] error: test failed, to rerun pass `--lib`
[INFO] running `Command { std: "docker" "inspect" "aa3beb8e0f31ee12899754582e5533415e951dde5d3e3731b466d379553ba347", kill_on_drop: false }`
[INFO] running `Command { std: "docker" "rm" "-f" "aa3beb8e0f31ee12899754582e5533415e951dde5d3e3731b466d379553ba347", kill_on_drop: false }`
[INFO] [stdout] aa3beb8e0f31ee12899754582e5533415e951dde5d3e3731b466d379553ba347
