[INFO] fetching crate openinvar-core 0.3.0...
[INFO] testing openinvar-core-0.3.0 against 1.99.0-beta.8+cargoflags=--release for beta-release-1.100-2
[INFO] extracting crate openinvar-core 0.3.0 into /workspace/builds/worker-4-tc1/source
[INFO] started tweaking crates.io crate openinvar-core 0.3.0
[INFO] removed 0 missing tests
[INFO] finished tweaking crates.io crate openinvar-core 0.3.0
[INFO] tweaked toml for crates.io crate openinvar-core 0.3.0 written to /workspace/builds/worker-4-tc1/source/Cargo.toml
[INFO] validating manifest of crates.io crate openinvar-core 0.3.0 on toolchain 1.99.0-beta.8
[INFO] running `Command { std: CARGO_HOME="/workspace/cargo-home" RUSTUP_HOME="/workspace/rustup-home" "/workspace/cargo-home/bin/cargo" "+1.99.0-beta.8" "metadata" "--manifest-path" "Cargo.toml" "--no-deps", kill_on_drop: false }`
[INFO] crate crates.io crate openinvar-core 0.3.0 already has a lockfile, it will not be regenerated
[INFO] running `Command { std: CARGO_HOME="/workspace/cargo-home" RUSTUP_HOME="/workspace/rustup-home" "/workspace/cargo-home/bin/cargo" "+1.99.0-beta.8" "fetch" "--manifest-path" "Cargo.toml", kill_on_drop: false }`
[INFO] [stderr]  Downloading crates ...
[INFO] [stderr]   Downloaded cc v1.0.106
[INFO] running `Command { std: "docker" "create" "-v" "/var/lib/crater-agent-workspace/builds/worker-4-tc1/source:/opt/rustwide/workdir:ro,Z" "-v" "/var/lib/crater-agent-workspace/builds/worker-4-tc1/target:/opt/rustwide/target:rw,Z" "-v" "/var/lib/crater-agent-workspace/cargo-home:/opt/rustwide/cargo-home:ro,Z" "-v" "/var/lib/crater-agent-workspace/rustup-home:/opt/rustwide/rustup-home:ro,Z" "-m" "1610612736" "--network" "none" "ghcr.io/rust-lang/crates-build-env/linux@sha256:77db811e55d90add9212f6832c23229e3de5f1c1f9905e8cb07319ea15df73ac" "sleep" "infinity", kill_on_drop: false }`
[INFO] [stdout] 2f4afadd09868ebac13b7c9cfad9327cea1c7ef5a86416c61fbd654114869e2b
[INFO] running `Command { std: "docker" "start" "2f4afadd09868ebac13b7c9cfad9327cea1c7ef5a86416c61fbd654114869e2b", kill_on_drop: false }`
[INFO] running `Command { std: "docker" "inspect" "2f4afadd09868ebac13b7c9cfad9327cea1c7ef5a86416c61fbd654114869e2b", kill_on_drop: false }`
[INFO] running `Command { std: "docker" "exec" "-e" "SOURCE_DIR=/opt/rustwide/workdir" "-e" "CARGO_HOME=/opt/rustwide/cargo-home" "-e" "RUSTUP_HOME=/opt/rustwide/rustup-home" "-e" "CARGO_TARGET_DIR=/opt/rustwide/target" "-w" "/opt/rustwide/workdir" "--user" "0:0" "2f4afadd09868ebac13b7c9cfad9327cea1c7ef5a86416c61fbd654114869e2b" "/opt/rustwide/cargo-home/bin/cargo" "+1.99.0-beta.8" "metadata" "--no-deps" "--format-version=1", kill_on_drop: false }`
[INFO] running `Command { std: "docker" "inspect" "2f4afadd09868ebac13b7c9cfad9327cea1c7ef5a86416c61fbd654114869e2b", kill_on_drop: false }`
[INFO] running `Command { std: "docker" "exec" "-e" "SOURCE_DIR=/opt/rustwide/workdir" "-e" "CARGO_HOME=/opt/rustwide/cargo-home" "-e" "RUSTUP_HOME=/opt/rustwide/rustup-home" "-e" "CARGO_TARGET_DIR=/opt/rustwide/target" "-e" "CARGO_INCREMENTAL=0" "-e" "RUST_BACKTRACE=full" "-e" "RUSTFLAGS=--cap-lints=warn" "-e" "RUSTDOCFLAGS=--cap-lints=warn" "-w" "/opt/rustwide/workdir" "--user" "0:0" "2f4afadd09868ebac13b7c9cfad9327cea1c7ef5a86416c61fbd654114869e2b" "/opt/rustwide/cargo-home/bin/cargo" "+1.99.0-beta.8" "build" "--frozen" "--message-format=json" "--release", kill_on_drop: false }`
[INFO] [stderr]    Compiling cc v1.0.106
[INFO] [stderr]    Compiling indexmap v2.14.2
[INFO] [stderr]    Compiling parking_lot_core v0.9.12
[INFO] [stderr]    Compiling serde v1.0.229
[INFO] [stderr]    Compiling rayon v1.12.0
[INFO] [stderr]    Compiling dashmap v6.2.1
[INFO] [stderr]    Compiling tree-sitter v0.22.6
[INFO] [stderr]    Compiling petgraph v0.6.5
[INFO] [stderr]    Compiling openinvar-core v0.3.0 (/opt/rustwide/workdir)
[INFO] [stderr]     Finished `release` profile [optimized] target(s) in 18.69s
[INFO] running `Command { std: "docker" "inspect" "2f4afadd09868ebac13b7c9cfad9327cea1c7ef5a86416c61fbd654114869e2b", kill_on_drop: false }`
[INFO] running `Command { std: "docker" "exec" "-e" "SOURCE_DIR=/opt/rustwide/workdir" "-e" "CARGO_HOME=/opt/rustwide/cargo-home" "-e" "RUSTUP_HOME=/opt/rustwide/rustup-home" "-e" "CARGO_TARGET_DIR=/opt/rustwide/target" "-e" "CARGO_INCREMENTAL=0" "-e" "RUST_BACKTRACE=full" "-e" "RUSTFLAGS=--cap-lints=warn" "-e" "RUSTDOCFLAGS=--cap-lints=warn" "-w" "/opt/rustwide/workdir" "--user" "0:0" "2f4afadd09868ebac13b7c9cfad9327cea1c7ef5a86416c61fbd654114869e2b" "/opt/rustwide/cargo-home/bin/cargo" "+1.99.0-beta.8" "test" "--frozen" "--no-run" "--message-format=json" "--release", kill_on_drop: false }`
[INFO] [stderr]    Compiling tree-sitter-rust v0.21.2
[INFO] [stderr]    Compiling openinvar-core v0.3.0 (/opt/rustwide/workdir)
[INFO] [stderr]     Finished `release` profile [optimized] target(s) in 8.85s
[INFO] running `Command { std: "docker" "inspect" "2f4afadd09868ebac13b7c9cfad9327cea1c7ef5a86416c61fbd654114869e2b", kill_on_drop: false }`
[INFO] running `Command { std: "docker" "exec" "-e" "SOURCE_DIR=/opt/rustwide/workdir" "-e" "CARGO_HOME=/opt/rustwide/cargo-home" "-e" "RUSTUP_HOME=/opt/rustwide/rustup-home" "-e" "CARGO_TARGET_DIR=/opt/rustwide/target" "-e" "CARGO_INCREMENTAL=0" "-e" "RUST_BACKTRACE=full" "-e" "RUSTFLAGS=--cap-lints=warn" "-e" "RUSTDOCFLAGS=--cap-lints=warn" "-w" "/opt/rustwide/workdir" "--user" "0:0" "2f4afadd09868ebac13b7c9cfad9327cea1c7ef5a86416c61fbd654114869e2b" "/opt/rustwide/cargo-home/bin/cargo" "+1.99.0-beta.8" "test" "--frozen" "--release", kill_on_drop: false }`
[INFO] [stderr]     Finished `release` profile [optimized] target(s) in 0.07s
[INFO] [stderr]      Running unittests src/lib.rs (/opt/rustwide/target/release/deps/openinvar_core-21948a810abb0fca)
[INFO] [stdout] 
[INFO] [stdout] running 25 tests
[INFO] [stdout] test ast::tests::walk_covers_the_whole_subtree ... ok
[INFO] [stdout] test ast::tests::walk_stays_inside_the_requested_subtree ... ok
[INFO] [stdout] test coverage::tests::percent_counts_resolved_against_the_total ... ok
[INFO] [stdout] test coverage::tests::percent_is_none_rather_than_a_number_when_there_are_no_edges ... ok
[INFO] [stdout] test coverage::tests::a_fully_structural_slice_reports_zero_not_none ... ok
[INFO] [stdout] test scan::tests::test_parse_csv_patterns ... ok
[INFO] [stdout] test ast::tests::walk_visits_in_source_order ... ok
[INFO] [stdout] test scan::tests::test_pattern_matches_globs_and_suffix ... ok
[INFO] [stdout] test ast::tests::parse_errors_are_detected_and_located ... ok
[INFO] [stdout] test scan::default_exclude_tests::genuine_build_output_is_still_excluded_by_default ... FAILED
[INFO] [stdout] test scan::default_exclude_tests::ordinary_source_directory_names_are_no_longer_excluded_by_default ... FAILED
[INFO] [stdout] test scan::tests::test_include_patterns_descend_correctly_into_subdirectories ... FAILED
[INFO] [stdout] test scan::tests::test_include_with_double_star_finds_nested_files ... FAILED
[INFO] [stdout] test scan::default_exclude_tests::an_explicit_exclude_still_wins_over_an_include ... FAILED
[INFO] [stdout] test scan::default_exclude_tests::an_explicit_include_overrides_a_default_exclusion ... FAILED
[INFO] [stdout] test symbol_id::tests::external_package_ids_round_trip ... ok
[INFO] [stdout] test symbol_id::tests::import_placeholders_round_trip_go_style_module_paths ... ok
[INFO] [stdout] test symbol_id::tests::import_placeholders_round_trip_paths_containing_colons ... ok
[INFO] [stdout] test symbol_id::tests::resolved_ids_round_trip ... ok
[INFO] [stdout] test scan::default_exclude_tests::skipped_directories_are_reported_so_a_short_file_count_is_explainable ... FAILED
[INFO] [stdout] test scan::tests::test_gitignore_rule_evaluation_with_negation ... ok
[INFO] [stdout] test symbol_id::tests::local_type_placeholders_round_trip ... ok
[INFO] [stdout] test symbol_id::tests::symbol_names_containing_the_separator_survive_a_round_trip ... ok
[INFO] [stdout] test symbol_id::tests::resolved_ids_are_not_placeholders ... ok
[INFO] [stdout] test ast::tests::walk_bounds_pathological_nesting_instead_of_overflowing ... ok
[INFO] [stdout] 
[INFO] [stdout] failures:
[INFO] [stdout] 
[INFO] [stdout] ---- scan::default_exclude_tests::genuine_build_output_is_still_excluded_by_default stdout ----
[INFO] [stdout] 
[INFO] [stdout] thread 'scan::default_exclude_tests::genuine_build_output_is_still_excluded_by_default' (1057) panicked at src/scan.rs:679:10:
[INFO] [stdout] scan succeeds: Custom { kind: NotFound, error: Error { depth: 0, inner: Io { path: Some("/opt/rustwide/workdir/../../fixtures/scan/default_excludes"), err: Os { code: 2, kind: NotFound, message: "No such file or directory" } } } }
[INFO] [stdout] stack backtrace:
[INFO] [stdout]    0:     0x579a9b3eef61 - <<std[70759c8f55707aa4]::sys::backtrace::BacktraceLock>::print::DisplayBacktrace as core[df12db4294e9bfd3]::fmt::Display>::fmt
[INFO] [stdout]    1:     0x579a9b40393a - core[df12db4294e9bfd3]::fmt::write
[INFO] [stdout]    2:     0x579a9b3f36ec - <alloc[2182bb758b4b3781]::vec::Vec<u8> as core[df12db4294e9bfd3]::io::write::Write>::write_fmt
[INFO] [stdout]    3:     0x579a9b3ca2e6 - std[70759c8f55707aa4]::panicking::default_hook::{closure#0}
[INFO] [stdout]    4:     0x579a9b3e6fc9 - std[70759c8f55707aa4]::panicking::default_hook
[INFO] [stdout]    5:     0x579a9b36b800 - test[9d35eded1c95d3be]::test_main_inner::<test[9d35eded1c95d3be]::test_main_static::{closure#0}>::{closure#0}
[INFO] [stdout]    6:     0x579a9b3e7182 - std[70759c8f55707aa4]::panicking::panic_with_hook
[INFO] [stdout]    7:     0x579a9b3ca392 - std[70759c8f55707aa4]::panicking::panic_handler::{closure#0}
[INFO] [stdout]    8:     0x579a9b3c2ee9 - std[70759c8f55707aa4]::sys::backtrace::__rust_end_short_backtrace::<std[70759c8f55707aa4]::panicking::panic_handler::{closure#0}, !>
[INFO] [stdout]    9:     0x579a9b3caf8d - __rustc[8fa7c3cbc660c2b3]::rust_begin_unwind
[INFO] [stdout]   10:     0x579a9b40406c - core[df12db4294e9bfd3]::panicking::panic_fmt
[INFO] [stdout]   11:     0x579a9b403e42 - core[df12db4294e9bfd3]::result::unwrap_failed
[INFO] [stdout]   12:     0x579a9b34e4c3 - openinvar_core[1ce6c976f512b463]::scan::default_exclude_tests::scan
[INFO] [stdout]   13:     0x579a9b34eab1 - openinvar_core[1ce6c976f512b463]::scan::default_exclude_tests::genuine_build_output_is_still_excluded_by_default
[INFO] [stdout]   14:     0x579a9b358c89 - <openinvar_core[1ce6c976f512b463]::scan::default_exclude_tests::genuine_build_output_is_still_excluded_by_default::{closure#0} as core[df12db4294e9bfd3]::ops::function::FnOnce<()>>::call_once
[INFO] [stdout]   15:     0x579a9b35eaeb - test[9d35eded1c95d3be]::__rust_begin_short_backtrace::<core[df12db4294e9bfd3]::result::Result<(), alloc[2182bb758b4b3781]::string::String>, fn() -> core[df12db4294e9bfd3]::result::Result<(), alloc[2182bb758b4b3781]::string::String>>
[INFO] [stdout]   16:     0x579a9b36c155 - test[9d35eded1c95d3be]::run_test::{closure#0}
[INFO] [stdout]   17:     0x579a9b365a14 - std[70759c8f55707aa4]::sys::backtrace::__rust_begin_short_backtrace::<test[9d35eded1c95d3be]::run_test::{closure#1}, ()>
[INFO] [stdout]   18:     0x579a9b36f2b2 - <std[70759c8f55707aa4]::thread::lifecycle::spawn_unchecked<test[9d35eded1c95d3be]::run_test::{closure#1}, ()>::{closure#1} as core[df12db4294e9bfd3]::ops::function::FnOnce<()>>::call_once::{shim:vtable#0}
[INFO] [stdout]   19:     0x579a9b3ee4c9 - <std[70759c8f55707aa4]::sys::thread::unix::Thread>::new::thread_start
[INFO] [stdout]   20:     0x786f6ff50dfa - <unknown>
[INFO] [stdout]   21:     0x786f6ffe43d4 - clone
[INFO] [stdout]   22:                0x0 - <unknown>
[INFO] [stdout] 
[INFO] [stdout] ---- scan::default_exclude_tests::ordinary_source_directory_names_are_no_longer_excluded_by_default stdout ----
[INFO] [stdout] 
[INFO] [stdout] thread 'scan::default_exclude_tests::ordinary_source_directory_names_are_no_longer_excluded_by_default' (1058) panicked at src/scan.rs:679:10:
[INFO] [stdout] scan succeeds: Custom { kind: NotFound, error: Error { depth: 0, inner: Io { path: Some("/opt/rustwide/workdir/../../fixtures/scan/default_excludes"), err: Os { code: 2, kind: NotFound, message: "No such file or directory" } } } }
[INFO] [stdout] stack backtrace:
[INFO] [stdout]    0:     0x579a9b3eef61 - <<std[70759c8f55707aa4]::sys::backtrace::BacktraceLock>::print::DisplayBacktrace as core[df12db4294e9bfd3]::fmt::Display>::fmt
[INFO] [stdout]    1:     0x579a9b40393a - core[df12db4294e9bfd3]::fmt::write
[INFO] [stdout]    2:     0x579a9b3f36ec - <alloc[2182bb758b4b3781]::vec::Vec<u8> as core[df12db4294e9bfd3]::io::write::Write>::write_fmt
[INFO] [stdout]    3:     0x579a9b3ca2e6 - std[70759c8f55707aa4]::panicking::default_hook::{closure#0}
[INFO] [stdout]    4:     0x579a9b3e6fc9 - std[70759c8f55707aa4]::panicking::default_hook
[INFO] [stdout]    5:     0x579a9b36b800 - test[9d35eded1c95d3be]::test_main_inner::<test[9d35eded1c95d3be]::test_main_static::{closure#0}>::{closure#0}
[INFO] [stdout]    6:     0x579a9b3e7182 - std[70759c8f55707aa4]::panicking::panic_with_hook
[INFO] [stdout]    7:     0x579a9b3ca392 - std[70759c8f55707aa4]::panicking::panic_handler::{closure#0}
[INFO] [stdout]    8:     0x579a9b3c2ee9 - std[70759c8f55707aa4]::sys::backtrace::__rust_end_short_backtrace::<std[70759c8f55707aa4]::panicking::panic_handler::{closure#0}, !>
[INFO] [stdout]    9:     0x579a9b3caf8d - __rustc[8fa7c3cbc660c2b3]::rust_begin_unwind
[INFO] [stdout]   10:     0x579a9b40406c - core[df12db4294e9bfd3]::panicking::panic_fmt
[INFO] [stdout]   11:     0x579a9b403e42 - core[df12db4294e9bfd3]::result::unwrap_failed
[INFO] [stdout]   12:     0x579a9b34e4c3 - openinvar_core[1ce6c976f512b463]::scan::default_exclude_tests::scan
[INFO] [stdout]   13:     0x579a9b34ec11 - openinvar_core[1ce6c976f512b463]::scan::default_exclude_tests::ordinary_source_directory_names_are_no_longer_excluded_by_default
[INFO] [stdout]   14:     0x579a9b358ca9 - <openinvar_core[1ce6c976f512b463]::scan::default_exclude_tests::ordinary_source_directory_names_are_no_longer_excluded_by_default::{closure#0} as core[df12db4294e9bfd3]::ops::function::FnOnce<()>>::call_once
[INFO] [stdout]   15:     0x579a9b35eaeb - test[9d35eded1c95d3be]::__rust_begin_short_backtrace::<core[df12db4294e9bfd3]::result::Result<(), alloc[2182bb758b4b3781]::string::String>, fn() -> core[df12db4294e9bfd3]::result::Result<(), alloc[2182bb758b4b3781]::string::String>>
[INFO] [stdout]   16:     0x579a9b36c155 - test[9d35eded1c95d3be]::run_test::{closure#0}
[INFO] [stdout]   17:     0x579a9b365a14 - std[70759c8f55707aa4]::sys::backtrace::__rust_begin_short_backtrace::<test[9d35eded1c95d3be]::run_test::{closure#1}, ()>
[INFO] [stdout]   18:     0x579a9b36f2b2 - <std[70759c8f55707aa4]::thread::lifecycle::spawn_unchecked<test[9d35eded1c95d3be]::run_test::{closure#1}, ()>::{closure#1} as core[df12db4294e9bfd3]::ops::function::FnOnce<()>>::call_once::{shim:vtable#0}
[INFO] [stdout]   19:     0x579a9b3ee4c9 - <std[70759c8f55707aa4]::sys::thread::unix::Thread>::new::thread_start
[INFO] [stdout]   20:     0x786f6ff50dfa - <unknown>
[INFO] [stdout]   21:     0x786f6ffe43d4 - clone
[INFO] [stdout]   22:                0x0 - <unknown>
[INFO] [stdout] 
[INFO] [stdout] ---- scan::tests::test_include_patterns_descend_correctly_into_subdirectories stdout ----
[INFO] [stdout] 
[INFO] [stdout] thread 'scan::tests::test_include_patterns_descend_correctly_into_subdirectories' (1061) panicked at src/scan.rs:242:14:
[INFO] [stdout] walk should succeed for monorepo fixture: Custom { kind: NotFound, error: Error { depth: 0, inner: Io { path: Some("/opt/rustwide/workdir/../../fixtures/scan/monorepo"), err: Os { code: 2, kind: NotFound, message: "No such file or directory" } } } }
[INFO] [stdout] stack backtrace:
[INFO] [stdout]    0:     0x579a9b3eef61 - <<std[70759c8f55707aa4]::sys::backtrace::BacktraceLock>::print::DisplayBacktrace as core[df12db4294e9bfd3]::fmt::Display>::fmt
[INFO] [stdout]    1:     0x579a9b40393a - core[df12db4294e9bfd3]::fmt::write
[INFO] [stdout]    2:     0x579a9b3f36ec - <alloc[2182bb758b4b3781]::vec::Vec<u8> as core[df12db4294e9bfd3]::io::write::Write>::write_fmt
[INFO] [stdout]    3:     0x579a9b3ca2e6 - std[70759c8f55707aa4]::panicking::default_hook::{closure#0}
[INFO] [stdout]    4:     0x579a9b3e6fc9 - std[70759c8f55707aa4]::panicking::default_hook
[INFO] [stdout]    5:     0x579a9b36b800 - test[9d35eded1c95d3be]::test_main_inner::<test[9d35eded1c95d3be]::test_main_static::{closure#0}>::{closure#0}
[INFO] [stdout]    6:     0x579a9b3e7182 - std[70759c8f55707aa4]::panicking::panic_with_hook
[INFO] [stdout]    7:     0x579a9b3ca392 - std[70759c8f55707aa4]::panicking::panic_handler::{closure#0}
[INFO] [stdout]    8:     0x579a9b3c2ee9 - std[70759c8f55707aa4]::sys::backtrace::__rust_end_short_backtrace::<std[70759c8f55707aa4]::panicking::panic_handler::{closure#0}, !>
[INFO] [stdout]    9:     0x579a9b3caf8d - __rustc[8fa7c3cbc660c2b3]::rust_begin_unwind
[INFO] [stdout]   10:     0x579a9b40406c - core[df12db4294e9bfd3]::panicking::panic_fmt
[INFO] [stdout]   11:     0x579a9b403e42 - core[df12db4294e9bfd3]::result::unwrap_failed
[INFO] [stdout]   12:     0x579a9b356e19 - openinvar_core[1ce6c976f512b463]::scan::tests::test_include_patterns_descend_correctly_into_subdirectories
[INFO] [stdout]   13:     0x579a9b358d69 - <openinvar_core[1ce6c976f512b463]::scan::tests::test_include_patterns_descend_correctly_into_subdirectories::{closure#0} as core[df12db4294e9bfd3]::ops::function::FnOnce<()>>::call_once
[INFO] [stdout]   14:     0x579a9b35eaeb - test[9d35eded1c95d3be]::__rust_begin_short_backtrace::<core[df12db4294e9bfd3]::result::Result<(), alloc[2182bb758b4b3781]::string::String>, fn() -> core[df12db4294e9bfd3]::result::Result<(), alloc[2182bb758b4b3781]::string::String>>
[INFO] [stdout]   15:     0x579a9b36c155 - test[9d35eded1c95d3be]::run_test::{closure#0}
[INFO] [stdout]   16:     0x579a9b365a14 - std[70759c8f55707aa4]::sys::backtrace::__rust_begin_short_backtrace::<test[9d35eded1c95d3be]::run_test::{closure#1}, ()>
[INFO] [stdout]   17:     0x579a9b36f2b2 - <std[70759c8f55707aa4]::thread::lifecycle::spawn_unchecked<test[9d35eded1c95d3be]::run_test::{closure#1}, ()>::{closure#1} as core[df12db4294e9bfd3]::ops::function::FnOnce<()>>::call_once::{shim:vtable#0}
[INFO] [stdout]   18:     0x579a9b3ee4c9 - <std[70759c8f55707aa4]::sys::thread::unix::Thread>::new::thread_start
[INFO] [stdout]   19:     0x786f6ff50dfa - <unknown>
[INFO] [stdout]   20:     0x786f6ffe43d4 - clone
[INFO] [stdout]   21:                0x0 - <unknown>
[INFO] [stdout] 
[INFO] [stdout] ---- scan::tests::test_include_with_double_star_finds_nested_files stdout ----
[INFO] [stdout] 
[INFO] [stdout] thread 'scan::tests::test_include_with_double_star_finds_nested_files' (1062) panicked at src/scan.rs:276:14:
[INFO] [stdout] walk should succeed for recursive glob include: Custom { kind: NotFound, error: Error { depth: 0, inner: Io { path: Some("/opt/rustwide/workdir/../../fixtures/scan/monorepo"), err: Os { code: 2, kind: NotFound, message: "No such file or directory" } } } }
[INFO] [stdout] stack backtrace:
[INFO] [stdout]    0:     0x579a9b3eef61 - <<std[70759c8f55707aa4]::sys::backtrace::BacktraceLock>::print::DisplayBacktrace as core[df12db4294e9bfd3]::fmt::Display>::fmt
[INFO] [stdout]    1:     0x579a9b40393a - core[df12db4294e9bfd3]::fmt::write
[INFO] [stdout]    2:     0x579a9b3f36ec - <alloc[2182bb758b4b3781]::vec::Vec<u8> as core[df12db4294e9bfd3]::io::write::Write>::write_fmt
[INFO] [stdout]    3:     0x579a9b3ca2e6 - std[70759c8f55707aa4]::panicking::default_hook::{closure#0}
[INFO] [stdout]    4:     0x579a9b3e6fc9 - std[70759c8f55707aa4]::panicking::default_hook
[INFO] [stdout]    5:     0x579a9b36b800 - test[9d35eded1c95d3be]::test_main_inner::<test[9d35eded1c95d3be]::test_main_static::{closure#0}>::{closure#0}
[INFO] [stdout]    6:     0x579a9b3e7182 - std[70759c8f55707aa4]::panicking::panic_with_hook
[INFO] [stdout]    7:     0x579a9b3ca392 - std[70759c8f55707aa4]::panicking::panic_handler::{closure#0}
[INFO] [stdout]    8:     0x579a9b3c2ee9 - std[70759c8f55707aa4]::sys::backtrace::__rust_end_short_backtrace::<std[70759c8f55707aa4]::panicking::panic_handler::{closure#0}, !>
[INFO] [stdout]    9:     0x579a9b3caf8d - __rustc[8fa7c3cbc660c2b3]::rust_begin_unwind
[INFO] [stdout]   10:     0x579a9b40406c - core[df12db4294e9bfd3]::panicking::panic_fmt
[INFO] [stdout]   11:     0x579a9b403e42 - core[df12db4294e9bfd3]::result::unwrap_failed
[INFO] [stdout]   12:     0x579a9b356976 - openinvar_core[1ce6c976f512b463]::scan::tests::test_include_with_double_star_finds_nested_files
[INFO] [stdout]   13:     0x579a9b358d49 - <openinvar_core[1ce6c976f512b463]::scan::tests::test_include_with_double_star_finds_nested_files::{closure#0} as core[df12db4294e9bfd3]::ops::function::FnOnce<()>>::call_once
[INFO] [stdout]   14:     0x579a9b35eaeb - test[9d35eded1c95d3be]::__rust_begin_short_backtrace::<core[df12db4294e9bfd3]::result::Result<(), alloc[2182bb758b4b3781]::string::String>, fn() -> core[df12db4294e9bfd3]::result::Result<(), alloc[2182bb758b4b3781]::string::String>>
[INFO] [stdout]   15:     0x579a9b36c155 - test[9d35eded1c95d3be]::run_test::{closure#0}
[INFO] [stdout]   16:     0x579a9b365a14 - std[70759c8f55707aa4]::sys::backtrace::__rust_begin_short_backtrace::<test[9d35eded1c95d3be]::run_test::{closure#1}, ()>
[INFO] [stdout]   17:     0x579a9b36f2b2 - <std[70759c8f55707aa4]::thread::lifecycle::spawn_unchecked<test[9d35eded1c95d3be]::run_test::{closure#1}, ()>::{closure#1} as core[df12db4294e9bfd3]::ops::function::FnOnce<()>>::call_once::{shim:vtable#0}
[INFO] [stdout]   18:     0x579a9b3ee4c9 - <std[70759c8f55707aa4]::sys::thread::unix::Thread>::new::thread_start
[INFO] [stdout]   19:     0x786f6ff50dfa - <unknown>
[INFO] [stdout]   20:     0x786f6ffe43d4 - clone
[INFO] [stdout]   21:                0x0 - <unknown>
[INFO] [stdout] 
[INFO] [stdout] ---- scan::default_exclude_tests::an_explicit_exclude_still_wins_over_an_include stdout ----
[INFO] [stdout] 
[INFO] [stdout] thread 'scan::default_exclude_tests::an_explicit_exclude_still_wins_over_an_include' (1055) panicked at src/scan.rs:679:10:
[INFO] [stdout] scan succeeds: Custom { kind: NotFound, error: Error { depth: 0, inner: Io { path: Some("/opt/rustwide/workdir/../../fixtures/scan/default_excludes"), err: Os { code: 2, kind: NotFound, message: "No such file or directory" } } } }
[INFO] [stdout] stack backtrace:
[INFO] [stdout]    0:     0x579a9b3eef61 - <<std[70759c8f55707aa4]::sys::backtrace::BacktraceLock>::print::DisplayBacktrace as core[df12db4294e9bfd3]::fmt::Display>::fmt
[INFO] [stdout]    1:     0x579a9b40393a - core[df12db4294e9bfd3]::fmt::write
[INFO] [stdout]    2:     0x579a9b3f36ec - <alloc[2182bb758b4b3781]::vec::Vec<u8> as core[df12db4294e9bfd3]::io::write::Write>::write_fmt
[INFO] [stdout]    3:     0x579a9b3ca2e6 - std[70759c8f55707aa4]::panicking::default_hook::{closure#0}
[INFO] [stdout]    4:     0x579a9b3e6fc9 - std[70759c8f55707aa4]::panicking::default_hook
[INFO] [stdout]    5:     0x579a9b36b800 - test[9d35eded1c95d3be]::test_main_inner::<test[9d35eded1c95d3be]::test_main_static::{closure#0}>::{closure#0}
[INFO] [stdout]    6:     0x579a9b3e7182 - std[70759c8f55707aa4]::panicking::panic_with_hook
[INFO] [stdout]    7:     0x579a9b3ca392 - std[70759c8f55707aa4]::panicking::panic_handler::{closure#0}
[INFO] [stdout]    8:     0x579a9b3c2ee9 - std[70759c8f55707aa4]::sys::backtrace::__rust_end_short_backtrace::<std[70759c8f55707aa4]::panicking::panic_handler::{closure#0}, !>
[INFO] [stdout]    9:     0x579a9b3caf8d - __rustc[8fa7c3cbc660c2b3]::rust_begin_unwind
[INFO] [stdout]   10:     0x579a9b40406c - core[df12db4294e9bfd3]::panicking::panic_fmt
[INFO] [stdout]   11:     0x579a9b403e42 - core[df12db4294e9bfd3]::result::unwrap_failed
[INFO] [stdout]   12:     0x579a9b34e4c3 - openinvar_core[1ce6c976f512b463]::scan::default_exclude_tests::scan
[INFO] [stdout]   13:     0x579a9b34e68c - openinvar_core[1ce6c976f512b463]::scan::default_exclude_tests::an_explicit_exclude_still_wins_over_an_include
[INFO] [stdout]   14:     0x579a9b358c49 - <openinvar_core[1ce6c976f512b463]::scan::default_exclude_tests::an_explicit_exclude_still_wins_over_an_include::{closure#0} as core[df12db4294e9bfd3]::ops::function::FnOnce<()>>::call_once
[INFO] [stdout]   15:     0x579a9b35eaeb - test[9d35eded1c95d3be]::__rust_begin_short_backtrace::<core[df12db4294e9bfd3]::result::Result<(), alloc[2182bb758b4b3781]::string::String>, fn() -> core[df12db4294e9bfd3]::result::Result<(), alloc[2182bb758b4b3781]::string::String>>
[INFO] [stdout]   16:     0x579a9b36c155 - test[9d35eded1c95d3be]::run_test::{closure#0}
[INFO] [stdout]   17:     0x579a9b365a14 - std[70759c8f55707aa4]::sys::backtrace::__rust_begin_short_backtrace::<test[9d35eded1c95d3be]::run_test::{closure#1}, ()>
[INFO] [stdout]   18:     0x579a9b36f2b2 - <std[70759c8f55707aa4]::thread::lifecycle::spawn_unchecked<test[9d35eded1c95d3be]::run_test::{closure#1}, ()>::{closure#1} as core[df12db4294e9bfd3]::ops::function::FnOnce<()>>::call_once::{shim:vtable#0}
[INFO] [stdout]   19:     0x579a9b3ee4c9 - <std[70759c8f55707aa4]::sys::thread::unix::Thread>::new::thread_start
[INFO] [stdout]   20:     0x786f6ff50dfa - <unknown>
[INFO] [stdout]   21:     0x786f6ffe43d4 - clone
[INFO] [stdout]   22:                0x0 - <unknown>
[INFO] [stdout] 
[INFO] [stdout] ---- scan::default_exclude_tests::an_explicit_include_overrides_a_default_exclusion stdout ----
[INFO] [stdout] 
[INFO] [stdout] thread 'scan::default_exclude_tests::an_explicit_include_overrides_a_default_exclusion' (1056) panicked at src/scan.rs:679:10:
[INFO] [stdout] scan succeeds: Custom { kind: NotFound, error: Error { depth: 0, inner: Io { path: Some("/opt/rustwide/workdir/../../fixtures/scan/default_excludes"), err: Os { code: 2, kind: NotFound, message: "No such file or directory" } } } }
[INFO] [stdout] stack backtrace:
[INFO] [stdout]    0:     0x579a9b3eef61 - <<std[70759c8f55707aa4]::sys::backtrace::BacktraceLock>::print::DisplayBacktrace as core[df12db4294e9bfd3]::fmt::Display>::fmt
[INFO] [stdout]    1:     0x579a9b40393a - core[df12db4294e9bfd3]::fmt::write
[INFO] [stdout]    2:     0x579a9b3f36ec - <alloc[2182bb758b4b3781]::vec::Vec<u8> as core[df12db4294e9bfd3]::io::write::Write>::write_fmt
[INFO] [stdout]    3:     0x579a9b3ca2e6 - std[70759c8f55707aa4]::panicking::default_hook::{closure#0}
[INFO] [stdout]    4:     0x579a9b3e6fc9 - std[70759c8f55707aa4]::panicking::default_hook
[INFO] [stdout]    5:     0x579a9b36b800 - test[9d35eded1c95d3be]::test_main_inner::<test[9d35eded1c95d3be]::test_main_static::{closure#0}>::{closure#0}
[INFO] [stdout]    6:     0x579a9b3e7182 - std[70759c8f55707aa4]::panicking::panic_with_hook
[INFO] [stdout]    7:     0x579a9b3ca392 - std[70759c8f55707aa4]::panicking::panic_handler::{closure#0}
[INFO] [stdout]    8:     0x579a9b3c2ee9 - std[70759c8f55707aa4]::sys::backtrace::__rust_end_short_backtrace::<std[70759c8f55707aa4]::panicking::panic_handler::{closure#0}, !>
[INFO] [stdout]    9:     0x579a9b3caf8d - __rustc[8fa7c3cbc660c2b3]::rust_begin_unwind
[INFO] [stdout]   10:     0x579a9b40406c - core[df12db4294e9bfd3]::panicking::panic_fmt
[INFO] [stdout]   11:     0x579a9b403e42 - core[df12db4294e9bfd3]::result::unwrap_failed
[INFO] [stdout]   12:     0x579a9b34e4c3 - openinvar_core[1ce6c976f512b463]::scan::default_exclude_tests::scan
[INFO] [stdout]   13:     0x579a9b34e92c - openinvar_core[1ce6c976f512b463]::scan::default_exclude_tests::an_explicit_include_overrides_a_default_exclusion
[INFO] [stdout]   14:     0x579a9b358c69 - <openinvar_core[1ce6c976f512b463]::scan::default_exclude_tests::an_explicit_include_overrides_a_default_exclusion::{closure#0} as core[df12db4294e9bfd3]::ops::function::FnOnce<()>>::call_once
[INFO] [stdout]   15:     0x579a9b35eaeb - test[9d35eded1c95d3be]::__rust_begin_short_backtrace::<core[df12db4294e9bfd3]::result::Result<(), alloc[2182bb758b4b3781]::string::String>, fn() -> core[df12db4294e9bfd3]::result::Result<(), alloc[2182bb758b4b3781]::string::String>>
[INFO] [stdout]   16:     0x579a9b36c155 - test[9d35eded1c95d3be]::run_test::{closure#0}
[INFO] [stdout]   17:     0x579a9b365a14 - std[70759c8f55707aa4]::sys::backtrace::__rust_begin_short_backtrace::<test[9d35eded1c95d3be]::run_test::{closure#1}, ()>
[INFO] [stdout]   18:     0x579a9b36f2b2 - <std[70759c8f55707aa4]::thread::lifecycle::spawn_unchecked<test[9d35eded1c95d3be]::run_test::{closure#1}, ()>::{closure#1} as core[df12db4294e9bfd3]::ops::function::FnOnce<()>>::call_once::{shim:vtable#0}
[INFO] [stdout]   19:     0x579a9b3ee4c9 - <std[70759c8f55707aa4]::sys::thread::unix::Thread>::new::thread_start
[INFO] [stdout]   20:     0x786f6ff50dfa - <unknown>
[INFO] [stdout]   21:     0x786f6ffe43d4 - clone
[INFO] [stdout]   22:                0x0 - <unknown>
[INFO] [stdout] 
[INFO] [stdout] ---- scan::default_exclude_tests::skipped_directories_are_reported_so_a_short_file_count_is_explainable stdout ----
[INFO] [stdout] 
[INFO] [stdout] thread 'scan::default_exclude_tests::skipped_directories_are_reported_so_a_short_file_count_is_explainable' (1059) panicked at src/scan.rs:772:10:
[INFO] [stdout] scan succeeds: Custom { kind: NotFound, error: Error { depth: 0, inner: Io { path: Some("/opt/rustwide/workdir/../../fixtures/scan/default_excludes"), err: Os { code: 2, kind: NotFound, message: "No such file or directory" } } } }
[INFO] [stdout] stack backtrace:
[INFO] [stdout]    0:     0x579a9b3eef61 - <<std[70759c8f55707aa4]::sys::backtrace::BacktraceLock>::print::DisplayBacktrace as core[df12db4294e9bfd3]::fmt::Display>::fmt
[INFO] [stdout]    1:     0x579a9b40393a - core[df12db4294e9bfd3]::fmt::write
[INFO] [stdout]    2:     0x579a9b3f36ec - <alloc[2182bb758b4b3781]::vec::Vec<u8> as core[df12db4294e9bfd3]::io::write::Write>::write_fmt
[INFO] [stdout]    3:     0x579a9b3ca2e6 - std[70759c8f55707aa4]::panicking::default_hook::{closure#0}
[INFO] [stdout]    4:     0x579a9b3e6fc9 - std[70759c8f55707aa4]::panicking::default_hook
[INFO] [stdout]    5:     0x579a9b36b800 - test[9d35eded1c95d3be]::test_main_inner::<test[9d35eded1c95d3be]::test_main_static::{closure#0}>::{closure#0}
[INFO] [stdout]    6:     0x579a9b3e7182 - std[70759c8f55707aa4]::panicking::panic_with_hook
[INFO] [stdout]    7:     0x579a9b3ca392 - std[70759c8f55707aa4]::panicking::panic_handler::{closure#0}
[INFO] [stdout]    8:     0x579a9b3c2ee9 - std[70759c8f55707aa4]::sys::backtrace::__rust_end_short_backtrace::<std[70759c8f55707aa4]::panicking::panic_handler::{closure#0}, !>
[INFO] [stdout]    9:     0x579a9b3caf8d - __rustc[8fa7c3cbc660c2b3]::rust_begin_unwind
[INFO] [stdout]   10:     0x579a9b40406c - core[df12db4294e9bfd3]::panicking::panic_fmt
[INFO] [stdout]   11:     0x579a9b403e42 - core[df12db4294e9bfd3]::result::unwrap_failed
[INFO] [stdout]   12:     0x579a9b34f0e2 - openinvar_core[1ce6c976f512b463]::scan::default_exclude_tests::skipped_directories_are_reported_so_a_short_file_count_is_explainable
[INFO] [stdout]   13:     0x579a9b358cc9 - <openinvar_core[1ce6c976f512b463]::scan::default_exclude_tests::skipped_directories_are_reported_so_a_short_file_count_is_explainable::{closure#0} as core[df12db4294e9bfd3]::ops::function::FnOnce<()>>::call_once
[INFO] [stdout]   14:     0x579a9b35eaeb - test[9d35eded1c95d3be]::__rust_begin_short_backtrace::<core[df12db4294e9bfd3]::result::Result<(), alloc[2182bb758b4b3781]::string::String>, fn() -> core[df12db4294e9bfd3]::result::Result<(), alloc[2182bb758b4b3781]::string::String>>
[INFO] [stdout]   15:     0x579a9b36c155 - test[9d35eded1c95d3be]::run_test::{closure#0}
[INFO] [stdout]   16:     0x579a9b365a14 - std[70759c8f55707aa4]::sys::backtrace::__rust_begin_short_backtrace::<test[9d35eded1c95d3be]::run_test::{closure#1}, ()>
[INFO] [stdout]   17:     0x579a9b36f2b2 - <std[70759c8f55707aa4]::thread::lifecycle::spawn_unchecked<test[9d35eded1c95d3be]::run_test::{closure#1}, ()>::{closure#1} as core[df12db4294e9bfd3]::ops::function::FnOnce<()>>::call_once::{shim:vtable#0}
[INFO] [stdout]   18:     0x579a9b3ee4c9 - <std[70759c8f55707aa4]::sys::thread::unix::Thread>::new::thread_start
[INFO] [stdout]   19:     0x786f6ff50dfa - <unknown>
[INFO] [stdout]   20:     0x786f6ffe43d4 - clone
[INFO] [stdout]   21:                0x0 - <unknown>
[INFO] [stdout] 
[INFO] [stdout] 
[INFO] [stdout] failures:
[INFO] [stdout]     scan::default_exclude_tests::an_explicit_exclude_still_wins_over_an_include
[INFO] [stdout]     scan::default_exclude_tests::an_explicit_include_overrides_a_default_exclusion
[INFO] [stdout]     scan::default_exclude_tests::genuine_build_output_is_still_excluded_by_default
[INFO] [stdout]     scan::default_exclude_tests::ordinary_source_directory_names_are_no_longer_excluded_by_default
[INFO] [stdout]     scan::default_exclude_tests::skipped_directories_are_reported_so_a_short_file_count_is_explainable
[INFO] [stdout]     scan::tests::test_include_patterns_descend_correctly_into_subdirectories
[INFO] [stdout]     scan::tests::test_include_with_double_star_finds_nested_files
[INFO] [stdout] 
[INFO] [stdout] test result: FAILED. 18 passed; 7 failed; 0 ignored; 0 measured; 0 filtered out; finished in 0.01s
[INFO] [stdout] 
[INFO] [stderr] error: test failed, to rerun pass `--lib`
[INFO] running `Command { std: "docker" "inspect" "2f4afadd09868ebac13b7c9cfad9327cea1c7ef5a86416c61fbd654114869e2b", kill_on_drop: false }`
[INFO] running `Command { std: "docker" "rm" "-f" "2f4afadd09868ebac13b7c9cfad9327cea1c7ef5a86416c61fbd654114869e2b", kill_on_drop: false }`
[INFO] [stdout] 2f4afadd09868ebac13b7c9cfad9327cea1c7ef5a86416c61fbd654114869e2b
