[INFO] fetching crate openf1 0.1.0...
[INFO] testing openf1-0.1.0 against 1.100.0-beta.1+cargoflags=--release for beta-release-1.100-2
[INFO] extracting crate openf1 0.1.0 into /workspace/builds/worker-3-tc2/source
[INFO] removed /workspace/builds/worker-3-tc2/source/rust-toolchain.toml
[INFO] started tweaking crates.io crate openf1 0.1.0
[INFO] finished tweaking crates.io crate openf1 0.1.0
[INFO] tweaked toml for crates.io crate openf1 0.1.0 written to /workspace/builds/worker-3-tc2/source/Cargo.toml
[INFO] validating manifest of crates.io crate openf1 0.1.0 on toolchain 1.100.0-beta.1
[INFO] running `Command { std: CARGO_HOME="/workspace/cargo-home" RUSTUP_HOME="/workspace/rustup-home" "/workspace/cargo-home/bin/cargo" "+1.100.0-beta.1" "metadata" "--manifest-path" "Cargo.toml" "--no-deps", kill_on_drop: false }`
[INFO] crate crates.io crate openf1 0.1.0 already has a lockfile, it will not be regenerated
[INFO] running `Command { std: CARGO_HOME="/workspace/cargo-home" RUSTUP_HOME="/workspace/rustup-home" "/workspace/cargo-home/bin/cargo" "+1.100.0-beta.1" "fetch" "--manifest-path" "Cargo.toml", kill_on_drop: false }`
[INFO] running `Command { std: "docker" "create" "-v" "/var/lib/crater-agent-workspace/builds/worker-3-tc2/source:/opt/rustwide/workdir:ro,Z" "-v" "/var/lib/crater-agent-workspace/builds/worker-3-tc2/target:/opt/rustwide/target:rw,Z" "-v" "/var/lib/crater-agent-workspace/cargo-home:/opt/rustwide/cargo-home:ro,Z" "-v" "/var/lib/crater-agent-workspace/rustup-home:/opt/rustwide/rustup-home:ro,Z" "-m" "1610612736" "--network" "none" "ghcr.io/rust-lang/crates-build-env/linux@sha256:77db811e55d90add9212f6832c23229e3de5f1c1f9905e8cb07319ea15df73ac" "sleep" "infinity", kill_on_drop: false }`
[INFO] [stdout] a9b577d5eba8d75b2366ce31035b855276a2217b93a317249df71885660aa24c
[INFO] running `Command { std: "docker" "start" "a9b577d5eba8d75b2366ce31035b855276a2217b93a317249df71885660aa24c", kill_on_drop: false }`
[INFO] running `Command { std: "docker" "inspect" "a9b577d5eba8d75b2366ce31035b855276a2217b93a317249df71885660aa24c", kill_on_drop: false }`
[INFO] running `Command { std: "docker" "exec" "-e" "SOURCE_DIR=/opt/rustwide/workdir" "-e" "CARGO_HOME=/opt/rustwide/cargo-home" "-e" "RUSTUP_HOME=/opt/rustwide/rustup-home" "-e" "CARGO_TARGET_DIR=/opt/rustwide/target" "-w" "/opt/rustwide/workdir" "--user" "0:0" "a9b577d5eba8d75b2366ce31035b855276a2217b93a317249df71885660aa24c" "/opt/rustwide/cargo-home/bin/cargo" "+1.100.0-beta.1" "metadata" "--no-deps" "--format-version=1", kill_on_drop: false }`
[INFO] running `Command { std: "docker" "inspect" "a9b577d5eba8d75b2366ce31035b855276a2217b93a317249df71885660aa24c", kill_on_drop: false }`
[INFO] running `Command { std: "docker" "exec" "-e" "SOURCE_DIR=/opt/rustwide/workdir" "-e" "CARGO_HOME=/opt/rustwide/cargo-home" "-e" "RUSTUP_HOME=/opt/rustwide/rustup-home" "-e" "CARGO_TARGET_DIR=/opt/rustwide/target" "-e" "CARGO_INCREMENTAL=0" "-e" "RUST_BACKTRACE=full" "-e" "RUSTFLAGS=--cap-lints=warn" "-e" "RUSTDOCFLAGS=--cap-lints=warn" "-w" "/opt/rustwide/workdir" "--user" "0:0" "a9b577d5eba8d75b2366ce31035b855276a2217b93a317249df71885660aa24c" "/opt/rustwide/cargo-home/bin/cargo" "+1.100.0-beta.1" "build" "--frozen" "--message-format=json" "--release", kill_on_drop: false }`
[INFO] [stderr]    Compiling smallvec v1.15.1
[INFO] [stderr]    Compiling cc v1.2.63
[INFO] [stderr]    Compiling http v1.4.2
[INFO] [stderr]    Compiling openssl v0.10.80
[INFO] [stderr]    Compiling futures-task v0.3.32
[INFO] [stderr]    Compiling syn v2.0.117
[INFO] [stderr]    Compiling mio v1.2.1
[INFO] [stderr]    Compiling tracing v0.1.44
[INFO] [stderr]    Compiling native-tls v0.2.18
[INFO] [stderr]    Compiling futures-channel v0.3.32
[INFO] [stderr]    Compiling openssl-probe v0.2.1
[INFO] [stderr]    Compiling log v0.4.32
[INFO] [stderr]    Compiling sync_wrapper v1.0.2
[INFO] [stderr]    Compiling ipnet v2.12.0
[INFO] [stderr]    Compiling thiserror v2.0.18
[INFO] [stderr]    Compiling rustls-pki-types v1.14.1
[INFO] [stderr]    Compiling futures-util v0.3.32
[INFO] [stderr]    Compiling tokio v1.52.3
[INFO] [stderr]    Compiling http-body v1.0.1
[INFO] [stderr]    Compiling http-body-util v0.1.3
[INFO] [stderr]    Compiling openssl-sys v0.9.116
[INFO] [stderr]    Compiling synstructure v0.13.2
[INFO] [stderr]    Compiling zerovec-derive v0.11.3
[INFO] [stderr]    Compiling displaydoc v0.2.6
[INFO] [stderr]    Compiling openssl-macros v0.1.1
[INFO] [stderr]    Compiling serde_derive v1.0.228
[INFO] [stderr]    Compiling thiserror-impl v2.0.18
[INFO] [stderr]    Compiling zerofrom-derive v0.1.7
[INFO] [stderr]    Compiling yoke-derive v0.8.2
[INFO] [stderr]    Compiling zerofrom v0.1.8
[INFO] [stderr]    Compiling yoke v0.8.3
[INFO] [stderr]    Compiling zerotrie v0.2.4
[INFO] [stderr]    Compiling zerovec v0.11.6
[INFO] [stderr]    Compiling tokio-util v0.7.18
[INFO] [stderr]    Compiling tower v0.5.3
[INFO] [stderr]    Compiling tinystr v0.8.3
[INFO] [stderr]    Compiling potential_utf v0.1.5
[INFO] [stderr]    Compiling h2 v0.4.14
[INFO] [stderr]    Compiling icu_locale_core v2.2.0
[INFO] [stderr]    Compiling icu_collections v2.2.0
[INFO] [stderr]    Compiling serde v1.0.228
[INFO] [stderr]    Compiling icu_provider v2.2.0
[INFO] [stderr]    Compiling serde_urlencoded v0.7.1
[INFO] [stderr]    Compiling icu_normalizer v2.2.0
[INFO] [stderr]    Compiling icu_properties v2.2.0
[INFO] [stderr]    Compiling tokio-native-tls v0.3.1
[INFO] [stderr]    Compiling idna_adapter v1.2.2
[INFO] [stderr]    Compiling idna v1.1.0
[INFO] [stderr]    Compiling url v2.5.8
[INFO] [stderr]    Compiling tower-http v0.6.11
[INFO] [stderr]    Compiling hyper v1.10.1
[INFO] [stderr]    Compiling hyper-util v0.1.20
[INFO] [stderr]    Compiling hyper-tls v0.6.0
[INFO] [stderr]    Compiling reqwest v0.12.28
[INFO] [stderr]    Compiling openf1 v0.1.0 (/opt/rustwide/workdir)
[INFO] [stderr]     Finished `release` profile [optimized] target(s) in 40.26s
[INFO] running `Command { std: "docker" "inspect" "a9b577d5eba8d75b2366ce31035b855276a2217b93a317249df71885660aa24c", kill_on_drop: false }`
[INFO] running `Command { std: "docker" "exec" "-e" "SOURCE_DIR=/opt/rustwide/workdir" "-e" "CARGO_HOME=/opt/rustwide/cargo-home" "-e" "RUSTUP_HOME=/opt/rustwide/rustup-home" "-e" "CARGO_TARGET_DIR=/opt/rustwide/target" "-e" "CARGO_INCREMENTAL=0" "-e" "RUST_BACKTRACE=full" "-e" "RUSTFLAGS=--cap-lints=warn" "-e" "RUSTDOCFLAGS=--cap-lints=warn" "-w" "/opt/rustwide/workdir" "--user" "0:0" "a9b577d5eba8d75b2366ce31035b855276a2217b93a317249df71885660aa24c" "/opt/rustwide/cargo-home/bin/cargo" "+1.100.0-beta.1" "test" "--frozen" "--no-run" "--message-format=json" "--release", kill_on_drop: false }`
[INFO] [stderr]    Compiling tokio-macros v2.7.0
[INFO] [stderr]    Compiling tokio v1.52.3
[INFO] [stderr]    Compiling tokio-util v0.7.18
[INFO] [stderr]    Compiling tower v0.5.3
[INFO] [stderr]    Compiling tokio-native-tls v0.3.1
[INFO] [stderr]    Compiling h2 v0.4.14
[INFO] [stderr]    Compiling tower-http v0.6.11
[INFO] [stderr]    Compiling hyper v1.10.1
[INFO] [stderr]    Compiling hyper-util v0.1.20
[INFO] [stderr]    Compiling hyper-tls v0.6.0
[INFO] [stderr]    Compiling reqwest v0.12.28
[INFO] [stderr]    Compiling openf1 v0.1.0 (/opt/rustwide/workdir)
[INFO] [stderr]     Finished `release` profile [optimized] target(s) in 35.18s
[INFO] running `Command { std: "docker" "inspect" "a9b577d5eba8d75b2366ce31035b855276a2217b93a317249df71885660aa24c", kill_on_drop: false }`
[INFO] running `Command { std: "docker" "exec" "-e" "SOURCE_DIR=/opt/rustwide/workdir" "-e" "CARGO_HOME=/opt/rustwide/cargo-home" "-e" "RUSTUP_HOME=/opt/rustwide/rustup-home" "-e" "CARGO_TARGET_DIR=/opt/rustwide/target" "-e" "CARGO_INCREMENTAL=0" "-e" "RUST_BACKTRACE=full" "-e" "RUSTFLAGS=--cap-lints=warn" "-e" "RUSTDOCFLAGS=--cap-lints=warn" "-w" "/opt/rustwide/workdir" "--user" "0:0" "a9b577d5eba8d75b2366ce31035b855276a2217b93a317249df71885660aa24c" "/opt/rustwide/cargo-home/bin/cargo" "+1.100.0-beta.1" "test" "--frozen" "--release", kill_on_drop: false }`
[INFO] [stderr]     Finished `release` profile [optimized] target(s) in 0.17s
[INFO] [stderr]      Running unittests src/lib.rs (/opt/rustwide/target/release/build/openf1/0dddea66f42abae2/out/openf1-0dddea66f42abae2)
[INFO] [stdout] 
[INFO] [stdout] running 26 tests
[INFO] [stdout] test models::tests::driver_deserializes_null_country_code ... ok
[INFO] [stdout] test models::tests::weather_deserializes_fractional_humidity ... ok
[INFO] [stdout] test models_tests::championship_drivers ... FAILED
[INFO] [stdout] test models_tests::race_control ... FAILED
[INFO] [stdout] test models_tests::stints ... FAILED
[INFO] [stdout] test models_tests::position ... FAILED
[INFO] [stdout] test models_tests::location ... FAILED
[INFO] [stdout] test models_tests::weather ... FAILED
[INFO] [stdout] test models_tests::laps ... FAILED
[INFO] [stdout] test params_tests::drivers_list_params_support_latest_session_key ... ok
[INFO] [stdout] test models_tests::overtakes ... FAILED
[INFO] [stdout] test params_tests::list_params_conformance_matches_typescript ... FAILED
[INFO] [stdout] test params_tests::laps_list_params_support_filter_operators ... ok
[INFO] [stdout] test params_tests::meetings_list_params_build_query ... ok
[INFO] [stdout] test models_tests::pit ... FAILED
[INFO] [stdout] test models_tests::championship_teams ... FAILED
[INFO] [stdout] test models_tests::session_result ... FAILED
[INFO] [stdout] test models_tests::intervals ... FAILED
[INFO] [stdout] test models_tests::team_radio ... FAILED
[INFO] [stdout] test models_tests::session_result_accepts_null_laps_and_position ... ok
[INFO] [stdout] test models_tests::starting_grid ... FAILED
[INFO] [stdout] test models_tests::sessions ... FAILED
[INFO] [stderr] error: test failed, to rerun pass `--lib`
[INFO] [stdout] test models_tests::drivers ... FAILED
[INFO] [stdout] test models_tests::meetings ... FAILED
[INFO] [stdout] test query::tests::conformance_vectors_match_typescript ... FAILED
[INFO] [stdout] test models_tests::car_data ... FAILED
[INFO] [stdout] 
[INFO] [stdout] failures:
[INFO] [stdout] 
[INFO] [stdout] ---- models_tests::championship_drivers stdout ----
[INFO] [stdout] 
[INFO] [stdout] thread 'models_tests::championship_drivers' (1446) panicked at src/lib.rs:232:33:
[INFO] [stdout] read fixture championship_drivers: No such file or directory (os error 2)
[INFO] [stdout] stack backtrace:
[INFO] [stdout]    0:     0x643fd64d0d61 - <<std[617be2ca0a6fd877]::sys::backtrace::BacktraceLock>::print::DisplayBacktrace as core[a373ad73a504971]::fmt::Display>::fmt
[INFO] [stdout]    1:     0x643fd64e578a - core[a373ad73a504971]::fmt::write
[INFO] [stdout]    2:     0x643fd64d4f7c - <alloc[2e1b2a31b91974c5]::vec::Vec<u8> as core[a373ad73a504971]::io::write::Write>::write_fmt
[INFO] [stdout]    3:     0x643fd64ace66 - std[617be2ca0a6fd877]::panicking::default_hook::{closure#0}
[INFO] [stdout]    4:     0x643fd64c9099 - std[617be2ca0a6fd877]::panicking::default_hook
[INFO] [stdout]    5:     0x643fd645dcf0 - test[aada8e7e76ba119b]::test_main_inner::{closure#0}
[INFO] [stdout]    6:     0x643fd64c9252 - std[617be2ca0a6fd877]::panicking::panic_with_hook
[INFO] [stdout]    7:     0x643fd64acf12 - std[617be2ca0a6fd877]::panicking::panic_handler::{closure#0}
[INFO] [stdout]    8:     0x643fd64a5a99 - std[617be2ca0a6fd877]::sys::backtrace::__rust_end_short_backtrace::<std[617be2ca0a6fd877]::panicking::panic_handler::{closure#0}, !>
[INFO] [stdout]    9:     0x643fd64adb1d - __rustc[ea4f61d10b84890b]::rust_begin_unwind
[INFO] [stdout]   10:     0x643fd64e5ebc - core[a373ad73a504971]::panicking::panic_fmt
[INFO] [stdout]   11:     0x643fd643898a - openf1[35969f5492fcad76]::models_tests::fixture::{closure#0}
[INFO] [stdout]   12:     0x643fd6439646 - <openf1[35969f5492fcad76]::models_tests::championship_drivers::{closure#0} as core[a373ad73a504971]::ops::function::FnOnce<()>>::call_once
[INFO] [stdout]   13:     0x643fd645113b - test[aada8e7e76ba119b]::__rust_begin_short_backtrace::<core[a373ad73a504971]::result::Result<(), alloc[2e1b2a31b91974c5]::string::String>, fn() -> core[a373ad73a504971]::result::Result<(), alloc[2e1b2a31b91974c5]::string::String>>
[INFO] [stdout]   14:     0x643fd645e315 - test[aada8e7e76ba119b]::run_test::{closure#0}
[INFO] [stdout]   15:     0x643fd6457c04 - std[617be2ca0a6fd877]::sys::backtrace::__rust_begin_short_backtrace::<test[aada8e7e76ba119b]::run_test::{closure#1}, ()>
[INFO] [stdout]   16:     0x643fd64613a2 - <std[617be2ca0a6fd877]::thread::lifecycle::spawn_unchecked<test[aada8e7e76ba119b]::run_test::{closure#1}, ()>::{closure#1} as core[a373ad73a504971]::ops::function::FnOnce<()>>::call_once::{shim:vtable#0}
[INFO] [stdout]   17:     0x643fd64d025f - <std[617be2ca0a6fd877]::sys::thread::unix::Thread>::new::thread_start
[INFO] [stdout]   18:     0x76ceb206cdfa - <unknown>
[INFO] [stdout]   19:     0x76ceb21003d4 - clone
[INFO] [stdout]   20:                0x0 - <unknown>
[INFO] [stdout] 
[INFO] [stdout] ---- models_tests::race_control stdout ----
[INFO] [stdout] 
[INFO] [stdout] thread 'models_tests::race_control' (1456) panicked at src/lib.rs:232:33:
[INFO] [stdout] read fixture race_control: No such file or directory (os error 2)
[INFO] [stdout] stack backtrace:
[INFO] [stdout]    0:     0x643fd64d0d61 - <<std[617be2ca0a6fd877]::sys::backtrace::BacktraceLock>::print::DisplayBacktrace as core[a373ad73a504971]::fmt::Display>::fmt
[INFO] [stdout]    1:     0x643fd64e578a - core[a373ad73a504971]::fmt::write
[INFO] [stdout]    2:     0x643fd64d4f7c - <alloc[2e1b2a31b91974c5]::vec::Vec<u8> as core[a373ad73a504971]::io::write::Write>::write_fmt
[INFO] [stdout]    3:     0x643fd64ace66 - std[617be2ca0a6fd877]::panicking::default_hook::{closure#0}
[INFO] [stdout]    4:     0x643fd64c9099 - std[617be2ca0a6fd877]::panicking::default_hook
[INFO] [stdout]    5:     0x643fd645dcf0 - test[aada8e7e76ba119b]::test_main_inner::{closure#0}
[INFO] [stdout]    6:     0x643fd64c9252 - std[617be2ca0a6fd877]::panicking::panic_with_hook
[INFO] [stdout]    7:     0x643fd64acf12 - std[617be2ca0a6fd877]::panicking::panic_handler::{closure#0}
[INFO] [stdout]    8:     0x643fd64a5a99 - std[617be2ca0a6fd877]::sys::backtrace::__rust_end_short_backtrace::<std[617be2ca0a6fd877]::panicking::panic_handler::{closure#0}, !>
[INFO] [stdout]    9:     0x643fd64adb1d - __rustc[ea4f61d10b84890b]::rust_begin_unwind
[INFO] [stdout]   10:     0x643fd64e5ebc - core[a373ad73a504971]::panicking::panic_fmt
[INFO] [stdout]   11:     0x643fd643898a - openf1[35969f5492fcad76]::models_tests::fixture::{closure#0}
[INFO] [stdout]   12:     0x643fd6438dcc - <openf1[35969f5492fcad76]::models_tests::race_control::{closure#0} as core[a373ad73a504971]::ops::function::FnOnce<()>>::call_once
[INFO] [stdout]   13:     0x643fd645113b - test[aada8e7e76ba119b]::__rust_begin_short_backtrace::<core[a373ad73a504971]::result::Result<(), alloc[2e1b2a31b91974c5]::string::String>, fn() -> core[a373ad73a504971]::result::Result<(), alloc[2e1b2a31b91974c5]::string::String>>
[INFO] [stdout]   14:     0x643fd645e315 - test[aada8e7e76ba119b]::run_test::{closure#0}
[INFO] [stdout]   15:     0x643fd6457c04 - std[617be2ca0a6fd877]::sys::backtrace::__rust_begin_short_backtrace::<test[aada8e7e76ba119b]::run_test::{closure#1}, ()>
[INFO] [stdout]   16:     0x643fd64613a2 - <std[617be2ca0a6fd877]::thread::lifecycle::spawn_unchecked<test[aada8e7e76ba119b]::run_test::{closure#1}, ()>::{closure#1} as core[a373ad73a504971]::ops::function::FnOnce<()>>::call_once::{shim:vtable#0}
[INFO] [stdout]   17:     0x643fd64d025f - <std[617be2ca0a6fd877]::sys::thread::unix::Thread>::new::thread_start
[INFO] [stdout]   18:     0x76ceb206cdfa - <unknown>
[INFO] [stdout]   19:     0x76ceb21003d4 - clone
[INFO] [stdout]   20:                0x0 - <unknown>
[INFO] [stdout] 
[INFO] [stdout] ---- models_tests::stints stdout ----
[INFO] [stdout] 
[INFO] [stdout] thread 'models_tests::stints' (1461) panicked at src/lib.rs:232:33:
[INFO] [stdout] read fixture stints: No such file or directory (os error 2)
[INFO] [stdout] stack backtrace:
[INFO] [stdout]    0:     0x643fd64d0d61 - <<std[617be2ca0a6fd877]::sys::backtrace::BacktraceLock>::print::DisplayBacktrace as core[a373ad73a504971]::fmt::Display>::fmt
[INFO] [stdout]    1:     0x643fd64e578a - core[a373ad73a504971]::fmt::write
[INFO] [stdout]    2:     0x643fd64d4f7c - <alloc[2e1b2a31b91974c5]::vec::Vec<u8> as core[a373ad73a504971]::io::write::Write>::write_fmt
[INFO] [stdout]    3:     0x643fd64ace66 - std[617be2ca0a6fd877]::panicking::default_hook::{closure#0}
[INFO] [stdout]    4:     0x643fd64c9099 - std[617be2ca0a6fd877]::panicking::default_hook
[INFO] [stdout]    5:     0x643fd645dcf0 - test[aada8e7e76ba119b]::test_main_inner::{closure#0}
[INFO] [stdout]    6:     0x643fd64c9252 - std[617be2ca0a6fd877]::panicking::panic_with_hook
[INFO] [stdout]    7:     0x643fd64acf12 - std[617be2ca0a6fd877]::panicking::panic_handler::{closure#0}
[INFO] [stdout]    8:     0x643fd64a5a99 - std[617be2ca0a6fd877]::sys::backtrace::__rust_end_short_backtrace::<std[617be2ca0a6fd877]::panicking::panic_handler::{closure#0}, !>
[INFO] [stdout]    9:     0x643fd64adb1d - __rustc[ea4f61d10b84890b]::rust_begin_unwind
[INFO] [stdout]   10:     0x643fd64e5ebc - core[a373ad73a504971]::panicking::panic_fmt
[INFO] [stdout]   11:     0x643fd643898a - openf1[35969f5492fcad76]::models_tests::fixture::{closure#0}
[INFO] [stdout]   12:     0x643fd6439e23 - <openf1[35969f5492fcad76]::models_tests::stints::{closure#0} as core[a373ad73a504971]::ops::function::FnOnce<()>>::call_once
[INFO] [stdout]   13:     0x643fd645113b - test[aada8e7e76ba119b]::__rust_begin_short_backtrace::<core[a373ad73a504971]::result::Result<(), alloc[2e1b2a31b91974c5]::string::String>, fn() -> core[a373ad73a504971]::result::Result<(), alloc[2e1b2a31b91974c5]::string::String>>
[INFO] [stdout]   14:     0x643fd645e315 - test[aada8e7e76ba119b]::run_test::{closure#0}
[INFO] [stdout]   15:     0x643fd6457c04 - std[617be2ca0a6fd877]::sys::backtrace::__rust_begin_short_backtrace::<test[aada8e7e76ba119b]::run_test::{closure#1}, ()>
[INFO] [stdout]   16:     0x643fd64613a2 - <std[617be2ca0a6fd877]::thread::lifecycle::spawn_unchecked<test[aada8e7e76ba119b]::run_test::{closure#1}, ()>::{closure#1} as core[a373ad73a504971]::ops::function::FnOnce<()>>::call_once::{shim:vtable#0}
[INFO] [stdout]   17:     0x643fd64d025f - <std[617be2ca0a6fd877]::sys::thread::unix::Thread>::new::thread_start
[INFO] [stdout]   18:     0x76ceb206cdfa - <unknown>
[INFO] [stdout]   19:     0x76ceb21003d4 - clone
[INFO] [stdout]   20:                0x0 - <unknown>
[INFO] [stdout] 
[INFO] [stdout] ---- models_tests::position stdout ----
[INFO] [stdout] 
[INFO] [stdout] thread 'models_tests::position' (1455) panicked at src/lib.rs:232:33:
[INFO] [stdout] read fixture position: No such file or directory (os error 2)
[INFO] [stdout] stack backtrace:
[INFO] [stdout]    0:     0x643fd64d0d61 - <<std[617be2ca0a6fd877]::sys::backtrace::BacktraceLock>::print::DisplayBacktrace as core[a373ad73a504971]::fmt::Display>::fmt
[INFO] [stdout]    1:     0x643fd64e578a - core[a373ad73a504971]::fmt::write
[INFO] [stdout]    2:     0x643fd64d4f7c - <alloc[2e1b2a31b91974c5]::vec::Vec<u8> as core[a373ad73a504971]::io::write::Write>::write_fmt
[INFO] [stdout]    3:     0x643fd64ace66 - std[617be2ca0a6fd877]::panicking::default_hook::{closure#0}
[INFO] [stdout]    4:     0x643fd64c9099 - std[617be2ca0a6fd877]::panicking::default_hook
[INFO] [stdout]    5:     0x643fd645dcf0 - test[aada8e7e76ba119b]::test_main_inner::{closure#0}
[INFO] [stdout]    6:     0x643fd64c9252 - std[617be2ca0a6fd877]::panicking::panic_with_hook
[INFO] [stdout]    7:     0x643fd64acf12 - std[617be2ca0a6fd877]::panicking::panic_handler::{closure#0}
[INFO] [stdout]    8:     0x643fd64a5a99 - std[617be2ca0a6fd877]::sys::backtrace::__rust_end_short_backtrace::<std[617be2ca0a6fd877]::panicking::panic_handler::{closure#0}, !>
[INFO] [stdout]    9:     0x643fd64adb1d - __rustc[ea4f61d10b84890b]::rust_begin_unwind
[INFO] [stdout]   10:     0x643fd64e5ebc - core[a373ad73a504971]::panicking::panic_fmt
[INFO] [stdout]   11:     0x643fd643898a - openf1[35969f5492fcad76]::models_tests::fixture::{closure#0}
[INFO] [stdout]   12:     0x643fd643abdf - <openf1[35969f5492fcad76]::models_tests::position::{closure#0} as core[a373ad73a504971]::ops::function::FnOnce<()>>::call_once
[INFO] [stdout]   13:     0x643fd645113b - test[aada8e7e76ba119b]::__rust_begin_short_backtrace::<core[a373ad73a504971]::result::Result<(), alloc[2e1b2a31b91974c5]::string::String>, fn() -> core[a373ad73a504971]::result::Result<(), alloc[2e1b2a31b91974c5]::string::String>>
[INFO] [stdout]   14:     0x643fd645e315 - test[aada8e7e76ba119b]::run_test::{closure#0}
[INFO] [stdout]   15:     0x643fd6457c04 - std[617be2ca0a6fd877]::sys::backtrace::__rust_begin_short_backtrace::<test[aada8e7e76ba119b]::run_test::{closure#1}, ()>
[INFO] [stdout]   16:     0x643fd64613a2 - <std[617be2ca0a6fd877]::thread::lifecycle::spawn_unchecked<test[aada8e7e76ba119b]::run_test::{closure#1}, ()>::{closure#1} as core[a373ad73a504971]::ops::function::FnOnce<()>>::call_once::{shim:vtable#0}
[INFO] [stdout]   17:     0x643fd64d025f - <std[617be2ca0a6fd877]::sys::thread::unix::Thread>::new::thread_start
[INFO] [stdout]   18:     0x76ceb206cdfa - <unknown>
[INFO] [stdout]   19:     0x76ceb21003d4 - clone
[INFO] [stdout]   20:                0x0 - <unknown>
[INFO] [stdout] 
[INFO] [stdout] ---- models_tests::location stdout ----
[INFO] [stdout] 
[INFO] [stdout] thread 'models_tests::location' (1451) panicked at src/lib.rs:232:33:
[INFO] [stdout] read fixture location: No such file or directory (os error 2)
[INFO] [stdout] stack backtrace:
[INFO] [stdout]    0:     0x643fd64d0d61 - <<std[617be2ca0a6fd877]::sys::backtrace::BacktraceLock>::print::DisplayBacktrace as core[a373ad73a504971]::fmt::Display>::fmt
[INFO] [stdout]    1:     0x643fd64e578a - core[a373ad73a504971]::fmt::write
[INFO] [stdout]    2:     0x643fd64d4f7c - <alloc[2e1b2a31b91974c5]::vec::Vec<u8> as core[a373ad73a504971]::io::write::Write>::write_fmt
[INFO] [stdout]    3:     0x643fd64ace66 - std[617be2ca0a6fd877]::panicking::default_hook::{closure#0}
[INFO] [stdout]    4:     0x643fd64c9099 - std[617be2ca0a6fd877]::panicking::default_hook
[INFO] [stdout]    5:     0x643fd645dcf0 - test[aada8e7e76ba119b]::test_main_inner::{closure#0}
[INFO] [stdout]    6:     0x643fd64c9252 - std[617be2ca0a6fd877]::panicking::panic_with_hook
[INFO] [stdout]    7:     0x643fd64acf12 - std[617be2ca0a6fd877]::panicking::panic_handler::{closure#0}
[INFO] [stdout]    8:     0x643fd64a5a99 - std[617be2ca0a6fd877]::sys::backtrace::__rust_end_short_backtrace::<std[617be2ca0a6fd877]::panicking::panic_handler::{closure#0}, !>
[INFO] [stdout]    9:     0x643fd64adb1d - __rustc[ea4f61d10b84890b]::rust_begin_unwind
[INFO] [stdout]   10:     0x643fd64e5ebc - core[a373ad73a504971]::panicking::panic_fmt
[INFO] [stdout]   11:     0x643fd643898a - openf1[35969f5492fcad76]::models_tests::fixture::{closure#0}
[INFO] [stdout]   12:     0x643fd643a733 - <openf1[35969f5492fcad76]::models_tests::location::{closure#0} as core[a373ad73a504971]::ops::function::FnOnce<()>>::call_once
[INFO] [stdout]   13:     0x643fd645113b - test[aada8e7e76ba119b]::__rust_begin_short_backtrace::<core[a373ad73a504971]::result::Result<(), alloc[2e1b2a31b91974c5]::string::String>, fn() -> core[a373ad73a504971]::result::Result<(), alloc[2e1b2a31b91974c5]::string::String>>
[INFO] [stdout]   14:     0x643fd645e315 - test[aada8e7e76ba119b]::run_test::{closure#0}
[INFO] [stdout]   15:     0x643fd6457c04 - std[617be2ca0a6fd877]::sys::backtrace::__rust_begin_short_backtrace::<test[aada8e7e76ba119b]::run_test::{closure#1}, ()>
[INFO] [stdout]   16:     0x643fd64613a2 - <std[617be2ca0a6fd877]::thread::lifecycle::spawn_unchecked<test[aada8e7e76ba119b]::run_test::{closure#1}, ()>::{closure#1} as core[a373ad73a504971]::ops::function::FnOnce<()>>::call_once::{shim:vtable#0}
[INFO] [stdout]   17:     0x643fd64d025f - <std[617be2ca0a6fd877]::sys::thread::unix::Thread>::new::thread_start
[INFO] [stdout]   18:     0x76ceb206cdfa - <unknown>
[INFO] [stdout]   19:     0x76ceb21003d4 - clone
[INFO] [stdout]   20:                0x0 - <unknown>
[INFO] [stdout] 
[INFO] [stdout] ---- models_tests::weather stdout ----
[INFO] [stdout] 
[INFO] [stdout] thread 'models_tests::weather' (1463) panicked at src/lib.rs:232:33:
[INFO] [stdout] read fixture weather: No such file or directory (os error 2)
[INFO] [stdout] stack backtrace:
[INFO] [stdout]    0:     0x643fd64d0d61 - <<std[617be2ca0a6fd877]::sys::backtrace::BacktraceLock>::print::DisplayBacktrace as core[a373ad73a504971]::fmt::Display>::fmt
[INFO] [stdout]    1:     0x643fd64e578a - core[a373ad73a504971]::fmt::write
[INFO] [stdout]    2:     0x643fd64d4f7c - <alloc[2e1b2a31b91974c5]::vec::Vec<u8> as core[a373ad73a504971]::io::write::Write>::write_fmt
[INFO] [stdout]    3:     0x643fd64ace66 - std[617be2ca0a6fd877]::panicking::default_hook::{closure#0}
[INFO] [stdout]    4:     0x643fd64c9099 - std[617be2ca0a6fd877]::panicking::default_hook
[INFO] [stdout]    5:     0x643fd645dcf0 - test[aada8e7e76ba119b]::test_main_inner::{closure#0}
[INFO] [stdout]    6:     0x643fd64c9252 - std[617be2ca0a6fd877]::panicking::panic_with_hook
[INFO] [stdout]    7:     0x643fd64acf12 - std[617be2ca0a6fd877]::panicking::panic_handler::{closure#0}
[INFO] [stdout]    8:     0x643fd64a5a99 - std[617be2ca0a6fd877]::sys::backtrace::__rust_end_short_backtrace::<std[617be2ca0a6fd877]::panicking::panic_handler::{closure#0}, !>
[INFO] [stdout]    9:     0x643fd64adb1d - __rustc[ea4f61d10b84890b]::rust_begin_unwind
[INFO] [stdout]   10:     0x643fd64e5ebc - core[a373ad73a504971]::panicking::panic_fmt
[INFO] [stdout]   11:     0x643fd643898a - openf1[35969f5492fcad76]::models_tests::fixture::{closure#0}
[INFO] [stdout]   12:     0x643fd643a2d3 - <openf1[35969f5492fcad76]::models_tests::weather::{closure#0} as core[a373ad73a504971]::ops::function::FnOnce<()>>::call_once
[INFO] [stdout]   13:     0x643fd645113b - test[aada8e7e76ba119b]::__rust_begin_short_backtrace::<core[a373ad73a504971]::result::Result<(), alloc[2e1b2a31b91974c5]::string::String>, fn() -> core[a373ad73a504971]::result::Result<(), alloc[2e1b2a31b91974c5]::string::String>>
[INFO] [stdout]   14:     0x643fd645e315 - test[aada8e7e76ba119b]::run_test::{closure#0}
[INFO] [stdout]   15:     0x643fd6457c04 - std[617be2ca0a6fd877]::sys::backtrace::__rust_begin_short_backtrace::<test[aada8e7e76ba119b]::run_test::{closure#1}, ()>
[INFO] [stdout]   16:     0x643fd64613a2 - <std[617be2ca0a6fd877]::thread::lifecycle::spawn_unchecked<test[aada8e7e76ba119b]::run_test::{closure#1}, ()>::{closure#1} as core[a373ad73a504971]::ops::function::FnOnce<()>>::call_once::{shim:vtable#0}
[INFO] [stdout]   17:     0x643fd64d025f - <std[617be2ca0a6fd877]::sys::thread::unix::Thread>::new::thread_start
[INFO] [stdout]   18:     0x76ceb206cdfa - <unknown>
[INFO] [stdout]   19:     0x76ceb21003d4 - clone
[INFO] [stdout]   20:                0x0 - <unknown>
[INFO] [stdout] 
[INFO] [stdout] ---- models_tests::laps stdout ----
[INFO] [stdout] 
[INFO] [stdout] thread 'models_tests::laps' (1450) panicked at src/lib.rs:232:33:
[INFO] [stdout] read fixture laps: No such file or directory (os error 2)
[INFO] [stdout] stack backtrace:
[INFO] [stdout]    0:     0x643fd64d0d61 - <<std[617be2ca0a6fd877]::sys::backtrace::BacktraceLock>::print::DisplayBacktrace as core[a373ad73a504971]::fmt::Display>::fmt
[INFO] [stdout]    1:     0x643fd64e578a - core[a373ad73a504971]::fmt::write
[INFO] [stdout]    2:     0x643fd64d4f7c - <alloc[2e1b2a31b91974c5]::vec::Vec<u8> as core[a373ad73a504971]::io::write::Write>::write_fmt
[INFO] [stdout]    3:     0x643fd64ace66 - std[617be2ca0a6fd877]::panicking::default_hook::{closure#0}
[INFO] [stdout]    4:     0x643fd64c9099 - std[617be2ca0a6fd877]::panicking::default_hook
[INFO] [stdout]    5:     0x643fd645dcf0 - test[aada8e7e76ba119b]::test_main_inner::{closure#0}
[INFO] [stdout]    6:     0x643fd64c9252 - std[617be2ca0a6fd877]::panicking::panic_with_hook
[INFO] [stdout]    7:     0x643fd64acf12 - std[617be2ca0a6fd877]::panicking::panic_handler::{closure#0}
[INFO] [stdout]    8:     0x643fd64a5a99 - std[617be2ca0a6fd877]::sys::backtrace::__rust_end_short_backtrace::<std[617be2ca0a6fd877]::panicking::panic_handler::{closure#0}, !>
[INFO] [stdout]    9:     0x643fd64adb1d - __rustc[ea4f61d10b84890b]::rust_begin_unwind
[INFO] [stdout]   10:     0x643fd64e5ebc - core[a373ad73a504971]::panicking::panic_fmt
[INFO] [stdout]   11:     0x643fd643898a - openf1[35969f5492fcad76]::models_tests::fixture::{closure#0}
[INFO] [stdout]   12:     0x643fd6439bc5 - <openf1[35969f5492fcad76]::models_tests::laps::{closure#0} as core[a373ad73a504971]::ops::function::FnOnce<()>>::call_once
[INFO] [stdout]   13:     0x643fd645113b - test[aada8e7e76ba119b]::__rust_begin_short_backtrace::<core[a373ad73a504971]::result::Result<(), alloc[2e1b2a31b91974c5]::string::String>, fn() -> core[a373ad73a504971]::result::Result<(), alloc[2e1b2a31b91974c5]::string::String>>
[INFO] [stdout]   14:     0x643fd645e315 - test[aada8e7e76ba119b]::run_test::{closure#0}
[INFO] [stdout]   15:     0x643fd6457c04 - std[617be2ca0a6fd877]::sys::backtrace::__rust_begin_short_backtrace::<test[aada8e7e76ba119b]::run_test::{closure#1}, ()>
[INFO] [stdout]   16:     0x643fd64613a2 - <std[617be2ca0a6fd877]::thread::lifecycle::spawn_unchecked<test[aada8e7e76ba119b]::run_test::{closure#1}, ()>::{closure#1} as core[a373ad73a504971]::ops::function::FnOnce<()>>::call_once::{shim:vtable#0}
[INFO] [stdout]   17:     0x643fd64d025f - <std[617be2ca0a6fd877]::sys::thread::unix::Thread>::new::thread_start
[INFO] [stdout]   18:     0x76ceb206cdfa - <unknown>
[INFO] [stdout]   19:     0x76ceb21003d4 - clone
[INFO] [stdout]   20:                0x0 - <unknown>
[INFO] [stdout] 
[INFO] [stdout] ---- models_tests::overtakes stdout ----
[INFO] [stdout] 
[INFO] [stdout] thread 'models_tests::overtakes' (1453) panicked at src/lib.rs:232:33:
[INFO] [stdout] read fixture overtakes: No such file or directory (os error 2)
[INFO] [stdout] stack backtrace:
[INFO] [stdout]    0:     0x643fd64d0d61 - <<std[617be2ca0a6fd877]::sys::backtrace::BacktraceLock>::print::DisplayBacktrace as core[a373ad73a504971]::fmt::Display>::fmt
[INFO] [stdout]    1:     0x643fd64e578a - core[a373ad73a504971]::fmt::write
[INFO] [stdout]    2:     0x643fd64d4f7c - <alloc[2e1b2a31b91974c5]::vec::Vec<u8> as core[a373ad73a504971]::io::write::Write>::write_fmt
[INFO] [stdout]    3:     0x643fd64ace66 - std[617be2ca0a6fd877]::panicking::default_hook::{closure#0}
[INFO] [stdout]    4:     0x643fd64c9099 - std[617be2ca0a6fd877]::panicking::default_hook
[INFO] [stdout]    5:     0x643fd645dcf0 - test[aada8e7e76ba119b]::test_main_inner::{closure#0}
[INFO] [stdout]    6:     0x643fd64c9252 - std[617be2ca0a6fd877]::panicking::panic_with_hook
[INFO] [stdout]    7:     0x643fd64acf12 - std[617be2ca0a6fd877]::panicking::panic_handler::{closure#0}
[INFO] [stdout]    8:     0x643fd64a5a99 - std[617be2ca0a6fd877]::sys::backtrace::__rust_end_short_backtrace::<std[617be2ca0a6fd877]::panicking::panic_handler::{closure#0}, !>
[INFO] [stdout]    9:     0x643fd64adb1d - __rustc[ea4f61d10b84890b]::rust_begin_unwind
[INFO] [stdout]   10:     0x643fd64e5ebc - core[a373ad73a504971]::panicking::panic_fmt
[INFO] [stdout]   11:     0x643fd643898a - openf1[35969f5492fcad76]::models_tests::fixture::{closure#0}
[INFO] [stdout]   12:     0x643fd643b2c0 - <openf1[35969f5492fcad76]::models_tests::overtakes::{closure#0} as core[a373ad73a504971]::ops::function::FnOnce<()>>::call_once
[INFO] [stdout]   13:     0x643fd645113b - test[aada8e7e76ba119b]::__rust_begin_short_backtrace::<core[a373ad73a504971]::result::Result<(), alloc[2e1b2a31b91974c5]::string::String>, fn() -> core[a373ad73a504971]::result::Result<(), alloc[2e1b2a31b91974c5]::string::String>>
[INFO] [stdout]   14:     0x643fd645e315 - test[aada8e7e76ba119b]::run_test::{closure#0}
[INFO] [stdout]   15:     0x643fd6457c04 - std[617be2ca0a6fd877]::sys::backtrace::__rust_begin_short_backtrace::<test[aada8e7e76ba119b]::run_test::{closure#1}, ()>
[INFO] [stdout]   16:     0x643fd64613a2 - <std[617be2ca0a6fd877]::thread::lifecycle::spawn_unchecked<test[aada8e7e76ba119b]::run_test::{closure#1}, ()>::{closure#1} as core[a373ad73a504971]::ops::function::FnOnce<()>>::call_once::{shim:vtable#0}
[INFO] [stdout]   17:     0x643fd64d025f - <std[617be2ca0a6fd877]::sys::thread::unix::Thread>::new::thread_start
[INFO] [stdout]   18:     0x76ceb206cdfa - <unknown>
[INFO] [stdout]   19:     0x76ceb21003d4 - clone
[INFO] [stdout]   20:                0x0 - <unknown>
[INFO] [stdout] 
[INFO] [stdout] ---- params_tests::list_params_conformance_matches_typescript stdout ----
[INFO] [stdout] 
[INFO] [stdout] thread 'params_tests::list_params_conformance_matches_typescript' (1466) panicked at src/lib.rs:307:10:
[INFO] [stdout] read list-params manifest: Os { code: 2, kind: NotFound, message: "No such file or directory" }
[INFO] [stdout] stack backtrace:
[INFO] [stdout]    0:     0x643fd64d0d61 - <<std[617be2ca0a6fd877]::sys::backtrace::BacktraceLock>::print::DisplayBacktrace as core[a373ad73a504971]::fmt::Display>::fmt
[INFO] [stdout]    1:     0x643fd64e578a - core[a373ad73a504971]::fmt::write
[INFO] [stdout]    2:     0x643fd64d4f7c - <alloc[2e1b2a31b91974c5]::vec::Vec<u8> as core[a373ad73a504971]::io::write::Write>::write_fmt
[INFO] [stdout]    3:     0x643fd64ace66 - std[617be2ca0a6fd877]::panicking::default_hook::{closure#0}
[INFO] [stdout]    4:     0x643fd64c9099 - std[617be2ca0a6fd877]::panicking::default_hook
[INFO] [stdout]    5:     0x643fd645dcf0 - test[aada8e7e76ba119b]::test_main_inner::{closure#0}
[INFO] [stdout]    6:     0x643fd64c9252 - std[617be2ca0a6fd877]::panicking::panic_with_hook
[INFO] [stdout]    7:     0x643fd64acf12 - std[617be2ca0a6fd877]::panicking::panic_handler::{closure#0}
[INFO] [stdout]    8:     0x643fd64a5a99 - std[617be2ca0a6fd877]::sys::backtrace::__rust_end_short_backtrace::<std[617be2ca0a6fd877]::panicking::panic_handler::{closure#0}, !>
[INFO] [stdout]    9:     0x643fd64adb1d - __rustc[ea4f61d10b84890b]::rust_begin_unwind
[INFO] [stdout]   10:     0x643fd64e5ebc - core[a373ad73a504971]::panicking::panic_fmt
[INFO] [stdout]   11:     0x643fd64e5c92 - core[a373ad73a504971]::result::unwrap_failed
[INFO] [stdout]   12:     0x643fd644d018 - <openf1[35969f5492fcad76]::params_tests::list_params_conformance_matches_typescript::{closure#0} as core[a373ad73a504971]::ops::function::FnOnce<()>>::call_once
[INFO] [stdout]   13:     0x643fd645113b - test[aada8e7e76ba119b]::__rust_begin_short_backtrace::<core[a373ad73a504971]::result::Result<(), alloc[2e1b2a31b91974c5]::string::String>, fn() -> core[a373ad73a504971]::result::Result<(), alloc[2e1b2a31b91974c5]::string::String>>
[INFO] [stdout]   14:     0x643fd645e315 - test[aada8e7e76ba119b]::run_test::{closure#0}
[INFO] [stdout]   15:     0x643fd6457c04 - std[617be2ca0a6fd877]::sys::backtrace::__rust_begin_short_backtrace::<test[aada8e7e76ba119b]::run_test::{closure#1}, ()>
[INFO] [stdout]   16:     0x643fd64613a2 - <std[617be2ca0a6fd877]::thread::lifecycle::spawn_unchecked<test[aada8e7e76ba119b]::run_test::{closure#1}, ()>::{closure#1} as core[a373ad73a504971]::ops::function::FnOnce<()>>::call_once::{shim:vtable#0}
[INFO] [stdout]   17:     0x643fd64d025f - <std[617be2ca0a6fd877]::sys::thread::unix::Thread>::new::thread_start
[INFO] [stdout]   18:     0x76ceb206cdfa - <unknown>
[INFO] [stdout]   19:     0x76ceb21003d4 - clone
[INFO] [stdout]   20:                0x0 - <unknown>
[INFO] [stdout] 
[INFO] [stdout] ---- models_tests::pit stdout ----
[INFO] [stdout] 
[INFO] [stdout] thread 'models_tests::pit' (1454) panicked at src/lib.rs:232:33:
[INFO] [stdout] read fixture pit: No such file or directory (os error 2)
[INFO] [stdout] stack backtrace:
[INFO] [stdout]    0:     0x643fd64d0d61 - <<std[617be2ca0a6fd877]::sys::backtrace::BacktraceLock>::print::DisplayBacktrace as core[a373ad73a504971]::fmt::Display>::fmt
[INFO] [stdout]    1:     0x643fd64e578a - core[a373ad73a504971]::fmt::write
[INFO] [stdout]    2:     0x643fd64d4f7c - <alloc[2e1b2a31b91974c5]::vec::Vec<u8> as core[a373ad73a504971]::io::write::Write>::write_fmt
[INFO] [stdout]    3:     0x643fd64ace66 - std[617be2ca0a6fd877]::panicking::default_hook::{closure#0}
[INFO] [stdout]    4:     0x643fd64c9099 - std[617be2ca0a6fd877]::panicking::default_hook
[INFO] [stdout]    5:     0x643fd645dcf0 - test[aada8e7e76ba119b]::test_main_inner::{closure#0}
[INFO] [stdout]    6:     0x643fd64c9252 - std[617be2ca0a6fd877]::panicking::panic_with_hook
[INFO] [stdout]    7:     0x643fd64acf12 - std[617be2ca0a6fd877]::panicking::panic_handler::{closure#0}
[INFO] [stdout]    8:     0x643fd64a5a99 - std[617be2ca0a6fd877]::sys::backtrace::__rust_end_short_backtrace::<std[617be2ca0a6fd877]::panicking::panic_handler::{closure#0}, !>
[INFO] [stdout]    9:     0x643fd64adb1d - __rustc[ea4f61d10b84890b]::rust_begin_unwind
[INFO] [stdout]   10:     0x643fd64e5ebc - core[a373ad73a504971]::panicking::panic_fmt
[INFO] [stdout]   11:     0x643fd643898a - openf1[35969f5492fcad76]::models_tests::fixture::{closure#0}
[INFO] [stdout]   12:     0x643fd643987f - <openf1[35969f5492fcad76]::models_tests::pit::{closure#0} as core[a373ad73a504971]::ops::function::FnOnce<()>>::call_once
[INFO] [stdout]   13:     0x643fd645113b - test[aada8e7e76ba119b]::__rust_begin_short_backtrace::<core[a373ad73a504971]::result::Result<(), alloc[2e1b2a31b91974c5]::string::String>, fn() -> core[a373ad73a504971]::result::Result<(), alloc[2e1b2a31b91974c5]::string::String>>
[INFO] [stdout]   14:     0x643fd645e315 - test[aada8e7e76ba119b]::run_test::{closure#0}
[INFO] [stdout]   15:     0x643fd6457c04 - std[617be2ca0a6fd877]::sys::backtrace::__rust_begin_short_backtrace::<test[aada8e7e76ba119b]::run_test::{closure#1}, ()>
[INFO] [stdout]   16:     0x643fd64613a2 - <std[617be2ca0a6fd877]::thread::lifecycle::spawn_unchecked<test[aada8e7e76ba119b]::run_test::{closure#1}, ()>::{closure#1} as core[a373ad73a504971]::ops::function::FnOnce<()>>::call_once::{shim:vtable#0}
[INFO] [stdout]   17:     0x643fd64d025f - <std[617be2ca0a6fd877]::sys::thread::unix::Thread>::new::thread_start
[INFO] [stdout]   18:     0x76ceb206cdfa - <unknown>
[INFO] [stdout]   19:     0x76ceb21003d4 - clone
[INFO] [stdout]   20:                0x0 - <unknown>
[INFO] [stdout] 
[INFO] [stdout] ---- models_tests::championship_teams stdout ----
[INFO] [stdout] 
[INFO] [stdout] thread 'models_tests::championship_teams' (1447) panicked at src/lib.rs:232:33:
[INFO] [stdout] read fixture championship_teams: No such file or directory (os error 2)
[INFO] [stdout] stack backtrace:
[INFO] [stdout]    0:     0x643fd64d0d61 - <<std[617be2ca0a6fd877]::sys::backtrace::BacktraceLock>::print::DisplayBacktrace as core[a373ad73a504971]::fmt::Display>::fmt
[INFO] [stdout]    1:     0x643fd64e578a - core[a373ad73a504971]::fmt::write
[INFO] [stdout]    2:     0x643fd64d4f7c - <alloc[2e1b2a31b91974c5]::vec::Vec<u8> as core[a373ad73a504971]::io::write::Write>::write_fmt
[INFO] [stdout]    3:     0x643fd64ace66 - std[617be2ca0a6fd877]::panicking::default_hook::{closure#0}
[INFO] [stdout]    4:     0x643fd64c9099 - std[617be2ca0a6fd877]::panicking::default_hook
[INFO] [stdout]    5:     0x643fd645dcf0 - test[aada8e7e76ba119b]::test_main_inner::{closure#0}
[INFO] [stdout]    6:     0x643fd64c9252 - std[617be2ca0a6fd877]::panicking::panic_with_hook
[INFO] [stdout]    7:     0x643fd64acf12 - std[617be2ca0a6fd877]::panicking::panic_handler::{closure#0}
[INFO] [stdout]    8:     0x643fd64a5a99 - std[617be2ca0a6fd877]::sys::backtrace::__rust_end_short_backtrace::<std[617be2ca0a6fd877]::panicking::panic_handler::{closure#0}, !>
[INFO] [stdout]    9:     0x643fd64adb1d - __rustc[ea4f61d10b84890b]::rust_begin_unwind
[INFO] [stdout]   10:     0x643fd64e5ebc - core[a373ad73a504971]::panicking::panic_fmt
[INFO] [stdout]   11:     0x643fd643898a - openf1[35969f5492fcad76]::models_tests::fixture::{closure#0}
[INFO] [stdout]   12:     0x643fd6439463 - <openf1[35969f5492fcad76]::models_tests::championship_teams::{closure#0} as core[a373ad73a504971]::ops::function::FnOnce<()>>::call_once
[INFO] [stdout]   13:     0x643fd645113b - test[aada8e7e76ba119b]::__rust_begin_short_backtrace::<core[a373ad73a504971]::result::Result<(), alloc[2e1b2a31b91974c5]::string::String>, fn() -> core[a373ad73a504971]::result::Result<(), alloc[2e1b2a31b91974c5]::string::String>>
[INFO] [stdout]   14:     0x643fd645e315 - test[aada8e7e76ba119b]::run_test::{closure#0}
[INFO] [stdout]   15:     0x643fd6457c04 - std[617be2ca0a6fd877]::sys::backtrace::__rust_begin_short_backtrace::<test[aada8e7e76ba119b]::run_test::{closure#1}, ()>
[INFO] [stdout]   16:     0x643fd64613a2 - <std[617be2ca0a6fd877]::thread::lifecycle::spawn_unchecked<test[aada8e7e76ba119b]::run_test::{closure#1}, ()>::{closure#1} as core[a373ad73a504971]::ops::function::FnOnce<()>>::call_once::{shim:vtable#0}
[INFO] [stdout]   17:     0x643fd64d025f - <std[617be2ca0a6fd877]::sys::thread::unix::Thread>::new::thread_start
[INFO] [stdout]   18:     0x76ceb206cdfa - <unknown>
[INFO] [stdout]   19:     0x76ceb21003d4 - clone
[INFO] [stdout]   20:                0x0 - <unknown>
[INFO] [stdout] 
[INFO] [stdout] ---- models_tests::session_result stdout ----
[INFO] [stdout] 
[INFO] [stdout] thread 'models_tests::session_result' (1457) panicked at src/lib.rs:232:33:
[INFO] [stdout] read fixture session_result: No such file or directory (os error 2)
[INFO] [stdout] stack backtrace:
[INFO] [stdout]    0:     0x643fd64d0d61 - <<std[617be2ca0a6fd877]::sys::backtrace::BacktraceLock>::print::DisplayBacktrace as core[a373ad73a504971]::fmt::Display>::fmt
[INFO] [stdout]    1:     0x643fd64e578a - core[a373ad73a504971]::fmt::write
[INFO] [stdout]    2:     0x643fd64d4f7c - <alloc[2e1b2a31b91974c5]::vec::Vec<u8> as core[a373ad73a504971]::io::write::Write>::write_fmt
[INFO] [stdout]    3:     0x643fd64ace66 - std[617be2ca0a6fd877]::panicking::default_hook::{closure#0}
[INFO] [stdout]    4:     0x643fd64c9099 - std[617be2ca0a6fd877]::panicking::default_hook
[INFO] [stdout]    5:     0x643fd645dcf0 - test[aada8e7e76ba119b]::test_main_inner::{closure#0}
[INFO] [stdout]    6:     0x643fd64c9252 - std[617be2ca0a6fd877]::panicking::panic_with_hook
[INFO] [stdout]    7:     0x643fd64acf12 - std[617be2ca0a6fd877]::panicking::panic_handler::{closure#0}
[INFO] [stdout]    8:     0x643fd64a5a99 - std[617be2ca0a6fd877]::sys::backtrace::__rust_end_short_backtrace::<std[617be2ca0a6fd877]::panicking::panic_handler::{closure#0}, !>
[INFO] [stdout]    9:     0x643fd64adb1d - __rustc[ea4f61d10b84890b]::rust_begin_unwind
[INFO] [stdout]   10:     0x643fd64e5ebc - core[a373ad73a504971]::panicking::panic_fmt
[INFO] [stdout]   11:     0x643fd643898a - openf1[35969f5492fcad76]::models_tests::fixture::{closure#0}
[INFO] [stdout]   12:     0x643fd6439226 - <openf1[35969f5492fcad76]::models_tests::session_result::{closure#0} as core[a373ad73a504971]::ops::function::FnOnce<()>>::call_once
[INFO] [stdout]   13:     0x643fd645113b - test[aada8e7e76ba119b]::__rust_begin_short_backtrace::<core[a373ad73a504971]::result::Result<(), alloc[2e1b2a31b91974c5]::string::String>, fn() -> core[a373ad73a504971]::result::Result<(), alloc[2e1b2a31b91974c5]::string::String>>
[INFO] [stdout]   14:     0x643fd645e315 - test[aada8e7e76ba119b]::run_test::{closure#0}
[INFO] [stdout]   15:     0x643fd6457c04 - std[617be2ca0a6fd877]::sys::backtrace::__rust_begin_short_backtrace::<test[aada8e7e76ba119b]::run_test::{closure#1}, ()>
[INFO] [stdout]   16:     0x643fd64613a2 - <std[617be2ca0a6fd877]::thread::lifecycle::spawn_unchecked<test[aada8e7e76ba119b]::run_test::{closure#1}, ()>::{closure#1} as core[a373ad73a504971]::ops::function::FnOnce<()>>::call_once::{shim:vtable#0}
[INFO] [stdout]   17:     0x643fd64d025f - <std[617be2ca0a6fd877]::sys::thread::unix::Thread>::new::thread_start
[INFO] [stdout]   18:     0x76ceb206cdfa - <unknown>
[INFO] [stdout]   19:     0x76ceb21003d4 - clone
[INFO] [stdout]   20:                0x0 - <unknown>
[INFO] [stdout] 
[INFO] [stdout] ---- models_tests::intervals stdout ----
[INFO] [stdout] 
[INFO] [stdout] thread 'models_tests::intervals' (1449) panicked at src/lib.rs:232:33:
[INFO] [stdout] read fixture intervals: No such file or directory (os error 2)
[INFO] [stdout] stack backtrace:
[INFO] [stdout]    0:     0x643fd64d0d61 - <<std[617be2ca0a6fd877]::sys::backtrace::BacktraceLock>::print::DisplayBacktrace as core[a373ad73a504971]::fmt::Display>::fmt
[INFO] [stdout]    1:     0x643fd64e578a - core[a373ad73a504971]::fmt::write
[INFO] [stdout]    2:     0x643fd64d4f7c - <alloc[2e1b2a31b91974c5]::vec::Vec<u8> as core[a373ad73a504971]::io::write::Write>::write_fmt
[INFO] [stdout]    3:     0x643fd64ace66 - std[617be2ca0a6fd877]::panicking::default_hook::{closure#0}
[INFO] [stdout]    4:     0x643fd64c9099 - std[617be2ca0a6fd877]::panicking::default_hook
[INFO] [stdout]    5:     0x643fd645dcf0 - test[aada8e7e76ba119b]::test_main_inner::{closure#0}
[INFO] [stdout]    6:     0x643fd64c9252 - std[617be2ca0a6fd877]::panicking::panic_with_hook
[INFO] [stdout]    7:     0x643fd64acf12 - std[617be2ca0a6fd877]::panicking::panic_handler::{closure#0}
[INFO] [stdout]    8:     0x643fd64a5a99 - std[617be2ca0a6fd877]::sys::backtrace::__rust_end_short_backtrace::<std[617be2ca0a6fd877]::panicking::panic_handler::{closure#0}, !>
[INFO] [stdout]    9:     0x643fd64adb1d - __rustc[ea4f61d10b84890b]::rust_begin_unwind
[INFO] [stdout]   10:     0x643fd64e5ebc - core[a373ad73a504971]::panicking::panic_fmt
[INFO] [stdout]   11:     0x643fd643898a - openf1[35969f5492fcad76]::models_tests::fixture::{closure#0}
[INFO] [stdout]   12:     0x643fd643b090 - <openf1[35969f5492fcad76]::models_tests::intervals::{closure#0} as core[a373ad73a504971]::ops::function::FnOnce<()>>::call_once
[INFO] [stdout]   13:     0x643fd645113b - test[aada8e7e76ba119b]::__rust_begin_short_backtrace::<core[a373ad73a504971]::result::Result<(), alloc[2e1b2a31b91974c5]::string::String>, fn() -> core[a373ad73a504971]::result::Result<(), alloc[2e1b2a31b91974c5]::string::String>>
[INFO] [stdout]   14:     0x643fd645e315 - test[aada8e7e76ba119b]::run_test::{closure#0}
[INFO] [stdout]   15:     0x643fd6457c04 - std[617be2ca0a6fd877]::sys::backtrace::__rust_begin_short_backtrace::<test[aada8e7e76ba119b]::run_test::{closure#1}, ()>
[INFO] [stdout]   16:     0x643fd64613a2 - <std[617be2ca0a6fd877]::thread::lifecycle::spawn_unchecked<test[aada8e7e76ba119b]::run_test::{closure#1}, ()>::{closure#1} as core[a373ad73a504971]::ops::function::FnOnce<()>>::call_once::{shim:vtable#0}
[INFO] [stdout]   17:     0x643fd64d025f - <std[617be2ca0a6fd877]::sys::thread::unix::Thread>::new::thread_start
[INFO] [stdout]   18:     0x76ceb206cdfa - <unknown>
[INFO] [stdout]   19:     0x76ceb21003d4 - clone
[INFO] [stdout]   20:                0x0 - <unknown>
[INFO] [stdout] 
[INFO] [stdout] ---- models_tests::team_radio stdout ----
[INFO] [stdout] 
[INFO] [stdout] thread 'models_tests::team_radio' (1462) panicked at src/lib.rs:232:33:
[INFO] [stdout] read fixture team_radio: No such file or directory (os error 2)
[INFO] [stdout] stack backtrace:
[INFO] [stdout]    0:     0x643fd64d0d61 - <<std[617be2ca0a6fd877]::sys::backtrace::BacktraceLock>::print::DisplayBacktrace as core[a373ad73a504971]::fmt::Display>::fmt
[INFO] [stdout]    1:     0x643fd64e578a - core[a373ad73a504971]::fmt::write
[INFO] [stdout]    2:     0x643fd64d4f7c - <alloc[2e1b2a31b91974c5]::vec::Vec<u8> as core[a373ad73a504971]::io::write::Write>::write_fmt
[INFO] [stdout]    3:     0x643fd64ace66 - std[617be2ca0a6fd877]::panicking::default_hook::{closure#0}
[INFO] [stdout]    4:     0x643fd64c9099 - std[617be2ca0a6fd877]::panicking::default_hook
[INFO] [stdout]    5:     0x643fd645dcf0 - test[aada8e7e76ba119b]::test_main_inner::{closure#0}
[INFO] [stdout]    6:     0x643fd64c9252 - std[617be2ca0a6fd877]::panicking::panic_with_hook
[INFO] [stdout]    7:     0x643fd64acf12 - std[617be2ca0a6fd877]::panicking::panic_handler::{closure#0}
[INFO] [stdout]    8:     0x643fd64a5a99 - std[617be2ca0a6fd877]::sys::backtrace::__rust_end_short_backtrace::<std[617be2ca0a6fd877]::panicking::panic_handler::{closure#0}, !>
[INFO] [stdout]    9:     0x643fd64adb1d - __rustc[ea4f61d10b84890b]::rust_begin_unwind
[INFO] [stdout]   10:     0x643fd64e5ebc - core[a373ad73a504971]::panicking::panic_fmt
[INFO] [stdout]   11:     0x643fd643898a - openf1[35969f5492fcad76]::models_tests::fixture::{closure#0}
[INFO] [stdout]   12:     0x643fd6438bb7 - <openf1[35969f5492fcad76]::models_tests::team_radio::{closure#0} as core[a373ad73a504971]::ops::function::FnOnce<()>>::call_once
[INFO] [stdout]   13:     0x643fd645113b - test[aada8e7e76ba119b]::__rust_begin_short_backtrace::<core[a373ad73a504971]::result::Result<(), alloc[2e1b2a31b91974c5]::string::String>, fn() -> core[a373ad73a504971]::result::Result<(), alloc[2e1b2a31b91974c5]::string::String>>
[INFO] [stdout]   14:     0x643fd645e315 - test[aada8e7e76ba119b]::run_test::{closure#0}
[INFO] [stdout]   15:     0x643fd6457c04 - std[617be2ca0a6fd877]::sys::backtrace::__rust_begin_short_backtrace::<test[aada8e7e76ba119b]::run_test::{closure#1}, ()>
[INFO] [stdout]   16:     0x643fd64613a2 - <std[617be2ca0a6fd877]::thread::lifecycle::spawn_unchecked<test[aada8e7e76ba119b]::run_test::{closure#1}, ()>::{closure#1} as core[a373ad73a504971]::ops::function::FnOnce<()>>::call_once::{shim:vtable#0}
[INFO] [stdout]   17:     0x643fd64d025f - <std[617be2ca0a6fd877]::sys::thread::unix::Thread>::new::thread_start
[INFO] [stdout]   18:     0x76ceb206cdfa - <unknown>
[INFO] [stdout]   19:     0x76ceb21003d4 - clone
[INFO] [stdout]   20:                0x0 - <unknown>
[INFO] [stdout] 
[INFO] [stdout] ---- models_tests::starting_grid stdout ----
[INFO] [stdout] 
[INFO] [stdout] thread 'models_tests::starting_grid' (1460) panicked at src/lib.rs:232:33:
[INFO] [stdout] read fixture starting_grid: No such file or directory (os error 2)
[INFO] [stdout] stack backtrace:
[INFO] [stdout]    0:     0x643fd64d0d61 - <<std[617be2ca0a6fd877]::sys::backtrace::BacktraceLock>::print::DisplayBacktrace as core[a373ad73a504971]::fmt::Display>::fmt
[INFO] [stdout]    1:     0x643fd64e578a - core[a373ad73a504971]::fmt::write
[INFO] [stdout]    2:     0x643fd64d4f7c - <alloc[2e1b2a31b91974c5]::vec::Vec<u8> as core[a373ad73a504971]::io::write::Write>::write_fmt
[INFO] [stdout]    3:     0x643fd64ace66 - std[617be2ca0a6fd877]::panicking::default_hook::{closure#0}
[INFO] [stdout]    4:     0x643fd64c9099 - std[617be2ca0a6fd877]::panicking::default_hook
[INFO] [stdout]    5:     0x643fd645dcf0 - test[aada8e7e76ba119b]::test_main_inner::{closure#0}
[INFO] [stdout]    6:     0x643fd64c9252 - std[617be2ca0a6fd877]::panicking::panic_with_hook
[INFO] [stdout]    7:     0x643fd64acf12 - std[617be2ca0a6fd877]::panicking::panic_handler::{closure#0}
[INFO] [stdout]    8:     0x643fd64a5a99 - std[617be2ca0a6fd877]::sys::backtrace::__rust_end_short_backtrace::<std[617be2ca0a6fd877]::panicking::panic_handler::{closure#0}, !>
[INFO] [stdout]    9:     0x643fd64adb1d - __rustc[ea4f61d10b84890b]::rust_begin_unwind
[INFO] [stdout]   10:     0x643fd64e5ebc - core[a373ad73a504971]::panicking::panic_fmt
[INFO] [stdout]   11:     0x643fd643898a - openf1[35969f5492fcad76]::models_tests::fixture::{closure#0}
[INFO] [stdout]   12:     0x643fd6439021 - <openf1[35969f5492fcad76]::models_tests::starting_grid::{closure#0} as core[a373ad73a504971]::ops::function::FnOnce<()>>::call_once
[INFO] [stdout]   13:     0x643fd645113b - test[aada8e7e76ba119b]::__rust_begin_short_backtrace::<core[a373ad73a504971]::result::Result<(), alloc[2e1b2a31b91974c5]::string::String>, fn() -> core[a373ad73a504971]::result::Result<(), alloc[2e1b2a31b91974c5]::string::String>>
[INFO] [stdout]   14:     0x643fd645e315 - test[aada8e7e76ba119b]::run_test::{closure#0}
[INFO] [stdout]   15:     0x643fd6457c04 - std[617be2ca0a6fd877]::sys::backtrace::__rust_begin_short_backtrace::<test[aada8e7e76ba119b]::run_test::{closure#1}, ()>
[INFO] [stdout]   16:     0x643fd64613a2 - <std[617be2ca0a6fd877]::thread::lifecycle::spawn_unchecked<test[aada8e7e76ba119b]::run_test::{closure#1}, ()>::{closure#1} as core[a373ad73a504971]::ops::function::FnOnce<()>>::call_once::{shim:vtable#0}
[INFO] [stdout]   17:     0x643fd64d025f - <std[617be2ca0a6fd877]::sys::thread::unix::Thread>::new::thread_start
[INFO] [stdout]   18:     0x76ceb206cdfa - <unknown>
[INFO] [stdout]   19:     0x76ceb21003d4 - clone
[INFO] [stdout]   20:                0x0 - <unknown>
[INFO] [stdout] 
[INFO] [stdout] ---- models_tests::sessions stdout ----
[INFO] [stdout] 
[INFO] [stdout] thread 'models_tests::sessions' (1459) panicked at src/lib.rs:232:33:
[INFO] [stdout] read fixture sessions: No such file or directory (os error 2)
[INFO] [stdout] stack backtrace:
[INFO] [stdout]    0:     0x643fd64d0d61 - <<std[617be2ca0a6fd877]::sys::backtrace::BacktraceLock>::print::DisplayBacktrace as core[a373ad73a504971]::fmt::Display>::fmt
[INFO] [stdout]    1:     0x643fd64e578a - core[a373ad73a504971]::fmt::write
[INFO] [stdout]    2:     0x643fd64d4f7c - <alloc[2e1b2a31b91974c5]::vec::Vec<u8> as core[a373ad73a504971]::io::write::Write>::write_fmt
[INFO] [stdout]    3:     0x643fd64ace66 - std[617be2ca0a6fd877]::panicking::default_hook::{closure#0}
[INFO] [stdout]    4:     0x643fd64c9099 - std[617be2ca0a6fd877]::panicking::default_hook
[INFO] [stdout]    5:     0x643fd645dcf0 - test[aada8e7e76ba119b]::test_main_inner::{closure#0}
[INFO] [stdout]    6:     0x643fd64c9252 - std[617be2ca0a6fd877]::panicking::panic_with_hook
[INFO] [stdout]    7:     0x643fd64acf12 - std[617be2ca0a6fd877]::panicking::panic_handler::{closure#0}
[INFO] [stdout]    8:     0x643fd64a5a99 - std[617be2ca0a6fd877]::sys::backtrace::__rust_end_short_backtrace::<std[617be2ca0a6fd877]::panicking::panic_handler::{closure#0}, !>
[INFO] [stdout]    9:     0x643fd64adb1d - __rustc[ea4f61d10b84890b]::rust_begin_unwind
[INFO] [stdout]   10:     0x643fd64e5ebc - core[a373ad73a504971]::panicking::panic_fmt
[INFO] [stdout]   11:     0x643fd643898a - openf1[35969f5492fcad76]::models_tests::fixture::{closure#0}
[INFO] [stdout]   12:     0x643fd643ae00 - <openf1[35969f5492fcad76]::models_tests::sessions::{closure#0} as core[a373ad73a504971]::ops::function::FnOnce<()>>::call_once
[INFO] [stdout]   13:     0x643fd645113b - test[aada8e7e76ba119b]::__rust_begin_short_backtrace::<core[a373ad73a504971]::result::Result<(), alloc[2e1b2a31b91974c5]::string::String>, fn() -> core[a373ad73a504971]::result::Result<(), alloc[2e1b2a31b91974c5]::string::String>>
[INFO] [stdout]   14:     0x643fd645e315 - test[aada8e7e76ba119b]::run_test::{closure#0}
[INFO] [stdout]   15:     0x643fd6457c04 - std[617be2ca0a6fd877]::sys::backtrace::__rust_begin_short_backtrace::<test[aada8e7e76ba119b]::run_test::{closure#1}, ()>
[INFO] [stdout]   16:     0x643fd64613a2 - <std[617be2ca0a6fd877]::thread::lifecycle::spawn_unchecked<test[aada8e7e76ba119b]::run_test::{closure#1}, ()>::{closure#1} as core[a373ad73a504971]::ops::function::FnOnce<()>>::call_once::{shim:vtable#0}
[INFO] [stdout]   17:     0x643fd64d025f - <std[617be2ca0a6fd877]::sys::thread::unix::Thread>::new::thread_start
[INFO] [stdout]   18:     0x76ceb206cdfa - <unknown>
[INFO] [stdout]   19:     0x76ceb21003d4 - clone
[INFO] [stdout]   20:                0x0 - <unknown>
[INFO] [stdout] 
[INFO] [stdout] ---- models_tests::drivers stdout ----
[INFO] [stdout] 
[INFO] [stdout] thread 'models_tests::drivers' (1448) panicked at src/lib.rs:232:33:
[INFO] [stdout] read fixture drivers: No such file or directory (os error 2)
[INFO] [stdout] stack backtrace:
[INFO] [stdout]    0:     0x643fd64d0d61 - <<std[617be2ca0a6fd877]::sys::backtrace::BacktraceLock>::print::DisplayBacktrace as core[a373ad73a504971]::fmt::Display>::fmt
[INFO] [stdout]    1:     0x643fd64e578a - core[a373ad73a504971]::fmt::write
[INFO] [stdout]    2:     0x643fd64d4f7c - <alloc[2e1b2a31b91974c5]::vec::Vec<u8> as core[a373ad73a504971]::io::write::Write>::write_fmt
[INFO] [stdout]    3:     0x643fd64ace66 - std[617be2ca0a6fd877]::panicking::default_hook::{closure#0}
[INFO] [stdout]    4:     0x643fd64c9099 - std[617be2ca0a6fd877]::panicking::default_hook
[INFO] [stdout]    5:     0x643fd645dcf0 - test[aada8e7e76ba119b]::test_main_inner::{closure#0}
[INFO] [stdout]    6:     0x643fd64c9252 - std[617be2ca0a6fd877]::panicking::panic_with_hook
[INFO] [stdout]    7:     0x643fd64acf12 - std[617be2ca0a6fd877]::panicking::panic_handler::{closure#0}
[INFO] [stdout]    8:     0x643fd64a5a99 - std[617be2ca0a6fd877]::sys::backtrace::__rust_end_short_backtrace::<std[617be2ca0a6fd877]::panicking::panic_handler::{closure#0}, !>
[INFO] [stdout]    9:     0x643fd64adb1d - __rustc[ea4f61d10b84890b]::rust_begin_unwind
[INFO] [stdout]   10:     0x643fd64e5ebc - core[a373ad73a504971]::panicking::panic_fmt
[INFO] [stdout]   11:     0x643fd643898a - openf1[35969f5492fcad76]::models_tests::fixture::{closure#0}
[INFO] [stdout]   12:     0x643fd643a03c - <openf1[35969f5492fcad76]::models_tests::drivers::{closure#0} as core[a373ad73a504971]::ops::function::FnOnce<()>>::call_once
[INFO] [stdout]   13:     0x643fd645113b - test[aada8e7e76ba119b]::__rust_begin_short_backtrace::<core[a373ad73a504971]::result::Result<(), alloc[2e1b2a31b91974c5]::string::String>, fn() -> core[a373ad73a504971]::result::Result<(), alloc[2e1b2a31b91974c5]::string::String>>
[INFO] [stdout]   14:     0x643fd645e315 - test[aada8e7e76ba119b]::run_test::{closure#0}
[INFO] [stdout]   15:     0x643fd6457c04 - std[617be2ca0a6fd877]::sys::backtrace::__rust_begin_short_backtrace::<test[aada8e7e76ba119b]::run_test::{closure#1}, ()>
[INFO] [stdout]   16:     0x643fd64613a2 - <std[617be2ca0a6fd877]::thread::lifecycle::spawn_unchecked<test[aada8e7e76ba119b]::run_test::{closure#1}, ()>::{closure#1} as core[a373ad73a504971]::ops::function::FnOnce<()>>::call_once::{shim:vtable#0}
[INFO] [stdout]   17:     0x643fd64d025f - <std[617be2ca0a6fd877]::sys::thread::unix::Thread>::new::thread_start
[INFO] [stdout]   18:     0x76ceb206cdfa - <unknown>
[INFO] [stdout]   19:     0x76ceb21003d4 - clone
[INFO] [stdout]   20:                0x0 - <unknown>
[INFO] [stdout] 
[INFO] [stdout] ---- models_tests::meetings stdout ----
[INFO] [stdout] 
[INFO] [stdout] thread 'models_tests::meetings' (1452) panicked at src/lib.rs:232:33:
[INFO] [stdout] read fixture meetings: No such file or directory (os error 2)
[INFO] [stdout] stack backtrace:
[INFO] [stdout]    0:     0x643fd64d0d61 - <<std[617be2ca0a6fd877]::sys::backtrace::BacktraceLock>::print::DisplayBacktrace as core[a373ad73a504971]::fmt::Display>::fmt
[INFO] [stdout]    1:     0x643fd64e578a - core[a373ad73a504971]::fmt::write
[INFO] [stdout]    2:     0x643fd64d4f7c - <alloc[2e1b2a31b91974c5]::vec::Vec<u8> as core[a373ad73a504971]::io::write::Write>::write_fmt
[INFO] [stdout]    3:     0x643fd64ace66 - std[617be2ca0a6fd877]::panicking::default_hook::{closure#0}
[INFO] [stdout]    4:     0x643fd64c9099 - std[617be2ca0a6fd877]::panicking::default_hook
[INFO] [stdout]    5:     0x643fd645dcf0 - test[aada8e7e76ba119b]::test_main_inner::{closure#0}
[INFO] [stdout]    6:     0x643fd64c9252 - std[617be2ca0a6fd877]::panicking::panic_with_hook
[INFO] [stdout]    7:     0x643fd64acf12 - std[617be2ca0a6fd877]::panicking::panic_handler::{closure#0}
[INFO] [stdout]    8:     0x643fd64a5a99 - std[617be2ca0a6fd877]::sys::backtrace::__rust_end_short_backtrace::<std[617be2ca0a6fd877]::panicking::panic_handler::{closure#0}, !>
[INFO] [stdout]    9:     0x643fd64adb1d - __rustc[ea4f61d10b84890b]::rust_begin_unwind
[INFO] [stdout]   10:     0x643fd64e5ebc - core[a373ad73a504971]::panicking::panic_fmt
[INFO] [stdout]   11:     0x643fd643898a - openf1[35969f5492fcad76]::models_tests::fixture::{closure#0}
[INFO] [stdout]   12:     0x643fd643a94c - <openf1[35969f5492fcad76]::models_tests::meetings::{closure#0} as core[a373ad73a504971]::ops::function::FnOnce<()>>::call_once
[INFO] [stdout]   13:     0x643fd645113b - test[aada8e7e76ba119b]::__rust_begin_short_backtrace::<core[a373ad73a504971]::result::Result<(), alloc[2e1b2a31b91974c5]::string::String>, fn() -> core[a373ad73a504971]::result::Result<(), alloc[2e1b2a31b91974c5]::string::String>>
[INFO] [stdout]   14:     0x643fd645e315 - test[aada8e7e76ba119b]::run_test::{closure#0}
[INFO] [stdout]   15:     0x643fd6457c04 - std[617be2ca0a6fd877]::sys::backtrace::__rust_begin_short_backtrace::<test[aada8e7e76ba119b]::run_test::{closure#1}, ()>
[INFO] [stdout]   16:     0x643fd64613a2 - <std[617be2ca0a6fd877]::thread::lifecycle::spawn_unchecked<test[aada8e7e76ba119b]::run_test::{closure#1}, ()>::{closure#1} as core[a373ad73a504971]::ops::function::FnOnce<()>>::call_once::{shim:vtable#0}
[INFO] [stdout]   17:     0x643fd64d025f - <std[617be2ca0a6fd877]::sys::thread::unix::Thread>::new::thread_start
[INFO] [stdout]   18:     0x76ceb206cdfa - <unknown>
[INFO] [stdout]   19:     0x76ceb21003d4 - clone
[INFO] [stdout]   20:                0x0 - <unknown>
[INFO] [stdout] 
[INFO] [stdout] ---- query::tests::conformance_vectors_match_typescript stdout ----
[INFO] [stdout] 
[INFO] [stdout] thread 'query::tests::conformance_vectors_match_typescript' (1468) panicked at src/query.rs:96:14:
[INFO] [stdout] read conformance vectors: Os { code: 2, kind: NotFound, message: "No such file or directory" }
[INFO] [stdout] stack backtrace:
[INFO] [stdout]    0:     0x643fd64d0d61 - <<std[617be2ca0a6fd877]::sys::backtrace::BacktraceLock>::print::DisplayBacktrace as core[a373ad73a504971]::fmt::Display>::fmt
[INFO] [stdout]    1:     0x643fd64e578a - core[a373ad73a504971]::fmt::write
[INFO] [stdout]    2:     0x643fd64d4f7c - <alloc[2e1b2a31b91974c5]::vec::Vec<u8> as core[a373ad73a504971]::io::write::Write>::write_fmt
[INFO] [stdout]    3:     0x643fd64ace66 - std[617be2ca0a6fd877]::panicking::default_hook::{closure#0}
[INFO] [stdout]    4:     0x643fd64c9099 - std[617be2ca0a6fd877]::panicking::default_hook
[INFO] [stdout]    5:     0x643fd645dcf0 - test[aada8e7e76ba119b]::test_main_inner::{closure#0}
[INFO] [stdout]    6:     0x643fd64c9252 - std[617be2ca0a6fd877]::panicking::panic_with_hook
[INFO] [stdout]    7:     0x643fd64acf12 - std[617be2ca0a6fd877]::panicking::panic_handler::{closure#0}
[INFO] [stdout]    8:     0x643fd64a5a99 - std[617be2ca0a6fd877]::sys::backtrace::__rust_end_short_backtrace::<std[617be2ca0a6fd877]::panicking::panic_handler::{closure#0}, !>
[INFO] [stdout]    9:     0x643fd64adb1d - __rustc[ea4f61d10b84890b]::rust_begin_unwind
[INFO] [stdout]   10:     0x643fd64e5ebc - core[a373ad73a504971]::panicking::panic_fmt
[INFO] [stdout]   11:     0x643fd64e5c92 - core[a373ad73a504971]::result::unwrap_failed
[INFO] [stdout]   12:     0x643fd6447cbc - <openf1[35969f5492fcad76]::query::tests::conformance_vectors_match_typescript::{closure#0} as core[a373ad73a504971]::ops::function::FnOnce<()>>::call_once
[INFO] [stdout]   13:     0x643fd645113b - test[aada8e7e76ba119b]::__rust_begin_short_backtrace::<core[a373ad73a504971]::result::Result<(), alloc[2e1b2a31b91974c5]::string::String>, fn() -> core[a373ad73a504971]::result::Result<(), alloc[2e1b2a31b91974c5]::string::String>>
[INFO] [stdout]   14:     0x643fd645e315 - test[aada8e7e76ba119b]::run_test::{closure#0}
[INFO] [stdout]   15:     0x643fd6457c04 - std[617be2ca0a6fd877]::sys::backtrace::__rust_begin_short_backtrace::<test[aada8e7e76ba119b]::run_test::{closure#1}, ()>
[INFO] [stdout]   16:     0x643fd64613a2 - <std[617be2ca0a6fd877]::thread::lifecycle::spawn_unchecked<test[aada8e7e76ba119b]::run_test::{closure#1}, ()>::{closure#1} as core[a373ad73a504971]::ops::function::FnOnce<()>>::call_once::{shim:vtable#0}
[INFO] [stdout]   17:     0x643fd64d025f - <std[617be2ca0a6fd877]::sys::thread::unix::Thread>::new::thread_start
[INFO] [stdout]   18:     0x76ceb206cdfa - <unknown>
[INFO] [stdout]   19:     0x76ceb21003d4 - clone
[INFO] [stdout]   20:                0x0 - <unknown>
[INFO] [stdout] 
[INFO] [stdout] ---- models_tests::car_data stdout ----
[INFO] [stdout] 
[INFO] [stdout] thread 'models_tests::car_data' (1445) panicked at src/lib.rs:232:33:
[INFO] [stdout] read fixture car_data: No such file or directory (os error 2)
[INFO] [stdout] stack backtrace:
[INFO] [stdout]    0:     0x643fd64d0d61 - <<std[617be2ca0a6fd877]::sys::backtrace::BacktraceLock>::print::DisplayBacktrace as core[a373ad73a504971]::fmt::Display>::fmt
[INFO] [stdout]    1:     0x643fd64e578a - core[a373ad73a504971]::fmt::write
[INFO] [stdout]    2:     0x643fd64d4f7c - <alloc[2e1b2a31b91974c5]::vec::Vec<u8> as core[a373ad73a504971]::io::write::Write>::write_fmt
[INFO] [stdout]    3:     0x643fd64ace66 - std[617be2ca0a6fd877]::panicking::default_hook::{closure#0}
[INFO] [stdout]    4:     0x643fd64c9099 - std[617be2ca0a6fd877]::panicking::default_hook
[INFO] [stdout]    5:     0x643fd645dcf0 - test[aada8e7e76ba119b]::test_main_inner::{closure#0}
[INFO] [stdout]    6:     0x643fd64c9252 - std[617be2ca0a6fd877]::panicking::panic_with_hook
[INFO] [stdout]    7:     0x643fd64acf12 - std[617be2ca0a6fd877]::panicking::panic_handler::{closure#0}
[INFO] [stdout]    8:     0x643fd64a5a99 - std[617be2ca0a6fd877]::sys::backtrace::__rust_end_short_backtrace::<std[617be2ca0a6fd877]::panicking::panic_handler::{closure#0}, !>
[INFO] [stdout]    9:     0x643fd64adb1d - __rustc[ea4f61d10b84890b]::rust_begin_unwind
[INFO] [stdout]   10:     0x643fd64e5ebc - core[a373ad73a504971]::panicking::panic_fmt
[INFO] [stdout]   11:     0x643fd643898a - openf1[35969f5492fcad76]::models_tests::fixture::{closure#0}
[INFO] [stdout]   12:     0x643fd643a503 - <openf1[35969f5492fcad76]::models_tests::car_data::{closure#0} as core[a373ad73a504971]::ops::function::FnOnce<()>>::call_once
[INFO] [stdout]   13:     0x643fd645113b - test[aada8e7e76ba119b]::__rust_begin_short_backtrace::<core[a373ad73a504971]::result::Result<(), alloc[2e1b2a31b91974c5]::string::String>, fn() -> core[a373ad73a504971]::result::Result<(), alloc[2e1b2a31b91974c5]::string::String>>
[INFO] [stdout]   14:     0x643fd645e315 - test[aada8e7e76ba119b]::run_test::{closure#0}
[INFO] [stdout]   15:     0x643fd6457c04 - std[617be2ca0a6fd877]::sys::backtrace::__rust_begin_short_backtrace::<test[aada8e7e76ba119b]::run_test::{closure#1}, ()>
[INFO] [stdout]   16:     0x643fd64613a2 - <std[617be2ca0a6fd877]::thread::lifecycle::spawn_unchecked<test[aada8e7e76ba119b]::run_test::{closure#1}, ()>::{closure#1} as core[a373ad73a504971]::ops::function::FnOnce<()>>::call_once::{shim:vtable#0}
[INFO] [stdout]   17:     0x643fd64d025f - <std[617be2ca0a6fd877]::sys::thread::unix::Thread>::new::thread_start
[INFO] [stdout]   18:     0x76ceb206cdfa - <unknown>
[INFO] [stdout]   19:     0x76ceb21003d4 - clone
[INFO] [stdout]   20:                0x0 - <unknown>
[INFO] [stdout] 
[INFO] [stdout] 
[INFO] [stdout] failures:
[INFO] [stdout]     models_tests::car_data
[INFO] [stdout]     models_tests::championship_drivers
[INFO] [stdout]     models_tests::championship_teams
[INFO] [stdout]     models_tests::drivers
[INFO] [stdout]     models_tests::intervals
[INFO] [stdout]     models_tests::laps
[INFO] [stdout]     models_tests::location
[INFO] [stdout]     models_tests::meetings
[INFO] [stdout]     models_tests::overtakes
[INFO] [stdout]     models_tests::pit
[INFO] [stdout]     models_tests::position
[INFO] [stdout]     models_tests::race_control
[INFO] [stdout]     models_tests::session_result
[INFO] [stdout]     models_tests::sessions
[INFO] [stdout]     models_tests::starting_grid
[INFO] [stdout]     models_tests::stints
[INFO] [stdout]     models_tests::team_radio
[INFO] [stdout]     models_tests::weather
[INFO] [stdout]     params_tests::list_params_conformance_matches_typescript
[INFO] [stdout]     query::tests::conformance_vectors_match_typescript
[INFO] [stdout] 
[INFO] [stdout] test result: FAILED. 6 passed; 20 failed; 0 ignored; 0 measured; 0 filtered out; finished in 0.01s
[INFO] [stdout] 
[INFO] running `Command { std: "docker" "inspect" "a9b577d5eba8d75b2366ce31035b855276a2217b93a317249df71885660aa24c", kill_on_drop: false }`
[INFO] running `Command { std: "docker" "rm" "-f" "a9b577d5eba8d75b2366ce31035b855276a2217b93a317249df71885660aa24c", kill_on_drop: false }`
[INFO] [stdout] a9b577d5eba8d75b2366ce31035b855276a2217b93a317249df71885660aa24c
