[INFO] fetching crate openevt-plugins 1.0.4...
[INFO] testing openevt-plugins-1.0.4 against 1.100.0-beta.1+cargoflags=--release for beta-release-1.100-2
[INFO] extracting crate openevt-plugins 1.0.4 into /workspace/builds/worker-6-tc2/source
[INFO] started tweaking crates.io crate openevt-plugins 1.0.4
[INFO] removed 0 missing tests
[INFO] finished tweaking crates.io crate openevt-plugins 1.0.4
[INFO] tweaked toml for crates.io crate openevt-plugins 1.0.4 written to /workspace/builds/worker-6-tc2/source/Cargo.toml
[INFO] validating manifest of crates.io crate openevt-plugins 1.0.4 on toolchain 1.100.0-beta.1
[INFO] running `Command { std: CARGO_HOME="/workspace/cargo-home" RUSTUP_HOME="/workspace/rustup-home" "/workspace/cargo-home/bin/cargo" "+1.100.0-beta.1" "metadata" "--manifest-path" "Cargo.toml" "--no-deps", kill_on_drop: false }`
[INFO] crate crates.io crate openevt-plugins 1.0.4 already has a lockfile, it will not be regenerated
[INFO] running `Command { std: CARGO_HOME="/workspace/cargo-home" RUSTUP_HOME="/workspace/rustup-home" "/workspace/cargo-home/bin/cargo" "+1.100.0-beta.1" "fetch" "--manifest-path" "Cargo.toml", kill_on_drop: false }`
[INFO] [stderr] warning: `package.homepage` is redundant with `package.repository`
[INFO] [stderr]   --> Cargo.toml:57:12
[INFO] [stderr]    |
[INFO] [stderr] 57 | homepage = "https://github.com/richbai90/openevt"
[INFO] [stderr]    |            ^^^^^^^^^^^^^^^^^^^^^^^^^^^^^^^^^^^^^^
[INFO] [stderr] ...
[INFO] [stderr] 61 | repository = "https://github.com/richbai90/openevt"
[INFO] [stderr]    |              --------------------------------------
[INFO] [stderr]    |
[INFO] [stderr]    = note: `cargo::redundant_homepage` is set to `warn` by default
[INFO] [stderr] help: consider removing `package.homepage`
[INFO] [stderr] warning: `openevt-plugins` (manifest) generated 1 warning
[INFO] running `Command { std: "docker" "create" "-v" "/var/lib/crater-agent-workspace/builds/worker-6-tc2/source:/opt/rustwide/workdir:ro,Z" "-v" "/var/lib/crater-agent-workspace/builds/worker-6-tc2/target:/opt/rustwide/target:rw,Z" "-v" "/var/lib/crater-agent-workspace/cargo-home:/opt/rustwide/cargo-home:ro,Z" "-v" "/var/lib/crater-agent-workspace/rustup-home:/opt/rustwide/rustup-home:ro,Z" "-m" "1610612736" "--network" "none" "ghcr.io/rust-lang/crates-build-env/linux@sha256:77db811e55d90add9212f6832c23229e3de5f1c1f9905e8cb07319ea15df73ac" "sleep" "infinity", kill_on_drop: false }`
[INFO] [stdout] 4454cd6a5cba970c41af5fefd1ccc7037118d5700ee410e0223be3d88b14cebc
[INFO] running `Command { std: "docker" "start" "4454cd6a5cba970c41af5fefd1ccc7037118d5700ee410e0223be3d88b14cebc", kill_on_drop: false }`
[INFO] running `Command { std: "docker" "inspect" "4454cd6a5cba970c41af5fefd1ccc7037118d5700ee410e0223be3d88b14cebc", kill_on_drop: false }`
[INFO] running `Command { std: "docker" "exec" "-e" "SOURCE_DIR=/opt/rustwide/workdir" "-e" "CARGO_HOME=/opt/rustwide/cargo-home" "-e" "RUSTUP_HOME=/opt/rustwide/rustup-home" "-e" "CARGO_TARGET_DIR=/opt/rustwide/target" "-w" "/opt/rustwide/workdir" "--user" "0:0" "4454cd6a5cba970c41af5fefd1ccc7037118d5700ee410e0223be3d88b14cebc" "/opt/rustwide/cargo-home/bin/cargo" "+1.100.0-beta.1" "metadata" "--no-deps" "--format-version=1", kill_on_drop: false }`
[INFO] running `Command { std: "docker" "inspect" "4454cd6a5cba970c41af5fefd1ccc7037118d5700ee410e0223be3d88b14cebc", kill_on_drop: false }`
[INFO] running `Command { std: "docker" "exec" "-e" "SOURCE_DIR=/opt/rustwide/workdir" "-e" "CARGO_HOME=/opt/rustwide/cargo-home" "-e" "RUSTUP_HOME=/opt/rustwide/rustup-home" "-e" "CARGO_TARGET_DIR=/opt/rustwide/target" "-e" "CARGO_INCREMENTAL=0" "-e" "RUST_BACKTRACE=full" "-e" "RUSTFLAGS=--cap-lints=warn" "-e" "RUSTDOCFLAGS=--cap-lints=warn" "-w" "/opt/rustwide/workdir" "--user" "0:0" "4454cd6a5cba970c41af5fefd1ccc7037118d5700ee410e0223be3d88b14cebc" "/opt/rustwide/cargo-home/bin/cargo" "+1.100.0-beta.1" "build" "--frozen" "--message-format=json" "--release", kill_on_drop: false }`
[INFO] [stderr] warning: `package.homepage` is redundant with `package.repository`
[INFO] [stderr]   --> Cargo.toml:57:12
[INFO] [stderr]    |
[INFO] [stderr] 57 | homepage = "https://github.com/richbai90/openevt"
[INFO] [stderr]    |            ^^^^^^^^^^^^^^^^^^^^^^^^^^^^^^^^^^^^^^
[INFO] [stderr] ...
[INFO] [stderr] 61 | repository = "https://github.com/richbai90/openevt"
[INFO] [stderr]    |              --------------------------------------
[INFO] [stderr]    |
[INFO] [stderr]    = note: `cargo::redundant_homepage` is set to `warn` by default
[INFO] [stderr] help: consider removing `package.homepage`
[INFO] [stderr] warning: `openevt-plugins` (manifest) generated 1 warning
[INFO] [stderr]    Compiling regex-syntax v0.8.10
[INFO] [stderr]    Compiling nom v7.1.3
[INFO] [stderr]    Compiling bindgen v0.72.1
[INFO] [stderr]    Compiling either v1.17.0
[INFO] [stderr]    Compiling syn v3.0.3
[INFO] [stderr]    Compiling clang-sys v1.9.1
[INFO] [stderr]    Compiling syn v1.0.109
[INFO] [stderr]    Compiling bitflags v2.13.1
[INFO] [stderr]    Compiling itertools v0.13.0
[INFO] [stderr]    Compiling cc v1.4.0
[INFO] [stderr]    Compiling num_cpus v1.17.0
[INFO] [stderr]    Compiling core_extensions v1.5.4
[INFO] [stderr]    Compiling tstr_proc_macros v0.2.2
[INFO] [stderr]    Compiling core_extensions_proc_macros v1.5.4
[INFO] [stderr]    Compiling tstr v0.2.4
[INFO] [stderr]    Compiling regex-automata v0.4.14
[INFO] [stderr]    Compiling abi_stable_shared v0.11.0
[INFO] [stderr]    Compiling aho-corasick v1.1.4
[INFO] [stderr]    Compiling crossbeam-channel v0.5.15
[INFO] [stderr]    Compiling cexpr v0.6.0
[INFO] [stderr]    Compiling typed-arena v2.0.2
[INFO] [stderr]    Compiling typewit v1.15.2
[INFO] [stderr]    Compiling thiserror v2.0.19
[INFO] [stderr]    Compiling toml_parser v1.1.3+spec-1.1.0
[INFO] [stderr]    Compiling serde_derive v1.0.229
[INFO] [stderr]    Compiling thiserror-impl v2.0.19
[INFO] [stderr]    Compiling serde_json v1.0.151
[INFO] [stderr]    Compiling regex v1.12.3
[INFO] [stderr]    Compiling as_derive_utils v0.11.0
[INFO] [stderr]    Compiling const_panic v0.2.15
[INFO] [stderr]    Compiling repr_offset v0.2.2
[INFO] [stderr]    Compiling generational-arena v0.2.9
[INFO] [stderr]    Compiling libloading v0.7.4
[INFO] [stderr]    Compiling toml_datetime v1.1.1+spec-1.1.0
[INFO] [stderr]    Compiling crossbeam-queue v0.3.12
[INFO] [stderr]    Compiling serde v1.0.229
[INFO] [stderr]    Compiling serde_spanned v1.1.1
[INFO] [stderr]    Compiling ffmpeg-next v9.0.0
[INFO] [stderr]    Compiling toml_writer v1.1.2+spec-1.1.0
[INFO] [stderr]    Compiling crossbeam v0.8.4
[INFO] [stderr]    Compiling derive-new v0.7.0
[INFO] [stderr]    Compiling hotpath-macros v0.23.1
[INFO] [stderr]    Compiling toml v1.1.4+spec-1.1.0
[INFO] [stderr]    Compiling abi_stable_derive v0.11.3
[INFO] [stderr]    Compiling hotpath v0.23.1
[INFO] [stderr]    Compiling rayon v1.12.0
[INFO] [stderr]    Compiling ffmpeg-sys-next v9.0.0
[INFO] [stderr]    Compiling abi_stable v0.11.3
[INFO] [stderr]    Compiling openevt v1.0.4
[INFO] [stderr]    Compiling openevt-plugins v1.0.4 (/opt/rustwide/workdir)
[INFO] [stderr]     Finished `release` profile [optimized] target(s) in 1m 05s
[INFO] running `Command { std: "docker" "inspect" "4454cd6a5cba970c41af5fefd1ccc7037118d5700ee410e0223be3d88b14cebc", kill_on_drop: false }`
[INFO] running `Command { std: "docker" "exec" "-e" "SOURCE_DIR=/opt/rustwide/workdir" "-e" "CARGO_HOME=/opt/rustwide/cargo-home" "-e" "RUSTUP_HOME=/opt/rustwide/rustup-home" "-e" "CARGO_TARGET_DIR=/opt/rustwide/target" "-e" "CARGO_INCREMENTAL=0" "-e" "RUST_BACKTRACE=full" "-e" "RUSTFLAGS=--cap-lints=warn" "-e" "RUSTDOCFLAGS=--cap-lints=warn" "-w" "/opt/rustwide/workdir" "--user" "0:0" "4454cd6a5cba970c41af5fefd1ccc7037118d5700ee410e0223be3d88b14cebc" "/opt/rustwide/cargo-home/bin/cargo" "+1.100.0-beta.1" "test" "--frozen" "--no-run" "--message-format=json" "--release", kill_on_drop: false }`
[INFO] [stderr] warning: `package.homepage` is redundant with `package.repository`
[INFO] [stderr]   --> Cargo.toml:57:12
[INFO] [stderr]    |
[INFO] [stderr] 57 | homepage = "https://github.com/richbai90/openevt"
[INFO] [stderr]    |            ^^^^^^^^^^^^^^^^^^^^^^^^^^^^^^^^^^^^^^
[INFO] [stderr] ...
[INFO] [stderr] 61 | repository = "https://github.com/richbai90/openevt"
[INFO] [stderr]    |              --------------------------------------
[INFO] [stderr]    |
[INFO] [stderr]    = note: `cargo::redundant_homepage` is set to `warn` by default
[INFO] [stderr] help: consider removing `package.homepage`
[INFO] [stderr] warning: `openevt-plugins` (manifest) generated 1 warning
[INFO] [stderr]    Compiling openevt-plugins v1.0.4 (/opt/rustwide/workdir)
[INFO] [stdout] warning: use of deprecated method `openevt::hal::device::plugin::DevicePlugin::geometry`: use the geometry facility
[INFO] [stdout]     --> src/simulator/plugin.rs:1102:27
[INFO] [stdout]      |
[INFO] [stdout] 1102 |         assert_eq!(device.geometry().width, 800);
[INFO] [stdout]      |                           ^^^^^^^^
[INFO] [stdout]      |
[INFO] [stdout]      = note: `#[warn(deprecated)]` on by default
[INFO] [stdout] 
[INFO] [stdout] 
[INFO] [stdout] warning: use of deprecated method `openevt::hal::device::plugin::DevicePlugin::geometry`: use the geometry facility
[INFO] [stdout]     --> src/simulator/plugin.rs:1103:27
[INFO] [stdout]      |
[INFO] [stdout] 1103 |         assert_eq!(device.geometry().height, 600);
[INFO] [stdout]      |                           ^^^^^^^^
[INFO] [stdout] 
[INFO] [stdout] 
[INFO] [stdout] warning: use of deprecated method `openevt::hal::device::plugin::DevicePlugin::start_events`: use the event-stream and event-decoder facilities
[INFO] [stdout]     --> src/simulator/plugin.rs:1112:33
[INFO] [stdout]      |
[INFO] [stdout] 1112 |         assert!(matches!(device.start_events(sink), RResult::ROk(())));
[INFO] [stdout]      |                                 ^^^^^^^^^^^^
[INFO] [stdout] 
[INFO] [stdout] 
[INFO] [stdout] warning: use of deprecated method `openevt::hal::device::plugin::DevicePlugin::load_batch`: use the event-stream facility
[INFO] [stdout]     --> src/simulator/plugin.rs:1116:33
[INFO] [stdout]      |
[INFO] [stdout] 1116 |             let result = device.load_batch();
[INFO] [stdout]      |                                 ^^^^^^^^^^
[INFO] [stdout] 
[INFO] [stdout] 
[INFO] [stderr]     Finished `release` profile [optimized] target(s) in 4.66s
[INFO] running `Command { std: "docker" "inspect" "4454cd6a5cba970c41af5fefd1ccc7037118d5700ee410e0223be3d88b14cebc", kill_on_drop: false }`
[INFO] running `Command { std: "docker" "exec" "-e" "SOURCE_DIR=/opt/rustwide/workdir" "-e" "CARGO_HOME=/opt/rustwide/cargo-home" "-e" "RUSTUP_HOME=/opt/rustwide/rustup-home" "-e" "CARGO_TARGET_DIR=/opt/rustwide/target" "-e" "CARGO_INCREMENTAL=0" "-e" "RUST_BACKTRACE=full" "-e" "RUSTFLAGS=--cap-lints=warn" "-e" "RUSTDOCFLAGS=--cap-lints=warn" "-w" "/opt/rustwide/workdir" "--user" "0:0" "4454cd6a5cba970c41af5fefd1ccc7037118d5700ee410e0223be3d88b14cebc" "/opt/rustwide/cargo-home/bin/cargo" "+1.100.0-beta.1" "test" "--frozen" "--release", kill_on_drop: false }`
[INFO] [stderr] warning: `package.homepage` is redundant with `package.repository`
[INFO] [stderr]   --> Cargo.toml:57:12
[INFO] [stderr]    |
[INFO] [stderr] 57 | homepage = "https://github.com/richbai90/openevt"
[INFO] [stderr]    |            ^^^^^^^^^^^^^^^^^^^^^^^^^^^^^^^^^^^^^^
[INFO] [stderr] ...
[INFO] [stderr] 61 | repository = "https://github.com/richbai90/openevt"
[INFO] [stderr]    |              --------------------------------------
[INFO] [stderr]    |
[INFO] [stderr]    = note: `cargo::redundant_homepage` is set to `warn` by default
[INFO] [stderr] help: consider removing `package.homepage`
[INFO] [stderr] warning: `openevt-plugins` (manifest) generated 1 warning
[INFO] [stderr] warning: use of deprecated method `openevt::hal::device::plugin::DevicePlugin::geometry`: use the geometry facility
[INFO] [stderr]     --> src/simulator/plugin.rs:1102:27
[INFO] [stderr]      |
[INFO] [stderr] 1102 |         assert_eq!(device.geometry().width, 800);
[INFO] [stderr]      |                           ^^^^^^^^
[INFO] [stderr]      |
[INFO] [stderr]      = note: `#[warn(deprecated)]` on by default
[INFO] [stderr] 
[INFO] [stderr] warning: use of deprecated method `openevt::hal::device::plugin::DevicePlugin::geometry`: use the geometry facility
[INFO] [stderr]     --> src/simulator/plugin.rs:1103:27
[INFO] [stderr]      |
[INFO] [stderr] 1103 |         assert_eq!(device.geometry().height, 600);
[INFO] [stderr]      |                           ^^^^^^^^
[INFO] [stderr] 
[INFO] [stderr] warning: use of deprecated method `openevt::hal::device::plugin::DevicePlugin::start_events`: use the event-stream and event-decoder facilities
[INFO] [stderr]     --> src/simulator/plugin.rs:1112:33
[INFO] [stderr]      |
[INFO] [stderr] 1112 |         assert!(matches!(device.start_events(sink), RResult::ROk(())));
[INFO] [stderr]      |                                 ^^^^^^^^^^^^
[INFO] [stderr] 
[INFO] [stderr] warning: use of deprecated method `openevt::hal::device::plugin::DevicePlugin::load_batch`: use the event-stream facility
[INFO] [stderr]     --> src/simulator/plugin.rs:1116:33
[INFO] [stderr]      |
[INFO] [stderr] 1116 |             let result = device.load_batch();
[INFO] [stderr]      |                                 ^^^^^^^^^^
[INFO] [stderr] 
[INFO] [stderr] warning: `openevt-plugins` (lib test) generated 4 warnings
[INFO] [stderr]     Finished `release` profile [optimized] target(s) in 0.14s
[INFO] [stderr]      Running unittests src/lib.rs (/opt/rustwide/target/release/build/openevt-plugins/57168aea43be2b1c/out/openevt_plugins-57168aea43be2b1c)
[INFO] [stdout] 
[INFO] [stdout] running 6 tests
[INFO] [stdout] test simulator::solver::tests::default_simulator_accepts_a_frame ... ok
[INFO] [stdout] test simulator::solver::tests::simulator_rejects_a_frame_with_wrong_dimensions ... ok
[INFO] [stdout] test simulator::plugin::tests::discovery_exposes_the_simulator_configuration ... ok
[INFO] [stdout] test simulator::plugin::tests::video_index_reports_duration_and_seek_uses_frame_timeline ... FAILED
[INFO] [stdout] test simulator::plugin::tests::default_framerate_produces_monotonic_frame_timestamps ... FAILED
[INFO] [stdout] test simulator::plugin::tests::schema_requires_a_video_and_allows_optional_overrides ... ok
[INFO] [stdout] 
[INFO] [stdout] failures:
[INFO] [stdout] 
[INFO] [stdout] ---- simulator::plugin::tests::video_index_reports_duration_and_seek_uses_frame_timeline stdout ----
[INFO] [stdout] 
[INFO] [stdout] thread 'simulator::plugin::tests::video_index_reports_duration_and_seek_uses_frame_timeline' (1393) panicked at src/simulator/plugin.rs:1022:10:
[INFO] [stdout] test video is missing
[INFO] [stdout] stack backtrace:
[INFO] [stdout]    0:     0x5fba85506781 - <<std[617be2ca0a6fd877]::sys::backtrace::BacktraceLock>::print::DisplayBacktrace as core[a373ad73a504971]::fmt::Display>::fmt
[INFO] [stdout]    1:     0x5fba8551c2aa - core[a373ad73a504971]::fmt::write
[INFO] [stdout]    2:     0x5fba8550a9ec - <alloc[2e1b2a31b91974c5]::vec::Vec<u8> as core[a373ad73a504971]::io::write::Write>::write_fmt
[INFO] [stdout]    3:     0x5fba854e1f56 - std[617be2ca0a6fd877]::panicking::default_hook::{closure#0}
[INFO] [stdout]    4:     0x5fba854fe4a9 - std[617be2ca0a6fd877]::panicking::default_hook
[INFO] [stdout]    5:     0x5fba85462b80 - test[aada8e7e76ba119b]::test_main_inner::{closure#0}
[INFO] [stdout]    6:     0x5fba854fe7d2 - std[617be2ca0a6fd877]::panicking::panic_with_hook
[INFO] [stdout]    7:     0x5fba854e2002 - std[617be2ca0a6fd877]::panicking::panic_handler::{closure#0}
[INFO] [stdout]    8:     0x5fba854daad9 - std[617be2ca0a6fd877]::sys::backtrace::__rust_end_short_backtrace::<std[617be2ca0a6fd877]::panicking::panic_handler::{closure#0}, !>
[INFO] [stdout]    9:     0x5fba854e2aed - __rustc[ea4f61d10b84890b]::rust_begin_unwind
[INFO] [stdout]   10:     0x5fba8551ca1c - core[a373ad73a504971]::panicking::panic_fmt
[INFO] [stdout]   11:     0x5fba8551c774 - core[a373ad73a504971]::option::expect_failed
[INFO] [stdout]   12:     0x5fba8543e05d - <openevt_plugins[c43ae9d03173f32d]::simulator::plugin::tests::video_index_reports_duration_and_seek_uses_frame_timeline::{closure#0} as core[a373ad73a504971]::ops::function::FnOnce<()>>::call_once
[INFO] [stdout]   13:     0x5fba85455fcb - test[aada8e7e76ba119b]::__rust_begin_short_backtrace::<core[a373ad73a504971]::result::Result<(), alloc[2e1b2a31b91974c5]::string::String>, fn() -> core[a373ad73a504971]::result::Result<(), alloc[2e1b2a31b91974c5]::string::String>>
[INFO] [stdout]   14:     0x5fba854631a5 - test[aada8e7e76ba119b]::run_test::{closure#0}
[INFO] [stdout]   15:     0x5fba8545ca94 - std[617be2ca0a6fd877]::sys::backtrace::__rust_begin_short_backtrace::<test[aada8e7e76ba119b]::run_test::{closure#1}, ()>
[INFO] [stdout]   16:     0x5fba85466232 - <std[617be2ca0a6fd877]::thread::lifecycle::spawn_unchecked<test[aada8e7e76ba119b]::run_test::{closure#1}, ()>::{closure#1} as core[a373ad73a504971]::ops::function::FnOnce<()>>::call_once::{shim:vtable#0}
[INFO] [stdout]   17:     0x5fba85505a8f - <std[617be2ca0a6fd877]::sys::thread::unix::Thread>::new::thread_start
[INFO] [stdout]   18:     0x7d17ba5c3dfa - <unknown>
[INFO] [stdout]   19:     0x7d17ba6573d4 - clone
[INFO] [stdout]   20:                0x0 - <unknown>
[INFO] [stdout] 
[INFO] [stdout] ---- simulator::plugin::tests::default_framerate_produces_monotonic_frame_timestamps stdout ----
[INFO] [stdout] 
[INFO] [stdout] thread 'simulator::plugin::tests::default_framerate_produces_monotonic_frame_timestamps' (1390) panicked at src/simulator/plugin.rs:1064:10:
[INFO] [stdout] test video is missing
[INFO] [stdout] stack backtrace:
[INFO] [stdout]    0:     0x5fba85506781 - <<std[617be2ca0a6fd877]::sys::backtrace::BacktraceLock>::print::DisplayBacktrace as core[a373ad73a504971]::fmt::Display>::fmt
[INFO] [stdout]    1:     0x5fba8551c2aa - core[a373ad73a504971]::fmt::write
[INFO] [stdout]    2:     0x5fba8550a9ec - <alloc[2e1b2a31b91974c5]::vec::Vec<u8> as core[a373ad73a504971]::io::write::Write>::write_fmt
[INFO] [stdout]    3:     0x5fba854e1f56 - std[617be2ca0a6fd877]::panicking::default_hook::{closure#0}
[INFO] [stdout]    4:     0x5fba854fe4a9 - std[617be2ca0a6fd877]::panicking::default_hook
[INFO] [stdout]    5:     0x5fba85462b80 - test[aada8e7e76ba119b]::test_main_inner::{closure#0}
[INFO] [stdout]    6:     0x5fba854fe7d2 - std[617be2ca0a6fd877]::panicking::panic_with_hook
[INFO] [stdout]    7:     0x5fba854e2002 - std[617be2ca0a6fd877]::panicking::panic_handler::{closure#0}
[INFO] [stdout]    8:     0x5fba854daad9 - std[617be2ca0a6fd877]::sys::backtrace::__rust_end_short_backtrace::<std[617be2ca0a6fd877]::panicking::panic_handler::{closure#0}, !>
[INFO] [stdout]    9:     0x5fba854e2aed - __rustc[ea4f61d10b84890b]::rust_begin_unwind
[INFO] [stdout]   10:     0x5fba8551ca1c - core[a373ad73a504971]::panicking::panic_fmt
[INFO] [stdout]   11:     0x5fba8551c774 - core[a373ad73a504971]::option::expect_failed
[INFO] [stdout]   12:     0x5fba8543d1d6 - <openevt_plugins[c43ae9d03173f32d]::simulator::plugin::tests::default_framerate_produces_monotonic_frame_timestamps::{closure#0} as core[a373ad73a504971]::ops::function::FnOnce<()>>::call_once
[INFO] [stdout]   13:     0x5fba85455fcb - test[aada8e7e76ba119b]::__rust_begin_short_backtrace::<core[a373ad73a504971]::result::Result<(), alloc[2e1b2a31b91974c5]::string::String>, fn() -> core[a373ad73a504971]::result::Result<(), alloc[2e1b2a31b91974c5]::string::String>>
[INFO] [stdout]   14:     0x5fba854631a5 - test[aada8e7e76ba119b]::run_test::{closure#0}
[INFO] [stdout]   15:     0x5fba8545ca94 - std[617be2ca0a6fd877]::sys::backtrace::__rust_begin_short_backtrace::<test[aada8e7e76ba119b]::run_test::{closure#1}, ()>
[INFO] [stdout]   16:     0x5fba85466232 - <std[617be2ca0a6fd877]::thread::lifecycle::spawn_unchecked<test[aada8e7e76ba119b]::run_test::{closure#1}, ()>::{closure#1} as core[a373ad73a504971]::ops::function::FnOnce<()>>::call_once::{shim:vtable#0}
[INFO] [stdout]   17:     0x5fba85505a8f - <std[617be2ca0a6fd877]::sys::thread::unix::Thread>::new::thread_start
[INFO] [stdout]   18:     0x7d17ba5c3dfa - <unknown>
[INFO] [stdout]   19:     0x7d17ba6573d4 - clone
[INFO] [stdout]   20:                0x0 - <unknown>
[INFO] [stdout] 
[INFO] [stdout] 
[INFO] [stdout] failures:
[INFO] [stdout]     simulator::plugin::tests::default_framerate_produces_monotonic_frame_timestamps
[INFO] [stdout]     simulator::plugin::tests::video_index_reports_duration_and_seek_uses_frame_timeline
[INFO] [stdout] 
[INFO] [stderr] error: test failed, to rerun pass `--lib`
[INFO] [stdout] test result: FAILED. 4 passed; 2 failed; 0 ignored; 0 measured; 0 filtered out; finished in 0.02s
[INFO] [stdout] 
[INFO] running `Command { std: "docker" "inspect" "4454cd6a5cba970c41af5fefd1ccc7037118d5700ee410e0223be3d88b14cebc", kill_on_drop: false }`
[INFO] running `Command { std: "docker" "rm" "-f" "4454cd6a5cba970c41af5fefd1ccc7037118d5700ee410e0223be3d88b14cebc", kill_on_drop: false }`
[INFO] [stdout] 4454cd6a5cba970c41af5fefd1ccc7037118d5700ee410e0223be3d88b14cebc
