[INFO] fetching crate openeis-generate 0.1.0...
[INFO] testing openeis-generate-0.1.0 against 1.99.0-beta.8+cargoflags=--release for beta-release-1.100-2
[INFO] extracting crate openeis-generate 0.1.0 into /workspace/builds/worker-2-tc1/source
[INFO] started tweaking crates.io crate openeis-generate 0.1.0
[INFO] finished tweaking crates.io crate openeis-generate 0.1.0
[INFO] tweaked toml for crates.io crate openeis-generate 0.1.0 written to /workspace/builds/worker-2-tc1/source/Cargo.toml
[INFO] validating manifest of crates.io crate openeis-generate 0.1.0 on toolchain 1.99.0-beta.8
[INFO] running `Command { std: CARGO_HOME="/workspace/cargo-home" RUSTUP_HOME="/workspace/rustup-home" "/workspace/cargo-home/bin/cargo" "+1.99.0-beta.8" "metadata" "--manifest-path" "Cargo.toml" "--no-deps", kill_on_drop: false }`
[INFO] crate crates.io crate openeis-generate 0.1.0 already has a lockfile, it will not be regenerated
[INFO] running `Command { std: CARGO_HOME="/workspace/cargo-home" RUSTUP_HOME="/workspace/rustup-home" "/workspace/cargo-home/bin/cargo" "+1.99.0-beta.8" "fetch" "--manifest-path" "Cargo.toml", kill_on_drop: false }`
[INFO] [stderr]     Updating crates.io index
[INFO] [stderr]  Downloading crates ...
[INFO] [stderr]   Downloaded sanitize-filename v0.6.0
[INFO] [stderr]   Downloaded thin-vec v0.2.18
[INFO] [stderr]   Downloaded time-macros v0.2.30
[INFO] [stderr]   Downloaded memchr v1.0.2
[INFO] [stderr]   Downloaded thread_local v0.3.6
[INFO] [stderr]   Downloaded ucd-util v0.1.10
[INFO] [stderr]   Downloaded anymap2 v0.13.0
[INFO] [stderr]   Downloaded globset v0.1.4
[INFO] [stderr]   Downloaded liquid-derive v0.26.10
[INFO] [stderr]   Downloaded smartstring v1.0.1
[INFO] [stderr]   Downloaded aho-corasick v0.6.10
[INFO] [stderr]   Downloaded liquid v0.26.11
[INFO] [stderr]   Downloaded liquid-lib v0.26.11
[INFO] [stderr]   Downloaded rhai_codegen v3.2.0
[INFO] [stderr]   Downloaded liquid-core v0.26.11
[INFO] [stderr]   Downloaded kdl v6.7.1
[INFO] [stderr]   Downloaded time v0.3.51
[INFO] [stderr]   Downloaded regex v0.2.11
[INFO] [stderr]   Downloaded rhai v1.25.1
[INFO] [stderr]   Downloaded regex-syntax v0.5.6
[INFO] running `Command { std: "docker" "create" "-v" "/var/lib/crater-agent-workspace/builds/worker-2-tc1/source:/opt/rustwide/workdir:ro,Z" "-v" "/var/lib/crater-agent-workspace/builds/worker-2-tc1/target:/opt/rustwide/target:rw,Z" "-v" "/var/lib/crater-agent-workspace/cargo-home:/opt/rustwide/cargo-home:ro,Z" "-v" "/var/lib/crater-agent-workspace/rustup-home:/opt/rustwide/rustup-home:ro,Z" "-m" "1610612736" "--network" "none" "ghcr.io/rust-lang/crates-build-env/linux@sha256:77db811e55d90add9212f6832c23229e3de5f1c1f9905e8cb07319ea15df73ac" "sleep" "infinity", kill_on_drop: false }`
[INFO] [stdout] 7a4cb6c3575fb2ea6d2f9a9f97fdbd84e38232c432f8f1838e4ec36373db1695
[INFO] running `Command { std: "docker" "start" "7a4cb6c3575fb2ea6d2f9a9f97fdbd84e38232c432f8f1838e4ec36373db1695", kill_on_drop: false }`
[INFO] running `Command { std: "docker" "inspect" "7a4cb6c3575fb2ea6d2f9a9f97fdbd84e38232c432f8f1838e4ec36373db1695", kill_on_drop: false }`
[INFO] running `Command { std: "docker" "exec" "-e" "SOURCE_DIR=/opt/rustwide/workdir" "-e" "CARGO_HOME=/opt/rustwide/cargo-home" "-e" "RUSTUP_HOME=/opt/rustwide/rustup-home" "-e" "CARGO_TARGET_DIR=/opt/rustwide/target" "-w" "/opt/rustwide/workdir" "--user" "0:0" "7a4cb6c3575fb2ea6d2f9a9f97fdbd84e38232c432f8f1838e4ec36373db1695" "/opt/rustwide/cargo-home/bin/cargo" "+1.99.0-beta.8" "metadata" "--no-deps" "--format-version=1", kill_on_drop: false }`
[INFO] running `Command { std: "docker" "inspect" "7a4cb6c3575fb2ea6d2f9a9f97fdbd84e38232c432f8f1838e4ec36373db1695", kill_on_drop: false }`
[INFO] running `Command { std: "docker" "exec" "-e" "SOURCE_DIR=/opt/rustwide/workdir" "-e" "CARGO_HOME=/opt/rustwide/cargo-home" "-e" "RUSTUP_HOME=/opt/rustwide/rustup-home" "-e" "CARGO_TARGET_DIR=/opt/rustwide/target" "-e" "CARGO_INCREMENTAL=0" "-e" "RUST_BACKTRACE=full" "-e" "RUSTFLAGS=--cap-lints=warn" "-e" "RUSTDOCFLAGS=--cap-lints=warn" "-w" "/opt/rustwide/workdir" "--user" "0:0" "7a4cb6c3575fb2ea6d2f9a9f97fdbd84e38232c432f8f1838e4ec36373db1695" "/opt/rustwide/cargo-home/bin/cargo" "+1.99.0-beta.8" "build" "--frozen" "--message-format=json" "--release", kill_on_drop: false }`
[INFO] [stderr]    Compiling libc v0.2.186
[INFO] [stderr]    Compiling portable-atomic v1.13.1
[INFO] [stderr]    Compiling bitflags v2.13.0
[INFO] [stderr]    Compiling memchr v2.8.2
[INFO] [stderr]    Compiling aho-corasick v1.1.4
[INFO] [stderr]    Compiling time-core v0.1.9
[INFO] [stderr]    Compiling tiny-keccak v2.0.2
[INFO] [stderr]    Compiling cc v1.2.65
[INFO] [stderr]    Compiling displaydoc v0.2.6
[INFO] [stderr]    Compiling zeroize_derive v1.5.0
[INFO] [stderr]    Compiling serde_derive v1.0.228
[INFO] [stderr]    Compiling log v0.4.33
[INFO] [stderr]    Compiling smallvec v1.15.2
[INFO] [stderr]    Compiling zerofrom v0.1.8
[INFO] [stderr]    Compiling num-conv v0.2.2
[INFO] [stderr]    Compiling deranged v0.5.8
[INFO] [stderr]    Compiling simd-adler32 v0.3.9
[INFO] [stderr]    Compiling yoke v0.8.3
[INFO] [stderr]    Compiling rustix v1.1.4
[INFO] [stderr]    Compiling time-macros v0.2.30
[INFO] [stderr]    Compiling zerovec v0.11.6
[INFO] [stderr]    Compiling getrandom v0.2.17
[INFO] [stderr]    Compiling num-traits v0.2.19
[INFO] [stderr]    Compiling either v1.16.0
[INFO] [stderr]    Compiling zeroize v1.9.0
[INFO] [stderr]    Compiling pest v2.8.6
[INFO] [stderr]    Compiling getrandom v0.4.3
[INFO] [stderr]    Compiling zerotrie v0.2.4
[INFO] [stderr]    Compiling rustls-pki-types v1.14.1
[INFO] [stderr]    Compiling zerocopy v0.8.52
[INFO] [stderr]    Compiling once_cell v1.21.4
[INFO] [stderr]    Compiling zstd-safe v7.2.4
[INFO] [stderr]    Compiling const-random-macro v0.1.16
[INFO] [stderr]    Compiling itertools v0.14.0
[INFO] [stderr]    Compiling miniz_oxide v0.8.9
[INFO] [stderr]    Compiling tinystr v0.8.3
[INFO] [stderr]    Compiling potential_utf v0.1.5
[INFO] [stderr]    Compiling liquid-derive v0.26.10
[INFO] [stderr]    Compiling smartstring v1.0.1
[INFO] [stderr]    Compiling icu_collections v2.2.0
[INFO] [stderr]    Compiling icu_locale_core v2.2.0
[INFO] [stderr]    Compiling ahash v0.8.12
[INFO] [stderr]    Compiling regex v0.2.11
[INFO] [stderr]    Compiling regex-automata v0.4.14
[INFO] [stderr]    Compiling getrandom v0.3.4
[INFO] [stderr]    Compiling time v0.3.51
[INFO] [stderr]    Compiling ucd-util v0.1.10
[INFO] [stderr]    Compiling rustls v0.23.41
[INFO] [stderr]    Compiling anymap2 v0.13.0
[INFO] [stderr]    Compiling zstd-sys v2.0.16+zstd.1.5.7
[INFO] [stderr]    Compiling ring v0.17.14
[INFO] [stderr]    Compiling pest_meta v2.8.6
[INFO] [stderr]    Compiling lzma-sys v0.1.20
[INFO] [stderr]    Compiling bzip2-sys v0.1.13+1.0.8
[INFO] [stderr]    Compiling crc-catalog v2.5.0
[INFO] [stderr]    Compiling thread_local v0.3.6
[INFO] [stderr]    Compiling crc v3.4.0
[INFO] [stderr]    Compiling regex-syntax v0.5.6
[INFO] [stderr]    Compiling flate2 v1.1.9
[INFO] [stderr]    Compiling icu_provider v2.2.0
[INFO] [stderr]    Compiling pest_generator v2.8.6
[INFO] [stderr]    Compiling icu_normalizer v2.2.0
[INFO] [stderr]    Compiling icu_properties v2.2.0
[INFO] [stderr]    Compiling terminal_size v0.4.4
[INFO] [stderr]    Compiling webpki-roots v1.0.8
[INFO] [stderr]    Compiling const-random v0.1.18
[INFO] [stderr]    Compiling thiserror-impl v1.0.69
[INFO] [stderr]    Compiling thiserror-impl v2.0.18
[INFO] [stderr]    Compiling serde v1.0.228
[INFO] [stderr]    Compiling pest_derive v2.8.6
[INFO] [stderr]    Compiling aho-corasick v0.6.10
[INFO] [stderr]    Compiling utf8-ranges v1.0.5
[INFO] [stderr]    Compiling idna_adapter v1.2.2
[INFO] [stderr]    Compiling zip v2.4.2
[INFO] [stderr]    Compiling idna v1.1.0
[INFO] [stderr]    Compiling bumpalo v3.20.3
[INFO] [stderr]    Compiling unicode-width v0.1.14
[INFO] [stderr]    Compiling lzma-rs v0.3.0
[INFO] [stderr]    Compiling indexmap v2.14.0
[INFO] [stderr]    Compiling thiserror v1.0.69
[INFO] [stderr]    Compiling regex v1.12.4
[INFO] [stderr]    Compiling kstring v2.0.2
[INFO] [stderr]    Compiling miette v7.6.0
[INFO] [stderr]    Compiling thiserror v2.0.18
[INFO] [stderr]    Compiling zopfli v0.8.3
[INFO] [stderr]    Compiling url v2.5.8
[INFO] [stderr]    Compiling clap_builder v4.6.0
[INFO] [stderr]    Compiling clap_derive v4.6.1
[INFO] [stderr]    Compiling liquid-core v0.26.11
[INFO] [stderr]    Compiling tempfile v3.27.0
[INFO] [stderr]    Compiling console v0.15.11
[INFO] [stderr]    Compiling pbkdf2 v0.12.2
[INFO] [stderr]    Compiling webpki-roots v0.26.11
[INFO] [stderr]    Compiling xattr v1.6.1
[INFO] [stderr]    Compiling aes v0.8.4
[INFO] [stderr]    Compiling xz2 v0.1.7
[INFO] [stderr]    Compiling bzip2 v0.5.2
[INFO] [stderr]    Compiling sha1 v0.10.6
[INFO] [stderr]    Compiling memchr v1.0.2
[INFO] [stderr]    Compiling filetime v0.2.29
[INFO] [stderr]    Compiling log v0.3.9
[INFO] [stderr]    Compiling rhai_codegen v3.2.0
[INFO] [stderr]    Compiling thin-vec v0.2.18
[INFO] [stderr]    Compiling winnow v0.7.15
[INFO] [stderr]    Compiling shell-words v1.1.1
[INFO] [stderr]    Compiling deflate64 v0.1.12
[INFO] [stderr]    Compiling liquid-lib v0.26.11
[INFO] [stderr]    Compiling globset v0.1.4
[INFO] [stderr]    Compiling dialoguer v0.11.0
[INFO] [stderr]    Compiling serde_json v1.0.150
[INFO] [stderr]    Compiling tar v0.4.46
[INFO] [stderr]    Compiling sanitize-filename v0.6.0
[INFO] [stderr]    Compiling clap v4.6.1
[INFO] [stderr]    Compiling anyhow v1.0.102
[INFO] [stderr]    Compiling rhai v1.25.1
[INFO] [stderr]    Compiling semver v1.0.28
[INFO] [stderr]    Compiling home v0.5.12
[INFO] [stderr]    Compiling heck v0.5.0
[INFO] [stderr]    Compiling pastey v0.2.3
[INFO] [stderr]    Compiling kdl v6.7.1
[INFO] [stderr]    Compiling liquid v0.26.11
[INFO] [stderr]    Compiling rustls-webpki v0.103.13
[INFO] [stderr]    Compiling ureq v2.12.1
[INFO] [stderr]    Compiling zstd v0.13.3
[INFO] [stderr]    Compiling openeis-generate v0.1.0 (/opt/rustwide/workdir)
[INFO] [stderr]     Finished `release` profile [optimized] target(s) in 42.41s
[INFO] running `Command { std: "docker" "inspect" "7a4cb6c3575fb2ea6d2f9a9f97fdbd84e38232c432f8f1838e4ec36373db1695", kill_on_drop: false }`
[INFO] running `Command { std: "docker" "exec" "-e" "SOURCE_DIR=/opt/rustwide/workdir" "-e" "CARGO_HOME=/opt/rustwide/cargo-home" "-e" "RUSTUP_HOME=/opt/rustwide/rustup-home" "-e" "CARGO_TARGET_DIR=/opt/rustwide/target" "-e" "CARGO_INCREMENTAL=0" "-e" "RUST_BACKTRACE=full" "-e" "RUSTFLAGS=--cap-lints=warn" "-e" "RUSTDOCFLAGS=--cap-lints=warn" "-w" "/opt/rustwide/workdir" "--user" "0:0" "7a4cb6c3575fb2ea6d2f9a9f97fdbd84e38232c432f8f1838e4ec36373db1695" "/opt/rustwide/cargo-home/bin/cargo" "+1.99.0-beta.8" "test" "--frozen" "--no-run" "--message-format=json" "--release", kill_on_drop: false }`
[INFO] [stderr]    Compiling openeis-generate v0.1.0 (/opt/rustwide/workdir)
[INFO] [stderr]     Finished `release` profile [optimized] target(s) in 4.31s
[INFO] running `Command { std: "docker" "inspect" "7a4cb6c3575fb2ea6d2f9a9f97fdbd84e38232c432f8f1838e4ec36373db1695", kill_on_drop: false }`
[INFO] running `Command { std: "docker" "exec" "-e" "SOURCE_DIR=/opt/rustwide/workdir" "-e" "CARGO_HOME=/opt/rustwide/cargo-home" "-e" "RUSTUP_HOME=/opt/rustwide/rustup-home" "-e" "CARGO_TARGET_DIR=/opt/rustwide/target" "-e" "CARGO_INCREMENTAL=0" "-e" "RUST_BACKTRACE=full" "-e" "RUSTFLAGS=--cap-lints=warn" "-e" "RUSTDOCFLAGS=--cap-lints=warn" "-w" "/opt/rustwide/workdir" "--user" "0:0" "7a4cb6c3575fb2ea6d2f9a9f97fdbd84e38232c432f8f1838e4ec36373db1695" "/opt/rustwide/cargo-home/bin/cargo" "+1.99.0-beta.8" "test" "--frozen" "--release", kill_on_drop: false }`
[INFO] [stderr]     Finished `release` profile [optimized] target(s) in 0.12s
[INFO] [stderr]      Running unittests src/lib.rs (/opt/rustwide/target/release/deps/openeis_generate-a0369c5714a50acf)
[INFO] [stdout] 
[INFO] [stdout] running 78 tests
[INFO] [stdout] test archive::tests::detect_by_extension ... ok
[INFO] [stdout] test app_config::tests::missing_file_yields_default ... ok
[INFO] [stdout] test app_config::tests::parses_favorites_and_defaults ... ok
[INFO] [stdout] test cli::tests::branch_tag_revision_are_mutually_exclusive ... ok
[INFO] [stdout] test archive::tests::pack_rejects_non_directory ... ok
[INFO] [stdout] test cli::tests::git_path_favorite_belong_to_one_group ... ok
[INFO] [stdout] test archive::tests::extract_zip_rejects_path_traversal ... ok
[INFO] [stdout] test archive::tests::extract_zip_roundtrip ... ok
[INFO] [stdout] test archive::tests::url_detection ... ok
[INFO] [stdout] test cli::tests::parses_git_source_with_name_and_define ... ok
[INFO] [stdout] test cli::tests::verbose_quiet_conflict ... ok
[INFO] [stdout] test archive::tests::pack_files_round_trip ... ok
[INFO] [stdout] test archive::tests::extract_tarzst_roundtrip ... ok
[INFO] [stdout] test cli::tests::list_favorites_flag_parses ... ok
[INFO] [stdout] test archive::tests::pack_ignored_directory_is_pruned ... ok
[INFO] [stdout] test cli::tests::parses_path_source_and_auto_path_as_subfolder ... ok
[INFO] [stdout] test config::tests::conditional_hash_string_key_avoids_escaping ... ok
[INFO] [stdout] test config::tests::bool_placeholder_and_hash_string_conditional_coexist ... ok
[INFO] [stdout] test archive::tests::extract_targz_roundtrip ... ok
[INFO] [stdout] test archive::tests::pack_tarzst_roundtrip ... ok
[INFO] [stdout] test archive::tests::pack_targz_roundtrip ... ok
[INFO] [stdout] test config::tests::from_path_reads_existing_file ... ok
[INFO] [stdout] test config::tests::from_path_returns_default_when_missing ... ok
[INFO] [stdout] test config::tests::init_bool_forms ... ok
[INFO] [stdout] test archive::tests::pack_zip_roundtrip ... ok
[INFO] [stdout] test config::tests::try_from_handles_empty ... ok
[INFO] [stdout] test config::tests::deserializes_full_config ... ok
[INFO] [stdout] test config::tests::locate_configs_returns_empty_when_none ... ok
[INFO] [stdout] test config::tests::locate_configs_finds_files_and_stops_at_first_match ... ok
[INFO] [stdout] test generate::tests::binary_file_copied_verbatim ... ok
[INFO] [stdout] test generate::tests::case_filters_apply_in_contents_and_filenames ... ok
[INFO] [stdout] test generate::tests::include_whitelist_only_copies_matches ... ok
[INFO] [stdout] test generate::tests::render_template_substitutes ... ok
[INFO] [stdout] test generate::tests::liquid_suffix_is_stripped_and_rendered ... ok
[INFO] [stdout] test generate::tests::include_exclude_ignore_filters ... ok
[INFO] [stdout] test hooks::tests::empty_scripts_is_noop ... ok
[INFO] [stdout] test generate::tests::genignore_excludes_patterns_and_itself ... ok
[INFO] [stdout] test generate::tests::generate_renders_contents_and_filenames ... ok
[INFO] [stdout] test hooks::tests::inline_hook_reads_variable_and_writes_file ... ok
[INFO] [stdout] test hooks::tests::hook_runs_rhai_file_when_path_exists ... ok
[INFO] [stdout] test hooks::tests::file_module_rejects_path_escape ... ok
[INFO] [stdout] test hooks::tests::env_module_exposes_dirs ... ok
[INFO] [stdout] test conditional::tests::matching_conditional_merges_placeholders_and_filters ... ok
[INFO] [stdout] test conditional::tests::non_matching_conditional_is_skipped ... ok
[INFO] [stdout] test conditional::tests::invalid_expression_errors ... ok
[INFO] [stdout] test hooks::tests::variable_get_and_is_set ... ok
[INFO] [stdout] test hooks::tests::case_conversion_functions ... ok
[INFO] [stdout] test package::tests::flat_generate_still_works_without_subcommand ... ok
[INFO] [stdout] test package::tests::cli_parses_package_subcommand ... ok
[INFO] [stdout] test hooks::tests::variable_set_flows_back_to_caller ... ok
[INFO] [stdout] test variables::tests::array_default_accepts_scalar_and_list_forms ... ok
[INFO] [stdout] test template_filters::tests::all_case_filters_render ... ok
[INFO] [stdout] test package::tests::resolve_output_derives_name_from_format ... ok
[INFO] [stdout] test variables::tests::array_define_is_comma_split_and_validated ... ok
[INFO] [stdout] test variables::tests::array_non_silent_requests_prompt ... ok
[INFO] [stdout] test package::tests::package_rejects_bad_level_for_zstd ... ok
[INFO] [stdout] test variables::tests::array_default_wrong_type_errors ... ok
[INFO] [stdout] test variables::tests::array_silent_without_default_errors ... ok
[INFO] [stdout] test variables::tests::bool_define_normalizes ... ok
[INFO] [stdout] test conditional::tests::conditionals_chain_via_new_placeholders ... ok
[INFO] [stdout] test variables::tests::choices_validate_default_and_value ... ok
[INFO] [stdout] test package::tests::package_refuses_overwrite_without_force ... ok
[INFO] [stdout] test variables::tests::parse_defines_basic_and_rejects_bad ... ok
[INFO] [stdout] test variables::tests::reserved_and_missing_prompt_rejected ... ok
[INFO] [stdout] test variables::tests::regex_validates_and_compiles ... ok
[INFO] [stdout] test variables::tests::define_overrides_everything ... ok
[INFO] [stdout] test variables::tests::silent_uses_default_or_errors ... ok
[INFO] [stdout] test variables::tests::load_values_file_parses_and_stringifies ... ok
[INFO] [stdout] test variables::tests::non_silent_requests_prompt ... ok
[INFO] [stdout] test package::tests::package_tarzst_by_default_and_honors_genignore ... ok
[INFO] [stdout] test variables::tests::seed_builtins_populates_expected_keys ... ok
[INFO] [stdout] test variables::tests::seed_builtins_without_name_omits_name_keys ... ok
[INFO] [stdout] test hooks::tests::system_module_gated_by_allow_commands ... ok
[INFO] [stdout] test git::tests::init_repo_empty_dir_is_ok ... ok
[INFO] [stderr] fatal: options '-m' and '-c' cannot be used together
[INFO] [stderr] fatal: options '-m' and '-c' cannot be used together
[INFO] [stdout] test git::tests::init_repo_creates_initial_commit ... FAILED
[INFO] [stdout] test git::tests::init_repo_sets_branch_name ... FAILED
[INFO] [stderr] Note: switching to '460bbc6c8068184d264fd96f95546de71c1b678a'.
[INFO] [stderr] 
[INFO] [stderr] You are in 'detached HEAD' state. You can look around, make experimental
[INFO] [stderr] changes and commit them, and you can discard any commits you make in this
[INFO] [stderr] state without impacting any branches by switching back to a branch.
[INFO] [stderr] 
[INFO] [stderr] If you want to create a new branch to retain commits you create, you may
[INFO] [stderr] do so (now or later) by using -c with the switch command. Example:
[INFO] [stderr] 
[INFO] [stderr]   git switch -c <new-branch-name>
[INFO] [stderr] 
[INFO] [stderr] Or undo this operation with:
[INFO] [stderr] 
[INFO] [stderr]   git switch -
[INFO] [stderr] 
[INFO] [stderr] Turn off this advice by setting config variable advice.detachedHead to false
[INFO] [stderr] 
[INFO] [stdout] test git::tests::clones_tag ... ok
[INFO] [stdout] test git::tests::clones_default_branch ... ok
[INFO] [stdout] 
[INFO] [stdout] failures:
[INFO] [stdout] 
[INFO] [stdout] ---- git::tests::init_repo_creates_initial_commit stdout ----
[INFO] [stdout] 
[INFO] [stdout] thread 'git::tests::init_repo_creates_initial_commit' (3072) panicked at src/git.rs:232:44:
[INFO] [stdout] called `Result::unwrap()` on an `Err` value: `git` exited with Some(128) while cloning commit
[INFO] [stdout] 
[INFO] [stdout] Stack backtrace:
[INFO] [stdout]    0: <anyhow::Error>::msg::<alloc::string::String>
[INFO] [stdout]    1: openeis_generate::git::init_repo
[INFO] [stdout]    2: openeis_generate::git::tests::init_repo_creates_initial_commit
[INFO] [stdout]    3: <openeis_generate::git::tests::init_repo_creates_initial_commit::{closure#0} as core::ops::function::FnOnce<()>>::call_once
[INFO] [stdout]    4: test::__rust_begin_short_backtrace::<core::result::Result<(), alloc::string::String>, fn() -> core::result::Result<(), alloc::string::String>>
[INFO] [stdout]    5: test::run_test::{closure#0}
[INFO] [stdout]    6: std::sys::backtrace::__rust_begin_short_backtrace::<test::run_test::{closure#1}, ()>
[INFO] [stdout]    7: <std::thread::lifecycle::spawn_unchecked<test::run_test::{closure#1}, ()>::{closure#1} as core::ops::function::FnOnce<()>>::call_once::{shim:vtable#0}
[INFO] [stdout]    8: <std::sys::thread::unix::Thread>::new::thread_start
[INFO] [stdout]    9: <unknown>
[INFO] [stdout]   10: clone
[INFO] [stdout] stack backtrace:
[INFO] [stdout]    0:     0x625bf3eed211 - <<std[70759c8f55707aa4]::sys::backtrace::BacktraceLock>::print::DisplayBacktrace as core[df12db4294e9bfd3]::fmt::Display>::fmt
[INFO] [stdout]    1:     0x625bf3f0778a - core[df12db4294e9bfd3]::fmt::write
[INFO] [stdout]    2:     0x625bf3ef24ac - <alloc[2182bb758b4b3781]::vec::Vec<u8> as core[df12db4294e9bfd3]::io::write::Write>::write_fmt
[INFO] [stdout]    3:     0x625bf3ec54e6 - std[70759c8f55707aa4]::panicking::default_hook::{closure#0}
[INFO] [stdout]    4:     0x625bf3ee3bc9 - std[70759c8f55707aa4]::panicking::default_hook
[INFO] [stdout]    5:     0x625bf3a0ec10 - test[9d35eded1c95d3be]::test_main_inner::<test[9d35eded1c95d3be]::test_main_static::{closure#0}>::{closure#0}
[INFO] [stdout]    6:     0x625bf3ee3d82 - std[70759c8f55707aa4]::panicking::panic_with_hook
[INFO] [stdout]    7:     0x625bf3ec5592 - std[70759c8f55707aa4]::panicking::panic_handler::{closure#0}
[INFO] [stdout]    8:     0x625bf3ebd859 - std[70759c8f55707aa4]::sys::backtrace::__rust_end_short_backtrace::<std[70759c8f55707aa4]::panicking::panic_handler::{closure#0}, !>
[INFO] [stdout]    9:     0x625bf3ec66ad - __rustc[8fa7c3cbc660c2b3]::rust_begin_unwind
[INFO] [stdout]   10:     0x625bf3f07fac - core[df12db4294e9bfd3]::panicking::panic_fmt
[INFO] [stdout]   11:     0x625bf3f07d82 - core[df12db4294e9bfd3]::result::unwrap_failed
[INFO] [stdout]   12:     0x625bf37fb3ab - openeis_generate[c7937451804d2fe8]::git::tests::init_repo_creates_initial_commit
[INFO] [stdout]   13:     0x625bf3897879 - <openeis_generate[c7937451804d2fe8]::git::tests::init_repo_creates_initial_commit::{closure#0} as core[df12db4294e9bfd3]::ops::function::FnOnce<()>>::call_once
[INFO] [stdout]   14:     0x625bf3a01efb - test[9d35eded1c95d3be]::__rust_begin_short_backtrace::<core[df12db4294e9bfd3]::result::Result<(), alloc[2182bb758b4b3781]::string::String>, fn() -> core[df12db4294e9bfd3]::result::Result<(), alloc[2182bb758b4b3781]::string::String>>
[INFO] [stdout]   15:     0x625bf3a0f565 - test[9d35eded1c95d3be]::run_test::{closure#0}
[INFO] [stdout]   16:     0x625bf3a08e24 - std[70759c8f55707aa4]::sys::backtrace::__rust_begin_short_backtrace::<test[9d35eded1c95d3be]::run_test::{closure#1}, ()>
[INFO] [stdout]   17:     0x625bf3a126c2 - <std[70759c8f55707aa4]::thread::lifecycle::spawn_unchecked<test[9d35eded1c95d3be]::run_test::{closure#1}, ()>::{closure#1} as core[df12db4294e9bfd3]::ops::function::FnOnce<()>>::call_once::{shim:vtable#0}
[INFO] [stdout]   18:     0x625bf3eec239 - <std[70759c8f55707aa4]::sys::thread::unix::Thread>::new::thread_start
[INFO] [stdout]   19:     0x71ed7355cdfa - <unknown>
[INFO] [stdout]   20:     0x71ed735f03d4 - clone
[INFO] [stdout]   21:                0x0 - <unknown>
[INFO] [stdout] 
[INFO] [stdout] ---- git::tests::init_repo_sets_branch_name stdout ----
[INFO] [stdout] 
[INFO] [stdout] thread 'git::tests::init_repo_sets_branch_name' (3075) panicked at src/git.rs:252:56:
[INFO] [stdout] called `Result::unwrap()` on an `Err` value: `git` exited with Some(128) while cloning commit
[INFO] [stdout] 
[INFO] [stdout] Stack backtrace:
[INFO] [stdout]    0: <anyhow::Error>::msg::<alloc::string::String>
[INFO] [stdout]    1: openeis_generate::git::init_repo
[INFO] [stdout]    2: openeis_generate::git::tests::init_repo_sets_branch_name
[INFO] [stdout]    3: <openeis_generate::git::tests::init_repo_sets_branch_name::{closure#0} as core::ops::function::FnOnce<()>>::call_once
[INFO] [stdout]    4: test::__rust_begin_short_backtrace::<core::result::Result<(), alloc::string::String>, fn() -> core::result::Result<(), alloc::string::String>>
[INFO] [stdout]    5: test::run_test::{closure#0}
[INFO] [stdout]    6: std::sys::backtrace::__rust_begin_short_backtrace::<test::run_test::{closure#1}, ()>
[INFO] [stdout]    7: <std::thread::lifecycle::spawn_unchecked<test::run_test::{closure#1}, ()>::{closure#1} as core::ops::function::FnOnce<()>>::call_once::{shim:vtable#0}
[INFO] [stdout]    8: <std::sys::thread::unix::Thread>::new::thread_start
[INFO] [stdout]    9: <unknown>
[INFO] [stdout]   10: clone
[INFO] [stdout] stack backtrace:
[INFO] [stdout]    0:     0x625bf3eed211 - <<std[70759c8f55707aa4]::sys::backtrace::BacktraceLock>::print::DisplayBacktrace as core[df12db4294e9bfd3]::fmt::Display>::fmt
[INFO] [stdout]    1:     0x625bf3f0778a - core[df12db4294e9bfd3]::fmt::write
[INFO] [stdout]    2:     0x625bf3ef24ac - <alloc[2182bb758b4b3781]::vec::Vec<u8> as core[df12db4294e9bfd3]::io::write::Write>::write_fmt
[INFO] [stdout]    3:     0x625bf3ec54e6 - std[70759c8f55707aa4]::panicking::default_hook::{closure#0}
[INFO] [stdout]    4:     0x625bf3ee3bc9 - std[70759c8f55707aa4]::panicking::default_hook
[INFO] [stdout]    5:     0x625bf3a0ec10 - test[9d35eded1c95d3be]::test_main_inner::<test[9d35eded1c95d3be]::test_main_static::{closure#0}>::{closure#0}
[INFO] [stdout]    6:     0x625bf3ee3d82 - std[70759c8f55707aa4]::panicking::panic_with_hook
[INFO] [stdout]    7:     0x625bf3ec5592 - std[70759c8f55707aa4]::panicking::panic_handler::{closure#0}
[INFO] [stdout]    8:     0x625bf3ebd859 - std[70759c8f55707aa4]::sys::backtrace::__rust_end_short_backtrace::<std[70759c8f55707aa4]::panicking::panic_handler::{closure#0}, !>
[INFO] [stdout]    9:     0x625bf3ec66ad - __rustc[8fa7c3cbc660c2b3]::rust_begin_unwind
[INFO] [stdout]   10:     0x625bf3f07fac - core[df12db4294e9bfd3]::panicking::panic_fmt
[INFO] [stdout]   11:     0x625bf3f07d82 - core[df12db4294e9bfd3]::result::unwrap_failed
[INFO] [stdout]   12:     0x625bf37faeed - openeis_generate[c7937451804d2fe8]::git::tests::init_repo_sets_branch_name
[INFO] [stdout]   13:     0x625bf3897859 - <openeis_generate[c7937451804d2fe8]::git::tests::init_repo_sets_branch_name::{closure#0} as core[df12db4294e9bfd3]::ops::function::FnOnce<()>>::call_once
[INFO] [stdout]   14:     0x625bf3a01efb - test[9d35eded1c95d3be]::__rust_begin_short_backtrace::<core[df12db4294e9bfd3]::result::Result<(), alloc[2182bb758b4b3781]::string::String>, fn() -> core[df12db4294e9bfd3]::result::Result<(), alloc[2182bb758b4b3781]::string::String>>
[INFO] [stdout]   15:     0x625bf3a0f565 - test[9d35eded1c95d3be]::run_test::{closure#0}
[INFO] [stdout]   16:     0x625bf3a08e24 - std[70759c8f55707aa4]::sys::backtrace::__rust_begin_short_backtrace::<test[9d35eded1c95d3be]::run_test::{closure#1}, ()>
[INFO] [stdout]   17:     0x625bf3a126c2 - <std[70759c8f55707aa4]::thread::lifecycle::spawn_unchecked<test[9d35eded1c95d3be]::run_test::{closure#1}, ()>::{closure#1} as core[df12db4294e9bfd3]::ops::function::FnOnce<()>>::call_once::{shim:vtable#0}
[INFO] [stdout]   18:     0x625bf3eec239 - <std[70759c8f55707aa4]::sys::thread::unix::Thread>::new::thread_start
[INFO] [stdout]   19:     0x71ed7355cdfa - <unknown>
[INFO] [stdout]   20:     0x71ed735f03d4 - clone
[INFO] [stdout]   21:                0x0 - <unknown>
[INFO] [stdout] 
[INFO] [stdout] 
[INFO] [stdout] failures:
[INFO] [stdout]     git::tests::init_repo_creates_initial_commit
[INFO] [stdout]     git::tests::init_repo_sets_branch_name
[INFO] [stdout] 
[INFO] [stdout] test result: FAILED. 76 passed; 2 failed; 0 ignored; 0 measured; 0 filtered out; finished in 0.12s
[INFO] [stdout] 
[INFO] [stderr] error: test failed, to rerun pass `--lib`
[INFO] running `Command { std: "docker" "inspect" "7a4cb6c3575fb2ea6d2f9a9f97fdbd84e38232c432f8f1838e4ec36373db1695", kill_on_drop: false }`
[INFO] running `Command { std: "docker" "rm" "-f" "7a4cb6c3575fb2ea6d2f9a9f97fdbd84e38232c432f8f1838e4ec36373db1695", kill_on_drop: false }`
[INFO] [stdout] 7a4cb6c3575fb2ea6d2f9a9f97fdbd84e38232c432f8f1838e4ec36373db1695
