[INFO] fetching crate opendeviationbar-providers 13.91.0...
[INFO] testing opendeviationbar-providers-13.91.0 against 1.100.0-beta.1+cargoflags=--release for beta-release-1.100-2
[INFO] extracting crate opendeviationbar-providers 13.91.0 into /workspace/builds/worker-5-tc2/source
[INFO] started tweaking crates.io crate opendeviationbar-providers 13.91.0
[INFO] removed 0 missing tests
[INFO] finished tweaking crates.io crate opendeviationbar-providers 13.91.0
[INFO] tweaked toml for crates.io crate opendeviationbar-providers 13.91.0 written to /workspace/builds/worker-5-tc2/source/Cargo.toml
[INFO] validating manifest of crates.io crate opendeviationbar-providers 13.91.0 on toolchain 1.100.0-beta.1
[INFO] running `Command { std: CARGO_HOME="/workspace/cargo-home" RUSTUP_HOME="/workspace/rustup-home" "/workspace/cargo-home/bin/cargo" "+1.100.0-beta.1" "metadata" "--manifest-path" "Cargo.toml" "--no-deps", kill_on_drop: false }`
[INFO] crate crates.io crate opendeviationbar-providers 13.91.0 already has a lockfile, it will not be regenerated
[INFO] running `Command { std: CARGO_HOME="/workspace/cargo-home" RUSTUP_HOME="/workspace/rustup-home" "/workspace/cargo-home/bin/cargo" "+1.100.0-beta.1" "fetch" "--manifest-path" "Cargo.toml", kill_on_drop: false }`
[INFO] [stderr] warning: `package.homepage` is redundant with `package.repository`
[INFO] [stderr]    --> Cargo.toml:117:12
[INFO] [stderr]     |
[INFO] [stderr] 117 | homepage = "https://github.com/terrylica/opendeviationbar"
[INFO] [stderr]     |            ^^^^^^^^^^^^^^^^^^^^^^^^^^^^^^^^^^^^^^^^^^^^^^^
[INFO] [stderr] ...
[INFO] [stderr] 122 | repository = "https://github.com/terrylica/opendeviationbar"
[INFO] [stderr]     |              -----------------------------------------------
[INFO] [stderr]     |
[INFO] [stderr]     = note: `cargo::redundant_homepage` is set to `warn` by default
[INFO] [stderr] help: consider removing `package.homepage`
[INFO] [stderr] warning: `opendeviationbar-providers` (manifest) generated 1 warning
[INFO] running `Command { std: "docker" "create" "-v" "/var/lib/crater-agent-workspace/builds/worker-5-tc2/source:/opt/rustwide/workdir:ro,Z" "-v" "/var/lib/crater-agent-workspace/builds/worker-5-tc2/target:/opt/rustwide/target:rw,Z" "-v" "/var/lib/crater-agent-workspace/cargo-home:/opt/rustwide/cargo-home:ro,Z" "-v" "/var/lib/crater-agent-workspace/rustup-home:/opt/rustwide/rustup-home:ro,Z" "-m" "1610612736" "--network" "none" "ghcr.io/rust-lang/crates-build-env/linux@sha256:77db811e55d90add9212f6832c23229e3de5f1c1f9905e8cb07319ea15df73ac" "sleep" "infinity", kill_on_drop: false }`
[INFO] [stdout] a18331e7774fcd20638a81bd405748f72fba18b57494f89dddcce04f1a64658b
[INFO] running `Command { std: "docker" "start" "a18331e7774fcd20638a81bd405748f72fba18b57494f89dddcce04f1a64658b", kill_on_drop: false }`
[INFO] running `Command { std: "docker" "inspect" "a18331e7774fcd20638a81bd405748f72fba18b57494f89dddcce04f1a64658b", kill_on_drop: false }`
[INFO] running `Command { std: "docker" "exec" "-e" "SOURCE_DIR=/opt/rustwide/workdir" "-e" "CARGO_HOME=/opt/rustwide/cargo-home" "-e" "RUSTUP_HOME=/opt/rustwide/rustup-home" "-e" "CARGO_TARGET_DIR=/opt/rustwide/target" "-w" "/opt/rustwide/workdir" "--user" "0:0" "a18331e7774fcd20638a81bd405748f72fba18b57494f89dddcce04f1a64658b" "/opt/rustwide/cargo-home/bin/cargo" "+1.100.0-beta.1" "metadata" "--no-deps" "--format-version=1", kill_on_drop: false }`
[INFO] running `Command { std: "docker" "inspect" "a18331e7774fcd20638a81bd405748f72fba18b57494f89dddcce04f1a64658b", kill_on_drop: false }`
[INFO] running `Command { std: "docker" "exec" "-e" "SOURCE_DIR=/opt/rustwide/workdir" "-e" "CARGO_HOME=/opt/rustwide/cargo-home" "-e" "RUSTUP_HOME=/opt/rustwide/rustup-home" "-e" "CARGO_TARGET_DIR=/opt/rustwide/target" "-e" "CARGO_INCREMENTAL=0" "-e" "RUST_BACKTRACE=full" "-e" "RUSTFLAGS=--cap-lints=warn" "-e" "RUSTDOCFLAGS=--cap-lints=warn" "-w" "/opt/rustwide/workdir" "--user" "0:0" "a18331e7774fcd20638a81bd405748f72fba18b57494f89dddcce04f1a64658b" "/opt/rustwide/cargo-home/bin/cargo" "+1.100.0-beta.1" "build" "--frozen" "--message-format=json" "--release", kill_on_drop: false }`
[INFO] [stderr] warning: `package.homepage` is redundant with `package.repository`
[INFO] [stderr]    --> Cargo.toml:117:12
[INFO] [stderr]     |
[INFO] [stderr] 117 | homepage = "https://github.com/terrylica/opendeviationbar"
[INFO] [stderr]     |            ^^^^^^^^^^^^^^^^^^^^^^^^^^^^^^^^^^^^^^^^^^^^^^^
[INFO] [stderr] ...
[INFO] [stderr] 122 | repository = "https://github.com/terrylica/opendeviationbar"
[INFO] [stderr]     |              -----------------------------------------------
[INFO] [stderr]     |
[INFO] [stderr]     = note: `cargo::redundant_homepage` is set to `warn` by default
[INFO] [stderr] help: consider removing `package.homepage`
[INFO] [stderr] warning: `opendeviationbar-providers` (manifest) generated 1 warning
[INFO] [stderr]    Compiling libc v0.2.182
[INFO] [stderr]    Compiling quote v1.0.44
[INFO] [stderr]    Compiling smallvec v1.15.1
[INFO] [stderr]    Compiling aws-lc-rs v1.17.3
[INFO] [stderr]    Compiling zerocopy v0.8.40
[INFO] [stderr]    Compiling rustls-pki-types v1.14.0
[INFO] [stderr]    Compiling http v1.4.0
[INFO] [stderr]    Compiling futures-task v0.3.32
[INFO] [stderr]    Compiling rustls v0.23.37
[INFO] [stderr]    Compiling log v0.4.29
[INFO] [stderr]    Compiling num-integer v0.1.46
[INFO] [stderr]    Compiling tracing-core v0.1.36
[INFO] [stderr]    Compiling crossbeam-epoch v0.9.20
[INFO] [stderr]    Compiling futures-channel v0.3.32
[INFO] [stderr]    Compiling hybrid-array v0.4.13
[INFO] [stderr]    Compiling strength_reduce v0.2.4
[INFO] [stderr]    Compiling hashbrown v0.16.1
[INFO] [stderr]    Compiling syn v2.0.117
[INFO] [stderr]    Compiling syn v1.0.109
[INFO] [stderr]    Compiling digest v0.10.7
[INFO] [stderr]    Compiling num-complex v0.4.6
[INFO] [stderr]    Compiling ipnet v2.11.0
[INFO] [stderr]    Compiling crossbeam-deque v0.8.6
[INFO] [stderr]    Compiling primal-check v0.3.4
[INFO] [stderr]    Compiling transpose v0.2.3
[INFO] [stderr]    Compiling bytemuck v1.25.0
[INFO] [stderr]    Compiling sha1 v0.10.6
[INFO] [stderr]    Compiling serde_json v1.0.149
[INFO] [stderr]    Compiling rayon-core v1.13.0
[INFO] [stderr]    Compiling safe_arch v1.0.0
[INFO] [stderr]    Compiling rustls-native-certs v0.8.3
[INFO] [stderr]    Compiling crypto-common v0.2.2
[INFO] [stderr]    Compiling block-buffer v0.12.1
[INFO] [stderr]    Compiling rustfft v6.4.1
[INFO] [stderr]    Compiling http-body v1.0.1
[INFO] [stderr]    Compiling bitflags v2.11.0
[INFO] [stderr]    Compiling simd-adler32 v0.3.8
[INFO] [stderr]    Compiling errno v0.3.14
[INFO] [stderr]    Compiling socket2 v0.6.2
[INFO] [stderr]    Compiling mio v1.1.1
[INFO] [stderr]    Compiling signal-hook-registry v1.4.8
[INFO] [stderr]    Compiling getrandom v0.3.4
[INFO] [stderr]    Compiling jobserver v0.1.34
[INFO] [stderr]    Compiling parking_lot_core v0.9.12
[INFO] [stderr]    Compiling zlib-rs v0.6.3
[INFO] [stderr]    Compiling rand_core v0.9.5
[INFO] [stderr]    Compiling parking_lot v0.12.5
[INFO] [stderr]    Compiling iri-string v0.7.10
[INFO] [stderr]    Compiling either v1.15.0
[INFO] [stderr]    Compiling cc v1.2.56
[INFO] [stderr]    Compiling bumpalo v3.20.2
[INFO] [stderr]    Compiling digest v0.11.3
[INFO] [stderr]    Compiling rayon v1.11.0
[INFO] [stderr]    Compiling num_cpus v1.17.0
[INFO] [stderr]    Compiling zopfli v0.8.3
[INFO] [stderr]    Compiling http-body-util v0.1.3
[INFO] [stderr]    Compiling indexmap v2.13.0
[INFO] [stderr]    Compiling wide v1.1.1
[INFO] [stderr]    Compiling csv-core v0.1.13
[INFO] [stderr]    Compiling typed-path v0.12.3
[INFO] [stderr]    Compiling opendeviationbar-providers v13.91.0 (/opt/rustwide/workdir)
[INFO] [stderr]    Compiling fastrand v2.3.0
[INFO] [stderr]    Compiling cmake v0.1.58
[INFO] [stderr]    Compiling displaydoc v0.1.7
[INFO] [stderr]    Compiling csv v1.4.0
[INFO] [stderr]    Compiling sha2 v0.11.0
[INFO] [stderr]    Compiling linreg v0.2.0
[INFO] [stderr]    Compiling aws-lc-sys v0.43.0
[INFO] [stderr]    Compiling libmimalloc-sys v0.1.44
[INFO] [stderr]    Compiling synstructure v0.13.2
[INFO] [stderr]    Compiling zerofrom-derive v0.1.6
[INFO] [stderr]    Compiling yoke-derive v0.8.1
[INFO] [stderr]    Compiling tokio-macros v2.6.1
[INFO] [stderr]    Compiling zerovec-derive v0.11.2
[INFO] [stderr]    Compiling displaydoc v0.2.5
[INFO] [stderr]    Compiling futures-macro v0.3.32
[INFO] [stderr]    Compiling serde_derive v1.0.228
[INFO] [stderr]    Compiling tokio v1.50.0
[INFO] [stderr]    Compiling tracing-attributes v0.1.31
[INFO] [stderr]    Compiling thiserror-impl v2.0.18
[INFO] [stderr]    Compiling flate2 v1.1.9
[INFO] [stderr]    Compiling ppv-lite86 v0.2.21
[INFO] [stderr]    Compiling ahash v0.8.12
[INFO] [stderr]    Compiling futures-util v0.3.32
[INFO] [stderr]    Compiling zerofrom v0.1.6
[INFO] [stderr]    Compiling rand_chacha v0.9.0
[INFO] [stderr]    Compiling quick_cache v0.6.18
[INFO] [stderr]    Compiling yoke v0.8.1
[INFO] [stderr]    Compiling zerovec v0.11.5
[INFO] [stderr]    Compiling zerotrie v0.2.3
[INFO] [stderr]    Compiling rand v0.9.2
[INFO] [stderr]    Compiling zip v8.6.0
[INFO] [stderr]    Compiling tracing v0.1.44
[INFO] [stderr]    Compiling thiserror v2.0.18
[INFO] [stderr]    Compiling tinystr v0.8.2
[INFO] [stderr]    Compiling potential_utf v0.1.4
[INFO] [stderr]    Compiling icu_collections v2.1.1
[INFO] [stderr]    Compiling icu_locale_core v2.1.1
[INFO] [stderr]    Compiling opendeviationbar-hurst v13.91.0
[INFO] [stderr]    Compiling serde v1.0.228
[INFO] [stderr]    Compiling icu_provider v2.1.1
[INFO] [stderr]    Compiling icu_properties v2.1.2
[INFO] [stderr]    Compiling icu_normalizer v2.1.1
[INFO] [stderr]    Compiling serde_urlencoded v0.7.1
[INFO] [stderr]    Compiling chrono v0.4.41
[INFO] [stderr]    Compiling mimalloc v0.1.48
[INFO] [stderr]    Compiling opendeviationbar-core v13.91.0
[INFO] [stderr]    Compiling idna_adapter v1.2.1
[INFO] [stderr]    Compiling idna v1.1.0
[INFO] [stderr]    Compiling url v2.5.8
[INFO] [stderr]    Compiling hyper v1.8.1
[INFO] [stderr]    Compiling tower v0.5.3
[INFO] [stderr]    Compiling tokio-util v0.7.18
[INFO] [stderr]    Compiling backon v1.6.0
[INFO] [stderr]    Compiling hyper-util v0.1.20
[INFO] [stderr]    Compiling tokio-stream v0.1.18
[INFO] [stderr]    Compiling tower-http v0.6.8
[INFO] [stderr]    Compiling rustls-webpki v0.103.13
[INFO] [stderr]    Compiling tokio-rustls v0.26.4
[INFO] [stderr]    Compiling rustls-platform-verifier v0.7.0
[INFO] [stderr]    Compiling tungstenite v0.29.0
[INFO] [stderr]    Compiling hyper-rustls v0.27.7
[INFO] [stderr]    Compiling reqwest v0.13.4
[INFO] [stderr]    Compiling tokio-tungstenite v0.29.0
[INFO] [stderr]     Finished `release` profile [optimized] target(s) in 1m 47s
[INFO] running `Command { std: "docker" "inspect" "a18331e7774fcd20638a81bd405748f72fba18b57494f89dddcce04f1a64658b", kill_on_drop: false }`
[INFO] running `Command { std: "docker" "exec" "-e" "SOURCE_DIR=/opt/rustwide/workdir" "-e" "CARGO_HOME=/opt/rustwide/cargo-home" "-e" "RUSTUP_HOME=/opt/rustwide/rustup-home" "-e" "CARGO_TARGET_DIR=/opt/rustwide/target" "-e" "CARGO_INCREMENTAL=0" "-e" "RUST_BACKTRACE=full" "-e" "RUSTFLAGS=--cap-lints=warn" "-e" "RUSTDOCFLAGS=--cap-lints=warn" "-w" "/opt/rustwide/workdir" "--user" "0:0" "a18331e7774fcd20638a81bd405748f72fba18b57494f89dddcce04f1a64658b" "/opt/rustwide/cargo-home/bin/cargo" "+1.100.0-beta.1" "test" "--frozen" "--no-run" "--message-format=json" "--release", kill_on_drop: false }`
[INFO] [stderr] warning: `package.homepage` is redundant with `package.repository`
[INFO] [stderr]    --> Cargo.toml:117:12
[INFO] [stderr]     |
[INFO] [stderr] 117 | homepage = "https://github.com/terrylica/opendeviationbar"
[INFO] [stderr]     |            ^^^^^^^^^^^^^^^^^^^^^^^^^^^^^^^^^^^^^^^^^^^^^^^
[INFO] [stderr] ...
[INFO] [stderr] 122 | repository = "https://github.com/terrylica/opendeviationbar"
[INFO] [stderr]     |              -----------------------------------------------
[INFO] [stderr]     |
[INFO] [stderr]     = note: `cargo::redundant_homepage` is set to `warn` by default
[INFO] [stderr] help: consider removing `package.homepage`
[INFO] [stderr] warning: `opendeviationbar-providers` (manifest) generated 1 warning
[INFO] [stderr]    Compiling futures-io v0.3.32
[INFO] [stderr]    Compiling tokio v1.50.0
[INFO] [stderr]    Compiling tracing v0.1.44
[INFO] [stderr]    Compiling winnow v1.0.4
[INFO] [stderr]    Compiling memchr v2.8.0
[INFO] [stderr]    Compiling regex-syntax v0.8.10
[INFO] [stderr]    Compiling rstest_macros v0.26.1
[INFO] [stderr]    Compiling tungstenite v0.29.0
[INFO] [stderr]    Compiling zopfli v0.8.3
[INFO] [stderr]    Compiling rustls-platform-verifier v0.7.0
[INFO] [stderr]    Compiling relative-path v1.9.3
[INFO] [stderr]    Compiling glob v0.3.3
[INFO] [stderr]    Compiling tracing-serde v0.2.0
[INFO] [stderr]    Compiling tracing-log v0.2.0
[INFO] [stderr]    Compiling futures-util v0.3.32
[INFO] [stderr]    Compiling opendeviationbar-core v13.91.0
[INFO] [stderr]    Compiling toml_parser v1.1.2+spec-1.1.0
[INFO] [stderr]    Compiling aho-corasick v1.1.4
[INFO] [stderr]    Compiling zip v8.6.0
[INFO] [stderr]    Compiling toml_edit v0.25.4+spec-1.1.0
[INFO] [stderr]    Compiling regex-automata v0.4.14
[INFO] [stderr]    Compiling proc-macro-crate v3.5.0
[INFO] [stderr]    Compiling futures-executor v0.3.32
[INFO] [stderr]    Compiling matchers v0.2.0
[INFO] [stderr]    Compiling futures v0.3.32
[INFO] [stderr]    Compiling tracing-subscriber v0.3.22
[INFO] [stderr]    Compiling regex v1.12.3
[INFO] [stderr]    Compiling hyper v1.8.1
[INFO] [stderr]    Compiling tokio-rustls v0.26.4
[INFO] [stderr]    Compiling tower v0.5.3
[INFO] [stderr]    Compiling tokio-util v0.7.18
[INFO] [stderr]    Compiling backon v1.6.0
[INFO] [stderr]    Compiling tokio-stream v0.1.18
[INFO] [stderr]    Compiling tokio-tungstenite v0.29.0
[INFO] [stderr]    Compiling tower-http v0.6.8
[INFO] [stderr]    Compiling rstest v0.26.1
[INFO] [stderr]    Compiling hyper-util v0.1.20
[INFO] [stderr]    Compiling hyper-rustls v0.27.7
[INFO] [stderr]    Compiling reqwest v0.13.4
[INFO] [stderr]    Compiling opendeviationbar-providers v13.91.0 (/opt/rustwide/workdir)
[INFO] [stderr]     Finished `release` profile [optimized] target(s) in 42.29s
[INFO] running `Command { std: "docker" "inspect" "a18331e7774fcd20638a81bd405748f72fba18b57494f89dddcce04f1a64658b", kill_on_drop: false }`
[INFO] running `Command { std: "docker" "exec" "-e" "SOURCE_DIR=/opt/rustwide/workdir" "-e" "CARGO_HOME=/opt/rustwide/cargo-home" "-e" "RUSTUP_HOME=/opt/rustwide/rustup-home" "-e" "CARGO_TARGET_DIR=/opt/rustwide/target" "-e" "CARGO_INCREMENTAL=0" "-e" "RUST_BACKTRACE=full" "-e" "RUSTFLAGS=--cap-lints=warn" "-e" "RUSTDOCFLAGS=--cap-lints=warn" "-w" "/opt/rustwide/workdir" "--user" "0:0" "a18331e7774fcd20638a81bd405748f72fba18b57494f89dddcce04f1a64658b" "/opt/rustwide/cargo-home/bin/cargo" "+1.100.0-beta.1" "test" "--frozen" "--release", kill_on_drop: false }`
[INFO] [stderr] warning: `package.homepage` is redundant with `package.repository`
[INFO] [stderr]    --> Cargo.toml:117:12
[INFO] [stderr]     |
[INFO] [stderr] 117 | homepage = "https://github.com/terrylica/opendeviationbar"
[INFO] [stderr]     |            ^^^^^^^^^^^^^^^^^^^^^^^^^^^^^^^^^^^^^^^^^^^^^^^
[INFO] [stderr] ...
[INFO] [stderr] 122 | repository = "https://github.com/terrylica/opendeviationbar"
[INFO] [stderr]     |              -----------------------------------------------
[INFO] [stderr]     |
[INFO] [stderr]     = note: `cargo::redundant_homepage` is set to `warn` by default
[INFO] [stderr] help: consider removing `package.homepage`
[INFO] [stderr] warning: `opendeviationbar-providers` (manifest) generated 1 warning
[INFO] [stderr]     Finished `release` profile [optimized] target(s) in 0.36s
[INFO] [stderr]      Running unittests src/lib.rs (/opt/rustwide/target/release/build/opendeviationbar-providers/07ca1c0ba8881a74/out/opendeviationbar_providers-07ca1c0ba8881a74)
[INFO] [stdout] 
[INFO] [stdout] running 102 tests
[INFO] [stdout] test binance::checksum::tests::test_parse_checksum_file_uppercase ... ok
[INFO] [stdout] test binance::combined_ws::tests::test_combined_envelope_parsing_with_escapes ... ok
[INFO] [stdout] test binance::combined_ws::tests::test_combined_url_18_symbols ... ok
[INFO] [stdout] test binance::combined_ws::tests::test_combined_url_construction ... ok
[INFO] [stdout] test binance::combined_ws::tests::test_combined_envelope_parsing_zero_copy ... ok
[INFO] [stdout] test binance::combined_ws::tests::test_combined_url_custom_base ... ok
[INFO] [stdout] test binance::combined_ws::tests::test_envelope_unknown_symbol_skipped ... ok
[INFO] [stdout] test binance::checksum::tests::test_checksum_result_skipped ... ok
[INFO] [stdout] test binance::combined_ws::tests::test_extract_symbol_empty ... ok
[INFO] [stdout] test binance::combined_ws::tests::test_proactive_reconnect_constant ... ok
[INFO] [stdout] test binance::combined_ws::tests::test_proactive_reconnect_oneshot_signal ... ok
[INFO] [stdout] test binance::checksum::tests::test_parse_checksum_file_with_newline ... ok
[INFO] [stdout] test binance::combined_ws::tests::test_combined_url_with_ws_params ... ok
[INFO] [stdout] test binance::combined_ws::tests::test_synthetic_ban_detector_no_ban_on_first_reconnect ... ok
[INFO] [stdout] test binance::checksum::tests::test_compute_sha256_empty ... ok
[INFO] [stdout] test binance::checksum::tests::test_compute_sha256 ... ok
[INFO] [stdout] test binance::combined_ws::tests::test_parse_ban_duration ... ok
[INFO] [stdout] test binance::combined_ws::tests::test_ws_control_rate_limiter_spacing ... ok
[INFO] [stdout] test binance::checksum::tests::test_parse_checksum_file_invalid_length ... ok
[INFO] [stdout] test binance::combined_ws::tests::test_combined_stream_new ... ok
[INFO] [stdout] test binance::combined_ws::tests::test_parse_ban_duration_no_ban ... ok
[INFO] [stdout] test binance::checksum::tests::test_parse_checksum_file_empty ... ok
[INFO] [stdout] test binance::checksum::tests::test_verify_checksum_case_insensitive ... ok
[INFO] [stdout] test binance::historical::tests::test_csv_agg_trade_to_agg_trade ... ok
[INFO] [stdout] test binance::historical::tests::test_csv_from_vs_to_agg_trade_timestamp_differs ... ok
[INFO] [stdout] test binance::historical::tests::test_csv_to_agg_trade_normalizes_ms_to_us ... ok
[INFO] [stdout] test binance::historical::tests::test_detect_csv_headers_with_headers ... ok
[INFO] [stdout] test binance::historical::tests::test_detect_csv_headers_without_headers ... ok
[INFO] [stdout] test binance::historical::tests::test_get_symbol_market_unknown ... ok
[INFO] [stdout] test binance::checksum::tests::test_verify_checksum_match ... ok
[INFO] [stdout] test binance::historical::tests::test_parse_symbol_markets ... ok
[INFO] [stdout] test binance::checksum::tests::test_parse_checksum_file_invalid_chars ... ok
[INFO] [stdout] test binance::historical::tests::test_rest_agg_trade_from_consistency_with_csv ... ok
[INFO] [stdout] test binance::historical::tests::test_normalize_market ... ok
[INFO] [stdout] test binance::historical::tests::test_rest_agg_trade_inline_conversion ... ok
[INFO] [stdout] test binance::historical::tests::test_transient_retry_constants ... ok
[INFO] [stdout] test binance::historical::tests::test_rest_agg_trade_json_roundtrip ... ok
[INFO] [stdout] test binance::historical::tests::test_rest_agg_trade_from_impl ... ok
[INFO] [stdout] test binance::parallel_fetch::tests::test_negative_range ... ok
[INFO] [stdout] test binance::parallel_fetch::tests::test_early_stop_flag_semantics ... ok
[INFO] [stdout] test binance::parallel_fetch::tests::test_page_boundary_calculation ... ok
[INFO] [stdout] test binance::parallel_fetch::tests::test_pages_skipped_weight_savings ... ok
[INFO] [stdout] test binance::parallel_fetch::tests::test_short_page_detection ... ok
[INFO] [stdout] test binance::parallel_fetch::tests::test_small_gap_no_parallel ... ok
[INFO] [stdout] test binance::rate_limiter::tests::test_acquire_multiple ... ok
[INFO] [stdout] test binance::rate_limiter::tests::test_acquire_within_budget ... ok
[INFO] [stdout] test binance::historical::tests::test_get_symbol_market_btcusdt ... FAILED
[INFO] [stdout] test binance::combined_ws::tests::test_synthetic_ban_detector_resets_on_data ... ok
[INFO] [stdout] test binance::rate_limiter::tests::test_ceiling_caps_budget ... ok
[INFO] [stdout] test binance::rate_limiter::tests::test_conservative_max_of_server_and_local ... ok
[INFO] [stdout] test binance::rate_limiter::tests::test_fetch_max_keeps_highest_weight ... ok
[INFO] [stdout] test binance::rate_limiter::tests::test_header_malformed_negative ... ok
[INFO] [stdout] test binance::rate_limiter::tests::test_header_malformed_non_numeric ... ok
[INFO] [stdout] test binance::rate_limiter::tests::test_header_missing_gracefully_handled ... ok
[INFO] [stdout] test binance::rate_limiter::tests::test_header_renamed_detection ... ok
[INFO] [stdout] test binance::rate_limiter::tests::test_header_valid_all_casing_variants ... ok
[INFO] [stdout] test binance::checksum::tests::test_parse_checksum_file_valid ... ok
[INFO] [stdout] test binance::rate_limiter::tests::test_local_tracking_increments ... ok
[INFO] [stdout] test binance::rate_limiter::tests::test_remaining_starts_at_budget ... ok
[INFO] [stdout] test binance::rate_limiter::tests::test_safety_margin_clamped ... ok
[INFO] [stdout] test binance::rate_limiter::tests::test_server_header_update ... ok
[INFO] [stdout] test binance::rate_limiter::tests::test_set_ceiling_updates_limit ... ok
[INFO] [stdout] test binance::rate_limiter::tests::test_utilization_fraction ... ok
[INFO] [stdout] test binance::rate_limiter::tests::test_utilization_starts_at_zero ... ok
[INFO] [stdout] test binance::rate_limiter::tests::test_window_reset_clears_usage ... ok
[INFO] [stdout] test binance::symbols::tests::test_get_tier1_symbols ... ok
[INFO] [stdout] test binance::symbols::tests::test_get_tier1_usdt_pairs ... ok
[INFO] [stdout] test binance::symbols::tests::test_is_tier1_symbol ... ok
[INFO] [stdout] test binance::symbols::tests::test_tier1_symbol_count ... ok
[INFO] [stdout] test binance::websocket::tests::test_antaeus_backoff_reset ... ok
[INFO] [stdout] test binance::websocket::tests::test_backoff_iterator_produces_delays ... ok
[INFO] [stdout] test binance::websocket::tests::test_binance_aggtrade_conversion ... ok
[INFO] [stdout] test binance::websocket::tests::test_ban_detected_is_terminal ... ok
[INFO] [stdout] test binance::websocket::tests::test_connection_closed_is_not_terminal ... ok
[INFO] [stdout] test binance::websocket::tests::test_custom_data_timeout ... ok
[INFO] [stdout] test binance::websocket::tests::test_binance_aggtrade_oracle_variations ... ok
[INFO] [stdout] test binance::websocket::tests::test_data_timeout_duration_from_policy ... ok
[INFO] [stdout] test binance::websocket::tests::test_invalid_symbol ... ok
[INFO] [stdout] test binance::websocket::tests::test_error_terminal_classification ... ok
[INFO] [stdout] test binance::websocket::tests::test_pong_timeout_is_not_terminal ... ok
[INFO] [stdout] test binance::websocket::tests::test_rate_limited_is_recoverable ... ok
[INFO] [stdout] test binance::websocket::tests::test_reconnection_policy_default ... ok
[INFO] [stdout] test binance::websocket::tests::test_run_with_reconnect_invalid_symbol ... ok
[INFO] [stdout] test binance::websocket::tests::test_websocket_creation ... ok
[INFO] [stdout] test binance::websocket::tests::test_ws_url_format ... ok
[INFO] [stdout] test serde_helpers::tests::deser_fixedpoint_error_cases ... ok
[INFO] [stdout] test binance::websocket::tests::test_keepalive_defaults ... ok
[INFO] [stdout] test serde_helpers::tests::oracle_fixedpoint_deser_vs_from_str ... ok
[INFO] [stdout] test binance::historical::tests::test_chunk_size_mapping ... ok
[INFO] [stdout] test binance::rate_limiter::tests::test_binance_defaults ... ok
[INFO] [stdout] test binance::combined_ws::tests::test_synthetic_ban_detector_exponential_cooldown ... ok
[INFO] [stdout] test binance::rate_limiter::tests::test_cas_acquire_no_over_allocation ... ok
[INFO] [stdout] test binance::combined_ws::tests::test_synthetic_ban_detector_no_ban_without_data ... ok
[INFO] [stdout] test binance::checksum::tests::test_verify_checksum_mismatch ... ok
[INFO] [stdout] test binance::historical::tests::test_get_market_path_always_spot ... ok
[INFO] [stdout] test binance::historical::tests::test_chunk_hours_too_large_panics - should panic ... ok
[INFO] [stdout] test binance::historical::tests::test_chunk_hours_zero_panics - should panic ... ok
[INFO] [stdout] test binance::combined_ws::tests::test_synthetic_ban_detector_triggers_on_pattern ... ok
[INFO] [stdout] test binance::combined_ws::tests::test_extract_symbol_valid ... ok
[INFO] [stdout] test binance::historical::tests::test_chunk_hours_validation ... ok
[INFO] [stdout] test binance::rate_limiter::tests::test_acquire_at_budget_boundary ... ok
[INFO] [stdout] test binance::parallel_fetch::tests::test_empty_range ... FAILED
[INFO] [stdout] 
[INFO] [stdout] failures:
[INFO] [stdout] 
[INFO] [stdout] ---- binance::historical::tests::test_get_symbol_market_btcusdt stdout ----
[INFO] [stdout] 
[INFO] [stdout] thread 'binance::historical::tests::test_get_symbol_market_btcusdt' (4590) panicked at src/binance/historical.rs:1570:9:
[INFO] [stdout] assertion `left == right` failed
[INFO] [stdout]   left: None
[INFO] [stdout]  right: Some("spot")
[INFO] [stdout] stack backtrace:
[INFO] [stdout]    0:     0x62446761d1f1 - <<std[617be2ca0a6fd877]::sys::backtrace::BacktraceLock>::print::DisplayBacktrace as core[a373ad73a504971]::fmt::Display>::fmt
[INFO] [stdout]    1:     0x624467635d4a - core[a373ad73a504971]::fmt::write
[INFO] [stdout]    2:     0x62446762221c - <alloc[2e1b2a31b91974c5]::vec::Vec<u8> as core[a373ad73a504971]::io::write::Write>::write_fmt
[INFO] [stdout]    3:     0x6244675f7a86 - std[617be2ca0a6fd877]::panicking::default_hook::{closure#0}
[INFO] [stdout]    4:     0x6244676148a9 - std[617be2ca0a6fd877]::panicking::default_hook
[INFO] [stdout]    5:     0x6244671e2040 - test[aada8e7e76ba119b]::test_main_inner::{closure#0}
[INFO] [stdout]    6:     0x624467614bd2 - std[617be2ca0a6fd877]::panicking::panic_with_hook
[INFO] [stdout]    7:     0x6244675f7b32 - std[617be2ca0a6fd877]::panicking::panic_handler::{closure#0}
[INFO] [stdout]    8:     0x6244675f06c9 - std[617be2ca0a6fd877]::sys::backtrace::__rust_end_short_backtrace::<std[617be2ca0a6fd877]::panicking::panic_handler::{closure#0}, !>
[INFO] [stdout]    9:     0x6244675f880d - __rustc[ea4f61d10b84890b]::rust_begin_unwind
[INFO] [stdout]   10:     0x6244676364ac - core[a373ad73a504971]::panicking::panic_fmt
[INFO] [stdout]   11:     0x6244676363c3 - core[a373ad73a504971]::panicking::assert_failed_inner
[INFO] [stdout]   12:     0x6244671ce6fd - core[a373ad73a504971]::panicking::assert_failed::<core[a373ad73a504971]::option::Option<&str>, core[a373ad73a504971]::option::Option<&str>>
[INFO] [stdout]   13:     0x62446719ea50 - <opendeviationbar_providers[55bef0c796ce0930]::binance::historical::tests::test_get_symbol_market_btcusdt::{closure#0} as core[a373ad73a504971]::ops::function::FnOnce<()>>::call_once
[INFO] [stdout]   14:     0x6244671d548b - test[aada8e7e76ba119b]::__rust_begin_short_backtrace::<core[a373ad73a504971]::result::Result<(), alloc[2e1b2a31b91974c5]::string::String>, fn() -> core[a373ad73a504971]::result::Result<(), alloc[2e1b2a31b91974c5]::string::String>>
[INFO] [stdout]   15:     0x6244671e2665 - test[aada8e7e76ba119b]::run_test::{closure#0}
[INFO] [stdout]   16:     0x6244671dbf54 - std[617be2ca0a6fd877]::sys::backtrace::__rust_begin_short_backtrace::<test[aada8e7e76ba119b]::run_test::{closure#1}, ()>
[INFO] [stdout]   17:     0x6244671e56f2 - <std[617be2ca0a6fd877]::thread::lifecycle::spawn_unchecked<test[aada8e7e76ba119b]::run_test::{closure#1}, ()>::{closure#1} as core[a373ad73a504971]::ops::function::FnOnce<()>>::call_once::{shim:vtable#0}
[INFO] [stdout]   18:     0x62446761c69f - <std[617be2ca0a6fd877]::sys::thread::unix::Thread>::new::thread_start
[INFO] [stdout]   19:     0x795792429dfa - <unknown>
[INFO] [stdout]   20:     0x7957924bd3d4 - clone
[INFO] [stdout]   21:                0x0 - <unknown>
[INFO] [stdout] 
[INFO] [stdout] ---- binance::parallel_fetch::tests::test_empty_range stdout ----
[INFO] [stdout] 
[INFO] [stdout] thread 'binance::parallel_fetch::tests::test_empty_range' (4600) panicked at src/binance/parallel_fetch.rs:401:9:
[INFO] [stdout] assertion failed: result.is_ok()
[INFO] [stdout] stack backtrace:
[INFO] [stdout]    0:     0x62446761d1f1 - <<std[617be2ca0a6fd877]::sys::backtrace::BacktraceLock>::print::DisplayBacktrace as core[a373ad73a504971]::fmt::Display>::fmt
[INFO] [stdout]    1:     0x624467635d4a - core[a373ad73a504971]::fmt::write
[INFO] [stdout]    2:     0x62446762221c - <alloc[2e1b2a31b91974c5]::vec::Vec<u8> as core[a373ad73a504971]::io::write::Write>::write_fmt
[INFO] [stdout]    3:     0x6244675f7a86 - std[617be2ca0a6fd877]::panicking::default_hook::{closure#0}
[INFO] [stdout]    4:     0x6244676148a9 - std[617be2ca0a6fd877]::panicking::default_hook
[INFO] [stdout]    5:     0x6244671e2040 - test[aada8e7e76ba119b]::test_main_inner::{closure#0}
[INFO] [stdout]    6:     0x624467614bd2 - std[617be2ca0a6fd877]::panicking::panic_with_hook
[INFO] [stdout]    7:     0x6244675f7b64 - std[617be2ca0a6fd877]::panicking::panic_handler::{closure#0}
[INFO] [stdout]    8:     0x6244675f06c9 - std[617be2ca0a6fd877]::sys::backtrace::__rust_end_short_backtrace::<std[617be2ca0a6fd877]::panicking::panic_handler::{closure#0}, !>
[INFO] [stdout]    9:     0x6244675f880d - __rustc[ea4f61d10b84890b]::rust_begin_unwind
[INFO] [stdout]   10:     0x6244676364ac - core[a373ad73a504971]::panicking::panic_fmt
[INFO] [stdout]   11:     0x624467636472 - core[a373ad73a504971]::panicking::panic
[INFO] [stdout]   12:     0x6244671c9126 - opendeviationbar_providers[55bef0c796ce0930]::binance::parallel_fetch::tests::test_empty_range::{closure#0}
[INFO] [stdout]   13:     0x624467176af3 - <tokio[957ec06578b6088e]::runtime::scheduler::current_thread::Context>::enter::<core[a373ad73a504971]::task::poll::Poll<()>, <tokio[957ec06578b6088e]::runtime::scheduler::current_thread::CoreGuard>::block_on<core[a373ad73a504971]::pin::Pin<&mut core[a373ad73a504971]::pin::Pin<&mut dyn core[a373ad73a504971]::future::future::Future<Output = ()>>>>::{closure#0}::{closure#0}>
[INFO] [stdout]   14:     0x62446718f03c - <tokio[957ec06578b6088e]::runtime::context::scoped::Scoped<tokio[957ec06578b6088e]::runtime::scheduler::Context>>::set::<<tokio[957ec06578b6088e]::runtime::scheduler::current_thread::CoreGuard>::enter<<tokio[957ec06578b6088e]::runtime::scheduler::current_thread::CoreGuard>::block_on<core[a373ad73a504971]::pin::Pin<&mut core[a373ad73a504971]::pin::Pin<&mut dyn core[a373ad73a504971]::future::future::Future<Output = ()>>>>::{closure#0}, core[a373ad73a504971]::option::Option<()>>::{closure#0}, (alloc[2e1b2a31b91974c5]::boxed::Box<tokio[957ec06578b6088e]::runtime::scheduler::current_thread::Core>, core[a373ad73a504971]::option::Option<()>)>
[INFO] [stdout]   15:     0x624467177047 - <tokio[957ec06578b6088e]::runtime::scheduler::current_thread::CoreGuard>::block_on::<core[a373ad73a504971]::pin::Pin<&mut core[a373ad73a504971]::pin::Pin<&mut dyn core[a373ad73a504971]::future::future::Future<Output = ()>>>>
[INFO] [stdout]   16:     0x6244671908ed - tokio[957ec06578b6088e]::runtime::context::runtime::enter_runtime::<<tokio[957ec06578b6088e]::runtime::scheduler::current_thread::CurrentThread>::block_on<core[a373ad73a504971]::pin::Pin<&mut dyn core[a373ad73a504971]::future::future::Future<Output = ()>>>::{closure#0}, ()>
[INFO] [stdout]   17:     0x6244671a2bb5 - <tokio[957ec06578b6088e]::runtime::runtime::Runtime>::block_on::<core[a373ad73a504971]::pin::Pin<&mut dyn core[a373ad73a504971]::future::future::Future<Output = ()>>>
[INFO] [stdout]   18:     0x6244671c95fe - <opendeviationbar_providers[55bef0c796ce0930]::binance::parallel_fetch::tests::test_empty_range::{closure#0} as core[a373ad73a504971]::ops::function::FnOnce<()>>::call_once
[INFO] [stdout]   19:     0x6244671d548b - test[aada8e7e76ba119b]::__rust_begin_short_backtrace::<core[a373ad73a504971]::result::Result<(), alloc[2e1b2a31b91974c5]::string::String>, fn() -> core[a373ad73a504971]::result::Result<(), alloc[2e1b2a31b91974c5]::string::String>>
[INFO] [stdout]   20:     0x6244671e2665 - test[aada8e7e76ba119b]::run_test::{closure#0}
[INFO] [stdout]   21:     0x6244671dbf54 - std[617be2ca0a6fd877]::sys::backtrace::__rust_begin_short_backtrace::<test[aada8e7e76ba119b]::run_test::{closure#1}, ()>
[INFO] [stdout]   22:     0x6244671e56f2 - <std[617be2ca0a6fd877]::thread::lifecycle::spawn_unchecked<test[aada8e7e76ba119b]::run_test::{closure#1}, ()>::{closure#1} as core[a373ad73a504971]::ops::function::FnOnce<()>>::call_once::{shim:vtable#0}
[INFO] [stdout]   23:     0x62446761c69f - <std[617be2ca0a6fd877]::sys::thread::unix::Thread>::new::thread_start
[INFO] [stdout]   24:     0x795792429dfa - <unknown>
[INFO] [stdout]   25:     0x7957924bd3d4 - clone
[INFO] [stdout]   26:                0x0 - <unknown>
[INFO] [stdout] 
[INFO] [stdout] 
[INFO] [stdout] failures:
[INFO] [stdout]     binance::historical::tests::test_get_symbol_market_btcusdt
[INFO] [stdout]     binance::parallel_fetch::tests::test_empty_range
[INFO] [stdout] 
[INFO] [stdout] test result: FAILED. 100 passed; 2 failed; 0 ignored; 0 measured; 0 filtered out; finished in 31.18s
[INFO] [stdout] 
[INFO] [stderr] error: test failed, to rerun pass `--lib`
[INFO] running `Command { std: "docker" "inspect" "a18331e7774fcd20638a81bd405748f72fba18b57494f89dddcce04f1a64658b", kill_on_drop: false }`
[INFO] running `Command { std: "docker" "rm" "-f" "a18331e7774fcd20638a81bd405748f72fba18b57494f89dddcce04f1a64658b", kill_on_drop: false }`
[INFO] [stdout] a18331e7774fcd20638a81bd405748f72fba18b57494f89dddcce04f1a64658b
