[INFO] fetching crate opendeviationbar-hurst 13.91.0...
[INFO] testing opendeviationbar-hurst-13.91.0 against 1.100.0-beta.1+cargoflags=--release for beta-release-1.100-2
[INFO] extracting crate opendeviationbar-hurst 13.91.0 into /workspace/builds/worker-2-tc2/source
[INFO] started tweaking crates.io crate opendeviationbar-hurst 13.91.0
[INFO] removed 0 missing examples
[INFO] removed 0 missing tests
[INFO] finished tweaking crates.io crate opendeviationbar-hurst 13.91.0
[INFO] tweaked toml for crates.io crate opendeviationbar-hurst 13.91.0 written to /workspace/builds/worker-2-tc2/source/Cargo.toml
[INFO] validating manifest of crates.io crate opendeviationbar-hurst 13.91.0 on toolchain 1.100.0-beta.1
[INFO] running `Command { std: CARGO_HOME="/workspace/cargo-home" RUSTUP_HOME="/workspace/rustup-home" "/workspace/cargo-home/bin/cargo" "+1.100.0-beta.1" "metadata" "--manifest-path" "Cargo.toml" "--no-deps", kill_on_drop: false }`
[INFO] crate crates.io crate opendeviationbar-hurst 13.91.0 already has a lockfile, it will not be regenerated
[INFO] running `Command { std: CARGO_HOME="/workspace/cargo-home" RUSTUP_HOME="/workspace/rustup-home" "/workspace/cargo-home/bin/cargo" "+1.100.0-beta.1" "fetch" "--manifest-path" "Cargo.toml", kill_on_drop: false }`
[INFO] [stderr] warning: `package.homepage` is redundant with `package.repository`
[INFO] [stderr]   --> Cargo.toml:80:12
[INFO] [stderr]    |
[INFO] [stderr] 80 | homepage = "https://github.com/terrylica/opendeviationbar"
[INFO] [stderr]    |            ^^^^^^^^^^^^^^^^^^^^^^^^^^^^^^^^^^^^^^^^^^^^^^^
[INFO] [stderr] ...
[INFO] [stderr] 85 | repository = "https://github.com/terrylica/opendeviationbar"
[INFO] [stderr]    |              -----------------------------------------------
[INFO] [stderr]    |
[INFO] [stderr]    = note: `cargo::redundant_homepage` is set to `warn` by default
[INFO] [stderr] help: consider removing `package.homepage`
[INFO] [stderr] warning: `opendeviationbar-hurst` (manifest) generated 1 warning
[INFO] running `Command { std: "docker" "create" "-v" "/var/lib/crater-agent-workspace/builds/worker-2-tc2/source:/opt/rustwide/workdir:ro,Z" "-v" "/var/lib/crater-agent-workspace/builds/worker-2-tc2/target:/opt/rustwide/target:rw,Z" "-v" "/var/lib/crater-agent-workspace/cargo-home:/opt/rustwide/cargo-home:ro,Z" "-v" "/var/lib/crater-agent-workspace/rustup-home:/opt/rustwide/rustup-home:ro,Z" "-m" "1610612736" "--network" "none" "ghcr.io/rust-lang/crates-build-env/linux@sha256:77db811e55d90add9212f6832c23229e3de5f1c1f9905e8cb07319ea15df73ac" "sleep" "infinity", kill_on_drop: false }`
[INFO] [stdout] 14d8f72be7a36610e3fe07675366b5546bf0b1555f87fc9f03fcdfd642002149
[INFO] running `Command { std: "docker" "start" "14d8f72be7a36610e3fe07675366b5546bf0b1555f87fc9f03fcdfd642002149", kill_on_drop: false }`
[INFO] running `Command { std: "docker" "inspect" "14d8f72be7a36610e3fe07675366b5546bf0b1555f87fc9f03fcdfd642002149", kill_on_drop: false }`
[INFO] running `Command { std: "docker" "exec" "-e" "SOURCE_DIR=/opt/rustwide/workdir" "-e" "CARGO_HOME=/opt/rustwide/cargo-home" "-e" "RUSTUP_HOME=/opt/rustwide/rustup-home" "-e" "CARGO_TARGET_DIR=/opt/rustwide/target" "-w" "/opt/rustwide/workdir" "--user" "0:0" "14d8f72be7a36610e3fe07675366b5546bf0b1555f87fc9f03fcdfd642002149" "/opt/rustwide/cargo-home/bin/cargo" "+1.100.0-beta.1" "metadata" "--no-deps" "--format-version=1", kill_on_drop: false }`
[INFO] running `Command { std: "docker" "inspect" "14d8f72be7a36610e3fe07675366b5546bf0b1555f87fc9f03fcdfd642002149", kill_on_drop: false }`
[INFO] running `Command { std: "docker" "exec" "-e" "SOURCE_DIR=/opt/rustwide/workdir" "-e" "CARGO_HOME=/opt/rustwide/cargo-home" "-e" "RUSTUP_HOME=/opt/rustwide/rustup-home" "-e" "CARGO_TARGET_DIR=/opt/rustwide/target" "-e" "CARGO_INCREMENTAL=0" "-e" "RUST_BACKTRACE=full" "-e" "RUSTFLAGS=--cap-lints=warn" "-e" "RUSTDOCFLAGS=--cap-lints=warn" "-w" "/opt/rustwide/workdir" "--user" "0:0" "14d8f72be7a36610e3fe07675366b5546bf0b1555f87fc9f03fcdfd642002149" "/opt/rustwide/cargo-home/bin/cargo" "+1.100.0-beta.1" "build" "--frozen" "--message-format=json" "--release", kill_on_drop: false }`
[INFO] [stderr] warning: `package.homepage` is redundant with `package.repository`
[INFO] [stderr]   --> Cargo.toml:80:12
[INFO] [stderr]    |
[INFO] [stderr] 80 | homepage = "https://github.com/terrylica/opendeviationbar"
[INFO] [stderr]    |            ^^^^^^^^^^^^^^^^^^^^^^^^^^^^^^^^^^^^^^^^^^^^^^^
[INFO] [stderr] ...
[INFO] [stderr] 85 | repository = "https://github.com/terrylica/opendeviationbar"
[INFO] [stderr]    |              -----------------------------------------------
[INFO] [stderr]    |
[INFO] [stderr]    = note: `cargo::redundant_homepage` is set to `warn` by default
[INFO] [stderr] help: consider removing `package.homepage`
[INFO] [stderr] warning: `opendeviationbar-hurst` (manifest) generated 1 warning
[INFO] [stderr]    Compiling num-traits v0.2.19
[INFO] [stderr]    Compiling quote v1.0.44
[INFO] [stderr]    Compiling strength_reduce v0.2.4
[INFO] [stderr]    Compiling syn v1.0.109
[INFO] [stderr]    Compiling num-integer v0.1.46
[INFO] [stderr]    Compiling num-complex v0.4.6
[INFO] [stderr]    Compiling primal-check v0.3.4
[INFO] [stderr]    Compiling transpose v0.2.3
[INFO] [stderr]    Compiling rustfft v6.4.1
[INFO] [stderr]    Compiling displaydoc v0.1.7
[INFO] [stderr]    Compiling linreg v0.2.0
[INFO] [stderr]    Compiling opendeviationbar-hurst v13.91.0 (/opt/rustwide/workdir)
[INFO] [stderr]     Finished `release` profile [optimized] target(s) in 15.29s
[INFO] running `Command { std: "docker" "inspect" "14d8f72be7a36610e3fe07675366b5546bf0b1555f87fc9f03fcdfd642002149", kill_on_drop: false }`
[INFO] running `Command { std: "docker" "exec" "-e" "SOURCE_DIR=/opt/rustwide/workdir" "-e" "CARGO_HOME=/opt/rustwide/cargo-home" "-e" "RUSTUP_HOME=/opt/rustwide/rustup-home" "-e" "CARGO_TARGET_DIR=/opt/rustwide/target" "-e" "CARGO_INCREMENTAL=0" "-e" "RUST_BACKTRACE=full" "-e" "RUSTFLAGS=--cap-lints=warn" "-e" "RUSTDOCFLAGS=--cap-lints=warn" "-w" "/opt/rustwide/workdir" "--user" "0:0" "14d8f72be7a36610e3fe07675366b5546bf0b1555f87fc9f03fcdfd642002149" "/opt/rustwide/cargo-home/bin/cargo" "+1.100.0-beta.1" "test" "--frozen" "--no-run" "--message-format=json" "--release", kill_on_drop: false }`
[INFO] [stderr] warning: `package.homepage` is redundant with `package.repository`
[INFO] [stderr]   --> Cargo.toml:80:12
[INFO] [stderr]    |
[INFO] [stderr] 80 | homepage = "https://github.com/terrylica/opendeviationbar"
[INFO] [stderr]    |            ^^^^^^^^^^^^^^^^^^^^^^^^^^^^^^^^^^^^^^^^^^^^^^^
[INFO] [stderr] ...
[INFO] [stderr] 85 | repository = "https://github.com/terrylica/opendeviationbar"
[INFO] [stderr]    |              -----------------------------------------------
[INFO] [stderr]    |
[INFO] [stderr]    = note: `cargo::redundant_homepage` is set to `warn` by default
[INFO] [stderr] help: consider removing `package.homepage`
[INFO] [stderr] warning: `opendeviationbar-hurst` (manifest) generated 1 warning
[INFO] [stderr]    Compiling serde_core v1.0.228
[INFO] [stderr]    Compiling memchr v2.8.0
[INFO] [stderr]    Compiling csv-core v0.1.13
[INFO] [stderr]    Compiling csv v1.4.0
[INFO] [stderr]    Compiling opendeviationbar-hurst v13.91.0 (/opt/rustwide/workdir)
[INFO] [stdout] warning: unused variable: `name`
[INFO] [stdout]   --> tests/heavytail.rs:43:5
[INFO] [stdout]    |
[INFO] [stdout] 43 |     name: &'static str,
[INFO] [stdout]    |     ^^^^ help: if this is intentional, prefix it with an underscore: `_name`
[INFO] [stdout]    |
[INFO] [stdout]    = note: `#[warn(unused_variables)]` (part of `#[warn(unused)]`) on by default
[INFO] [stdout] 
[INFO] [stdout] 
[INFO] [stderr]     Finished `release` profile [optimized] target(s) in 11.48s
[INFO] running `Command { std: "docker" "inspect" "14d8f72be7a36610e3fe07675366b5546bf0b1555f87fc9f03fcdfd642002149", kill_on_drop: false }`
[INFO] running `Command { std: "docker" "exec" "-e" "SOURCE_DIR=/opt/rustwide/workdir" "-e" "CARGO_HOME=/opt/rustwide/cargo-home" "-e" "RUSTUP_HOME=/opt/rustwide/rustup-home" "-e" "CARGO_TARGET_DIR=/opt/rustwide/target" "-e" "CARGO_INCREMENTAL=0" "-e" "RUST_BACKTRACE=full" "-e" "RUSTFLAGS=--cap-lints=warn" "-e" "RUSTDOCFLAGS=--cap-lints=warn" "-w" "/opt/rustwide/workdir" "--user" "0:0" "14d8f72be7a36610e3fe07675366b5546bf0b1555f87fc9f03fcdfd642002149" "/opt/rustwide/cargo-home/bin/cargo" "+1.100.0-beta.1" "test" "--frozen" "--release", kill_on_drop: false }`
[INFO] [stderr] warning: `package.homepage` is redundant with `package.repository`
[INFO] [stderr]   --> Cargo.toml:80:12
[INFO] [stderr]    |
[INFO] [stderr] 80 | homepage = "https://github.com/terrylica/opendeviationbar"
[INFO] [stderr]    |            ^^^^^^^^^^^^^^^^^^^^^^^^^^^^^^^^^^^^^^^^^^^^^^^
[INFO] [stderr] ...
[INFO] [stderr] 85 | repository = "https://github.com/terrylica/opendeviationbar"
[INFO] [stderr]    |              -----------------------------------------------
[INFO] [stderr]    |
[INFO] [stderr]    = note: `cargo::redundant_homepage` is set to `warn` by default
[INFO] [stderr] help: consider removing `package.homepage`
[INFO] [stderr] warning: `opendeviationbar-hurst` (manifest) generated 1 warning
[INFO] [stderr] warning: unused variable: `name`
[INFO] [stderr]   --> tests/heavytail.rs:43:5
[INFO] [stderr]    |
[INFO] [stderr] 43 |     name: &'static str,
[INFO] [stderr]    |     ^^^^ help: if this is intentional, prefix it with an underscore: `_name`
[INFO] [stderr]    |
[INFO] [stderr]    = note: `#[warn(unused_variables)]` (part of `#[warn(unused)]`) on by default
[INFO] [stderr] 
[INFO] [stderr] warning: `opendeviationbar-hurst` (test "heavytail") generated 1 warning (run `cargo fix --test "heavytail" -p opendeviationbar-hurst` to apply 1 suggestion)
[INFO] [stderr]     Finished `release` profile [optimized] target(s) in 0.03s
[INFO] [stderr]      Running unittests src/lib.rs (/opt/rustwide/target/release/build/opendeviationbar-hurst/e369d90170507f10/out/opendeviationbar_hurst-e369d90170507f10)
[INFO] [stdout] 
[INFO] [stdout] running 87 tests
[INFO] [stdout] test fbm::tests::test_davies_harte_finite ... ok
[INFO] [stdout] test fbm::tests::test_davies_harte_empty ... ok
[INFO] [stdout] test fbm::tests::test_fbm_t_distribution_different_seeds ... ok
[INFO] [stdout] test fbm::tests::test_fbm_different_seeds ... ok
[INFO] [stdout] test fbm::tests::test_davies_harte_single ... ok
[INFO] [stdout] test dfa::tests::test_dfa_mean_reverting ... ok
[INFO] [stdout] test fbm::tests::test_fbm_t_distribution_finite ... ok
[INFO] [stdout] test fbm::tests::test_fbm_t_distribution_empty ... ok
[INFO] [stdout] test fbm::tests::test_fbm_t_distribution_length ... ok
[INFO] [stdout] test fbm::tests::test_fbm_t_distribution_reproducible ... ok
[INFO] [stdout] test fbm::tests::test_fbm_empty ... ok
[INFO] [stdout] test fbm::tests::test_fbm_t_distribution_single ... ok
[INFO] [stdout] test dfa::tests::test_dfa_trending ... ok
[INFO] [stdout] test dfa::tests::test_dfa_finite_output ... ok
[INFO] [stdout] test dfa::tests::test_dfa_short_series ... ok
[INFO] [stdout] test dfa::tests::test_dfa_constant ... ok
[INFO] [stdout] test gph::tests::test_gph_bandwidth_explicit ... ok
[INFO] [stdout] test fbm::tests::test_davies_harte_reproducible ... ok
[INFO] [stdout] test ghe::tests::test_ghe_q1_q2_consistency ... ok
[INFO] [stdout] test ghe::tests::test_ghe_short ... ok
[INFO] [stdout] test ghe::tests::test_ghe_trending ... ok
[INFO] [stdout] test fbm::tests::test_fbm_length ... ok
[INFO] [stdout] test fbm::tests::test_fbm_reproducible ... ok
[INFO] [stdout] test fbm::tests::test_davies_harte_length ... ok
[INFO] [stdout] test fbm::tests::test_fbm_single ... ok
[INFO] [stdout] test higuchi::tests::test_higuchi_short ... ok
[INFO] [stdout] test higuchi::tests::test_higuchi_constant ... ok
[INFO] [stdout] test gph::tests::test_gph_single_element ... ok
[INFO] [stdout] test gph::tests::test_gph_short_series ... ok
[INFO] [stdout] test ghe::tests::test_ghe_mean_reverting ... ok
[INFO] [stdout] test higuchi::tests::test_higuchi_trending ... ok
[INFO] [stdout] test gph::tests::test_gph_trending ... ok
[INFO] [stdout] test gph::tests::test_gph_constant_series ... ok
[INFO] [stdout] test gph::tests::test_gph_bandwidth_too_large ... ok
[INFO] [stdout] test gph::tests::test_gph_mean_reverting ... ok
[INFO] [stdout] test iaaft::tests::test_iaaft_empty_input ... ok
[INFO] [stdout] test higuchi::tests::test_higuchi_works_at_n10 ... ok
[INFO] [stdout] test gph::tests::test_gph_empty_input ... ok
[INFO] [stdout] test tests::test_dfa_single_element ... ok
[INFO] [stdout] test iaaft::tests::test_iaaft_small_input ... ok
[INFO] [stdout] test tests::test_ghe_empty_input ... ok
[INFO] [stdout] test tests::test_dfa_empty_input ... ok
[INFO] [stdout] test iaaft::tests::test_iaaft_with_nan_values ... ok
[INFO] [stdout] test higuchi::tests::test_higuchi_mean_reverting ... ok
[INFO] [stdout] test iaaft::tests::test_iaaft_different_seeds ... ok
[INFO] [stdout] test fbm::tests::test_fbm_t_distribution_vs_gaussian ... ok
[INFO] [stdout] test iaaft::tests::test_iaaft_preserves_length ... ok
[INFO] [stdout] test iaaft::tests::test_iaaft_preserves_amplitude_spectrum ... ok
[INFO] [stdout] test fbm::tests::test_fbm_finite ... ok
[INFO] [stdout] test tests::test_hurst_wavelet_empty_input ... ok
[INFO] [stdout] test tests::test_ghe_single_element ... ok
[INFO] [stdout] test tests::test_hurst_higuchi_empty_input ... ok
[INFO] [stdout] test tests::test_hurst_higuchi_single_element ... ok
[INFO] [stdout] test tests::test_rs_corrected_empty_input ... ok
[INFO] [stdout] test tests::test_iaaft_surrogate_single_element ... ok
[INFO] [stdout] test tests::test_iaaft_surrogate_empty_input ... ok
[INFO] [stdout] test tests::test_rssimple_constant_series ... ok
[INFO] [stdout] test iaaft::tests::test_iaaft_preserves_distribution ... ok
[INFO] [stdout] test tests::test_rs_corrected_bit_exact_oracle ... ok
[INFO] [stdout] test gph::tests::test_gph_two_elements ... ok
[INFO] [stdout] test tests::test_hurst_wavelet_single_element ... ok
[INFO] [stdout] test tests::test_rs_corrected_constant_series ... ok
[INFO] [stdout] test tests::test_iaaft_surrogate_with_nan ... ok
[INFO] [stdout] test tests::test_rssimple_empty ... ok
[INFO] [stdout] test tests::test_rssimple_negative_prices ... ok
[INFO] [stdout] test tests::test_rssimple_single_element ... ok
[INFO] [stdout] test tests::test_rssimple_trending_series ... ok
[INFO] [stdout] test wavelet::tests::test_wavelet_mean_reverting ... ok
[INFO] [stdout] test whittle::tests::test_whittle_constant_series ... ok
[INFO] [stdout] test whittle::tests::test_whittle_empty ... ok
[INFO] [stdout] test tests::test_rssimple_two_elements ... ok
[INFO] [stdout] test wavelet::tests::test_wavelet_constant ... ok
[INFO] [stdout] test whittle::tests::test_whittle_short_series ... ok
[INFO] [stdout] test tests::test_rssimple_nan_in_series ... ok
[INFO] [stdout] test tests::test_rs_corrected_single_element ... ok
[INFO] [stdout] test tests::test_rssimple_five_elements_doc_example ... ok
[INFO] [stdout] test wavelet::tests::test_wavelet_short ... ok
[INFO] [stdout] test tests::test_rssimple_alternating_series ... ok
[INFO] [stdout] test whittle::tests::test_whittle_trending_series ... ok
[INFO] [stdout] test whittle::tests::test_whittle_negative_prices ... ok
[INFO] [stdout] test wavelet::tests::test_wavelet_trending ... ok
[INFO] [stdout] test whittle::tests::test_whittle_mean_reverting ... ok
[INFO] [stdout] test fbm::tests::test_davies_harte_produces_valid_fbm ... ok
[INFO] [stdout] test whittle::tests::test_whittle_output_range ... ok
[INFO] [stdout] test whittle::tests::test_whittle_fbm_h05 ... ok
[INFO] [stdout] test whittle::tests::test_whittle_fbm_h03 ... ok
[INFO] [stdout] test whittle::tests::test_whittle_fbm_h07 ... ok
[INFO] [stdout] 
[INFO] [stdout] test result: ok. 87 passed; 0 failed; 0 ignored; 0 measured; 0 filtered out; finished in 15.20s
[INFO] [stdout] 
[INFO] [stderr]      Running tests/accuracy_validation.rs (/opt/rustwide/target/release/build/opendeviationbar-hurst/66f5e60050239621/out/accuracy_validation-66f5e60050239621)
[INFO] [stdout] 
[INFO] [stdout] running 4 tests
[INFO] [stdout] test accuracy_all_estimators_produce_finite_values ... ok
[INFO] [stdout] test accuracy_monotonicity_ordering ... ok
[INFO] [stdout] test accuracy_comprehensive_report has been running for over 60 seconds
[INFO] [stdout] test accuracy_gradient_informativeness has been running for over 60 seconds
[INFO] [stdout] test accuracy_gradient_informativeness ... ok
[INFO] [stdout] test accuracy_comprehensive_report ... ok
[INFO] [stdout] 
[INFO] [stdout] test result: ok. 4 passed; 0 failed; 0 ignored; 0 measured; 0 filtered out; finished in 233.35s
[INFO] [stdout] 
[INFO] [stderr]      Running tests/gph_oracle_parity.rs (/opt/rustwide/target/release/build/opendeviationbar-hurst/49cb8b65ec4da78d/out/gph_oracle_parity-49cb8b65ec4da78d)
[INFO] [stdout] 
[INFO] [stdout] running 2 tests
[INFO] [stdout] test test_gph_oracle_parity_btcusdt ... FAILED
[INFO] [stdout] test test_gph_oracle_parity_ethusdt ... FAILED
[INFO] [stdout] 
[INFO] [stdout] failures:
[INFO] [stdout] 
[INFO] [stdout] ---- test_gph_oracle_parity_btcusdt stdout ----
[INFO] [stdout] 
[INFO] [stdout] thread 'test_gph_oracle_parity_btcusdt' (796) panicked at tests/gph_oracle_parity.rs:47:5:
[INFO] [stdout] Fixture /opt/tests/fixtures/BTCUSDT-bars-close-sample-10k.csv not found
[INFO] [stdout] stack backtrace:
[INFO] [stdout]    0:     0x56427c004041 - <<std[617be2ca0a6fd877]::sys::backtrace::BacktraceLock>::print::DisplayBacktrace as core[a373ad73a504971]::fmt::Display>::fmt
[INFO] [stdout]    1:     0x56427c0198ca - core[a373ad73a504971]::fmt::write
[INFO] [stdout]    2:     0x56427c00827c - <alloc[2e1b2a31b91974c5]::vec::Vec<u8> as core[a373ad73a504971]::io::write::Write>::write_fmt
[INFO] [stdout]    3:     0x56427bfdfeb6 - std[617be2ca0a6fd877]::panicking::default_hook::{closure#0}
[INFO] [stdout]    4:     0x56427bffc379 - std[617be2ca0a6fd877]::panicking::default_hook
[INFO] [stdout]    5:     0x56427bf98240 - test[aada8e7e76ba119b]::test_main_inner::{closure#0}
[INFO] [stdout]    6:     0x56427bffc532 - std[617be2ca0a6fd877]::panicking::panic_with_hook
[INFO] [stdout]    7:     0x56427bfdff62 - std[617be2ca0a6fd877]::panicking::panic_handler::{closure#0}
[INFO] [stdout]    8:     0x56427bfd8ae9 - std[617be2ca0a6fd877]::sys::backtrace::__rust_end_short_backtrace::<std[617be2ca0a6fd877]::panicking::panic_handler::{closure#0}, !>
[INFO] [stdout]    9:     0x56427bfe0b6d - __rustc[ea4f61d10b84890b]::rust_begin_unwind
[INFO] [stdout]   10:     0x56427c019ffc - core[a373ad73a504971]::panicking::panic_fmt
[INFO] [stdout]   11:     0x56427bee3f71 - gph_oracle_parity[4f803605e6f8f545]::fixture_paths
[INFO] [stdout]   12:     0x56427bee4e36 - <gph_oracle_parity[4f803605e6f8f545]::test_gph_oracle_parity_btcusdt::{closure#0} as core[a373ad73a504971]::ops::function::FnOnce<()>>::call_once
[INFO] [stdout]   13:     0x56427bf8b68b - test[aada8e7e76ba119b]::__rust_begin_short_backtrace::<core[a373ad73a504971]::result::Result<(), alloc[2e1b2a31b91974c5]::string::String>, fn() -> core[a373ad73a504971]::result::Result<(), alloc[2e1b2a31b91974c5]::string::String>>
[INFO] [stdout]   14:     0x56427bf98865 - test[aada8e7e76ba119b]::run_test::{closure#0}
[INFO] [stdout]   15:     0x56427bf92154 - std[617be2ca0a6fd877]::sys::backtrace::__rust_begin_short_backtrace::<test[aada8e7e76ba119b]::run_test::{closure#1}, ()>
[INFO] [stdout]   16:     0x56427bf9b8f2 - <std[617be2ca0a6fd877]::thread::lifecycle::spawn_unchecked<test[aada8e7e76ba119b]::run_test::{closure#1}, ()>::{closure#1} as core[a373ad73a504971]::ops::function::FnOnce<()>>::call_once::{shim:vtable#0}
[INFO] [stdout]   17:     0x56427c00353f - <std[617be2ca0a6fd877]::sys::thread::unix::Thread>::new::thread_start
[INFO] [stdout]   18:     0x701f405dedfa - <unknown>
[INFO] [stdout]   19:     0x701f406723d4 - clone
[INFO] [stdout]   20:                0x0 - <unknown>
[INFO] [stdout] 
[INFO] [stdout] ---- test_gph_oracle_parity_ethusdt stdout ----
[INFO] [stdout] 
[INFO] [stdout] thread 'test_gph_oracle_parity_ethusdt' (797) panicked at tests/gph_oracle_parity.rs:47:5:
[INFO] [stdout] Fixture /opt/tests/fixtures/ETHUSDT-bars-close-sample-10k.csv not found
[INFO] [stdout] stack backtrace:
[INFO] [stdout]    0:     0x56427c004041 - <<std[617be2ca0a6fd877]::sys::backtrace::BacktraceLock>::print::DisplayBacktrace as core[a373ad73a504971]::fmt::Display>::fmt
[INFO] [stdout]    1:     0x56427c0198ca - core[a373ad73a504971]::fmt::write
[INFO] [stdout]    2:     0x56427c00827c - <alloc[2e1b2a31b91974c5]::vec::Vec<u8> as core[a373ad73a504971]::io::write::Write>::write_fmt
[INFO] [stdout]    3:     0x56427bfdfeb6 - std[617be2ca0a6fd877]::panicking::default_hook::{closure#0}
[INFO] [stdout]    4:     0x56427bffc379 - std[617be2ca0a6fd877]::panicking::default_hook
[INFO] [stdout]    5:     0x56427bf98240 - test[aada8e7e76ba119b]::test_main_inner::{closure#0}
[INFO] [stdout]    6:     0x56427bffc532 - std[617be2ca0a6fd877]::panicking::panic_with_hook
[INFO] [stdout]    7:     0x56427bfdff62 - std[617be2ca0a6fd877]::panicking::panic_handler::{closure#0}
[INFO] [stdout]    8:     0x56427bfd8ae9 - std[617be2ca0a6fd877]::sys::backtrace::__rust_end_short_backtrace::<std[617be2ca0a6fd877]::panicking::panic_handler::{closure#0}, !>
[INFO] [stdout]    9:     0x56427bfe0b6d - __rustc[ea4f61d10b84890b]::rust_begin_unwind
[INFO] [stdout]   10:     0x56427c019ffc - core[a373ad73a504971]::panicking::panic_fmt
[INFO] [stdout]   11:     0x56427bee3f71 - gph_oracle_parity[4f803605e6f8f545]::fixture_paths
[INFO] [stdout]   12:     0x56427bee4f16 - <gph_oracle_parity[4f803605e6f8f545]::test_gph_oracle_parity_ethusdt::{closure#0} as core[a373ad73a504971]::ops::function::FnOnce<()>>::call_once
[INFO] [stdout]   13:     0x56427bf8b68b - test[aada8e7e76ba119b]::__rust_begin_short_backtrace::<core[a373ad73a504971]::result::Result<(), alloc[2e1b2a31b91974c5]::string::String>, fn() -> core[a373ad73a504971]::result::Result<(), alloc[2e1b2a31b91974c5]::string::String>>
[INFO] [stdout]   14:     0x56427bf98865 - test[aada8e7e76ba119b]::run_test::{closure#0}
[INFO] [stdout]   15:     0x56427bf92154 - std[617be2ca0a6fd877]::sys::backtrace::__rust_begin_short_backtrace::<test[aada8e7e76ba119b]::run_test::{closure#1}, ()>
[INFO] [stdout]   16:     0x56427bf9b8f2 - <std[617be2ca0a6fd877]::thread::lifecycle::spawn_unchecked<test[aada8e7e76ba119b]::run_test::{closure#1}, ()>::{closure#1} as core[a373ad73a504971]::ops::function::FnOnce<()>>::call_once::{shim:vtable#0}
[INFO] [stdout]   17:     0x56427c00353f - <std[617be2ca0a6fd877]::sys::thread::unix::Thread>::new::thread_start
[INFO] [stdout]   18:     0x701f405dedfa - <unknown>
[INFO] [stdout]   19:     0x701f406723d4 - clone
[INFO] [stdout]   20:                0x0 - <unknown>
[INFO] [stdout] 
[INFO] [stdout] 
[INFO] [stdout] failures:
[INFO] [stdout]     test_gph_oracle_parity_btcusdt
[INFO] [stdout]     test_gph_oracle_parity_ethusdt
[INFO] [stdout] 
[INFO] [stdout] test result: FAILED. 0 passed; 2 failed; 0 ignored; 0 measured; 0 filtered out; finished in 0.00s
[INFO] [stdout] 
[INFO] [stderr] error: test failed, to rerun pass `--test gph_oracle_parity`
[INFO] running `Command { std: "docker" "inspect" "14d8f72be7a36610e3fe07675366b5546bf0b1555f87fc9f03fcdfd642002149", kill_on_drop: false }`
[INFO] running `Command { std: "docker" "rm" "-f" "14d8f72be7a36610e3fe07675366b5546bf0b1555f87fc9f03fcdfd642002149", kill_on_drop: false }`
[INFO] [stdout] 14d8f72be7a36610e3fe07675366b5546bf0b1555f87fc9f03fcdfd642002149
