[INFO] fetching crate opendal-service-fs 0.59.4...
[INFO] testing opendal-service-fs-0.59.4 against 1.100.0-beta.1+cargoflags=--release for beta-release-1.100-2
[INFO] extracting crate opendal-service-fs 0.59.4 into /workspace/builds/worker-0-tc2/source
[INFO] started tweaking crates.io crate opendal-service-fs 0.59.4
[INFO] finished tweaking crates.io crate opendal-service-fs 0.59.4
[INFO] tweaked toml for crates.io crate opendal-service-fs 0.59.4 written to /workspace/builds/worker-0-tc2/source/Cargo.toml
[INFO] validating manifest of crates.io crate opendal-service-fs 0.59.4 on toolchain 1.100.0-beta.1
[INFO] running `Command { std: CARGO_HOME="/workspace/cargo-home" RUSTUP_HOME="/workspace/rustup-home" "/workspace/cargo-home/bin/cargo" "+1.100.0-beta.1" "metadata" "--manifest-path" "Cargo.toml" "--no-deps", kill_on_drop: false }`
[INFO] crate crates.io crate opendal-service-fs 0.59.4 already has a lockfile, it will not be regenerated
[INFO] running `Command { std: CARGO_HOME="/workspace/cargo-home" RUSTUP_HOME="/workspace/rustup-home" "/workspace/cargo-home/bin/cargo" "+1.100.0-beta.1" "fetch" "--manifest-path" "Cargo.toml", kill_on_drop: false }`
[INFO] running `Command { std: "docker" "create" "-v" "/var/lib/crater-agent-workspace/builds/worker-0-tc2/source:/opt/rustwide/workdir:ro,Z" "-v" "/var/lib/crater-agent-workspace/builds/worker-0-tc2/target:/opt/rustwide/target:rw,Z" "-v" "/var/lib/crater-agent-workspace/cargo-home:/opt/rustwide/cargo-home:ro,Z" "-v" "/var/lib/crater-agent-workspace/rustup-home:/opt/rustwide/rustup-home:ro,Z" "-m" "1610612736" "--network" "none" "ghcr.io/rust-lang/crates-build-env/linux@sha256:77db811e55d90add9212f6832c23229e3de5f1c1f9905e8cb07319ea15df73ac" "sleep" "infinity", kill_on_drop: false }`
[INFO] [stdout] 640fc93d33e92df77bd3ef152b6582cfb6847e1fa20384f0aa34b839c6c88630
[INFO] running `Command { std: "docker" "start" "640fc93d33e92df77bd3ef152b6582cfb6847e1fa20384f0aa34b839c6c88630", kill_on_drop: false }`
[INFO] running `Command { std: "docker" "inspect" "640fc93d33e92df77bd3ef152b6582cfb6847e1fa20384f0aa34b839c6c88630", kill_on_drop: false }`
[INFO] running `Command { std: "docker" "exec" "-e" "SOURCE_DIR=/opt/rustwide/workdir" "-e" "CARGO_HOME=/opt/rustwide/cargo-home" "-e" "RUSTUP_HOME=/opt/rustwide/rustup-home" "-e" "CARGO_TARGET_DIR=/opt/rustwide/target" "-w" "/opt/rustwide/workdir" "--user" "0:0" "640fc93d33e92df77bd3ef152b6582cfb6847e1fa20384f0aa34b839c6c88630" "/opt/rustwide/cargo-home/bin/cargo" "+1.100.0-beta.1" "metadata" "--no-deps" "--format-version=1", kill_on_drop: false }`
[INFO] running `Command { std: "docker" "inspect" "640fc93d33e92df77bd3ef152b6582cfb6847e1fa20384f0aa34b839c6c88630", kill_on_drop: false }`
[INFO] running `Command { std: "docker" "exec" "-e" "SOURCE_DIR=/opt/rustwide/workdir" "-e" "CARGO_HOME=/opt/rustwide/cargo-home" "-e" "RUSTUP_HOME=/opt/rustwide/rustup-home" "-e" "CARGO_TARGET_DIR=/opt/rustwide/target" "-e" "CARGO_INCREMENTAL=0" "-e" "RUST_BACKTRACE=full" "-e" "RUSTFLAGS=--cap-lints=warn" "-e" "RUSTDOCFLAGS=--cap-lints=warn" "-w" "/opt/rustwide/workdir" "--user" "0:0" "640fc93d33e92df77bd3ef152b6582cfb6847e1fa20384f0aa34b839c6c88630" "/opt/rustwide/cargo-home/bin/cargo" "+1.100.0-beta.1" "build" "--frozen" "--message-format=json" "--release", kill_on_drop: false }`
[INFO] [stderr]    Compiling proc-macro2 v1.0.106
[INFO] [stderr]    Compiling unicode-ident v1.0.24
[INFO] [stderr]    Compiling quote v1.0.46
[INFO] [stderr]    Compiling stable_deref_trait v1.2.1
[INFO] [stderr]    Compiling serde_core v1.0.229
[INFO] [stderr]    Compiling litemap v0.8.2
[INFO] [stderr]    Compiling writeable v0.6.3
[INFO] [stderr]    Compiling icu_normalizer_data v2.1.1
[INFO] [stderr]    Compiling icu_properties_data v2.1.2
[INFO] [stderr]    Compiling typenum v1.20.0
[INFO] [stderr]    Compiling libc v0.2.186
[INFO] [stderr]    Compiling memchr v2.8.2
[INFO] [stderr]    Compiling smallvec v1.15.1
[INFO] [stderr]    Compiling pin-project-lite v0.2.17
[INFO] [stderr]    Compiling zmij v1.0.21
[INFO] [stderr]    Compiling futures-core v0.3.33
[INFO] [stderr]    Compiling cfg-if v1.0.4
[INFO] [stderr]    Compiling getrandom v0.4.2
[INFO] [stderr]    Compiling serde v1.0.229
[INFO] [stderr]    Compiling futures-sink v0.3.33
[INFO] [stderr]    Compiling serde_json v1.0.151
[INFO] [stderr]    Compiling futures-channel v0.3.33
[INFO] [stderr]    Compiling rustix v1.1.4
[INFO] [stderr]    Compiling futures-task v0.3.33
[INFO] [stderr]    Compiling slab v0.4.12
[INFO] [stderr]    Compiling percent-encoding v2.3.2
[INFO] [stderr]    Compiling const-oid v0.10.2
[INFO] [stderr]    Compiling itoa v1.0.18
[INFO] [stderr]    Compiling utf8_iter v1.0.4
[INFO] [stderr]    Compiling bytes v1.12.1
[INFO] [stderr]    Compiling futures-io v0.3.33
[INFO] [stderr]    Compiling anyhow v1.0.104
[INFO] [stderr]    Compiling linux-raw-sys v0.12.1
[INFO] [stderr]    Compiling jiff-core v0.1.0
[INFO] [stderr]    Compiling form_urlencoded v1.2.2
[INFO] [stderr]    Compiling bitflags v2.11.1
[INFO] [stderr]    Compiling log v0.4.33
[INFO] [stderr]    Compiling base64 v0.23.0
[INFO] [stderr]    Compiling asyncband v0.7.1
[INFO] [stderr]    Compiling syn v2.0.118
[INFO] [stderr]    Compiling syn v3.0.3
[INFO] [stderr]    Compiling http v1.4.2
[INFO] [stderr]    Compiling hybrid-array v0.4.12
[INFO] [stderr]    Compiling block-buffer v0.12.0
[INFO] [stderr]    Compiling crypto-common v0.2.1
[INFO] [stderr]    Compiling uuid v1.24.0
[INFO] [stderr]    Compiling jiff v0.2.35
[INFO] [stderr]    Compiling digest v0.11.3
[INFO] [stderr]    Compiling serde_derive v1.0.229
[INFO] [stderr]    Compiling xattr v1.6.1
[INFO] [stderr]    Compiling md-5 v0.11.0
[INFO] [stderr]    Compiling synstructure v0.13.2
[INFO] [stderr]    Compiling zerofrom-derive v0.1.7
[INFO] [stderr]    Compiling yoke-derive v0.8.2
[INFO] [stderr]    Compiling zerovec-derive v0.11.3
[INFO] [stderr]    Compiling displaydoc v0.2.5
[INFO] [stderr]    Compiling futures-macro v0.3.33
[INFO] [stderr]    Compiling tokio-macros v2.7.0
[INFO] [stderr]    Compiling tokio v1.53.1
[INFO] [stderr]    Compiling futures-util v0.3.33
[INFO] [stderr]    Compiling zerofrom v0.1.7
[INFO] [stderr]    Compiling yoke v0.8.2
[INFO] [stderr]    Compiling zerotrie v0.2.4
[INFO] [stderr]    Compiling zerovec v0.11.6
[INFO] [stderr]    Compiling quick-xml v0.41.0
[INFO] [stderr]    Compiling tinystr v0.8.3
[INFO] [stderr]    Compiling potential_utf v0.1.5
[INFO] [stderr]    Compiling icu_collections v2.1.1
[INFO] [stderr]    Compiling icu_locale_core v2.1.1
[INFO] [stderr]    Compiling icu_provider v2.1.1
[INFO] [stderr]    Compiling icu_properties v2.1.2
[INFO] [stderr]    Compiling icu_normalizer v2.1.1
[INFO] [stderr]    Compiling futures v0.3.33
[INFO] [stderr]    Compiling idna_adapter v1.2.1
[INFO] [stderr]    Compiling idna v1.1.0
[INFO] [stderr]    Compiling url v2.5.8
[INFO] [stderr]    Compiling opendal-core v0.59.4
[INFO] [stderr]    Compiling opendal-service-fs v0.59.4 (/opt/rustwide/workdir)
[INFO] [stderr]     Finished `release` profile [optimized] target(s) in 58.09s
[INFO] running `Command { std: "docker" "inspect" "640fc93d33e92df77bd3ef152b6582cfb6847e1fa20384f0aa34b839c6c88630", kill_on_drop: false }`
[INFO] running `Command { std: "docker" "exec" "-e" "SOURCE_DIR=/opt/rustwide/workdir" "-e" "CARGO_HOME=/opt/rustwide/cargo-home" "-e" "RUSTUP_HOME=/opt/rustwide/rustup-home" "-e" "CARGO_TARGET_DIR=/opt/rustwide/target" "-e" "CARGO_INCREMENTAL=0" "-e" "RUST_BACKTRACE=full" "-e" "RUSTFLAGS=--cap-lints=warn" "-e" "RUSTDOCFLAGS=--cap-lints=warn" "-w" "/opt/rustwide/workdir" "--user" "0:0" "640fc93d33e92df77bd3ef152b6582cfb6847e1fa20384f0aa34b839c6c88630" "/opt/rustwide/cargo-home/bin/cargo" "+1.100.0-beta.1" "test" "--frozen" "--no-run" "--message-format=json" "--release", kill_on_drop: false }`
[INFO] [stderr]    Compiling rustix v1.1.4
[INFO] [stderr]    Compiling once_cell v1.21.4
[INFO] [stderr]    Compiling fastrand v2.4.1
[INFO] [stderr]    Compiling xattr v1.6.1
[INFO] [stderr]    Compiling tempfile v3.27.0
[INFO] [stderr]    Compiling opendal-service-fs v0.59.4 (/opt/rustwide/workdir)
[INFO] [stderr]     Finished `release` profile [optimized] target(s) in 7.88s
[INFO] running `Command { std: "docker" "inspect" "640fc93d33e92df77bd3ef152b6582cfb6847e1fa20384f0aa34b839c6c88630", kill_on_drop: false }`
[INFO] running `Command { std: "docker" "exec" "-e" "SOURCE_DIR=/opt/rustwide/workdir" "-e" "CARGO_HOME=/opt/rustwide/cargo-home" "-e" "RUSTUP_HOME=/opt/rustwide/rustup-home" "-e" "CARGO_TARGET_DIR=/opt/rustwide/target" "-e" "CARGO_INCREMENTAL=0" "-e" "RUST_BACKTRACE=full" "-e" "RUSTFLAGS=--cap-lints=warn" "-e" "RUSTDOCFLAGS=--cap-lints=warn" "-w" "/opt/rustwide/workdir" "--user" "0:0" "640fc93d33e92df77bd3ef152b6582cfb6847e1fa20384f0aa34b839c6c88630" "/opt/rustwide/cargo-home/bin/cargo" "+1.100.0-beta.1" "test" "--frozen" "--release", kill_on_drop: false }`
[INFO] [stderr]     Finished `release` profile [optimized] target(s) in 0.12s
[INFO] [stderr]      Running unittests src/lib.rs (/opt/rustwide/target/release/build/opendal-service-fs/d2a55c73c1961e7f/out/opendal_service_fs-d2a55c73c1961e7f)
[INFO] [stdout] 
[INFO] [stdout] running 7 tests
[INFO] [stdout] test core::tests::test_confined_join_allows_normal_keys ... ok
[INFO] [stdout] test config::tests::from_uri_with_file_scheme ... ok
[INFO] [stdout] test config::tests::from_uri_extracts_root ... ok
[INFO] [stdout] test core::tests::test_confined_join_rejects_escaping_keys ... ok
[INFO] [stdout] test lister::tests::list_file_with_backslash_in_name ... ok
[INFO] [stdout] test core::tests::test_delete_iter_rejects_absolute_path_outside_root ... FAILED
[INFO] [stdout] test core::tests::test_fs_backend_copy_preserves_user_metadata ... ok
[INFO] [stdout] 
[INFO] [stdout] failures:
[INFO] [stdout] 
[INFO] [stdout] ---- core::tests::test_delete_iter_rejects_absolute_path_outside_root stdout ----
[INFO] [stdout] 
[INFO] [stdout] thread 'core::tests::test_delete_iter_rejects_absolute_path_outside_root' (1811) panicked at src/core.rs:440:14:
[INFO] [stdout] called `Result::unwrap_err()` on an `Ok` value: ()
[INFO] [stdout] stack backtrace:
[INFO] [stdout]    0:     0x64aff2a58b51 - <<std[617be2ca0a6fd877]::sys::backtrace::BacktraceLock>::print::DisplayBacktrace as core[a373ad73a504971]::fmt::Display>::fmt
[INFO] [stdout]    1:     0x64aff2a6f56a - core[a373ad73a504971]::fmt::write
[INFO] [stdout]    2:     0x64aff2a5d79c - <alloc[2e1b2a31b91974c5]::vec::Vec<u8> as core[a373ad73a504971]::io::write::Write>::write_fmt
[INFO] [stdout]    3:     0x64aff2a310b6 - std[617be2ca0a6fd877]::panicking::default_hook::{closure#0}
[INFO] [stdout]    4:     0x64aff2a4ee49 - std[617be2ca0a6fd877]::panicking::default_hook
[INFO] [stdout]    5:     0x64aff2967a90 - test[aada8e7e76ba119b]::test_main_inner::{closure#0}
[INFO] [stdout]    6:     0x64aff2a4f172 - std[617be2ca0a6fd877]::panicking::panic_with_hook
[INFO] [stdout]    7:     0x64aff2a31162 - std[617be2ca0a6fd877]::panicking::panic_handler::{closure#0}
[INFO] [stdout]    8:     0x64aff2a29699 - std[617be2ca0a6fd877]::sys::backtrace::__rust_end_short_backtrace::<std[617be2ca0a6fd877]::panicking::panic_handler::{closure#0}, !>
[INFO] [stdout]    9:     0x64aff2a31f6d - __rustc[ea4f61d10b84890b]::rust_begin_unwind
[INFO] [stdout]   10:     0x64aff2a6fd4c - core[a373ad73a504971]::panicking::panic_fmt
[INFO] [stdout]   11:     0x64aff2a6fb22 - core[a373ad73a504971]::result::unwrap_failed
[INFO] [stdout]   12:     0x64aff2926a3b - opendal_service_fs[1ad0ac2cb300fb1c]::core::tests::test_delete_iter_rejects_absolute_path_outside_root::{closure#0}
[INFO] [stdout]   13:     0x64aff2944b03 - <tokio[abfff19c3d5ff98a]::runtime::scheduler::current_thread::Context>::enter::<core[a373ad73a504971]::task::poll::Poll<()>, <tokio[abfff19c3d5ff98a]::runtime::scheduler::current_thread::CoreGuard>::block_on<core[a373ad73a504971]::pin::Pin<&mut core[a373ad73a504971]::pin::Pin<&mut dyn core[a373ad73a504971]::future::future::Future<Output = ()>>>>::{closure#0}::{closure#0}>
[INFO] [stdout]   14:     0x64aff292850c - <tokio[abfff19c3d5ff98a]::runtime::context::scoped::Scoped<tokio[abfff19c3d5ff98a]::runtime::scheduler::Context>>::set::<<tokio[abfff19c3d5ff98a]::runtime::scheduler::current_thread::CoreGuard>::enter<<tokio[abfff19c3d5ff98a]::runtime::scheduler::current_thread::CoreGuard>::block_on<core[a373ad73a504971]::pin::Pin<&mut core[a373ad73a504971]::pin::Pin<&mut dyn core[a373ad73a504971]::future::future::Future<Output = ()>>>>::{closure#0}, core[a373ad73a504971]::option::Option<()>>::{closure#0}, (alloc[2e1b2a31b91974c5]::boxed::Box<tokio[abfff19c3d5ff98a]::runtime::scheduler::current_thread::Core>, core[a373ad73a504971]::option::Option<()>)>
[INFO] [stdout]   15:     0x64aff2944ca7 - <tokio[abfff19c3d5ff98a]::runtime::scheduler::current_thread::CoreGuard>::block_on::<core[a373ad73a504971]::pin::Pin<&mut core[a373ad73a504971]::pin::Pin<&mut dyn core[a373ad73a504971]::future::future::Future<Output = ()>>>>
[INFO] [stdout]   16:     0x64aff295474d - tokio[abfff19c3d5ff98a]::runtime::context::runtime::enter_runtime::<<tokio[abfff19c3d5ff98a]::runtime::scheduler::current_thread::CurrentThread>::block_on<core[a373ad73a504971]::pin::Pin<&mut dyn core[a373ad73a504971]::future::future::Future<Output = ()>>>::{closure#0}, ()>
[INFO] [stdout]   17:     0x64aff2952c9e - <tokio[abfff19c3d5ff98a]::runtime::runtime::Runtime>::block_on::<core[a373ad73a504971]::pin::Pin<&mut dyn core[a373ad73a504971]::future::future::Future<Output = ()>>>
[INFO] [stdout]   18:     0x64aff29283b4 - <opendal_service_fs[1ad0ac2cb300fb1c]::core::tests::test_delete_iter_rejects_absolute_path_outside_root::{closure#0} as core[a373ad73a504971]::ops::function::FnOnce<()>>::call_once
[INFO] [stdout]   19:     0x64aff295aedb - test[aada8e7e76ba119b]::__rust_begin_short_backtrace::<core[a373ad73a504971]::result::Result<(), alloc[2e1b2a31b91974c5]::string::String>, fn() -> core[a373ad73a504971]::result::Result<(), alloc[2e1b2a31b91974c5]::string::String>>
[INFO] [stdout]   20:     0x64aff29680b5 - test[aada8e7e76ba119b]::run_test::{closure#0}
[INFO] [stdout]   21:     0x64aff29619a4 - std[617be2ca0a6fd877]::sys::backtrace::__rust_begin_short_backtrace::<test[aada8e7e76ba119b]::run_test::{closure#1}, ()>
[INFO] [stdout]   22:     0x64aff296b142 - <std[617be2ca0a6fd877]::thread::lifecycle::spawn_unchecked<test[aada8e7e76ba119b]::run_test::{closure#1}, ()>::{closure#1} as core[a373ad73a504971]::ops::function::FnOnce<()>>::call_once::{shim:vtable#0}
[INFO] [stdout]   23:     0x64aff2a5801f - <std[617be2ca0a6fd877]::sys::thread::unix::Thread>::new::thread_start
[INFO] [stdout]   24:     0x7a3909a6edfa - <unknown>
[INFO] [stdout]   25:     0x7a3909b023d4 - clone
[INFO] [stdout]   26:                0x0 - <unknown>
[INFO] [stdout] 
[INFO] [stdout] 
[INFO] [stdout] failures:
[INFO] [stdout]     core::tests::test_delete_iter_rejects_absolute_path_outside_root
[INFO] [stdout] 
[INFO] [stdout] test result: FAILED. 6 passed; 1 failed; 0 ignored; 0 measured; 0 filtered out; finished in 0.01s
[INFO] [stdout] 
[INFO] [stderr] error: test failed, to rerun pass `--lib`
[INFO] running `Command { std: "docker" "inspect" "640fc93d33e92df77bd3ef152b6582cfb6847e1fa20384f0aa34b839c6c88630", kill_on_drop: false }`
[INFO] running `Command { std: "docker" "rm" "-f" "640fc93d33e92df77bd3ef152b6582cfb6847e1fa20384f0aa34b839c6c88630", kill_on_drop: false }`
[INFO] [stdout] 640fc93d33e92df77bd3ef152b6582cfb6847e1fa20384f0aa34b839c6c88630
