[INFO] fetching crate opendal-service-foyer 0.59.4...
[INFO] testing opendal-service-foyer-0.59.4 against 1.100.0-beta.1+cargoflags=--release for beta-release-1.100-2
[INFO] extracting crate opendal-service-foyer 0.59.4 into /workspace/builds/worker-7-tc2/source
[INFO] started tweaking crates.io crate opendal-service-foyer 0.59.4
[INFO] finished tweaking crates.io crate opendal-service-foyer 0.59.4
[INFO] tweaked toml for crates.io crate opendal-service-foyer 0.59.4 written to /workspace/builds/worker-7-tc2/source/Cargo.toml
[INFO] validating manifest of crates.io crate opendal-service-foyer 0.59.4 on toolchain 1.100.0-beta.1
[INFO] running `Command { std: CARGO_HOME="/workspace/cargo-home" RUSTUP_HOME="/workspace/rustup-home" "/workspace/cargo-home/bin/cargo" "+1.100.0-beta.1" "metadata" "--manifest-path" "Cargo.toml" "--no-deps", kill_on_drop: false }`
[INFO] crate crates.io crate opendal-service-foyer 0.59.4 already has a lockfile, it will not be regenerated
[INFO] running `Command { std: CARGO_HOME="/workspace/cargo-home" RUSTUP_HOME="/workspace/rustup-home" "/workspace/cargo-home/bin/cargo" "+1.100.0-beta.1" "fetch" "--manifest-path" "Cargo.toml", kill_on_drop: false }`
[INFO] running `Command { std: "docker" "create" "-v" "/var/lib/crater-agent-workspace/builds/worker-7-tc2/source:/opt/rustwide/workdir:ro,Z" "-v" "/var/lib/crater-agent-workspace/builds/worker-7-tc2/target:/opt/rustwide/target:rw,Z" "-v" "/var/lib/crater-agent-workspace/cargo-home:/opt/rustwide/cargo-home:ro,Z" "-v" "/var/lib/crater-agent-workspace/rustup-home:/opt/rustwide/rustup-home:ro,Z" "-m" "1610612736" "--network" "none" "ghcr.io/rust-lang/crates-build-env/linux@sha256:77db811e55d90add9212f6832c23229e3de5f1c1f9905e8cb07319ea15df73ac" "sleep" "infinity", kill_on_drop: false }`
[INFO] [stdout] 102c08be6e64265596a19f80674ddf6ccb67ead1cb79d9f2be5ac89b1e548245
[INFO] running `Command { std: "docker" "start" "102c08be6e64265596a19f80674ddf6ccb67ead1cb79d9f2be5ac89b1e548245", kill_on_drop: false }`
[INFO] running `Command { std: "docker" "inspect" "102c08be6e64265596a19f80674ddf6ccb67ead1cb79d9f2be5ac89b1e548245", kill_on_drop: false }`
[INFO] running `Command { std: "docker" "exec" "-e" "SOURCE_DIR=/opt/rustwide/workdir" "-e" "CARGO_HOME=/opt/rustwide/cargo-home" "-e" "RUSTUP_HOME=/opt/rustwide/rustup-home" "-e" "CARGO_TARGET_DIR=/opt/rustwide/target" "-w" "/opt/rustwide/workdir" "--user" "0:0" "102c08be6e64265596a19f80674ddf6ccb67ead1cb79d9f2be5ac89b1e548245" "/opt/rustwide/cargo-home/bin/cargo" "+1.100.0-beta.1" "metadata" "--no-deps" "--format-version=1", kill_on_drop: false }`
[INFO] running `Command { std: "docker" "inspect" "102c08be6e64265596a19f80674ddf6ccb67ead1cb79d9f2be5ac89b1e548245", kill_on_drop: false }`
[INFO] running `Command { std: "docker" "exec" "-e" "SOURCE_DIR=/opt/rustwide/workdir" "-e" "CARGO_HOME=/opt/rustwide/cargo-home" "-e" "RUSTUP_HOME=/opt/rustwide/rustup-home" "-e" "CARGO_TARGET_DIR=/opt/rustwide/target" "-e" "CARGO_INCREMENTAL=0" "-e" "RUST_BACKTRACE=full" "-e" "RUSTFLAGS=--cap-lints=warn" "-e" "RUSTDOCFLAGS=--cap-lints=warn" "-w" "/opt/rustwide/workdir" "--user" "0:0" "102c08be6e64265596a19f80674ddf6ccb67ead1cb79d9f2be5ac89b1e548245" "/opt/rustwide/cargo-home/bin/cargo" "+1.100.0-beta.1" "build" "--frozen" "--message-format=json" "--release", kill_on_drop: false }`
[INFO] [stderr]    Compiling quote v1.0.46
[INFO] [stderr]    Compiling zerocopy v0.8.48
[INFO] [stderr]    Compiling getrandom v0.3.4
[INFO] [stderr]    Compiling bytes v1.12.1
[INFO] [stderr]    Compiling serde_core v1.0.229
[INFO] [stderr]    Compiling memchr v2.8.2
[INFO] [stderr]    Compiling futures-core v0.3.33
[INFO] [stderr]    Compiling anyhow v1.0.104
[INFO] [stderr]    Compiling icu_normalizer_data v2.1.1
[INFO] [stderr]    Compiling icu_properties_data v2.1.2
[INFO] [stderr]    Compiling futures-sink v0.3.33
[INFO] [stderr]    Compiling memoffset v0.9.1
[INFO] [stderr]    Compiling futures-io v0.3.33
[INFO] [stderr]    Compiling cc v1.4.0
[INFO] [stderr]    Compiling typenum v1.20.0
[INFO] [stderr]    Compiling futures-task v0.3.33
[INFO] [stderr]    Compiling rustix v1.1.4
[INFO] [stderr]    Compiling futures-channel v0.3.33
[INFO] [stderr]    Compiling zstd-safe v7.2.4
[INFO] [stderr]    Compiling mixtrics v0.2.3
[INFO] [stderr]    Compiling io-uring v0.7.12
[INFO] [stderr]    Compiling allocator-api2 v0.2.21
[INFO] [stderr]    Compiling linux-raw-sys v0.12.1
[INFO] [stderr]    Compiling syn v2.0.118
[INFO] [stderr]    Compiling syn v3.0.3
[INFO] [stderr]    Compiling foyer-intrusive-collections v0.10.0-dev
[INFO] [stderr]    Compiling num_cpus v1.17.0
[INFO] [stderr]    Compiling mea v0.6.4
[INFO] [stderr]    Compiling rand_core v0.9.5
[INFO] [stderr]    Compiling serde_json v1.0.151
[INFO] [stderr]    Compiling const-oid v0.10.2
[INFO] [stderr]    Compiling cmsketch v0.2.4
[INFO] [stderr]    Compiling hashbrown v0.16.1
[INFO] [stderr]    Compiling hybrid-array v0.4.12
[INFO] [stderr]    Compiling small_ctor v0.1.2
[INFO] [stderr]    Compiling web-time v1.1.0
[INFO] [stderr]    Compiling fastant v0.1.11
[INFO] [stderr]    Compiling core_affinity v0.8.3
[INFO] [stderr]    Compiling jiff-core v0.1.0
[INFO] [stderr]    Compiling foyer v0.22.3
[INFO] [stderr]    Compiling http v1.4.2
[INFO] [stderr]    Compiling base64 v0.23.0
[INFO] [stderr]    Compiling asyncband v0.7.1
[INFO] [stderr]    Compiling log v0.4.33
[INFO] [stderr]    Compiling crypto-common v0.2.1
[INFO] [stderr]    Compiling block-buffer v0.12.0
[INFO] [stderr]    Compiling zstd-sys v2.0.16+zstd.1.5.7
[INFO] [stderr]    Compiling lz4-sys v1.11.1+lz4-1.10.0
[INFO] [stderr]    Compiling fs4 v0.13.1
[INFO] [stderr]    Compiling digest v0.11.3
[INFO] [stderr]    Compiling md-5 v0.11.0
[INFO] [stderr]    Compiling serde_derive v1.0.229
[INFO] [stderr]    Compiling jiff v0.2.35
[INFO] [stderr]    Compiling synstructure v0.13.2
[INFO] [stderr]    Compiling ppv-lite86 v0.2.21
[INFO] [stderr]    Compiling serde v1.0.229
[INFO] [stderr]    Compiling rand_chacha v0.9.0
[INFO] [stderr]    Compiling rand v0.9.4
[INFO] [stderr]    Compiling zerofrom-derive v0.1.7
[INFO] [stderr]    Compiling yoke-derive v0.8.2
[INFO] [stderr]    Compiling zerovec-derive v0.11.3
[INFO] [stderr]    Compiling zerofrom v0.1.7
[INFO] [stderr]    Compiling displaydoc v0.2.5
[INFO] [stderr]    Compiling tokio-macros v2.7.0
[INFO] [stderr]    Compiling yoke v0.8.2
[INFO] [stderr]    Compiling futures-macro v0.3.33
[INFO] [stderr]    Compiling pin-project-internal v1.1.12
[INFO] [stderr]    Compiling zerovec v0.11.6
[INFO] [stderr]    Compiling tokio v1.53.1
[INFO] [stderr]    Compiling twox-hash v2.1.2
[INFO] [stderr]    Compiling zerotrie v0.2.4
[INFO] [stderr]    Compiling futures-util v0.3.33
[INFO] [stderr]    Compiling tinystr v0.8.3
[INFO] [stderr]    Compiling potential_utf v0.1.5
[INFO] [stderr]    Compiling tracing-attributes v0.1.31
[INFO] [stderr]    Compiling icu_locale_core v2.1.1
[INFO] [stderr]    Compiling icu_collections v2.1.1
[INFO] [stderr]    Compiling quick-xml v0.41.0
[INFO] [stderr]    Compiling pin-project v1.1.12
[INFO] [stderr]    Compiling uuid v1.24.0
[INFO] [stderr]    Compiling icu_provider v2.1.1
[INFO] [stderr]    Compiling icu_normalizer v2.1.1
[INFO] [stderr]    Compiling icu_properties v2.1.2
[INFO] [stderr]    Compiling tracing v0.1.44
[INFO] [stderr]    Compiling foyer-tokio v0.22.3
[INFO] [stderr]    Compiling foyer-common v0.22.3
[INFO] [stderr]    Compiling lz4 v1.28.1
[INFO] [stderr]    Compiling idna_adapter v1.2.1
[INFO] [stderr]    Compiling idna v1.1.0
[INFO] [stderr]    Compiling url v2.5.8
[INFO] [stderr]    Compiling foyer-memory v0.22.3
[INFO] [stderr]    Compiling futures v0.3.33
[INFO] [stderr]    Compiling opendal-core v0.59.4
[INFO] [stderr]    Compiling zstd v0.13.3
[INFO] [stderr]    Compiling foyer-storage v0.22.3
[INFO] [stderr]    Compiling opendal-service-foyer v0.59.4 (/opt/rustwide/workdir)
[INFO] [stderr]     Finished `release` profile [optimized] target(s) in 1m 29s
[INFO] running `Command { std: "docker" "inspect" "102c08be6e64265596a19f80674ddf6ccb67ead1cb79d9f2be5ac89b1e548245", kill_on_drop: false }`
[INFO] running `Command { std: "docker" "exec" "-e" "SOURCE_DIR=/opt/rustwide/workdir" "-e" "CARGO_HOME=/opt/rustwide/cargo-home" "-e" "RUSTUP_HOME=/opt/rustwide/rustup-home" "-e" "CARGO_TARGET_DIR=/opt/rustwide/target" "-e" "CARGO_INCREMENTAL=0" "-e" "RUST_BACKTRACE=full" "-e" "RUSTFLAGS=--cap-lints=warn" "-e" "RUSTDOCFLAGS=--cap-lints=warn" "-w" "/opt/rustwide/workdir" "--user" "0:0" "102c08be6e64265596a19f80674ddf6ccb67ead1cb79d9f2be5ac89b1e548245" "/opt/rustwide/cargo-home/bin/cargo" "+1.100.0-beta.1" "test" "--frozen" "--no-run" "--message-format=json" "--release", kill_on_drop: false }`
[INFO] [stderr]    Compiling tokio v1.53.1
[INFO] [stderr]    Compiling fastrand v2.4.1
[INFO] [stderr]    Compiling size v0.5.0
[INFO] [stderr]    Compiling tempfile v3.27.0
[INFO] [stderr]    Compiling foyer-tokio v0.22.3
[INFO] [stderr]    Compiling opendal-core v0.59.4
[INFO] [stderr]    Compiling foyer-common v0.22.3
[INFO] [stderr]    Compiling foyer-memory v0.22.3
[INFO] [stderr]    Compiling foyer-storage v0.22.3
[INFO] [stderr]    Compiling foyer v0.22.3
[INFO] [stderr]    Compiling opendal-service-foyer v0.59.4 (/opt/rustwide/workdir)
[INFO] [stderr]     Finished `release` profile [optimized] target(s) in 38.09s
[INFO] running `Command { std: "docker" "inspect" "102c08be6e64265596a19f80674ddf6ccb67ead1cb79d9f2be5ac89b1e548245", kill_on_drop: false }`
[INFO] running `Command { std: "docker" "exec" "-e" "SOURCE_DIR=/opt/rustwide/workdir" "-e" "CARGO_HOME=/opt/rustwide/cargo-home" "-e" "RUSTUP_HOME=/opt/rustwide/rustup-home" "-e" "CARGO_TARGET_DIR=/opt/rustwide/target" "-e" "CARGO_INCREMENTAL=0" "-e" "RUST_BACKTRACE=full" "-e" "RUSTFLAGS=--cap-lints=warn" "-e" "RUSTDOCFLAGS=--cap-lints=warn" "-w" "/opt/rustwide/workdir" "--user" "0:0" "102c08be6e64265596a19f80674ddf6ccb67ead1cb79d9f2be5ac89b1e548245" "/opt/rustwide/cargo-home/bin/cargo" "+1.100.0-beta.1" "test" "--frozen" "--release", kill_on_drop: false }`
[INFO] [stderr]     Finished `release` profile [optimized] target(s) in 0.16s
[INFO] [stderr]      Running unittests src/lib.rs (/opt/rustwide/target/release/build/opendal-service-foyer/13035ef4ea3e8ab6/out/opendal_service_foyer-13035ef4ea3e8ab6)
[INFO] [stdout] 
[INFO] [stdout] running 7 tests
[INFO] [stdout] test config::tests::test_from_uri_sets_name_and_root ... ok
[INFO] [stdout] test config::tests::test_from_uri_sets_memory ... ok
[INFO] [stdout] test tests::test_hybrid_cache_via_config ... ok
[INFO] [stdout] test config::tests::test_from_uri_sets_recovery_and_shards ... ok
[INFO] [stdout] test config::tests::test_from_uri_sets_disk_config ... ok
[INFO] [stderr]    Doc-tests opendal_service_foyer
[INFO] [stdout] test tests::test_basic_operations ... ok
[INFO] [stdout] test tests::test_range_read ... ok
[INFO] [stdout] 
[INFO] [stdout] test result: ok. 7 passed; 0 failed; 0 ignored; 0 measured; 0 filtered out; finished in 0.01s
[INFO] [stdout] 
[INFO] [stdout] 
[INFO] [stdout] running 6 tests
[INFO] [stdout] test src/backend.rs - backend::FoyerBuilder (line 117) - compile ... FAILED
[INFO] [stdout] test src/backend.rs - backend::FoyerBuilder::new (line 58) - compile ... ok
[INFO] [stdout] test src/backend.rs - backend::FoyerBuilder (line 84) - compile ... FAILED
[INFO] [stdout] test src/backend.rs - backend::FoyerBuilder (line 144) - compile ... FAILED
[INFO] [stdout] test src/backend.rs - backend::FoyerBuilder::cache (line 86) - compile ... ok
[INFO] [stdout] test src/../README.md - (line 29) ... ok
[INFO] [stdout] 
[INFO] [stdout] failures:
[INFO] [stdout] 
[INFO] [stdout] ---- src/backend.rs - backend::FoyerBuilder (line 117) stdout ----
[INFO] [stdout] error[E0432]: unresolved import `opendal`
[INFO] [stdout]    --> src/backend.rs:119:5
[INFO] [stdout]     |
[INFO] [stdout] 119 | use opendal::Operator;
[INFO] [stdout]     |     ^^^^^^^ use of unresolved module or unlinked crate `opendal`
[INFO] [stdout]     |
[INFO] [stdout]     = help: if you wanted to use a crate named `opendal`, use `cargo add opendal` to add it to your `Cargo.toml`
[INFO] [stdout] 
[INFO] [stdout] error: aborting due to 1 previous error
[INFO] [stdout] 
[INFO] [stdout] For more information about this error, try `rustc --explain E0432`.
[INFO] [stdout] Couldn't compile the test.
[INFO] [stdout] ---- src/backend.rs - backend::FoyerBuilder (line 84) stdout ----
[INFO] [stdout] error[E0432]: unresolved import `opendal`
[INFO] [stdout]   --> src/backend.rs:86:5
[INFO] [stdout]    |
[INFO] [stdout] 86 | use opendal::Operator;
[INFO] [stdout]    |     ^^^^^^^ use of unresolved module or unlinked crate `opendal`
[INFO] [stdout]    |
[INFO] [stdout]    = help: if you wanted to use a crate named `opendal`, use `cargo add opendal` to add it to your `Cargo.toml`
[INFO] [stdout] 
[INFO] [stdout] error: aborting due to 1 previous error
[INFO] [stdout] 
[INFO] [stdout] For more information about this error, try `rustc --explain E0432`.
[INFO] [stdout] Couldn't compile the test.
[INFO] [stdout] ---- src/backend.rs - backend::FoyerBuilder (line 144) stdout ----
[INFO] [stdout] error[E0432]: unresolved import `opendal`
[INFO] [stdout]    --> src/backend.rs:146:5
[INFO] [stdout]     |
[INFO] [stdout] 146 | use opendal::Operator;
[INFO] [stdout]     |     ^^^^^^^ use of unresolved module or unlinked crate `opendal`
[INFO] [stdout]     |
[INFO] [stdout]     = help: if you wanted to use a crate named `opendal`, use `cargo add opendal` to add it to your `Cargo.toml`
[INFO] [stdout] 
[INFO] [stdout] error[E0432]: unresolved import `opendal`
[INFO] [stdout]    --> src/backend.rs:147:5
[INFO] [stdout]     |
[INFO] [stdout] 147 | use opendal::OperatorRegistry;
[INFO] [stdout]     |     ^^^^^^^ use of unresolved module or unlinked crate `opendal`
[INFO] [stdout]     |
[INFO] [stdout]     = help: if you wanted to use a crate named `opendal`, use `cargo add opendal` to add it to your `Cargo.toml`
[INFO] [stdout] 
[INFO] [stdout] error: aborting due to 2 previous errors
[INFO] [stdout] 
[INFO] [stdout] For more information about this error, try `rustc --explain E0432`.
[INFO] [stdout] Couldn't compile the test.
[INFO] [stdout] 
[INFO] [stdout] failures:
[INFO] [stdout]     src/backend.rs - backend::FoyerBuilder (line 117)
[INFO] [stdout]     src/backend.rs - backend::FoyerBuilder (line 144)
[INFO] [stdout]     src/backend.rs - backend::FoyerBuilder (line 84)
[INFO] [stdout] 
[INFO] [stdout] test result: FAILED. 3 passed; 3 failed; 0 ignored; 0 measured; 0 filtered out; finished in 0.35s
[INFO] [stdout] 
[INFO] [stdout] all doctests ran in 0.48s; merged doctests compilation took 0.13s
[INFO] [stderr] error: doctest failed, to rerun pass `--doc`
[INFO] running `Command { std: "docker" "inspect" "102c08be6e64265596a19f80674ddf6ccb67ead1cb79d9f2be5ac89b1e548245", kill_on_drop: false }`
[INFO] running `Command { std: "docker" "rm" "-f" "102c08be6e64265596a19f80674ddf6ccb67ead1cb79d9f2be5ac89b1e548245", kill_on_drop: false }`
[INFO] [stdout] 102c08be6e64265596a19f80674ddf6ccb67ead1cb79d9f2be5ac89b1e548245
