[INFO] fetching crate opendal-layer-concurrent-limit 0.59.4...
[INFO] testing opendal-layer-concurrent-limit-0.59.4 against 1.99.0-beta.8+cargoflags=--release for beta-release-1.100-2
[INFO] extracting crate opendal-layer-concurrent-limit 0.59.4 into /workspace/builds/worker-1-tc1/source
[INFO] started tweaking crates.io crate opendal-layer-concurrent-limit 0.59.4
[INFO] finished tweaking crates.io crate opendal-layer-concurrent-limit 0.59.4
[INFO] tweaked toml for crates.io crate opendal-layer-concurrent-limit 0.59.4 written to /workspace/builds/worker-1-tc1/source/Cargo.toml
[INFO] validating manifest of crates.io crate opendal-layer-concurrent-limit 0.59.4 on toolchain 1.99.0-beta.8
[INFO] running `Command { std: CARGO_HOME="/workspace/cargo-home" RUSTUP_HOME="/workspace/rustup-home" "/workspace/cargo-home/bin/cargo" "+1.99.0-beta.8" "metadata" "--manifest-path" "Cargo.toml" "--no-deps", kill_on_drop: false }`
[INFO] crate crates.io crate opendal-layer-concurrent-limit 0.59.4 already has a lockfile, it will not be regenerated
[INFO] running `Command { std: CARGO_HOME="/workspace/cargo-home" RUSTUP_HOME="/workspace/rustup-home" "/workspace/cargo-home/bin/cargo" "+1.99.0-beta.8" "fetch" "--manifest-path" "Cargo.toml", kill_on_drop: false }`
[INFO] [stderr]     Updating crates.io index
[INFO] [stderr]  Downloading crates ...
[INFO] [stderr]   Downloaded base64 v0.23.0
[INFO] [stderr]   Downloaded asyncband v0.7.1
[INFO] [stderr]   Downloaded opendal-core v0.59.4
[INFO] running `Command { std: "docker" "create" "-v" "/var/lib/crater-agent-workspace/builds/worker-1-tc1/source:/opt/rustwide/workdir:ro,Z" "-v" "/var/lib/crater-agent-workspace/builds/worker-1-tc1/target:/opt/rustwide/target:rw,Z" "-v" "/var/lib/crater-agent-workspace/cargo-home:/opt/rustwide/cargo-home:ro,Z" "-v" "/var/lib/crater-agent-workspace/rustup-home:/opt/rustwide/rustup-home:ro,Z" "-m" "1610612736" "--network" "none" "ghcr.io/rust-lang/crates-build-env/linux@sha256:77db811e55d90add9212f6832c23229e3de5f1c1f9905e8cb07319ea15df73ac" "sleep" "infinity", kill_on_drop: false }`
[INFO] [stdout] 698e3afaddd113a491858dfcb22b6a86aca49eef61601f8ca659f91a6bfff162
[INFO] running `Command { std: "docker" "start" "698e3afaddd113a491858dfcb22b6a86aca49eef61601f8ca659f91a6bfff162", kill_on_drop: false }`
[INFO] running `Command { std: "docker" "inspect" "698e3afaddd113a491858dfcb22b6a86aca49eef61601f8ca659f91a6bfff162", kill_on_drop: false }`
[INFO] running `Command { std: "docker" "exec" "-e" "SOURCE_DIR=/opt/rustwide/workdir" "-e" "CARGO_HOME=/opt/rustwide/cargo-home" "-e" "RUSTUP_HOME=/opt/rustwide/rustup-home" "-e" "CARGO_TARGET_DIR=/opt/rustwide/target" "-w" "/opt/rustwide/workdir" "--user" "0:0" "698e3afaddd113a491858dfcb22b6a86aca49eef61601f8ca659f91a6bfff162" "/opt/rustwide/cargo-home/bin/cargo" "+1.99.0-beta.8" "metadata" "--no-deps" "--format-version=1", kill_on_drop: false }`
[INFO] running `Command { std: "docker" "inspect" "698e3afaddd113a491858dfcb22b6a86aca49eef61601f8ca659f91a6bfff162", kill_on_drop: false }`
[INFO] running `Command { std: "docker" "exec" "-e" "SOURCE_DIR=/opt/rustwide/workdir" "-e" "CARGO_HOME=/opt/rustwide/cargo-home" "-e" "RUSTUP_HOME=/opt/rustwide/rustup-home" "-e" "CARGO_TARGET_DIR=/opt/rustwide/target" "-e" "CARGO_INCREMENTAL=0" "-e" "RUST_BACKTRACE=full" "-e" "RUSTFLAGS=--cap-lints=warn" "-e" "RUSTDOCFLAGS=--cap-lints=warn" "-w" "/opt/rustwide/workdir" "--user" "0:0" "698e3afaddd113a491858dfcb22b6a86aca49eef61601f8ca659f91a6bfff162" "/opt/rustwide/cargo-home/bin/cargo" "+1.99.0-beta.8" "build" "--frozen" "--message-format=json" "--release", kill_on_drop: false }`
[INFO] [stderr]    Compiling futures-sink v0.3.33
[INFO] [stderr]    Compiling hybrid-array v0.4.12
[INFO] [stderr]    Compiling futures-core v0.3.33
[INFO] [stderr]    Compiling futures-task v0.3.33
[INFO] [stderr]    Compiling futures-io v0.3.33
[INFO] [stderr]    Compiling syn v2.0.118
[INFO] [stderr]    Compiling syn v3.0.3
[INFO] [stderr]    Compiling getrandom v0.4.2
[INFO] [stderr]    Compiling jiff-core v0.1.0
[INFO] [stderr]    Compiling base64 v0.23.0
[INFO] [stderr]    Compiling serde_json v1.0.151
[INFO] [stderr]    Compiling asyncband v0.7.1
[INFO] [stderr]    Compiling futures-channel v0.3.33
[INFO] [stderr]    Compiling uuid v1.24.0
[INFO] [stderr]    Compiling block-buffer v0.12.0
[INFO] [stderr]    Compiling crypto-common v0.2.1
[INFO] [stderr]    Compiling jiff v0.2.35
[INFO] [stderr]    Compiling digest v0.11.3
[INFO] [stderr]    Compiling md-5 v0.11.0
[INFO] [stderr]    Compiling serde_derive v1.0.229
[INFO] [stderr]    Compiling synstructure v0.13.2
[INFO] [stderr]    Compiling serde v1.0.229
[INFO] [stderr]    Compiling zerofrom-derive v0.1.7
[INFO] [stderr]    Compiling yoke-derive v0.8.2
[INFO] [stderr]    Compiling zerovec-derive v0.11.3
[INFO] [stderr]    Compiling displaydoc v0.2.5
[INFO] [stderr]    Compiling futures-macro v0.3.33
[INFO] [stderr]    Compiling tokio-macros v2.7.0
[INFO] [stderr]    Compiling quick-xml v0.41.0
[INFO] [stderr]    Compiling tokio v1.53.1
[INFO] [stderr]    Compiling futures-util v0.3.33
[INFO] [stderr]    Compiling zerofrom v0.1.7
[INFO] [stderr]    Compiling yoke v0.8.2
[INFO] [stderr]    Compiling zerovec v0.11.6
[INFO] [stderr]    Compiling zerotrie v0.2.4
[INFO] [stderr]    Compiling tinystr v0.8.3
[INFO] [stderr]    Compiling potential_utf v0.1.5
[INFO] [stderr]    Compiling icu_collections v2.1.1
[INFO] [stderr]    Compiling icu_locale_core v2.1.1
[INFO] [stderr]    Compiling icu_provider v2.1.1
[INFO] [stderr]    Compiling icu_normalizer v2.1.1
[INFO] [stderr]    Compiling icu_properties v2.1.2
[INFO] [stderr]    Compiling futures v0.3.33
[INFO] [stderr]    Compiling idna_adapter v1.2.1
[INFO] [stderr]    Compiling idna v1.1.0
[INFO] [stderr]    Compiling url v2.5.8
[INFO] [stderr]    Compiling opendal-core v0.59.4
[INFO] [stderr]    Compiling opendal-layer-concurrent-limit v0.59.4 (/opt/rustwide/workdir)
[INFO] [stderr]     Finished `release` profile [optimized] target(s) in 22.61s
[INFO] running `Command { std: "docker" "inspect" "698e3afaddd113a491858dfcb22b6a86aca49eef61601f8ca659f91a6bfff162", kill_on_drop: false }`
[INFO] running `Command { std: "docker" "exec" "-e" "SOURCE_DIR=/opt/rustwide/workdir" "-e" "CARGO_HOME=/opt/rustwide/cargo-home" "-e" "RUSTUP_HOME=/opt/rustwide/rustup-home" "-e" "CARGO_TARGET_DIR=/opt/rustwide/target" "-e" "CARGO_INCREMENTAL=0" "-e" "RUST_BACKTRACE=full" "-e" "RUSTFLAGS=--cap-lints=warn" "-e" "RUSTDOCFLAGS=--cap-lints=warn" "-w" "/opt/rustwide/workdir" "--user" "0:0" "698e3afaddd113a491858dfcb22b6a86aca49eef61601f8ca659f91a6bfff162" "/opt/rustwide/cargo-home/bin/cargo" "+1.99.0-beta.8" "test" "--frozen" "--no-run" "--message-format=json" "--release", kill_on_drop: false }`
[INFO] [stderr]    Compiling tokio v1.53.1
[INFO] [stderr]    Compiling opendal-core v0.59.4
[INFO] [stderr]    Compiling opendal-layer-concurrent-limit v0.59.4 (/opt/rustwide/workdir)
[INFO] [stderr]     Finished `release` profile [optimized] target(s) in 14.08s
[INFO] running `Command { std: "docker" "inspect" "698e3afaddd113a491858dfcb22b6a86aca49eef61601f8ca659f91a6bfff162", kill_on_drop: false }`
[INFO] running `Command { std: "docker" "exec" "-e" "SOURCE_DIR=/opt/rustwide/workdir" "-e" "CARGO_HOME=/opt/rustwide/cargo-home" "-e" "RUSTUP_HOME=/opt/rustwide/rustup-home" "-e" "CARGO_TARGET_DIR=/opt/rustwide/target" "-e" "CARGO_INCREMENTAL=0" "-e" "RUST_BACKTRACE=full" "-e" "RUSTFLAGS=--cap-lints=warn" "-e" "RUSTDOCFLAGS=--cap-lints=warn" "-w" "/opt/rustwide/workdir" "--user" "0:0" "698e3afaddd113a491858dfcb22b6a86aca49eef61601f8ca659f91a6bfff162" "/opt/rustwide/cargo-home/bin/cargo" "+1.99.0-beta.8" "test" "--frozen" "--release", kill_on_drop: false }`
[INFO] [stderr]     Finished `release` profile [optimized] target(s) in 0.11s
[INFO] [stderr]      Running unittests src/lib.rs (/opt/rustwide/target/release/deps/opendal_layer_concurrent_limit-75bbc31599e2ea2c)
[INFO] [stdout] 
[INFO] [stdout] running 5 tests
[INFO] [stdout] test tests::concurrent_chunked_read_with_http_limit ... FAILED
[INFO] [stdout] test tests::http_semaphore_holds_until_body_dropped ... ok
[INFO] [stdout] test tests::operation_semaphore_can_be_shared ... ok
[INFO] [stdout] test tests::operation_semaphore_held_until_copier_dropped ... ok
[INFO] [stdout] test tests::operation_semaphore_limits_copy_and_rename ... ok
[INFO] [stdout] 
[INFO] [stdout] failures:
[INFO] [stdout] 
[INFO] [stdout] ---- tests::concurrent_chunked_read_with_http_limit stdout ----
[INFO] [stdout] 
[INFO] [stdout] thread 'tests::concurrent_chunked_read_with_http_limit' (1004) panicked at /opt/rustwide/cargo-home/registry/src/index.crates.io-1949cf8c6b5b557f/opendal-core-0.59.4/src/types/execute/api.rs:71:9:
[INFO] [stdout] concurrent tasks executed with no executor has been enabled
[INFO] [stdout] stack backtrace:
[INFO] [stdout]    0:     0x63b631e2b381 - <<std[70759c8f55707aa4]::sys::backtrace::BacktraceLock>::print::DisplayBacktrace as core[df12db4294e9bfd3]::fmt::Display>::fmt
[INFO] [stdout]    1:     0x63b631e40cfa - core[df12db4294e9bfd3]::fmt::write
[INFO] [stdout]    2:     0x63b631e2fd8c - <alloc[2182bb758b4b3781]::vec::Vec<u8> as core[df12db4294e9bfd3]::io::write::Write>::write_fmt
[INFO] [stdout]    3:     0x63b631e06f96 - std[70759c8f55707aa4]::panicking::default_hook::{closure#0}
[INFO] [stdout]    4:     0x63b631e23909 - std[70759c8f55707aa4]::panicking::default_hook
[INFO] [stdout]    5:     0x63b631d59fb0 - test[9d35eded1c95d3be]::test_main_inner::<test[9d35eded1c95d3be]::test_main_static::{closure#0}>::{closure#0}
[INFO] [stdout]    6:     0x63b631e23c32 - std[70759c8f55707aa4]::panicking::panic_with_hook
[INFO] [stdout]    7:     0x63b631e07074 - std[70759c8f55707aa4]::panicking::panic_handler::{closure#0}
[INFO] [stdout]    8:     0x63b631dff839 - std[70759c8f55707aa4]::sys::backtrace::__rust_end_short_backtrace::<std[70759c8f55707aa4]::panicking::panic_handler::{closure#0}, !>
[INFO] [stdout]    9:     0x63b631e07d4d - __rustc[8fa7c3cbc660c2b3]::rust_begin_unwind
[INFO] [stdout]   10:     0x63b631e414dc - core[df12db4294e9bfd3]::panicking::panic_fmt
[INFO] [stdout]   11:     0x63b631dc3074 - <() as opendal_core[fd371b43ef05688d]::types::execute::api::Execute>::execute
[INFO] [stdout]   12:     0x63b631dbdb96 - <opendal_core[fd371b43ef05688d]::types::execute::executor::Executor>::execute::<futures_util[c2ae02cca4fc6019]::future::future::Inspect<futures_util[c2ae02cca4fc6019]::future::future::Map<core[df12db4294e9bfd3]::pin::Pin<alloc[2182bb758b4b3781]::boxed::Box<dyn core[df12db4294e9bfd3]::future::future::Future<Output = (opendal_core[fd371b43ef05688d]::types::read::buffer_stream::ChunkedReadInput, core[df12db4294e9bfd3]::result::Result<opendal_core[fd371b43ef05688d]::types::buffer::Buffer, opendal_core[fd371b43ef05688d]::types::error::Error>)> + core[df12db4294e9bfd3]::marker::Send>>, <opendal_core[fd371b43ef05688d]::raw::futures_util::ConcurrentTasks<opendal_core[fd371b43ef05688d]::types::read::buffer_stream::ChunkedReadInput, opendal_core[fd371b43ef05688d]::types::buffer::Buffer>>::spawn_task::{closure#0}>, <opendal_core[fd371b43ef05688d]::raw::futures_util::ConcurrentTasks<opendal_core[fd371b43ef05688d]::types::read::buffer_stream::ChunkedReadInput, opendal_core[fd371b43ef05688d]::types::buffer::Buffer>>::spawn_task::{closure#1}>>
[INFO] [stdout]   13:     0x63b631dc5e6a - <opendal_core[fd371b43ef05688d]::raw::futures_util::ConcurrentTasks<opendal_core[fd371b43ef05688d]::types::read::buffer_stream::ChunkedReadInput, opendal_core[fd371b43ef05688d]::types::buffer::Buffer>>::execute::{closure#0}
[INFO] [stdout]   14:     0x63b631dc8310 - <opendal_core[fd371b43ef05688d]::types::read::buffer_stream::BufferStream as futures_core[43423f926737052e]::stream::Stream>::poll_next::{closure#0}
[INFO] [stdout]   15:     0x63b631dcd37f - <opendal_core[fd371b43ef05688d]::types::read::buffer_stream::BufferStream as futures_core[43423f926737052e]::stream::Stream>::poll_next
[INFO] [stdout]   16:     0x63b631d4608c - <futures_util[c2ae02cca4fc6019]::stream::try_stream::try_collect::TryCollect<opendal_core[fd371b43ef05688d]::types::read::buffer_stream::BufferStream, alloc[2182bb758b4b3781]::vec::Vec<opendal_core[fd371b43ef05688d]::types::buffer::Buffer>> as core[df12db4294e9bfd3]::future::future::Future>::poll
[INFO] [stdout]   17:     0x63b631d3725a - <tokio[a34d60fc5230b782]::time::timeout::Timeout<opendal_layer_concurrent_limit[dc4edbb61c4e8a42]::tests::concurrent_chunked_read_with_http_limit::{closure#0}::{closure#0}> as core[df12db4294e9bfd3]::future::future::Future>::poll
[INFO] [stdout]   18:     0x63b631d2a50b - opendal_layer_concurrent_limit[dc4edbb61c4e8a42]::tests::concurrent_chunked_read_with_http_limit::{closure#0}
[INFO] [stdout]   19:     0x63b631d428fe - <tokio[a34d60fc5230b782]::runtime::scheduler::current_thread::CurrentThread>::block_on::<core[df12db4294e9bfd3]::pin::Pin<&mut dyn core[df12db4294e9bfd3]::future::future::Future<Output = ()>>>
[INFO] [stdout]   20:     0x63b631d3bdfd - <tokio[a34d60fc5230b782]::runtime::runtime::Runtime>::block_on::<core[df12db4294e9bfd3]::pin::Pin<&mut dyn core[df12db4294e9bfd3]::future::future::Future<Output = ()>>>
[INFO] [stdout]   21:     0x63b631d2f656 - opendal_layer_concurrent_limit[dc4edbb61c4e8a42]::tests::concurrent_chunked_read_with_http_limit
[INFO] [stdout]   22:     0x63b631d24ed9 - <opendal_layer_concurrent_limit[dc4edbb61c4e8a42]::tests::concurrent_chunked_read_with_http_limit::{closure#0} as core[df12db4294e9bfd3]::ops::function::FnOnce<()>>::call_once
[INFO] [stdout]   23:     0x63b631d4d29b - test[9d35eded1c95d3be]::__rust_begin_short_backtrace::<core[df12db4294e9bfd3]::result::Result<(), alloc[2182bb758b4b3781]::string::String>, fn() -> core[df12db4294e9bfd3]::result::Result<(), alloc[2182bb758b4b3781]::string::String>>
[INFO] [stdout]   24:     0x63b631d5a905 - test[9d35eded1c95d3be]::run_test::{closure#0}
[INFO] [stdout]   25:     0x63b631d541c4 - std[70759c8f55707aa4]::sys::backtrace::__rust_begin_short_backtrace::<test[9d35eded1c95d3be]::run_test::{closure#1}, ()>
[INFO] [stdout]   26:     0x63b631d5da62 - <std[70759c8f55707aa4]::thread::lifecycle::spawn_unchecked<test[9d35eded1c95d3be]::run_test::{closure#1}, ()>::{closure#1} as core[df12db4294e9bfd3]::ops::function::FnOnce<()>>::call_once::{shim:vtable#0}
[INFO] [stdout]   27:     0x63b631e2ac49 - <std[70759c8f55707aa4]::sys::thread::unix::Thread>::new::thread_start
[INFO] [stdout]   28:     0x73506bf7cdfa - <unknown>
[INFO] [stdout]   29:     0x73506c0103d4 - clone
[INFO] [stdout]   30:                0x0 - <unknown>
[INFO] [stdout] 
[INFO] [stdout] 
[INFO] [stdout] failures:
[INFO] [stdout]     tests::concurrent_chunked_read_with_http_limit
[INFO] [stdout] 
[INFO] [stdout] test result: FAILED. 4 passed; 1 failed; 0 ignored; 0 measured; 0 filtered out; finished in 0.12s
[INFO] [stdout] 
[INFO] [stderr] error: test failed, to rerun pass `--lib`
[INFO] running `Command { std: "docker" "inspect" "698e3afaddd113a491858dfcb22b6a86aca49eef61601f8ca659f91a6bfff162", kill_on_drop: false }`
[INFO] running `Command { std: "docker" "rm" "-f" "698e3afaddd113a491858dfcb22b6a86aca49eef61601f8ca659f91a6bfff162", kill_on_drop: false }`
[INFO] [stdout] 698e3afaddd113a491858dfcb22b6a86aca49eef61601f8ca659f91a6bfff162
