[INFO] fetching crate opencrg 0.0.2...
[INFO] testing opencrg-0.0.2 against 1.100.0-beta.1+cargoflags=--release for beta-release-1.100-2
[INFO] extracting crate opencrg 0.0.2 into /workspace/builds/worker-6-tc2/source
[INFO] started tweaking crates.io crate opencrg 0.0.2
[INFO] finished tweaking crates.io crate opencrg 0.0.2
[INFO] tweaked toml for crates.io crate opencrg 0.0.2 written to /workspace/builds/worker-6-tc2/source/Cargo.toml
[INFO] validating manifest of crates.io crate opencrg 0.0.2 on toolchain 1.100.0-beta.1
[INFO] running `Command { std: CARGO_HOME="/workspace/cargo-home" RUSTUP_HOME="/workspace/rustup-home" "/workspace/cargo-home/bin/cargo" "+1.100.0-beta.1" "metadata" "--manifest-path" "Cargo.toml" "--no-deps", kill_on_drop: false }`
[INFO] crate crates.io crate opencrg 0.0.2 already has a lockfile, it will not be regenerated
[INFO] running `Command { std: CARGO_HOME="/workspace/cargo-home" RUSTUP_HOME="/workspace/rustup-home" "/workspace/cargo-home/bin/cargo" "+1.100.0-beta.1" "fetch" "--manifest-path" "Cargo.toml", kill_on_drop: false }`
[INFO] [stderr]     Blocking waiting for file lock on package cache
[INFO] running `Command { std: "docker" "create" "-v" "/var/lib/crater-agent-workspace/builds/worker-6-tc2/source:/opt/rustwide/workdir:ro,Z" "-v" "/var/lib/crater-agent-workspace/builds/worker-6-tc2/target:/opt/rustwide/target:rw,Z" "-v" "/var/lib/crater-agent-workspace/cargo-home:/opt/rustwide/cargo-home:ro,Z" "-v" "/var/lib/crater-agent-workspace/rustup-home:/opt/rustwide/rustup-home:ro,Z" "-m" "1610612736" "--network" "none" "ghcr.io/rust-lang/crates-build-env/linux@sha256:77db811e55d90add9212f6832c23229e3de5f1c1f9905e8cb07319ea15df73ac" "sleep" "infinity", kill_on_drop: false }`
[INFO] [stdout] 48319f27c45949d9e483746cced7576a0809ac2a88777dc0b1b026a09dbfc2ba
[INFO] running `Command { std: "docker" "start" "48319f27c45949d9e483746cced7576a0809ac2a88777dc0b1b026a09dbfc2ba", kill_on_drop: false }`
[INFO] running `Command { std: "docker" "inspect" "48319f27c45949d9e483746cced7576a0809ac2a88777dc0b1b026a09dbfc2ba", kill_on_drop: false }`
[INFO] running `Command { std: "docker" "exec" "-e" "SOURCE_DIR=/opt/rustwide/workdir" "-e" "CARGO_HOME=/opt/rustwide/cargo-home" "-e" "RUSTUP_HOME=/opt/rustwide/rustup-home" "-e" "CARGO_TARGET_DIR=/opt/rustwide/target" "-w" "/opt/rustwide/workdir" "--user" "0:0" "48319f27c45949d9e483746cced7576a0809ac2a88777dc0b1b026a09dbfc2ba" "/opt/rustwide/cargo-home/bin/cargo" "+1.100.0-beta.1" "metadata" "--no-deps" "--format-version=1", kill_on_drop: false }`
[INFO] running `Command { std: "docker" "inspect" "48319f27c45949d9e483746cced7576a0809ac2a88777dc0b1b026a09dbfc2ba", kill_on_drop: false }`
[INFO] running `Command { std: "docker" "exec" "-e" "SOURCE_DIR=/opt/rustwide/workdir" "-e" "CARGO_HOME=/opt/rustwide/cargo-home" "-e" "RUSTUP_HOME=/opt/rustwide/rustup-home" "-e" "CARGO_TARGET_DIR=/opt/rustwide/target" "-e" "CARGO_INCREMENTAL=0" "-e" "RUST_BACKTRACE=full" "-e" "RUSTFLAGS=--cap-lints=warn" "-e" "RUSTDOCFLAGS=--cap-lints=warn" "-w" "/opt/rustwide/workdir" "--user" "0:0" "48319f27c45949d9e483746cced7576a0809ac2a88777dc0b1b026a09dbfc2ba" "/opt/rustwide/cargo-home/bin/cargo" "+1.100.0-beta.1" "build" "--frozen" "--message-format=json" "--release", kill_on_drop: false }`
[INFO] [stderr]    Compiling opencrg v0.0.2 (/opt/rustwide/workdir)
[INFO] [stderr]     Finished `release` profile [optimized] target(s) in 1.47s
[INFO] running `Command { std: "docker" "inspect" "48319f27c45949d9e483746cced7576a0809ac2a88777dc0b1b026a09dbfc2ba", kill_on_drop: false }`
[INFO] running `Command { std: "docker" "exec" "-e" "SOURCE_DIR=/opt/rustwide/workdir" "-e" "CARGO_HOME=/opt/rustwide/cargo-home" "-e" "RUSTUP_HOME=/opt/rustwide/rustup-home" "-e" "CARGO_TARGET_DIR=/opt/rustwide/target" "-e" "CARGO_INCREMENTAL=0" "-e" "RUST_BACKTRACE=full" "-e" "RUSTFLAGS=--cap-lints=warn" "-e" "RUSTDOCFLAGS=--cap-lints=warn" "-w" "/opt/rustwide/workdir" "--user" "0:0" "48319f27c45949d9e483746cced7576a0809ac2a88777dc0b1b026a09dbfc2ba" "/opt/rustwide/cargo-home/bin/cargo" "+1.100.0-beta.1" "test" "--frozen" "--no-run" "--message-format=json" "--release", kill_on_drop: false }`
[INFO] [stderr]    Compiling opencrg v0.0.2 (/opt/rustwide/workdir)
[INFO] [stderr]     Finished `release` profile [optimized] target(s) in 1.82s
[INFO] running `Command { std: "docker" "inspect" "48319f27c45949d9e483746cced7576a0809ac2a88777dc0b1b026a09dbfc2ba", kill_on_drop: false }`
[INFO] running `Command { std: "docker" "exec" "-e" "SOURCE_DIR=/opt/rustwide/workdir" "-e" "CARGO_HOME=/opt/rustwide/cargo-home" "-e" "RUSTUP_HOME=/opt/rustwide/rustup-home" "-e" "CARGO_TARGET_DIR=/opt/rustwide/target" "-e" "CARGO_INCREMENTAL=0" "-e" "RUST_BACKTRACE=full" "-e" "RUSTFLAGS=--cap-lints=warn" "-e" "RUSTDOCFLAGS=--cap-lints=warn" "-w" "/opt/rustwide/workdir" "--user" "0:0" "48319f27c45949d9e483746cced7576a0809ac2a88777dc0b1b026a09dbfc2ba" "/opt/rustwide/cargo-home/bin/cargo" "+1.100.0-beta.1" "test" "--frozen" "--release", kill_on_drop: false }`
[INFO] [stderr]     Finished `release` profile [optimized] target(s) in 0.02s
[INFO] [stderr]      Running unittests src/lib.rs (/opt/rustwide/target/release/build/opencrg/83ae90bdfe0f68ae/out/opencrg-83ae90bdfe0f68ae)
[INFO] [stdout] 
[INFO] [stdout] running 33 tests
[INFO] [stdout] test eval::tests::nan_holes_return_none ... FAILED
[INFO] [stdout] test eval::tests::normal_on_a_flat_straight_road_points_up ... FAILED
[INFO] [stdout] test eval::tests::grid_slopes_match_differences_within_a_cell ... FAILED
[INFO] [stdout] test eval::tests::nan_queries_return_none ... FAILED
[INFO] [stdout] test eval::tests::held_borders_have_zero_slope ... FAILED
[INFO] [stdout] test parse::data::tests::ascii_fields_touch_and_wrap ... ok
[INFO] [stdout] test parse::data::tests::binary_shorter_than_declared_is_an_error ... ok
[INFO] [stdout] test parse::data::tests::binary_single_and_double_are_big_endian ... ok
[INFO] [stdout] test parse::data::tests::ascii_keeps_final_record_without_newline ... ok
[INFO] [stdout] test eval::tests::rejected_settings_are_named ... FAILED
[INFO] [stdout] test parse::data::tests::compact_ascii_ignores_line_breaks_between_fields ... ok
[INFO] [stdout] test eval::tests::normals_follow_wrapped_borders_and_smoothing ... FAILED
[INFO] [stdout] test parse::data::tests::ascii_drops_partial_record ... ok
[INFO] [stdout] test eval::tests::xy_to_uv_round_trips ... FAILED
[INFO] [stdout] test parse::header::tests::atof_takes_numeric_prefix ... ok
[INFO] [stdout] test parse::header::tests::atoi_truncates ... ok
[INFO] [stdout] test parse::data::tests::ascii_double_width ... ok
[INFO] [stdout] test parse::data::tests::long_binary_pads_records_to_80_bytes ... ok
[INFO] [stdout] test parse::header::tests::options_decode_c_style_integers ... ok
[INFO] [stdout] test eval::tests::normals_match_the_surface ... FAILED
[INFO] [stdout] test eval::tests::zero_and_none_borders ... FAILED
[INFO] [stdout] test parse::tests::generated_binary_formats ... ok
[INFO] [stdout] test parse::tests::large_binaries ... ignored
[INFO] [stdout] test parse::data::tests::format_codes ... ok
[INFO] [stdout] test parse::tests::belgian_block_binary ... FAILED
[INFO] [stdout] test parse::tests::missing_separator_ends_section_like_the_c_api ... ok
[INFO] [stdout] test parse::tests::double_file_matches_single_file_grid ... FAILED
[INFO] [stdout] test parse::tests::every_text_fixture_parses_or_needs_includes ... FAILED
[INFO] [stdout] test parse::tests::border_mode_from_file_options ... ok
[INFO] [stdout] test parse::tests::reference_line_xy_is_unsupported ... ok
[INFO] [stdout] test parse::tests::minimalist_equals_commented_straight ... FAILED
[INFO] [stdout] test parse::tests::options_block_is_read ... FAILED
[INFO] [stdout] test parse::tests::positioned_sections_and_reference_channels ... FAILED
[INFO] [stdout] 
[INFO] [stdout] failures:
[INFO] [stdout] 
[INFO] [stdout] ---- eval::tests::nan_holes_return_none stdout ----
[INFO] [stdout] 
[INFO] [stdout] thread 'eval::tests::nan_holes_return_none' (175) panicked at src/eval.rs:551:49:
[INFO] [stdout] /opt/rustwide/workdir/tests/fixtures/crg-txt/handmade_straight.crg: No such file or directory (os error 2)
[INFO] [stdout] stack backtrace:
[INFO] [stdout]    0:     0x5f0a310e8381 - <<std[617be2ca0a6fd877]::sys::backtrace::BacktraceLock>::print::DisplayBacktrace as core[a373ad73a504971]::fmt::Display>::fmt
[INFO] [stdout]    1:     0x5f0a310fe1fa - core[a373ad73a504971]::fmt::write
[INFO] [stdout]    2:     0x5f0a310ec88c - <alloc[2e1b2a31b91974c5]::vec::Vec<u8> as core[a373ad73a504971]::io::write::Write>::write_fmt
[INFO] [stdout]    3:     0x5f0a310c3ff6 - std[617be2ca0a6fd877]::panicking::default_hook::{closure#0}
[INFO] [stdout]    4:     0x5f0a310e04f9 - std[617be2ca0a6fd877]::panicking::default_hook
[INFO] [stdout]    5:     0x5f0a3107c280 - test[aada8e7e76ba119b]::test_main_inner::{closure#0}
[INFO] [stdout]    6:     0x5f0a310e06b2 - std[617be2ca0a6fd877]::panicking::panic_with_hook
[INFO] [stdout]    7:     0x5f0a310c40a2 - std[617be2ca0a6fd877]::panicking::panic_handler::{closure#0}
[INFO] [stdout]    8:     0x5f0a310bcb89 - std[617be2ca0a6fd877]::sys::backtrace::__rust_end_short_backtrace::<std[617be2ca0a6fd877]::panicking::panic_handler::{closure#0}, !>
[INFO] [stdout]    9:     0x5f0a310c4cad - __rustc[ea4f61d10b84890b]::rust_begin_unwind
[INFO] [stdout]   10:     0x5f0a310fe92c - core[a373ad73a504971]::panicking::panic_fmt
[INFO] [stdout]   11:     0x5f0a31050ed9 - opencrg[a4205466f2e13e7b]::eval::tests::fixture::{closure#0}
[INFO] [stdout]   12:     0x5f0a31052831 - opencrg[a4205466f2e13e7b]::eval::tests::fixture
[INFO] [stdout]   13:     0x5f0a31051b1e - opencrg[a4205466f2e13e7b]::eval::tests::fixture_with
[INFO] [stdout]   14:     0x5f0a31053550 - <opencrg[a4205466f2e13e7b]::eval::tests::nan_holes_return_none::{closure#0} as core[a373ad73a504971]::ops::function::FnOnce<()>>::call_once
[INFO] [stdout]   15:     0x5f0a3106f6cb - test[aada8e7e76ba119b]::__rust_begin_short_backtrace::<core[a373ad73a504971]::result::Result<(), alloc[2e1b2a31b91974c5]::string::String>, fn() -> core[a373ad73a504971]::result::Result<(), alloc[2e1b2a31b91974c5]::string::String>>
[INFO] [stdout]   16:     0x5f0a3107c8a5 - test[aada8e7e76ba119b]::run_test::{closure#0}
[INFO] [stdout]   17:     0x5f0a31076194 - std[617be2ca0a6fd877]::sys::backtrace::__rust_begin_short_backtrace::<test[aada8e7e76ba119b]::run_test::{closure#1}, ()>
[INFO] [stdout]   18:     0x5f0a3107f932 - <std[617be2ca0a6fd877]::thread::lifecycle::spawn_unchecked<test[aada8e7e76ba119b]::run_test::{closure#1}, ()>::{closure#1} as core[a373ad73a504971]::ops::function::FnOnce<()>>::call_once::{shim:vtable#0}
[INFO] [stdout]   19:     0x5f0a310e78cf - <std[617be2ca0a6fd877]::sys::thread::unix::Thread>::new::thread_start
[INFO] [stderr] error: test failed, to rerun pass `--lib`
[INFO] [stdout]   20:     0x7825735b7dfa - <unknown>
[INFO] [stdout]   21:     0x78257364b3d4 - clone
[INFO] [stdout]   22:                0x0 - <unknown>
[INFO] [stdout] 
[INFO] [stdout] ---- eval::tests::normal_on_a_flat_straight_road_points_up stdout ----
[INFO] [stdout] 
[INFO] [stdout] thread 'eval::tests::normal_on_a_flat_straight_road_points_up' (177) panicked at src/eval.rs:551:49:
[INFO] [stdout] /opt/rustwide/workdir/tests/fixtures/crg-txt/handmade_straight.crg: No such file or directory (os error 2)
[INFO] [stdout] stack backtrace:
[INFO] [stdout]    0:     0x5f0a310e8381 - <<std[617be2ca0a6fd877]::sys::backtrace::BacktraceLock>::print::DisplayBacktrace as core[a373ad73a504971]::fmt::Display>::fmt
[INFO] [stdout]    1:     0x5f0a310fe1fa - core[a373ad73a504971]::fmt::write
[INFO] [stdout]    2:     0x5f0a310ec88c - <alloc[2e1b2a31b91974c5]::vec::Vec<u8> as core[a373ad73a504971]::io::write::Write>::write_fmt
[INFO] [stdout]    3:     0x5f0a310c3ff6 - std[617be2ca0a6fd877]::panicking::default_hook::{closure#0}
[INFO] [stdout]    4:     0x5f0a310e04f9 - std[617be2ca0a6fd877]::panicking::default_hook
[INFO] [stdout]    5:     0x5f0a3107c280 - test[aada8e7e76ba119b]::test_main_inner::{closure#0}
[INFO] [stdout]    6:     0x5f0a310e06b2 - std[617be2ca0a6fd877]::panicking::panic_with_hook
[INFO] [stdout]    7:     0x5f0a310c40a2 - std[617be2ca0a6fd877]::panicking::panic_handler::{closure#0}
[INFO] [stdout]    8:     0x5f0a310bcb89 - std[617be2ca0a6fd877]::sys::backtrace::__rust_end_short_backtrace::<std[617be2ca0a6fd877]::panicking::panic_handler::{closure#0}, !>
[INFO] [stdout]    9:     0x5f0a310c4cad - __rustc[ea4f61d10b84890b]::rust_begin_unwind
[INFO] [stdout]   10:     0x5f0a310fe92c - core[a373ad73a504971]::panicking::panic_fmt
[INFO] [stdout]   11:     0x5f0a31050ed9 - opencrg[a4205466f2e13e7b]::eval::tests::fixture::{closure#0}
[INFO] [stdout]   12:     0x5f0a31052831 - opencrg[a4205466f2e13e7b]::eval::tests::fixture
[INFO] [stdout]   13:     0x5f0a31054873 - <opencrg[a4205466f2e13e7b]::eval::tests::normal_on_a_flat_straight_road_points_up::{closure#0} as core[a373ad73a504971]::ops::function::FnOnce<()>>::call_once
[INFO] [stdout]   14:     0x5f0a3106f6cb - test[aada8e7e76ba119b]::__rust_begin_short_backtrace::<core[a373ad73a504971]::result::Result<(), alloc[2e1b2a31b91974c5]::string::String>, fn() -> core[a373ad73a504971]::result::Result<(), alloc[2e1b2a31b91974c5]::string::String>>
[INFO] [stdout]   15:     0x5f0a3107c8a5 - test[aada8e7e76ba119b]::run_test::{closure#0}
[INFO] [stdout]   16:     0x5f0a31076194 - std[617be2ca0a6fd877]::sys::backtrace::__rust_begin_short_backtrace::<test[aada8e7e76ba119b]::run_test::{closure#1}, ()>
[INFO] [stdout]   17:     0x5f0a3107f932 - <std[617be2ca0a6fd877]::thread::lifecycle::spawn_unchecked<test[aada8e7e76ba119b]::run_test::{closure#1}, ()>::{closure#1} as core[a373ad73a504971]::ops::function::FnOnce<()>>::call_once::{shim:vtable#0}
[INFO] [stdout]   18:     0x5f0a310e78cf - <std[617be2ca0a6fd877]::sys::thread::unix::Thread>::new::thread_start
[INFO] [stdout]   19:     0x7825735b7dfa - <unknown>
[INFO] [stdout]   20:     0x78257364b3d4 - clone
[INFO] [stdout]   21:                0x0 - <unknown>
[INFO] [stdout] 
[INFO] [stdout] ---- eval::tests::grid_slopes_match_differences_within_a_cell stdout ----
[INFO] [stdout] 
[INFO] [stdout] thread 'eval::tests::grid_slopes_match_differences_within_a_cell' (173) panicked at src/eval.rs:551:49:
[INFO] [stdout] /opt/rustwide/workdir/tests/fixtures/crg-txt/handmade_curved_banked_sloped.crg: No such file or directory (os error 2)
[INFO] [stdout] stack backtrace:
[INFO] [stdout]    0:     0x5f0a310e8381 - <<std[617be2ca0a6fd877]::sys::backtrace::BacktraceLock>::print::DisplayBacktrace as core[a373ad73a504971]::fmt::Display>::fmt
[INFO] [stdout]    1:     0x5f0a310fe1fa - core[a373ad73a504971]::fmt::write
[INFO] [stdout]    2:     0x5f0a310ec88c - <alloc[2e1b2a31b91974c5]::vec::Vec<u8> as core[a373ad73a504971]::io::write::Write>::write_fmt
[INFO] [stdout]    3:     0x5f0a310c3ff6 - std[617be2ca0a6fd877]::panicking::default_hook::{closure#0}
[INFO] [stdout]    4:     0x5f0a310e04f9 - std[617be2ca0a6fd877]::panicking::default_hook
[INFO] [stdout]    5:     0x5f0a3107c280 - test[aada8e7e76ba119b]::test_main_inner::{closure#0}
[INFO] [stdout]    6:     0x5f0a310e06b2 - std[617be2ca0a6fd877]::panicking::panic_with_hook
[INFO] [stdout]    7:     0x5f0a310c40a2 - std[617be2ca0a6fd877]::panicking::panic_handler::{closure#0}
[INFO] [stdout]    8:     0x5f0a310bcb89 - std[617be2ca0a6fd877]::sys::backtrace::__rust_end_short_backtrace::<std[617be2ca0a6fd877]::panicking::panic_handler::{closure#0}, !>
[INFO] [stdout]    9:     0x5f0a310c4cad - __rustc[ea4f61d10b84890b]::rust_begin_unwind
[INFO] [stdout]   10:     0x5f0a310fe92c - core[a373ad73a504971]::panicking::panic_fmt
[INFO] [stdout]   11:     0x5f0a31050ed9 - opencrg[a4205466f2e13e7b]::eval::tests::fixture::{closure#0}
[INFO] [stdout]   12:     0x5f0a31052831 - opencrg[a4205466f2e13e7b]::eval::tests::fixture
[INFO] [stdout]   13:     0x5f0a31054cb8 - <opencrg[a4205466f2e13e7b]::eval::tests::grid_slopes_match_differences_within_a_cell::{closure#0} as core[a373ad73a504971]::ops::function::FnOnce<()>>::call_once
[INFO] [stdout]   14:     0x5f0a3106f6cb - test[aada8e7e76ba119b]::__rust_begin_short_backtrace::<core[a373ad73a504971]::result::Result<(), alloc[2e1b2a31b91974c5]::string::String>, fn() -> core[a373ad73a504971]::result::Result<(), alloc[2e1b2a31b91974c5]::string::String>>
[INFO] [stdout]   15:     0x5f0a3107c8a5 - test[aada8e7e76ba119b]::run_test::{closure#0}
[INFO] [stdout]   16:     0x5f0a31076194 - std[617be2ca0a6fd877]::sys::backtrace::__rust_begin_short_backtrace::<test[aada8e7e76ba119b]::run_test::{closure#1}, ()>
[INFO] [stdout]   17:     0x5f0a3107f932 - <std[617be2ca0a6fd877]::thread::lifecycle::spawn_unchecked<test[aada8e7e76ba119b]::run_test::{closure#1}, ()>::{closure#1} as core[a373ad73a504971]::ops::function::FnOnce<()>>::call_once::{shim:vtable#0}
[INFO] [stdout]   18:     0x5f0a310e78cf - <std[617be2ca0a6fd877]::sys::thread::unix::Thread>::new::thread_start
[INFO] [stdout]   19:     0x7825735b7dfa - <unknown>
[INFO] [stdout]   20:     0x78257364b3d4 - clone
[INFO] [stdout]   21:                0x0 - <unknown>
[INFO] [stdout] 
[INFO] [stdout] ---- eval::tests::nan_queries_return_none stdout ----
[INFO] [stdout] 
[INFO] [stdout] thread 'eval::tests::nan_queries_return_none' (176) panicked at src/eval.rs:551:49:
[INFO] [stdout] /opt/rustwide/workdir/tests/fixtures/crg-txt/handmade_straight.crg: No such file or directory (os error 2)
[INFO] [stdout] stack backtrace:
[INFO] [stdout]    0:     0x5f0a310e8381 - <<std[617be2ca0a6fd877]::sys::backtrace::BacktraceLock>::print::DisplayBacktrace as core[a373ad73a504971]::fmt::Display>::fmt
[INFO] [stdout]    1:     0x5f0a310fe1fa - core[a373ad73a504971]::fmt::write
[INFO] [stdout]    2:     0x5f0a310ec88c - <alloc[2e1b2a31b91974c5]::vec::Vec<u8> as core[a373ad73a504971]::io::write::Write>::write_fmt
[INFO] [stdout]    3:     0x5f0a310c3ff6 - std[617be2ca0a6fd877]::panicking::default_hook::{closure#0}
[INFO] [stdout]    4:     0x5f0a310e04f9 - std[617be2ca0a6fd877]::panicking::default_hook
[INFO] [stdout]    5:     0x5f0a3107c280 - test[aada8e7e76ba119b]::test_main_inner::{closure#0}
[INFO] [stdout]    6:     0x5f0a310e06b2 - std[617be2ca0a6fd877]::panicking::panic_with_hook
[INFO] [stdout]    7:     0x5f0a310c40a2 - std[617be2ca0a6fd877]::panicking::panic_handler::{closure#0}
[INFO] [stdout]    8:     0x5f0a310bcb89 - std[617be2ca0a6fd877]::sys::backtrace::__rust_end_short_backtrace::<std[617be2ca0a6fd877]::panicking::panic_handler::{closure#0}, !>
[INFO] [stdout]    9:     0x5f0a310c4cad - __rustc[ea4f61d10b84890b]::rust_begin_unwind
[INFO] [stdout]   10:     0x5f0a310fe92c - core[a373ad73a504971]::panicking::panic_fmt
[INFO] [stdout]   11:     0x5f0a31050ed9 - opencrg[a4205466f2e13e7b]::eval::tests::fixture::{closure#0}
[INFO] [stdout]   12:     0x5f0a31052831 - opencrg[a4205466f2e13e7b]::eval::tests::fixture
[INFO] [stdout]   13:     0x5f0a31053d05 - <opencrg[a4205466f2e13e7b]::eval::tests::nan_queries_return_none::{closure#0} as core[a373ad73a504971]::ops::function::FnOnce<()>>::call_once
[INFO] [stdout]   14:     0x5f0a3106f6cb - test[aada8e7e76ba119b]::__rust_begin_short_backtrace::<core[a373ad73a504971]::result::Result<(), alloc[2e1b2a31b91974c5]::string::String>, fn() -> core[a373ad73a504971]::result::Result<(), alloc[2e1b2a31b91974c5]::string::String>>
[INFO] [stdout]   15:     0x5f0a3107c8a5 - test[aada8e7e76ba119b]::run_test::{closure#0}
[INFO] [stdout]   16:     0x5f0a31076194 - std[617be2ca0a6fd877]::sys::backtrace::__rust_begin_short_backtrace::<test[aada8e7e76ba119b]::run_test::{closure#1}, ()>
[INFO] [stdout]   17:     0x5f0a3107f932 - <std[617be2ca0a6fd877]::thread::lifecycle::spawn_unchecked<test[aada8e7e76ba119b]::run_test::{closure#1}, ()>::{closure#1} as core[a373ad73a504971]::ops::function::FnOnce<()>>::call_once::{shim:vtable#0}
[INFO] [stdout]   18:     0x5f0a310e78cf - <std[617be2ca0a6fd877]::sys::thread::unix::Thread>::new::thread_start
[INFO] [stdout]   19:     0x7825735b7dfa - <unknown>
[INFO] [stdout]   20:     0x78257364b3d4 - clone
[INFO] [stdout]   21:                0x0 - <unknown>
[INFO] [stdout] 
[INFO] [stdout] ---- eval::tests::held_borders_have_zero_slope stdout ----
[INFO] [stdout] 
[INFO] [stdout] thread 'eval::tests::held_borders_have_zero_slope' (174) panicked at src/eval.rs:551:49:
[INFO] [stdout] /opt/rustwide/workdir/tests/fixtures/crg-txt/handmade_curved_banked_sloped.crg: No such file or directory (os error 2)
[INFO] [stdout] stack backtrace:
[INFO] [stdout]    0:     0x5f0a310e8381 - <<std[617be2ca0a6fd877]::sys::backtrace::BacktraceLock>::print::DisplayBacktrace as core[a373ad73a504971]::fmt::Display>::fmt
[INFO] [stdout]    1:     0x5f0a310fe1fa - core[a373ad73a504971]::fmt::write
[INFO] [stdout]    2:     0x5f0a310ec88c - <alloc[2e1b2a31b91974c5]::vec::Vec<u8> as core[a373ad73a504971]::io::write::Write>::write_fmt
[INFO] [stdout]    3:     0x5f0a310c3ff6 - std[617be2ca0a6fd877]::panicking::default_hook::{closure#0}
[INFO] [stdout]    4:     0x5f0a310e04f9 - std[617be2ca0a6fd877]::panicking::default_hook
[INFO] [stdout]    5:     0x5f0a3107c280 - test[aada8e7e76ba119b]::test_main_inner::{closure#0}
[INFO] [stdout]    6:     0x5f0a310e06b2 - std[617be2ca0a6fd877]::panicking::panic_with_hook
[INFO] [stdout]    7:     0x5f0a310c40a2 - std[617be2ca0a6fd877]::panicking::panic_handler::{closure#0}
[INFO] [stdout]    8:     0x5f0a310bcb89 - std[617be2ca0a6fd877]::sys::backtrace::__rust_end_short_backtrace::<std[617be2ca0a6fd877]::panicking::panic_handler::{closure#0}, !>
[INFO] [stdout]    9:     0x5f0a310c4cad - __rustc[ea4f61d10b84890b]::rust_begin_unwind
[INFO] [stdout]   10:     0x5f0a310fe92c - core[a373ad73a504971]::panicking::panic_fmt
[INFO] [stdout]   11:     0x5f0a31050ed9 - opencrg[a4205466f2e13e7b]::eval::tests::fixture::{closure#0}
[INFO] [stdout]   12:     0x5f0a31052831 - opencrg[a4205466f2e13e7b]::eval::tests::fixture
[INFO] [stdout]   13:     0x5f0a31054591 - <opencrg[a4205466f2e13e7b]::eval::tests::held_borders_have_zero_slope::{closure#0} as core[a373ad73a504971]::ops::function::FnOnce<()>>::call_once
[INFO] [stdout]   14:     0x5f0a3106f6cb - test[aada8e7e76ba119b]::__rust_begin_short_backtrace::<core[a373ad73a504971]::result::Result<(), alloc[2e1b2a31b91974c5]::string::String>, fn() -> core[a373ad73a504971]::result::Result<(), alloc[2e1b2a31b91974c5]::string::String>>
[INFO] [stdout]   15:     0x5f0a3107c8a5 - test[aada8e7e76ba119b]::run_test::{closure#0}
[INFO] [stdout]   16:     0x5f0a31076194 - std[617be2ca0a6fd877]::sys::backtrace::__rust_begin_short_backtrace::<test[aada8e7e76ba119b]::run_test::{closure#1}, ()>
[INFO] [stdout]   17:     0x5f0a3107f932 - <std[617be2ca0a6fd877]::thread::lifecycle::spawn_unchecked<test[aada8e7e76ba119b]::run_test::{closure#1}, ()>::{closure#1} as core[a373ad73a504971]::ops::function::FnOnce<()>>::call_once::{shim:vtable#0}
[INFO] [stdout]   18:     0x5f0a310e78cf - <std[617be2ca0a6fd877]::sys::thread::unix::Thread>::new::thread_start
[INFO] [stdout]   19:     0x7825735b7dfa - <unknown>
[INFO] [stdout]   20:     0x78257364b3d4 - clone
[INFO] [stdout]   21:                0x0 - <unknown>
[INFO] [stdout] 
[INFO] [stdout] ---- eval::tests::rejected_settings_are_named stdout ----
[INFO] [stdout] 
[INFO] [stdout] thread 'eval::tests::rejected_settings_are_named' (180) panicked at src/eval.rs:551:49:
[INFO] [stdout] /opt/rustwide/workdir/tests/fixtures/crg-txt/handmade_circle.crg: No such file or directory (os error 2)
[INFO] [stdout] stack backtrace:
[INFO] [stdout]    0:     0x5f0a310e8381 - <<std[617be2ca0a6fd877]::sys::backtrace::BacktraceLock>::print::DisplayBacktrace as core[a373ad73a504971]::fmt::Display>::fmt
[INFO] [stdout]    1:     0x5f0a310fe1fa - core[a373ad73a504971]::fmt::write
[INFO] [stdout]    2:     0x5f0a310ec88c - <alloc[2e1b2a31b91974c5]::vec::Vec<u8> as core[a373ad73a504971]::io::write::Write>::write_fmt
[INFO] [stdout]    3:     0x5f0a310c3ff6 - std[617be2ca0a6fd877]::panicking::default_hook::{closure#0}
[INFO] [stdout]    4:     0x5f0a310e04f9 - std[617be2ca0a6fd877]::panicking::default_hook
[INFO] [stdout]    5:     0x5f0a3107c280 - test[aada8e7e76ba119b]::test_main_inner::{closure#0}
[INFO] [stdout]    6:     0x5f0a310e06b2 - std[617be2ca0a6fd877]::panicking::panic_with_hook
[INFO] [stdout]    7:     0x5f0a310c40a2 - std[617be2ca0a6fd877]::panicking::panic_handler::{closure#0}
[INFO] [stdout]    8:     0x5f0a310bcb89 - std[617be2ca0a6fd877]::sys::backtrace::__rust_end_short_backtrace::<std[617be2ca0a6fd877]::panicking::panic_handler::{closure#0}, !>
[INFO] [stdout]    9:     0x5f0a310c4cad - __rustc[ea4f61d10b84890b]::rust_begin_unwind
[INFO] [stdout]   10:     0x5f0a310fe92c - core[a373ad73a504971]::panicking::panic_fmt
[INFO] [stdout]   11:     0x5f0a31050ed9 - opencrg[a4205466f2e13e7b]::eval::tests::fixture::{closure#0}
[INFO] [stdout]   12:     0x5f0a31052831 - opencrg[a4205466f2e13e7b]::eval::tests::fixture
[INFO] [stdout]   13:     0x5f0a31051b1e - opencrg[a4205466f2e13e7b]::eval::tests::fixture_with
[INFO] [stdout]   14:     0x5f0a31054057 - <opencrg[a4205466f2e13e7b]::eval::tests::rejected_settings_are_named::{closure#0} as core[a373ad73a504971]::ops::function::FnOnce<()>>::call_once
[INFO] [stdout]   15:     0x5f0a3106f6cb - test[aada8e7e76ba119b]::__rust_begin_short_backtrace::<core[a373ad73a504971]::result::Result<(), alloc[2e1b2a31b91974c5]::string::String>, fn() -> core[a373ad73a504971]::result::Result<(), alloc[2e1b2a31b91974c5]::string::String>>
[INFO] [stdout]   16:     0x5f0a3107c8a5 - test[aada8e7e76ba119b]::run_test::{closure#0}
[INFO] [stdout]   17:     0x5f0a31076194 - std[617be2ca0a6fd877]::sys::backtrace::__rust_begin_short_backtrace::<test[aada8e7e76ba119b]::run_test::{closure#1}, ()>
[INFO] [stdout]   18:     0x5f0a3107f932 - <std[617be2ca0a6fd877]::thread::lifecycle::spawn_unchecked<test[aada8e7e76ba119b]::run_test::{closure#1}, ()>::{closure#1} as core[a373ad73a504971]::ops::function::FnOnce<()>>::call_once::{shim:vtable#0}
[INFO] [stdout]   19:     0x5f0a310e78cf - <std[617be2ca0a6fd877]::sys::thread::unix::Thread>::new::thread_start
[INFO] [stdout]   20:     0x7825735b7dfa - <unknown>
[INFO] [stdout]   21:     0x78257364b3d4 - clone
[INFO] [stdout]   22:                0x0 - <unknown>
[INFO] [stdout] 
[INFO] [stdout] ---- eval::tests::normals_follow_wrapped_borders_and_smoothing stdout ----
[INFO] [stdout] 
[INFO] [stdout] thread 'eval::tests::normals_follow_wrapped_borders_and_smoothing' (178) panicked at src/eval.rs:551:49:
[INFO] [stdout] /opt/rustwide/workdir/tests/fixtures/crg-txt/handmade_straight.crg: No such file or directory (os error 2)
[INFO] [stdout] stack backtrace:
[INFO] [stdout]    0:     0x5f0a310e8381 - <<std[617be2ca0a6fd877]::sys::backtrace::BacktraceLock>::print::DisplayBacktrace as core[a373ad73a504971]::fmt::Display>::fmt
[INFO] [stdout]    1:     0x5f0a310fe1fa - core[a373ad73a504971]::fmt::write
[INFO] [stdout]    2:     0x5f0a310ec88c - <alloc[2e1b2a31b91974c5]::vec::Vec<u8> as core[a373ad73a504971]::io::write::Write>::write_fmt
[INFO] [stdout]    3:     0x5f0a310c3ff6 - std[617be2ca0a6fd877]::panicking::default_hook::{closure#0}
[INFO] [stdout]    4:     0x5f0a310e04f9 - std[617be2ca0a6fd877]::panicking::default_hook
[INFO] [stdout]    5:     0x5f0a3107c280 - test[aada8e7e76ba119b]::test_main_inner::{closure#0}
[INFO] [stdout]    6:     0x5f0a310e06b2 - std[617be2ca0a6fd877]::panicking::panic_with_hook
[INFO] [stdout]    7:     0x5f0a310c40a2 - std[617be2ca0a6fd877]::panicking::panic_handler::{closure#0}
[INFO] [stdout]    8:     0x5f0a310bcb89 - std[617be2ca0a6fd877]::sys::backtrace::__rust_end_short_backtrace::<std[617be2ca0a6fd877]::panicking::panic_handler::{closure#0}, !>
[INFO] [stdout]    9:     0x5f0a310c4cad - __rustc[ea4f61d10b84890b]::rust_begin_unwind
[INFO] [stdout]   10:     0x5f0a310fe92c - core[a373ad73a504971]::panicking::panic_fmt
[INFO] [stdout]   11:     0x5f0a31050ed9 - opencrg[a4205466f2e13e7b]::eval::tests::fixture::{closure#0}
[INFO] [stdout]   12:     0x5f0a31052831 - opencrg[a4205466f2e13e7b]::eval::tests::fixture
[INFO] [stdout]   13:     0x5f0a31051b1e - opencrg[a4205466f2e13e7b]::eval::tests::fixture_with
[INFO] [stdout]   14:     0x5f0a310550c7 - <opencrg[a4205466f2e13e7b]::eval::tests::normals_follow_wrapped_borders_and_smoothing::{closure#0} as core[a373ad73a504971]::ops::function::FnOnce<()>>::call_once
[INFO] [stdout]   15:     0x5f0a3106f6cb - test[aada8e7e76ba119b]::__rust_begin_short_backtrace::<core[a373ad73a504971]::result::Result<(), alloc[2e1b2a31b91974c5]::string::String>, fn() -> core[a373ad73a504971]::result::Result<(), alloc[2e1b2a31b91974c5]::string::String>>
[INFO] [stdout]   16:     0x5f0a3107c8a5 - test[aada8e7e76ba119b]::run_test::{closure#0}
[INFO] [stdout]   17:     0x5f0a31076194 - std[617be2ca0a6fd877]::sys::backtrace::__rust_begin_short_backtrace::<test[aada8e7e76ba119b]::run_test::{closure#1}, ()>
[INFO] [stdout]   18:     0x5f0a3107f932 - <std[617be2ca0a6fd877]::thread::lifecycle::spawn_unchecked<test[aada8e7e76ba119b]::run_test::{closure#1}, ()>::{closure#1} as core[a373ad73a504971]::ops::function::FnOnce<()>>::call_once::{shim:vtable#0}
[INFO] [stdout]   19:     0x5f0a310e78cf - <std[617be2ca0a6fd877]::sys::thread::unix::Thread>::new::thread_start
[INFO] [stdout]   20:     0x7825735b7dfa - <unknown>
[INFO] [stdout]   21:     0x78257364b3d4 - clone
[INFO] [stdout]   22:                0x0 - <unknown>
[INFO] [stdout] 
[INFO] [stdout] ---- eval::tests::xy_to_uv_round_trips stdout ----
[INFO] [stdout] 
[INFO] [stdout] thread 'eval::tests::xy_to_uv_round_trips' (181) panicked at src/eval.rs:551:49:
[INFO] [stdout] /opt/rustwide/workdir/tests/fixtures/crg-txt/handmade_curved_banked_sloped.crg: No such file or directory (os error 2)
[INFO] [stdout] stack backtrace:
[INFO] [stdout]    0:     0x5f0a310e8381 - <<std[617be2ca0a6fd877]::sys::backtrace::BacktraceLock>::print::DisplayBacktrace as core[a373ad73a504971]::fmt::Display>::fmt
[INFO] [stdout]    1:     0x5f0a310fe1fa - core[a373ad73a504971]::fmt::write
[INFO] [stdout]    2:     0x5f0a310ec88c - <alloc[2e1b2a31b91974c5]::vec::Vec<u8> as core[a373ad73a504971]::io::write::Write>::write_fmt
[INFO] [stdout]    3:     0x5f0a310c3ff6 - std[617be2ca0a6fd877]::panicking::default_hook::{closure#0}
[INFO] [stdout]    4:     0x5f0a310e04f9 - std[617be2ca0a6fd877]::panicking::default_hook
[INFO] [stdout]    5:     0x5f0a3107c280 - test[aada8e7e76ba119b]::test_main_inner::{closure#0}
[INFO] [stdout]    6:     0x5f0a310e06b2 - std[617be2ca0a6fd877]::panicking::panic_with_hook
[INFO] [stdout]    7:     0x5f0a310c40a2 - std[617be2ca0a6fd877]::panicking::panic_handler::{closure#0}
[INFO] [stdout]    8:     0x5f0a310bcb89 - std[617be2ca0a6fd877]::sys::backtrace::__rust_end_short_backtrace::<std[617be2ca0a6fd877]::panicking::panic_handler::{closure#0}, !>
[INFO] [stdout]    9:     0x5f0a310c4cad - __rustc[ea4f61d10b84890b]::rust_begin_unwind
[INFO] [stdout]   10:     0x5f0a310fe92c - core[a373ad73a504971]::panicking::panic_fmt
[INFO] [stdout]   11:     0x5f0a31050ed9 - opencrg[a4205466f2e13e7b]::eval::tests::fixture::{closure#0}
[INFO] [stdout]   12:     0x5f0a31052831 - opencrg[a4205466f2e13e7b]::eval::tests::fixture
[INFO] [stdout]   13:     0x5f0a3105311c - <opencrg[a4205466f2e13e7b]::eval::tests::xy_to_uv_round_trips::{closure#0} as core[a373ad73a504971]::ops::function::FnOnce<()>>::call_once
[INFO] [stdout]   14:     0x5f0a3106f6cb - test[aada8e7e76ba119b]::__rust_begin_short_backtrace::<core[a373ad73a504971]::result::Result<(), alloc[2e1b2a31b91974c5]::string::String>, fn() -> core[a373ad73a504971]::result::Result<(), alloc[2e1b2a31b91974c5]::string::String>>
[INFO] [stdout]   15:     0x5f0a3107c8a5 - test[aada8e7e76ba119b]::run_test::{closure#0}
[INFO] [stdout]   16:     0x5f0a31076194 - std[617be2ca0a6fd877]::sys::backtrace::__rust_begin_short_backtrace::<test[aada8e7e76ba119b]::run_test::{closure#1}, ()>
[INFO] [stdout]   17:     0x5f0a3107f932 - <std[617be2ca0a6fd877]::thread::lifecycle::spawn_unchecked<test[aada8e7e76ba119b]::run_test::{closure#1}, ()>::{closure#1} as core[a373ad73a504971]::ops::function::FnOnce<()>>::call_once::{shim:vtable#0}
[INFO] [stdout]   18:     0x5f0a310e78cf - <std[617be2ca0a6fd877]::sys::thread::unix::Thread>::new::thread_start
[INFO] [stdout]   19:     0x7825735b7dfa - <unknown>
[INFO] [stdout]   20:     0x78257364b3d4 - clone
[INFO] [stdout]   21:                0x0 - <unknown>
[INFO] [stdout] 
[INFO] [stdout] ---- eval::tests::normals_match_the_surface stdout ----
[INFO] [stdout] 
[INFO] [stdout] thread 'eval::tests::normals_match_the_surface' (179) panicked at src/eval.rs:551:49:
[INFO] [stdout] /opt/rustwide/workdir/tests/fixtures/crg-txt/handmade_sloped.crg: No such file or directory (os error 2)
[INFO] [stdout] stack backtrace:
[INFO] [stdout]    0:     0x5f0a310e8381 - <<std[617be2ca0a6fd877]::sys::backtrace::BacktraceLock>::print::DisplayBacktrace as core[a373ad73a504971]::fmt::Display>::fmt
[INFO] [stdout]    1:     0x5f0a310fe1fa - core[a373ad73a504971]::fmt::write
[INFO] [stdout]    2:     0x5f0a310ec88c - <alloc[2e1b2a31b91974c5]::vec::Vec<u8> as core[a373ad73a504971]::io::write::Write>::write_fmt
[INFO] [stdout]    3:     0x5f0a310c3ff6 - std[617be2ca0a6fd877]::panicking::default_hook::{closure#0}
[INFO] [stdout]    4:     0x5f0a310e04f9 - std[617be2ca0a6fd877]::panicking::default_hook
[INFO] [stdout]    5:     0x5f0a3107c280 - test[aada8e7e76ba119b]::test_main_inner::{closure#0}
[INFO] [stdout]    6:     0x5f0a310e06b2 - std[617be2ca0a6fd877]::panicking::panic_with_hook
[INFO] [stdout]    7:     0x5f0a310c40a2 - std[617be2ca0a6fd877]::panicking::panic_handler::{closure#0}
[INFO] [stdout]    8:     0x5f0a310bcb89 - std[617be2ca0a6fd877]::sys::backtrace::__rust_end_short_backtrace::<std[617be2ca0a6fd877]::panicking::panic_handler::{closure#0}, !>
[INFO] [stdout]    9:     0x5f0a310c4cad - __rustc[ea4f61d10b84890b]::rust_begin_unwind
[INFO] [stdout]   10:     0x5f0a310fe92c - core[a373ad73a504971]::panicking::panic_fmt
[INFO] [stdout]   11:     0x5f0a31050ed9 - opencrg[a4205466f2e13e7b]::eval::tests::fixture::{closure#0}
[INFO] [stdout]   12:     0x5f0a31052831 - opencrg[a4205466f2e13e7b]::eval::tests::fixture
[INFO] [stdout]   13:     0x5f0a310521da - opencrg[a4205466f2e13e7b]::eval::tests::normal_error
[INFO] [stdout]   14:     0x5f0a31053f45 - <opencrg[a4205466f2e13e7b]::eval::tests::normals_match_the_surface::{closure#0} as core[a373ad73a504971]::ops::function::FnOnce<()>>::call_once
[INFO] [stdout]   15:     0x5f0a3106f6cb - test[aada8e7e76ba119b]::__rust_begin_short_backtrace::<core[a373ad73a504971]::result::Result<(), alloc[2e1b2a31b91974c5]::string::String>, fn() -> core[a373ad73a504971]::result::Result<(), alloc[2e1b2a31b91974c5]::string::String>>
[INFO] [stdout]   16:     0x5f0a3107c8a5 - test[aada8e7e76ba119b]::run_test::{closure#0}
[INFO] [stdout]   17:     0x5f0a31076194 - std[617be2ca0a6fd877]::sys::backtrace::__rust_begin_short_backtrace::<test[aada8e7e76ba119b]::run_test::{closure#1}, ()>
[INFO] [stdout]   18:     0x5f0a3107f932 - <std[617be2ca0a6fd877]::thread::lifecycle::spawn_unchecked<test[aada8e7e76ba119b]::run_test::{closure#1}, ()>::{closure#1} as core[a373ad73a504971]::ops::function::FnOnce<()>>::call_once::{shim:vtable#0}
[INFO] [stdout]   19:     0x5f0a310e78cf - <std[617be2ca0a6fd877]::sys::thread::unix::Thread>::new::thread_start
[INFO] [stdout]   20:     0x7825735b7dfa - <unknown>
[INFO] [stdout]   21:     0x78257364b3d4 - clone
[INFO] [stdout]   22:                0x0 - <unknown>
[INFO] [stdout] 
[INFO] [stdout] ---- eval::tests::zero_and_none_borders stdout ----
[INFO] [stdout] 
[INFO] [stdout] thread 'eval::tests::zero_and_none_borders' (182) panicked at src/eval.rs:551:49:
[INFO] [stdout] /opt/rustwide/workdir/tests/fixtures/crg-txt/handmade_straight.crg: No such file or directory (os error 2)
[INFO] [stdout] stack backtrace:
[INFO] [stdout]    0:     0x5f0a310e8381 - <<std[617be2ca0a6fd877]::sys::backtrace::BacktraceLock>::print::DisplayBacktrace as core[a373ad73a504971]::fmt::Display>::fmt
[INFO] [stdout]    1:     0x5f0a310fe1fa - core[a373ad73a504971]::fmt::write
[INFO] [stdout]    2:     0x5f0a310ec88c - <alloc[2e1b2a31b91974c5]::vec::Vec<u8> as core[a373ad73a504971]::io::write::Write>::write_fmt
[INFO] [stdout]    3:     0x5f0a310c3ff6 - std[617be2ca0a6fd877]::panicking::default_hook::{closure#0}
[INFO] [stdout]    4:     0x5f0a310e04f9 - std[617be2ca0a6fd877]::panicking::default_hook
[INFO] [stdout]    5:     0x5f0a3107c280 - test[aada8e7e76ba119b]::test_main_inner::{closure#0}
[INFO] [stdout]    6:     0x5f0a310e06b2 - std[617be2ca0a6fd877]::panicking::panic_with_hook
[INFO] [stdout]    7:     0x5f0a310c40a2 - std[617be2ca0a6fd877]::panicking::panic_handler::{closure#0}
[INFO] [stdout]    8:     0x5f0a310bcb89 - std[617be2ca0a6fd877]::sys::backtrace::__rust_end_short_backtrace::<std[617be2ca0a6fd877]::panicking::panic_handler::{closure#0}, !>
[INFO] [stdout]    9:     0x5f0a310c4cad - __rustc[ea4f61d10b84890b]::rust_begin_unwind
[INFO] [stdout]   10:     0x5f0a310fe92c - core[a373ad73a504971]::panicking::panic_fmt
[INFO] [stdout]   11:     0x5f0a31050ed9 - opencrg[a4205466f2e13e7b]::eval::tests::fixture::{closure#0}
[INFO] [stdout]   12:     0x5f0a31052831 - opencrg[a4205466f2e13e7b]::eval::tests::fixture
[INFO] [stdout]   13:     0x5f0a31053a07 - <opencrg[a4205466f2e13e7b]::eval::tests::zero_and_none_borders::{closure#0} as core[a373ad73a504971]::ops::function::FnOnce<()>>::call_once
[INFO] [stdout]   14:     0x5f0a3106f6cb - test[aada8e7e76ba119b]::__rust_begin_short_backtrace::<core[a373ad73a504971]::result::Result<(), alloc[2e1b2a31b91974c5]::string::String>, fn() -> core[a373ad73a504971]::result::Result<(), alloc[2e1b2a31b91974c5]::string::String>>
[INFO] [stdout]   15:     0x5f0a3107c8a5 - test[aada8e7e76ba119b]::run_test::{closure#0}
[INFO] [stdout]   16:     0x5f0a31076194 - std[617be2ca0a6fd877]::sys::backtrace::__rust_begin_short_backtrace::<test[aada8e7e76ba119b]::run_test::{closure#1}, ()>
[INFO] [stdout]   17:     0x5f0a3107f932 - <std[617be2ca0a6fd877]::thread::lifecycle::spawn_unchecked<test[aada8e7e76ba119b]::run_test::{closure#1}, ()>::{closure#1} as core[a373ad73a504971]::ops::function::FnOnce<()>>::call_once::{shim:vtable#0}
[INFO] [stdout]   18:     0x5f0a310e78cf - <std[617be2ca0a6fd877]::sys::thread::unix::Thread>::new::thread_start
[INFO] [stdout]   19:     0x7825735b7dfa - <unknown>
[INFO] [stdout]   20:     0x78257364b3d4 - clone
[INFO] [stdout]   21:                0x0 - <unknown>
[INFO] [stdout] 
[INFO] [stdout] ---- parse::tests::belgian_block_binary stdout ----
[INFO] [stdout] 
[INFO] [stdout] thread 'parse::tests::belgian_block_binary' (195) panicked at src/parse/mod.rs:464:49:
[INFO] [stdout] /opt/rustwide/workdir/tests/fixtures/crg-bin/belgian_block.crg: No such file or directory (os error 2)
[INFO] [stdout] stack backtrace:
[INFO] [stdout]    0:     0x5f0a310e8381 - <<std[617be2ca0a6fd877]::sys::backtrace::BacktraceLock>::print::DisplayBacktrace as core[a373ad73a504971]::fmt::Display>::fmt
[INFO] [stdout]    1:     0x5f0a310fe1fa - core[a373ad73a504971]::fmt::write
[INFO] [stdout]    2:     0x5f0a310ec88c - <alloc[2e1b2a31b91974c5]::vec::Vec<u8> as core[a373ad73a504971]::io::write::Write>::write_fmt
[INFO] [stdout]    3:     0x5f0a310c3ff6 - std[617be2ca0a6fd877]::panicking::default_hook::{closure#0}
[INFO] [stdout]    4:     0x5f0a310e04f9 - std[617be2ca0a6fd877]::panicking::default_hook
[INFO] [stdout]    5:     0x5f0a3107c280 - test[aada8e7e76ba119b]::test_main_inner::{closure#0}
[INFO] [stdout]    6:     0x5f0a310e06b2 - std[617be2ca0a6fd877]::panicking::panic_with_hook
[INFO] [stdout]    7:     0x5f0a310c40a2 - std[617be2ca0a6fd877]::panicking::panic_handler::{closure#0}
[INFO] [stdout]    8:     0x5f0a310bcb89 - std[617be2ca0a6fd877]::sys::backtrace::__rust_end_short_backtrace::<std[617be2ca0a6fd877]::panicking::panic_handler::{closure#0}, !>
[INFO] [stdout]    9:     0x5f0a310c4cad - __rustc[ea4f61d10b84890b]::rust_begin_unwind
[INFO] [stdout]   10:     0x5f0a310fe92c - core[a373ad73a504971]::panicking::panic_fmt
[INFO] [stdout]   11:     0x5f0a31066ca9 - opencrg[a4205466f2e13e7b]::parse::tests::fixture::{closure#0}
[INFO] [stdout]   12:     0x5f0a31066ef1 - opencrg[a4205466f2e13e7b]::parse::tests::fixture
[INFO] [stdout]   13:     0x5f0a31067e1a - <opencrg[a4205466f2e13e7b]::parse::tests::belgian_block_binary::{closure#0} as core[a373ad73a504971]::ops::function::FnOnce<()>>::call_once
[INFO] [stdout]   14:     0x5f0a3106f6cb - test[aada8e7e76ba119b]::__rust_begin_short_backtrace::<core[a373ad73a504971]::result::Result<(), alloc[2e1b2a31b91974c5]::string::String>, fn() -> core[a373ad73a504971]::result::Result<(), alloc[2e1b2a31b91974c5]::string::String>>
[INFO] [stdout]   15:     0x5f0a3107c8a5 - test[aada8e7e76ba119b]::run_test::{closure#0}
[INFO] [stdout]   16:     0x5f0a31076194 - std[617be2ca0a6fd877]::sys::backtrace::__rust_begin_short_backtrace::<test[aada8e7e76ba119b]::run_test::{closure#1}, ()>
[INFO] [stdout]   17:     0x5f0a3107f932 - <std[617be2ca0a6fd877]::thread::lifecycle::spawn_unchecked<test[aada8e7e76ba119b]::run_test::{closure#1}, ()>::{closure#1} as core[a373ad73a504971]::ops::function::FnOnce<()>>::call_once::{shim:vtable#0}
[INFO] [stdout]   18:     0x5f0a310e78cf - <std[617be2ca0a6fd877]::sys::thread::unix::Thread>::new::thread_start
[INFO] [stdout]   19:     0x7825735b7dfa - <unknown>
[INFO] [stdout]   20:     0x78257364b3d4 - clone
[INFO] [stdout]   21:                0x0 - <unknown>
[INFO] [stdout] 
[INFO] [stdout] ---- parse::tests::double_file_matches_single_file_grid stdout ----
[INFO] [stdout] 
[INFO] [stdout] thread 'parse::tests::double_file_matches_single_file_grid' (197) panicked at src/parse/mod.rs:464:49:
[INFO] [stdout] /opt/rustwide/workdir/tests/fixtures/crg-txt/handmade_straight.crg: No such file or directory (os error 2)
[INFO] [stdout] stack backtrace:
[INFO] [stdout]    0:     0x5f0a310e8381 - <<std[617be2ca0a6fd877]::sys::backtrace::BacktraceLock>::print::DisplayBacktrace as core[a373ad73a504971]::fmt::Display>::fmt
[INFO] [stdout]    1:     0x5f0a310fe1fa - core[a373ad73a504971]::fmt::write
[INFO] [stdout]    2:     0x5f0a310ec88c - <alloc[2e1b2a31b91974c5]::vec::Vec<u8> as core[a373ad73a504971]::io::write::Write>::write_fmt
[INFO] [stdout]    3:     0x5f0a310c3ff6 - std[617be2ca0a6fd877]::panicking::default_hook::{closure#0}
[INFO] [stdout]    4:     0x5f0a310e04f9 - std[617be2ca0a6fd877]::panicking::default_hook
[INFO] [stdout]    5:     0x5f0a3107c280 - test[aada8e7e76ba119b]::test_main_inner::{closure#0}
[INFO] [stdout]    6:     0x5f0a310e06b2 - std[617be2ca0a6fd877]::panicking::panic_with_hook
[INFO] [stdout]    7:     0x5f0a310c40a2 - std[617be2ca0a6fd877]::panicking::panic_handler::{closure#0}
[INFO] [stdout]    8:     0x5f0a310bcb89 - std[617be2ca0a6fd877]::sys::backtrace::__rust_end_short_backtrace::<std[617be2ca0a6fd877]::panicking::panic_handler::{closure#0}, !>
[INFO] [stdout]    9:     0x5f0a310c4cad - __rustc[ea4f61d10b84890b]::rust_begin_unwind
[INFO] [stdout]   10:     0x5f0a310fe92c - core[a373ad73a504971]::panicking::panic_fmt
[INFO] [stdout]   11:     0x5f0a31066ca9 - opencrg[a4205466f2e13e7b]::parse::tests::fixture::{closure#0}
[INFO] [stdout]   12:     0x5f0a31066ef1 - opencrg[a4205466f2e13e7b]::parse::tests::fixture
[INFO] [stdout]   13:     0x5f0a31066d6a - opencrg[a4205466f2e13e7b]::parse::tests::txt
[INFO] [stdout]   14:     0x5f0a31069674 - <opencrg[a4205466f2e13e7b]::parse::tests::double_file_matches_single_file_grid::{closure#0} as core[a373ad73a504971]::ops::function::FnOnce<()>>::call_once
[INFO] [stdout]   15:     0x5f0a3106f6cb - test[aada8e7e76ba119b]::__rust_begin_short_backtrace::<core[a373ad73a504971]::result::Result<(), alloc[2e1b2a31b91974c5]::string::String>, fn() -> core[a373ad73a504971]::result::Result<(), alloc[2e1b2a31b91974c5]::string::String>>
[INFO] [stdout]   16:     0x5f0a3107c8a5 - test[aada8e7e76ba119b]::run_test::{closure#0}
[INFO] [stdout]   17:     0x5f0a31076194 - std[617be2ca0a6fd877]::sys::backtrace::__rust_begin_short_backtrace::<test[aada8e7e76ba119b]::run_test::{closure#1}, ()>
[INFO] [stdout]   18:     0x5f0a3107f932 - <std[617be2ca0a6fd877]::thread::lifecycle::spawn_unchecked<test[aada8e7e76ba119b]::run_test::{closure#1}, ()>::{closure#1} as core[a373ad73a504971]::ops::function::FnOnce<()>>::call_once::{shim:vtable#0}
[INFO] [stdout]   19:     0x5f0a310e78cf - <std[617be2ca0a6fd877]::sys::thread::unix::Thread>::new::thread_start
[INFO] [stdout]   20:     0x7825735b7dfa - <unknown>
[INFO] [stdout]   21:     0x78257364b3d4 - clone
[INFO] [stdout]   22:                0x0 - <unknown>
[INFO] [stdout] 
[INFO] [stdout] ---- parse::tests::every_text_fixture_parses_or_needs_includes stdout ----
[INFO] [stdout] 
[INFO] [stdout] thread 'parse::tests::every_text_fixture_parses_or_needs_includes' (198) panicked at src/parse/mod.rs:526:18:
[INFO] [stdout] called `Result::unwrap()` on an `Err` value: Os { code: 2, kind: NotFound, message: "No such file or directory" }
[INFO] [stdout] stack backtrace:
[INFO] [stdout]    0:     0x5f0a310e8381 - <<std[617be2ca0a6fd877]::sys::backtrace::BacktraceLock>::print::DisplayBacktrace as core[a373ad73a504971]::fmt::Display>::fmt
[INFO] [stdout]    1:     0x5f0a310fe1fa - core[a373ad73a504971]::fmt::write
[INFO] [stdout]    2:     0x5f0a310ec88c - <alloc[2e1b2a31b91974c5]::vec::Vec<u8> as core[a373ad73a504971]::io::write::Write>::write_fmt
[INFO] [stdout]    3:     0x5f0a310c3ff6 - std[617be2ca0a6fd877]::panicking::default_hook::{closure#0}
[INFO] [stdout]    4:     0x5f0a310e04f9 - std[617be2ca0a6fd877]::panicking::default_hook
[INFO] [stdout]    5:     0x5f0a3107c280 - test[aada8e7e76ba119b]::test_main_inner::{closure#0}
[INFO] [stdout]    6:     0x5f0a310e06b2 - std[617be2ca0a6fd877]::panicking::panic_with_hook
[INFO] [stdout]    7:     0x5f0a310c40a2 - std[617be2ca0a6fd877]::panicking::panic_handler::{closure#0}
[INFO] [stdout]    8:     0x5f0a310bcb89 - std[617be2ca0a6fd877]::sys::backtrace::__rust_end_short_backtrace::<std[617be2ca0a6fd877]::panicking::panic_handler::{closure#0}, !>
[INFO] [stdout]    9:     0x5f0a310c4cad - __rustc[ea4f61d10b84890b]::rust_begin_unwind
[INFO] [stdout]   10:     0x5f0a310fe92c - core[a373ad73a504971]::panicking::panic_fmt
[INFO] [stdout]   11:     0x5f0a310fe702 - core[a373ad73a504971]::result::unwrap_failed
[INFO] [stdout]   12:     0x5f0a3106ab36 - <opencrg[a4205466f2e13e7b]::parse::tests::every_text_fixture_parses_or_needs_includes::{closure#0} as core[a373ad73a504971]::ops::function::FnOnce<()>>::call_once
[INFO] [stdout]   13:     0x5f0a3106f6cb - test[aada8e7e76ba119b]::__rust_begin_short_backtrace::<core[a373ad73a504971]::result::Result<(), alloc[2e1b2a31b91974c5]::string::String>, fn() -> core[a373ad73a504971]::result::Result<(), alloc[2e1b2a31b91974c5]::string::String>>
[INFO] [stdout]   14:     0x5f0a3107c8a5 - test[aada8e7e76ba119b]::run_test::{closure#0}
[INFO] [stdout]   15:     0x5f0a31076194 - std[617be2ca0a6fd877]::sys::backtrace::__rust_begin_short_backtrace::<test[aada8e7e76ba119b]::run_test::{closure#1}, ()>
[INFO] [stdout]   16:     0x5f0a3107f932 - <std[617be2ca0a6fd877]::thread::lifecycle::spawn_unchecked<test[aada8e7e76ba119b]::run_test::{closure#1}, ()>::{closure#1} as core[a373ad73a504971]::ops::function::FnOnce<()>>::call_once::{shim:vtable#0}
[INFO] [stdout]   17:     0x5f0a310e78cf - <std[617be2ca0a6fd877]::sys::thread::unix::Thread>::new::thread_start
[INFO] [stdout]   18:     0x7825735b7dfa - <unknown>
[INFO] [stdout]   19:     0x78257364b3d4 - clone
[INFO] [stdout]   20:                0x0 - <unknown>
[INFO] [stdout] 
[INFO] [stdout] ---- parse::tests::minimalist_equals_commented_straight stdout ----
[INFO] [stdout] 
[INFO] [stdout] thread 'parse::tests::minimalist_equals_commented_straight' (200) panicked at src/parse/mod.rs:464:49:
[INFO] [stdout] /opt/rustwide/workdir/tests/fixtures/crg-txt/handmade_straight.crg: No such file or directory (os error 2)
[INFO] [stdout] stack backtrace:
[INFO] [stdout]    0:     0x5f0a310e8381 - <<std[617be2ca0a6fd877]::sys::backtrace::BacktraceLock>::print::DisplayBacktrace as core[a373ad73a504971]::fmt::Display>::fmt
[INFO] [stdout]    1:     0x5f0a310fe1fa - core[a373ad73a504971]::fmt::write
[INFO] [stdout]    2:     0x5f0a310ec88c - <alloc[2e1b2a31b91974c5]::vec::Vec<u8> as core[a373ad73a504971]::io::write::Write>::write_fmt
[INFO] [stdout]    3:     0x5f0a310c3ff6 - std[617be2ca0a6fd877]::panicking::default_hook::{closure#0}
[INFO] [stdout]    4:     0x5f0a310e04f9 - std[617be2ca0a6fd877]::panicking::default_hook
[INFO] [stdout]    5:     0x5f0a3107c280 - test[aada8e7e76ba119b]::test_main_inner::{closure#0}
[INFO] [stdout]    6:     0x5f0a310e06b2 - std[617be2ca0a6fd877]::panicking::panic_with_hook
[INFO] [stdout]    7:     0x5f0a310c40a2 - std[617be2ca0a6fd877]::panicking::panic_handler::{closure#0}
[INFO] [stdout]    8:     0x5f0a310bcb89 - std[617be2ca0a6fd877]::sys::backtrace::__rust_end_short_backtrace::<std[617be2ca0a6fd877]::panicking::panic_handler::{closure#0}, !>
[INFO] [stdout]    9:     0x5f0a310c4cad - __rustc[ea4f61d10b84890b]::rust_begin_unwind
[INFO] [stdout]   10:     0x5f0a310fe92c - core[a373ad73a504971]::panicking::panic_fmt
[INFO] [stdout]   11:     0x5f0a31066ca9 - opencrg[a4205466f2e13e7b]::parse::tests::fixture::{closure#0}
[INFO] [stdout]   12:     0x5f0a31066ef1 - opencrg[a4205466f2e13e7b]::parse::tests::fixture
[INFO] [stdout]   13:     0x5f0a31066d6a - opencrg[a4205466f2e13e7b]::parse::tests::txt
[INFO] [stdout]   14:     0x5f0a31069954 - <opencrg[a4205466f2e13e7b]::parse::tests::minimalist_equals_commented_straight::{closure#0} as core[a373ad73a504971]::ops::function::FnOnce<()>>::call_once
[INFO] [stdout]   15:     0x5f0a3106f6cb - test[aada8e7e76ba119b]::__rust_begin_short_backtrace::<core[a373ad73a504971]::result::Result<(), alloc[2e1b2a31b91974c5]::string::String>, fn() -> core[a373ad73a504971]::result::Result<(), alloc[2e1b2a31b91974c5]::string::String>>
[INFO] [stdout]   16:     0x5f0a3107c8a5 - test[aada8e7e76ba119b]::run_test::{closure#0}
[INFO] [stdout]   17:     0x5f0a31076194 - std[617be2ca0a6fd877]::sys::backtrace::__rust_begin_short_backtrace::<test[aada8e7e76ba119b]::run_test::{closure#1}, ()>
[INFO] [stdout]   18:     0x5f0a3107f932 - <std[617be2ca0a6fd877]::thread::lifecycle::spawn_unchecked<test[aada8e7e76ba119b]::run_test::{closure#1}, ()>::{closure#1} as core[a373ad73a504971]::ops::function::FnOnce<()>>::call_once::{shim:vtable#0}
[INFO] [stdout]   19:     0x5f0a310e78cf - <std[617be2ca0a6fd877]::sys::thread::unix::Thread>::new::thread_start
[INFO] [stdout]   20:     0x7825735b7dfa - <unknown>
[INFO] [stdout]   21:     0x78257364b3d4 - clone
[INFO] [stdout]   22:                0x0 - <unknown>
[INFO] [stdout] 
[INFO] [stdout] ---- parse::tests::options_block_is_read stdout ----
[INFO] [stdout] 
[INFO] [stdout] thread 'parse::tests::options_block_is_read' (202) panicked at src/parse/mod.rs:464:49:
[INFO] [stdout] /opt/rustwide/workdir/tests/fixtures/crg-txt/testOptionBorderMode.crg: No such file or directory (os error 2)
[INFO] [stdout] stack backtrace:
[INFO] [stdout]    0:     0x5f0a310e8381 - <<std[617be2ca0a6fd877]::sys::backtrace::BacktraceLock>::print::DisplayBacktrace as core[a373ad73a504971]::fmt::Display>::fmt
[INFO] [stdout]    1:     0x5f0a310fe1fa - core[a373ad73a504971]::fmt::write
[INFO] [stdout]    2:     0x5f0a310ec88c - <alloc[2e1b2a31b91974c5]::vec::Vec<u8> as core[a373ad73a504971]::io::write::Write>::write_fmt
[INFO] [stdout]    3:     0x5f0a310c3ff6 - std[617be2ca0a6fd877]::panicking::default_hook::{closure#0}
[INFO] [stdout]    4:     0x5f0a310e04f9 - std[617be2ca0a6fd877]::panicking::default_hook
[INFO] [stdout]    5:     0x5f0a3107c280 - test[aada8e7e76ba119b]::test_main_inner::{closure#0}
[INFO] [stdout]    6:     0x5f0a310e06b2 - std[617be2ca0a6fd877]::panicking::panic_with_hook
[INFO] [stdout]    7:     0x5f0a310c40a2 - std[617be2ca0a6fd877]::panicking::panic_handler::{closure#0}
[INFO] [stdout]    8:     0x5f0a310bcb89 - std[617be2ca0a6fd877]::sys::backtrace::__rust_end_short_backtrace::<std[617be2ca0a6fd877]::panicking::panic_handler::{closure#0}, !>
[INFO] [stdout]    9:     0x5f0a310c4cad - __rustc[ea4f61d10b84890b]::rust_begin_unwind
[INFO] [stdout]   10:     0x5f0a310fe92c - core[a373ad73a504971]::panicking::panic_fmt
[INFO] [stdout]   11:     0x5f0a31066ca9 - opencrg[a4205466f2e13e7b]::parse::tests::fixture::{closure#0}
[INFO] [stdout]   12:     0x5f0a31066ef1 - opencrg[a4205466f2e13e7b]::parse::tests::fixture
[INFO] [stdout]   13:     0x5f0a31066d6a - opencrg[a4205466f2e13e7b]::parse::tests::txt
[INFO] [stdout]   14:     0x5f0a310681c6 - <opencrg[a4205466f2e13e7b]::parse::tests::options_block_is_read::{closure#0} as core[a373ad73a504971]::ops::function::FnOnce<()>>::call_once
[INFO] [stdout]   15:     0x5f0a3106f6cb - test[aada8e7e76ba119b]::__rust_begin_short_backtrace::<core[a373ad73a504971]::result::Result<(), alloc[2e1b2a31b91974c5]::string::String>, fn() -> core[a373ad73a504971]::result::Result<(), alloc[2e1b2a31b91974c5]::string::String>>
[INFO] [stdout]   16:     0x5f0a3107c8a5 - test[aada8e7e76ba119b]::run_test::{closure#0}
[INFO] [stdout]   17:     0x5f0a31076194 - std[617be2ca0a6fd877]::sys::backtrace::__rust_begin_short_backtrace::<test[aada8e7e76ba119b]::run_test::{closure#1}, ()>
[INFO] [stdout]   18:     0x5f0a3107f932 - <std[617be2ca0a6fd877]::thread::lifecycle::spawn_unchecked<test[aada8e7e76ba119b]::run_test::{closure#1}, ()>::{closure#1} as core[a373ad73a504971]::ops::function::FnOnce<()>>::call_once::{shim:vtable#0}
[INFO] [stdout]   19:     0x5f0a310e78cf - <std[617be2ca0a6fd877]::sys::thread::unix::Thread>::new::thread_start
[INFO] [stdout]   20:     0x7825735b7dfa - <unknown>
[INFO] [stdout]   21:     0x78257364b3d4 - clone
[INFO] [stdout]   22:                0x0 - <unknown>
[INFO] [stdout] 
[INFO] [stdout] ---- parse::tests::positioned_sections_and_reference_channels stdout ----
[INFO] [stdout] 
[INFO] [stdout] thread 'parse::tests::positioned_sections_and_reference_channels' (203) panicked at src/parse/mod.rs:464:49:
[INFO] [stdout] /opt/rustwide/workdir/tests/fixtures/crg-txt/handmade_curved_banked_sloped.crg: No such file or directory (os error 2)
[INFO] [stdout] stack backtrace:
[INFO] [stdout]    0:     0x5f0a310e8381 - <<std[617be2ca0a6fd877]::sys::backtrace::BacktraceLock>::print::DisplayBacktrace as core[a373ad73a504971]::fmt::Display>::fmt
[INFO] [stdout]    1:     0x5f0a310fe1fa - core[a373ad73a504971]::fmt::write
[INFO] [stdout]    2:     0x5f0a310ec88c - <alloc[2e1b2a31b91974c5]::vec::Vec<u8> as core[a373ad73a504971]::io::write::Write>::write_fmt
[INFO] [stdout]    3:     0x5f0a310c3ff6 - std[617be2ca0a6fd877]::panicking::default_hook::{closure#0}
[INFO] [stdout]    4:     0x5f0a310e04f9 - std[617be2ca0a6fd877]::panicking::default_hook
[INFO] [stdout]    5:     0x5f0a3107c280 - test[aada8e7e76ba119b]::test_main_inner::{closure#0}
[INFO] [stdout]    6:     0x5f0a310e06b2 - std[617be2ca0a6fd877]::panicking::panic_with_hook
[INFO] [stdout]    7:     0x5f0a310c40a2 - std[617be2ca0a6fd877]::panicking::panic_handler::{closure#0}
[INFO] [stdout]    8:     0x5f0a310bcb89 - std[617be2ca0a6fd877]::sys::backtrace::__rust_end_short_backtrace::<std[617be2ca0a6fd877]::panicking::panic_handler::{closure#0}, !>
[INFO] [stdout]    9:     0x5f0a310c4cad - __rustc[ea4f61d10b84890b]::rust_begin_unwind
[INFO] [stdout]   10:     0x5f0a310fe92c - core[a373ad73a504971]::panicking::panic_fmt
[INFO] [stdout]   11:     0x5f0a31066ca9 - opencrg[a4205466f2e13e7b]::parse::tests::fixture::{closure#0}
[INFO] [stdout]   12:     0x5f0a31066ef1 - opencrg[a4205466f2e13e7b]::parse::tests::fixture
[INFO] [stdout]   13:     0x5f0a31066d6a - opencrg[a4205466f2e13e7b]::parse::tests::txt
[INFO] [stdout]   14:     0x5f0a31069e9d - <opencrg[a4205466f2e13e7b]::parse::tests::positioned_sections_and_reference_channels::{closure#0} as core[a373ad73a504971]::ops::function::FnOnce<()>>::call_once
[INFO] [stdout]   15:     0x5f0a3106f6cb - test[aada8e7e76ba119b]::__rust_begin_short_backtrace::<core[a373ad73a504971]::result::Result<(), alloc[2e1b2a31b91974c5]::string::String>, fn() -> core[a373ad73a504971]::result::Result<(), alloc[2e1b2a31b91974c5]::string::String>>
[INFO] [stdout]   16:     0x5f0a3107c8a5 - test[aada8e7e76ba119b]::run_test::{closure#0}
[INFO] [stdout]   17:     0x5f0a31076194 - std[617be2ca0a6fd877]::sys::backtrace::__rust_begin_short_backtrace::<test[aada8e7e76ba119b]::run_test::{closure#1}, ()>
[INFO] [stdout]   18:     0x5f0a3107f932 - <std[617be2ca0a6fd877]::thread::lifecycle::spawn_unchecked<test[aada8e7e76ba119b]::run_test::{closure#1}, ()>::{closure#1} as core[a373ad73a504971]::ops::function::FnOnce<()>>::call_once::{shim:vtable#0}
[INFO] [stdout]   19:     0x5f0a310e78cf - <std[617be2ca0a6fd877]::sys::thread::unix::Thread>::new::thread_start
[INFO] [stdout]   20:     0x7825735b7dfa - <unknown>
[INFO] [stdout]   21:     0x78257364b3d4 - clone
[INFO] [stdout]   22:                0x0 - <unknown>
[INFO] [stdout] 
[INFO] [stdout] 
[INFO] [stdout] failures:
[INFO] [stdout]     eval::tests::grid_slopes_match_differences_within_a_cell
[INFO] [stdout]     eval::tests::held_borders_have_zero_slope
[INFO] [stdout]     eval::tests::nan_holes_return_none
[INFO] [stdout]     eval::tests::nan_queries_return_none
[INFO] [stdout]     eval::tests::normal_on_a_flat_straight_road_points_up
[INFO] [stdout]     eval::tests::normals_follow_wrapped_borders_and_smoothing
[INFO] [stdout]     eval::tests::normals_match_the_surface
[INFO] [stdout]     eval::tests::rejected_settings_are_named
[INFO] [stdout]     eval::tests::xy_to_uv_round_trips
[INFO] [stdout]     eval::tests::zero_and_none_borders
[INFO] [stdout]     parse::tests::belgian_block_binary
[INFO] [stdout]     parse::tests::double_file_matches_single_file_grid
[INFO] [stdout]     parse::tests::every_text_fixture_parses_or_needs_includes
[INFO] [stdout]     parse::tests::minimalist_equals_commented_straight
[INFO] [stdout]     parse::tests::options_block_is_read
[INFO] [stdout]     parse::tests::positioned_sections_and_reference_channels
[INFO] [stdout] 
[INFO] [stdout] test result: FAILED. 16 passed; 16 failed; 1 ignored; 0 measured; 0 filtered out; finished in 0.01s
[INFO] [stdout] 
[INFO] running `Command { std: "docker" "inspect" "48319f27c45949d9e483746cced7576a0809ac2a88777dc0b1b026a09dbfc2ba", kill_on_drop: false }`
[INFO] running `Command { std: "docker" "rm" "-f" "48319f27c45949d9e483746cced7576a0809ac2a88777dc0b1b026a09dbfc2ba", kill_on_drop: false }`
[INFO] [stdout] 48319f27c45949d9e483746cced7576a0809ac2a88777dc0b1b026a09dbfc2ba
