[INFO] fetching crate opencorpora 0.3.0...
[INFO] testing opencorpora-0.3.0 against 1.100.0-beta.1+cargoflags=--release for beta-release-1.100-2
[INFO] extracting crate opencorpora 0.3.0 into /workspace/builds/worker-3-tc2/source
[INFO] started tweaking crates.io crate opencorpora 0.3.0
[INFO] finished tweaking crates.io crate opencorpora 0.3.0
[INFO] tweaked toml for crates.io crate opencorpora 0.3.0 written to /workspace/builds/worker-3-tc2/source/Cargo.toml
[INFO] validating manifest of crates.io crate opencorpora 0.3.0 on toolchain 1.100.0-beta.1
[INFO] running `Command { std: CARGO_HOME="/workspace/cargo-home" RUSTUP_HOME="/workspace/rustup-home" "/workspace/cargo-home/bin/cargo" "+1.100.0-beta.1" "metadata" "--manifest-path" "Cargo.toml" "--no-deps", kill_on_drop: false }`
[INFO] crate crates.io crate opencorpora 0.3.0 already has a lockfile, it will not be regenerated
[INFO] running `Command { std: CARGO_HOME="/workspace/cargo-home" RUSTUP_HOME="/workspace/rustup-home" "/workspace/cargo-home/bin/cargo" "+1.100.0-beta.1" "fetch" "--manifest-path" "Cargo.toml", kill_on_drop: false }`
[INFO] running `Command { std: "docker" "create" "-v" "/var/lib/crater-agent-workspace/builds/worker-3-tc2/source:/opt/rustwide/workdir:ro,Z" "-v" "/var/lib/crater-agent-workspace/builds/worker-3-tc2/target:/opt/rustwide/target:rw,Z" "-v" "/var/lib/crater-agent-workspace/cargo-home:/opt/rustwide/cargo-home:ro,Z" "-v" "/var/lib/crater-agent-workspace/rustup-home:/opt/rustwide/rustup-home:ro,Z" "-m" "1610612736" "--network" "none" "ghcr.io/rust-lang/crates-build-env/linux@sha256:77db811e55d90add9212f6832c23229e3de5f1c1f9905e8cb07319ea15df73ac" "sleep" "infinity", kill_on_drop: false }`
[INFO] [stdout] 9ea2add1e29b0c1222c098112d643dcd48cdcd64f95f676f0082514e1817c5ec
[INFO] running `Command { std: "docker" "start" "9ea2add1e29b0c1222c098112d643dcd48cdcd64f95f676f0082514e1817c5ec", kill_on_drop: false }`
[INFO] running `Command { std: "docker" "inspect" "9ea2add1e29b0c1222c098112d643dcd48cdcd64f95f676f0082514e1817c5ec", kill_on_drop: false }`
[INFO] running `Command { std: "docker" "exec" "-e" "SOURCE_DIR=/opt/rustwide/workdir" "-e" "CARGO_HOME=/opt/rustwide/cargo-home" "-e" "RUSTUP_HOME=/opt/rustwide/rustup-home" "-e" "CARGO_TARGET_DIR=/opt/rustwide/target" "-w" "/opt/rustwide/workdir" "--user" "0:0" "9ea2add1e29b0c1222c098112d643dcd48cdcd64f95f676f0082514e1817c5ec" "/opt/rustwide/cargo-home/bin/cargo" "+1.100.0-beta.1" "metadata" "--no-deps" "--format-version=1", kill_on_drop: false }`
[INFO] running `Command { std: "docker" "inspect" "9ea2add1e29b0c1222c098112d643dcd48cdcd64f95f676f0082514e1817c5ec", kill_on_drop: false }`
[INFO] running `Command { std: "docker" "exec" "-e" "SOURCE_DIR=/opt/rustwide/workdir" "-e" "CARGO_HOME=/opt/rustwide/cargo-home" "-e" "RUSTUP_HOME=/opt/rustwide/rustup-home" "-e" "CARGO_TARGET_DIR=/opt/rustwide/target" "-e" "CARGO_INCREMENTAL=0" "-e" "RUST_BACKTRACE=full" "-e" "RUSTFLAGS=--cap-lints=warn" "-e" "RUSTDOCFLAGS=--cap-lints=warn" "-w" "/opt/rustwide/workdir" "--user" "0:0" "9ea2add1e29b0c1222c098112d643dcd48cdcd64f95f676f0082514e1817c5ec" "/opt/rustwide/cargo-home/bin/cargo" "+1.100.0-beta.1" "build" "--frozen" "--message-format=json" "--release", kill_on_drop: false }`
[INFO] [stderr]    Compiling proc-macro2 v1.0.39
[INFO] [stderr]    Compiling unicode-ident v1.0.1
[INFO] [stderr]    Compiling syn v1.0.96
[INFO] [stderr]    Compiling quick-xml v0.23.0
[INFO] [stderr]    Compiling quote v1.0.18
[INFO] [stderr]    Compiling thiserror-impl v1.0.31
[INFO] [stderr]    Compiling thiserror v1.0.31
[INFO] [stderr]    Compiling opencorpora v0.3.0 (/opt/rustwide/workdir)
[INFO] [stderr]     Finished `release` profile [optimized] target(s) in 5.87s
[INFO] running `Command { std: "docker" "inspect" "9ea2add1e29b0c1222c098112d643dcd48cdcd64f95f676f0082514e1817c5ec", kill_on_drop: false }`
[INFO] running `Command { std: "docker" "exec" "-e" "SOURCE_DIR=/opt/rustwide/workdir" "-e" "CARGO_HOME=/opt/rustwide/cargo-home" "-e" "RUSTUP_HOME=/opt/rustwide/rustup-home" "-e" "CARGO_TARGET_DIR=/opt/rustwide/target" "-e" "CARGO_INCREMENTAL=0" "-e" "RUST_BACKTRACE=full" "-e" "RUSTFLAGS=--cap-lints=warn" "-e" "RUSTDOCFLAGS=--cap-lints=warn" "-w" "/opt/rustwide/workdir" "--user" "0:0" "9ea2add1e29b0c1222c098112d643dcd48cdcd64f95f676f0082514e1817c5ec" "/opt/rustwide/cargo-home/bin/cargo" "+1.100.0-beta.1" "test" "--frozen" "--no-run" "--message-format=json" "--release", kill_on_drop: false }`
[INFO] [stderr]    Compiling syn v1.0.96
[INFO] [stderr]    Compiling futures-core v0.3.21
[INFO] [stderr]    Compiling once_cell v1.12.0
[INFO] [stderr]    Compiling smallvec v1.8.0
[INFO] [stderr]    Compiling futures-task v0.3.21
[INFO] [stderr]    Compiling mio v0.8.3
[INFO] [stderr]    Compiling indexmap v1.9.0
[INFO] [stderr]    Compiling futures-util v0.3.21
[INFO] [stderr]    Compiling cc v1.0.73
[INFO] [stderr]    Compiling tracing-core v0.1.27
[INFO] [stderr]    Compiling pkg-config v0.3.25
[INFO] [stderr]    Compiling parking_lot_core v0.9.3
[INFO] [stderr]    Compiling http v0.2.8
[INFO] [stderr]    Compiling hashbrown v0.12.1
[INFO] [stderr]    Compiling parking_lot v0.12.1
[INFO] [stderr]    Compiling tracing v0.1.35
[INFO] [stderr]    Compiling bzip2-sys v0.1.11+1.0.8
[INFO] [stderr]    Compiling httparse v1.7.1
[INFO] [stderr]    Compiling futures-sink v0.3.21
[INFO] [stderr]    Compiling futures-channel v0.3.21
[INFO] [stderr]    Compiling try-lock v0.2.3
[INFO] [stderr]    Compiling want v0.3.0
[INFO] [stderr]    Compiling http-body v0.4.5
[INFO] [stderr]    Compiling httpdate v1.0.2
[INFO] [stderr]    Compiling tower-service v0.3.1
[INFO] [stderr]    Compiling bzip2 v0.4.3
[INFO] [stderr]    Compiling tokio-macros v1.8.0
[INFO] [stderr]    Compiling thiserror-impl v1.0.31
[INFO] [stderr]    Compiling tokio v1.19.2
[INFO] [stderr]    Compiling thiserror v1.0.31
[INFO] [stderr]    Compiling opencorpora v0.3.0 (/opt/rustwide/workdir)
[INFO] [stderr]    Compiling tokio-util v0.7.3
[INFO] [stderr]    Compiling h2 v0.3.13
[INFO] [stderr]    Compiling hyper v0.14.19
[INFO] [stderr]     Finished `release` profile [optimized] target(s) in 1m 02s
[INFO] running `Command { std: "docker" "inspect" "9ea2add1e29b0c1222c098112d643dcd48cdcd64f95f676f0082514e1817c5ec", kill_on_drop: false }`
[INFO] running `Command { std: "docker" "exec" "-e" "SOURCE_DIR=/opt/rustwide/workdir" "-e" "CARGO_HOME=/opt/rustwide/cargo-home" "-e" "RUSTUP_HOME=/opt/rustwide/rustup-home" "-e" "CARGO_TARGET_DIR=/opt/rustwide/target" "-e" "CARGO_INCREMENTAL=0" "-e" "RUST_BACKTRACE=full" "-e" "RUSTFLAGS=--cap-lints=warn" "-e" "RUSTDOCFLAGS=--cap-lints=warn" "-w" "/opt/rustwide/workdir" "--user" "0:0" "9ea2add1e29b0c1222c098112d643dcd48cdcd64f95f676f0082514e1817c5ec" "/opt/rustwide/cargo-home/bin/cargo" "+1.100.0-beta.1" "test" "--frozen" "--release", kill_on_drop: false }`
[INFO] [stderr]     Finished `release` profile [optimized] target(s) in 0.10s
[INFO] [stderr]      Running unittests src/lib.rs (/opt/rustwide/target/release/build/opencorpora/557380ef0400d26d/out/opencorpora-557380ef0400d26d)
[INFO] [stdout] 
[INFO] [stdout] running 0 tests
[INFO] [stdout] 
[INFO] [stdout] test result: ok. 0 passed; 0 failed; 0 ignored; 0 measured; 0 filtered out; finished in 0.00s
[INFO] [stdout] 
[INFO] [stderr]      Running tests/read_from_xml.rs (/opt/rustwide/target/release/build/opencorpora/52fc4ec2c22357fb/out/read_from_xml-52fc4ec2c22357fb)
[INFO] [stdout] 
[INFO] [stdout] running 1 test
[INFO] [stdout] test test_read_from_xml ... FAILED
[INFO] [stdout] 
[INFO] [stdout] failures:
[INFO] [stdout] 
[INFO] [stdout] ---- test_read_from_xml stdout ----
[INFO] [stdout] 
[INFO] [stdout] thread 'test_read_from_xml' (983) panicked at tests/read_from_xml.rs:17:45:
[INFO] [stdout] called `Result::unwrap()` on an `Err` value: hyper::Error(Connect, ConnectError("dns error", Custom { kind: Uncategorized, error: "failed to lookup address information: Temporary failure in name resolution" }))
[INFO] [stdout] stack backtrace:
[INFO] [stdout]    0:     0x591ef13ca3a1 - <<std[617be2ca0a6fd877]::sys::backtrace::BacktraceLock>::print::DisplayBacktrace as core[a373ad73a504971]::fmt::Display>::fmt
[INFO] [stdout]    1:     0x591ef13dfd3a - core[a373ad73a504971]::fmt::write
[INFO] [stdout]    2:     0x591ef13cec5c - <alloc[2e1b2a31b91974c5]::vec::Vec<u8> as core[a373ad73a504971]::io::write::Write>::write_fmt
[INFO] [stdout]    3:     0x591ef13a5676 - std[617be2ca0a6fd877]::panicking::default_hook::{closure#0}
[INFO] [stdout]    4:     0x591ef13c23b9 - std[617be2ca0a6fd877]::panicking::default_hook
[INFO] [stdout]    5:     0x591ef12d3f20 - test[aada8e7e76ba119b]::test_main_inner::{closure#0}
[INFO] [stdout]    6:     0x591ef13c26e2 - std[617be2ca0a6fd877]::panicking::panic_with_hook
[INFO] [stdout]    7:     0x591ef13a5722 - std[617be2ca0a6fd877]::panicking::panic_handler::{closure#0}
[INFO] [stdout]    8:     0x591ef139e359 - std[617be2ca0a6fd877]::sys::backtrace::__rust_end_short_backtrace::<std[617be2ca0a6fd877]::panicking::panic_handler::{closure#0}, !>
[INFO] [stdout]    9:     0x591ef13a651d - __rustc[ea4f61d10b84890b]::rust_begin_unwind
[INFO] [stdout]   10:     0x591ef13e049c - core[a373ad73a504971]::panicking::panic_fmt
[INFO] [stdout]   11:     0x591ef13e0272 - core[a373ad73a504971]::result::unwrap_failed
[INFO] [stdout]   12:     0x591ef12979fb - <core[a373ad73a504971]::pin::Pin<&mut read_from_xml[cfe8f5bf3e4c6f84]::test_read_from_xml::{closure#0}> as core[a373ad73a504971]::future::future::Future>::poll
[INFO] [stdout]   13:     0x591ef129f37b - <tokio[716344842295cbe]::runtime::basic_scheduler::Context>::enter::<core[a373ad73a504971]::task::poll::Poll<()>, <tokio[716344842295cbe]::runtime::basic_scheduler::CoreGuard>::block_on<core[a373ad73a504971]::pin::Pin<&mut read_from_xml[cfe8f5bf3e4c6f84]::test_read_from_xml::{closure#0}>>::{closure#0}::{closure#0}>
[INFO] [stdout]   14:     0x591ef12bf476 - <tokio[716344842295cbe]::macros::scoped_tls::ScopedKey<tokio[716344842295cbe]::runtime::basic_scheduler::Context>>::set::<<tokio[716344842295cbe]::runtime::basic_scheduler::CoreGuard>::enter<<tokio[716344842295cbe]::runtime::basic_scheduler::CoreGuard>::block_on<core[a373ad73a504971]::pin::Pin<&mut read_from_xml[cfe8f5bf3e4c6f84]::test_read_from_xml::{closure#0}>>::{closure#0}, ()>::{closure#0}, (alloc[2e1b2a31b91974c5]::boxed::Box<tokio[716344842295cbe]::runtime::basic_scheduler::Core>, ())>
[INFO] [stdout]   15:     0x591ef129efc9 - <tokio[716344842295cbe]::runtime::basic_scheduler::BasicScheduler>::block_on::<read_from_xml[cfe8f5bf3e4c6f84]::test_read_from_xml::{closure#0}>
[INFO] [stdout]   16:     0x591ef12741ff - <tokio[716344842295cbe]::runtime::Runtime>::block_on::<read_from_xml[cfe8f5bf3e4c6f84]::test_read_from_xml::{closure#0}>
[INFO] [stdout]   17:     0x591ef128fd10 - <read_from_xml[cfe8f5bf3e4c6f84]::test_read_from_xml::{closure#0} as core[a373ad73a504971]::ops::function::FnOnce<()>>::call_once
[INFO] [stdout]   18:     0x591ef12c736b - test[aada8e7e76ba119b]::__rust_begin_short_backtrace::<core[a373ad73a504971]::result::Result<(), alloc[2e1b2a31b91974c5]::string::String>, fn() -> core[a373ad73a504971]::result::Result<(), alloc[2e1b2a31b91974c5]::string::String>>
[INFO] [stdout]   19:     0x591ef12d4545 - test[aada8e7e76ba119b]::run_test::{closure#0}
[INFO] [stdout]   20:     0x591ef12cde34 - std[617be2ca0a6fd877]::sys::backtrace::__rust_begin_short_backtrace::<test[aada8e7e76ba119b]::run_test::{closure#1}, ()>
[INFO] [stdout]   21:     0x591ef12d75d2 - <std[617be2ca0a6fd877]::thread::lifecycle::spawn_unchecked<test[aada8e7e76ba119b]::run_test::{closure#1}, ()>::{closure#1} as core[a373ad73a504971]::ops::function::FnOnce<()>>::call_once::{shim:vtable#0}
[INFO] [stdout]   22:     0x591ef13c984f - <std[617be2ca0a6fd877]::sys::thread::unix::Thread>::new::thread_start
[INFO] [stdout]   23:     0x77b28f626dfa - <unknown>
[INFO] [stdout]   24:     0x77b28f6ba3d4 - clone
[INFO] [stdout]   25:                0x0 - <unknown>
[INFO] [stdout] 
[INFO] [stdout] 
[INFO] [stdout] failures:
[INFO] [stdout]     test_read_from_xml
[INFO] [stdout] 
[INFO] [stdout] test result: FAILED. 0 passed; 1 failed; 0 ignored; 0 measured; 0 filtered out; finished in 0.01s
[INFO] [stdout] 
[INFO] [stderr] error: test failed, to rerun pass `--test read_from_xml`
[INFO] running `Command { std: "docker" "inspect" "9ea2add1e29b0c1222c098112d643dcd48cdcd64f95f676f0082514e1817c5ec", kill_on_drop: false }`
[INFO] running `Command { std: "docker" "rm" "-f" "9ea2add1e29b0c1222c098112d643dcd48cdcd64f95f676f0082514e1817c5ec", kill_on_drop: false }`
[INFO] [stdout] 9ea2add1e29b0c1222c098112d643dcd48cdcd64f95f676f0082514e1817c5ec
