[INFO] fetching crate opencodecommit 2.1.2...
[INFO] testing opencodecommit-2.1.2 against 1.100.0-beta.1+cargoflags=--release for beta-release-1.100-2
[INFO] extracting crate opencodecommit 2.1.2 into /workspace/builds/worker-0-tc2/source
[INFO] started tweaking crates.io crate opencodecommit 2.1.2
[INFO] removed 0 missing tests
[INFO] finished tweaking crates.io crate opencodecommit 2.1.2
[INFO] tweaked toml for crates.io crate opencodecommit 2.1.2 written to /workspace/builds/worker-0-tc2/source/Cargo.toml
[INFO] validating manifest of crates.io crate opencodecommit 2.1.2 on toolchain 1.100.0-beta.1
[INFO] running `Command { std: CARGO_HOME="/workspace/cargo-home" RUSTUP_HOME="/workspace/rustup-home" "/workspace/cargo-home/bin/cargo" "+1.100.0-beta.1" "metadata" "--manifest-path" "Cargo.toml" "--no-deps", kill_on_drop: false }`
[INFO] crate crates.io crate opencodecommit 2.1.2 already has a lockfile, it will not be regenerated
[INFO] running `Command { std: CARGO_HOME="/workspace/cargo-home" RUSTUP_HOME="/workspace/rustup-home" "/workspace/cargo-home/bin/cargo" "+1.100.0-beta.1" "fetch" "--manifest-path" "Cargo.toml", kill_on_drop: false }`
[INFO] running `Command { std: "docker" "create" "-v" "/var/lib/crater-agent-workspace/builds/worker-0-tc2/source:/opt/rustwide/workdir:ro,Z" "-v" "/var/lib/crater-agent-workspace/builds/worker-0-tc2/target:/opt/rustwide/target:rw,Z" "-v" "/var/lib/crater-agent-workspace/cargo-home:/opt/rustwide/cargo-home:ro,Z" "-v" "/var/lib/crater-agent-workspace/rustup-home:/opt/rustwide/rustup-home:ro,Z" "-m" "1610612736" "--network" "none" "ghcr.io/rust-lang/crates-build-env/linux@sha256:77db811e55d90add9212f6832c23229e3de5f1c1f9905e8cb07319ea15df73ac" "sleep" "infinity", kill_on_drop: false }`
[INFO] [stdout] 3be6e196d557571299e3de97957c130d3e1c15dc9c96064a57d760ba62174603
[INFO] running `Command { std: "docker" "start" "3be6e196d557571299e3de97957c130d3e1c15dc9c96064a57d760ba62174603", kill_on_drop: false }`
[INFO] running `Command { std: "docker" "inspect" "3be6e196d557571299e3de97957c130d3e1c15dc9c96064a57d760ba62174603", kill_on_drop: false }`
[INFO] running `Command { std: "docker" "exec" "-e" "SOURCE_DIR=/opt/rustwide/workdir" "-e" "CARGO_HOME=/opt/rustwide/cargo-home" "-e" "RUSTUP_HOME=/opt/rustwide/rustup-home" "-e" "CARGO_TARGET_DIR=/opt/rustwide/target" "-w" "/opt/rustwide/workdir" "--user" "0:0" "3be6e196d557571299e3de97957c130d3e1c15dc9c96064a57d760ba62174603" "/opt/rustwide/cargo-home/bin/cargo" "+1.100.0-beta.1" "metadata" "--no-deps" "--format-version=1", kill_on_drop: false }`
[INFO] running `Command { std: "docker" "inspect" "3be6e196d557571299e3de97957c130d3e1c15dc9c96064a57d760ba62174603", kill_on_drop: false }`
[INFO] running `Command { std: "docker" "exec" "-e" "SOURCE_DIR=/opt/rustwide/workdir" "-e" "CARGO_HOME=/opt/rustwide/cargo-home" "-e" "RUSTUP_HOME=/opt/rustwide/rustup-home" "-e" "CARGO_TARGET_DIR=/opt/rustwide/target" "-e" "CARGO_INCREMENTAL=0" "-e" "RUST_BACKTRACE=full" "-e" "RUSTFLAGS=--cap-lints=warn" "-e" "RUSTDOCFLAGS=--cap-lints=warn" "-w" "/opt/rustwide/workdir" "--user" "0:0" "3be6e196d557571299e3de97957c130d3e1c15dc9c96064a57d760ba62174603" "/opt/rustwide/cargo-home/bin/cargo" "+1.100.0-beta.1" "build" "--frozen" "--message-format=json" "--release", kill_on_drop: false }`
[INFO] [stderr]    Compiling dunce v1.0.5
[INFO] [stderr]    Compiling fs_extra v1.3.0
[INFO] [stderr]    Compiling futures-core v0.3.33
[INFO] [stderr]    Compiling aws-lc-rs v1.17.3
[INFO] [stderr]    Compiling thiserror v2.0.19
[INFO] [stderr]    Compiling futures-sink v0.3.33
[INFO] [stderr]    Compiling syn v2.0.119
[INFO] [stderr]    Compiling jobserver v0.1.35
[INFO] [stderr]    Compiling mio v1.2.2
[INFO] [stderr]    Compiling thiserror-impl v2.0.19
[INFO] [stderr]    Compiling rustls-pki-types v1.15.0
[INFO] [stderr]    Compiling http v1.4.2
[INFO] [stderr]    Compiling itertools v0.14.0
[INFO] [stderr]    Compiling castaway v0.2.4
[INFO] [stderr]    Compiling hashbrown v0.17.1
[INFO] [stderr]    Compiling signal-hook v0.3.18
[INFO] [stderr]    Compiling futures-io v0.3.33
[INFO] [stderr]    Compiling instability v0.3.12
[INFO] [stderr]    Compiling rustls v0.23.42
[INFO] [stderr]    Compiling compact_str v0.9.1
[INFO] [stderr]    Compiling futures-util v0.3.33
[INFO] [stderr]    Compiling rustix v1.1.4
[INFO] [stderr]    Compiling indoc v2.0.7
[INFO] [stderr]    Compiling critical-section v1.2.0
[INFO] [stderr]    Compiling cc v1.3.0
[INFO] [stderr]    Compiling parking_lot_core v0.9.12
[INFO] [stderr]    Compiling futures-channel v0.3.33
[INFO] [stderr]    Compiling num_threads v0.1.7
[INFO] [stderr]    Compiling tokio v1.53.1
[INFO] [stderr]    Compiling time v0.3.54
[INFO] [stderr]    Compiling parking_lot v0.12.5
[INFO] [stderr]    Compiling sync_wrapper v1.0.2
[INFO] [stderr]    Compiling signal-hook-mio v0.2.5
[INFO] [stderr]    Compiling line-clipping v0.3.7
[INFO] [stderr]    Compiling rustls-native-certs v0.8.4
[INFO] [stderr]    Compiling serde v1.0.229
[INFO] [stderr]    Compiling aho-corasick v1.1.4
[INFO] [stderr]    Compiling clap_builder v4.6.2
[INFO] [stderr]    Compiling toml_parser v1.1.2+spec-1.1.0
[INFO] [stderr]    Compiling http-body v1.1.0
[INFO] [stderr]    Compiling lru v0.18.1
[INFO] [stderr]    Compiling serde_urlencoded v0.7.1
[INFO] [stderr]    Compiling http-body-util v0.1.4
[INFO] [stderr]    Compiling serde_json v1.0.151
[INFO] [stderr]    Compiling unicode-truncate v2.0.1
[INFO] [stderr]    Compiling clap_derive v4.6.4
[INFO] [stderr]    Compiling cmake v0.1.58
[INFO] [stderr]    Compiling sha2 v0.11.0
[INFO] [stderr]    Compiling chrono v0.4.45
[INFO] [stderr]    Compiling kasuari v0.4.12
[INFO] [stderr]    Compiling toml v1.1.3+spec-1.1.0
[INFO] [stderr]    Compiling aws-lc-sys v0.43.0
[INFO] [stderr]    Compiling regex-automata v0.4.16
[INFO] [stderr]    Compiling clap v4.6.4
[INFO] [stderr]    Compiling synstructure v0.13.2
[INFO] [stderr]    Compiling darling_core v0.23.0
[INFO] [stderr]    Compiling zerofrom-derive v0.1.7
[INFO] [stderr]    Compiling yoke-derive v0.8.2
[INFO] [stderr]    Compiling zerovec-derive v0.11.3
[INFO] [stderr]    Compiling displaydoc v0.2.6
[INFO] [stderr]    Compiling strum_macros v0.28.0
[INFO] [stderr]    Compiling derive_more-impl v2.1.1
[INFO] [stderr]    Compiling hyper v1.11.0
[INFO] [stderr]    Compiling tower v0.5.3
[INFO] [stderr]    Compiling zerofrom v0.1.8
[INFO] [stderr]    Compiling derive_more v2.1.1
[INFO] [stderr]    Compiling crossterm v0.29.0
[INFO] [stderr]    Compiling regex v1.13.1
[INFO] [stderr]    Compiling yoke v0.8.3
[INFO] [stderr]    Compiling darling_macro v0.23.0
[INFO] [stderr]    Compiling zerovec v0.11.6
[INFO] [stderr]    Compiling zerotrie v0.2.4
[INFO] [stderr]    Compiling darling v0.23.0
[INFO] [stderr]    Compiling hyper-util v0.1.20
[INFO] [stderr]    Compiling strum v0.28.0
[INFO] [stderr]    Compiling ratatui-core v0.1.2
[INFO] [stderr]    Compiling tinystr v0.8.3
[INFO] [stderr]    Compiling potential_utf v0.1.5
[INFO] [stderr]    Compiling icu_locale_core v2.2.0
[INFO] [stderr]    Compiling icu_collections v2.2.0
[INFO] [stderr]    Compiling ratatui-widgets v0.3.2
[INFO] [stderr]    Compiling ratatui-crossterm v0.1.2
[INFO] [stderr]    Compiling icu_provider v2.2.0
[INFO] [stderr]    Compiling icu_properties v2.2.0
[INFO] [stderr]    Compiling icu_normalizer v2.2.0
[INFO] [stderr]    Compiling ratatui-macros v0.7.2
[INFO] [stderr]    Compiling ratatui v0.30.2
[INFO] [stderr]    Compiling idna_adapter v1.2.2
[INFO] [stderr]    Compiling idna v1.1.0
[INFO] [stderr]    Compiling url v2.5.8
[INFO] [stderr]    Compiling tower-http v0.6.11
[INFO] [stderr]    Compiling rustls-webpki v0.103.13
[INFO] [stderr]    Compiling tokio-rustls v0.26.4
[INFO] [stderr]    Compiling rustls-platform-verifier v0.7.0
[INFO] [stderr]    Compiling hyper-rustls v0.27.9
[INFO] [stderr]    Compiling reqwest v0.13.4
[INFO] [stderr]    Compiling opencodecommit v2.1.2 (/opt/rustwide/workdir)
[INFO] [stderr]     Finished `release` profile [optimized] target(s) in 2m 21s
[INFO] running `Command { std: "docker" "inspect" "3be6e196d557571299e3de97957c130d3e1c15dc9c96064a57d760ba62174603", kill_on_drop: false }`
[INFO] running `Command { std: "docker" "exec" "-e" "SOURCE_DIR=/opt/rustwide/workdir" "-e" "CARGO_HOME=/opt/rustwide/cargo-home" "-e" "RUSTUP_HOME=/opt/rustwide/rustup-home" "-e" "CARGO_TARGET_DIR=/opt/rustwide/target" "-e" "CARGO_INCREMENTAL=0" "-e" "RUST_BACKTRACE=full" "-e" "RUSTFLAGS=--cap-lints=warn" "-e" "RUSTDOCFLAGS=--cap-lints=warn" "-w" "/opt/rustwide/workdir" "--user" "0:0" "3be6e196d557571299e3de97957c130d3e1c15dc9c96064a57d760ba62174603" "/opt/rustwide/cargo-home/bin/cargo" "+1.100.0-beta.1" "test" "--frozen" "--no-run" "--message-format=json" "--release", kill_on_drop: false }`
[INFO] [stderr]    Compiling libc v0.2.189
[INFO] [stderr]    Compiling memoffset v0.7.1
[INFO] [stderr]    Compiling mio v1.2.2
[INFO] [stderr]    Compiling socket2 v0.6.5
[INFO] [stderr]    Compiling errno v0.3.14
[INFO] [stderr]    Compiling parking_lot_core v0.9.12
[INFO] [stderr]    Compiling time v0.3.54
[INFO] [stderr]    Compiling nix v0.26.4
[INFO] [stderr]    Compiling signal-hook-registry v1.4.8
[INFO] [stderr]    Compiling parking_lot v0.12.5
[INFO] [stderr]    Compiling signal-hook v0.3.18
[INFO] [stderr]    Compiling tokio v1.53.1
[INFO] [stderr]    Compiling signal-hook-mio v0.2.5
[INFO] [stderr]    Compiling crossterm v0.29.0
[INFO] [stderr]    Compiling ratatui-widgets v0.3.2
[INFO] [stderr]    Compiling ratatui-crossterm v0.1.2
[INFO] [stderr]    Compiling ratatui-macros v0.7.2
[INFO] [stderr]    Compiling ratatui v0.30.2
[INFO] [stderr]    Compiling ptyprocess v0.5.0
[INFO] [stderr]    Compiling expectrl v0.9.0
[INFO] [stderr]    Compiling hyper v1.11.0
[INFO] [stderr]    Compiling tokio-rustls v0.26.4
[INFO] [stderr]    Compiling tower v0.5.3
[INFO] [stderr]    Compiling tower-http v0.6.11
[INFO] [stderr]    Compiling hyper-util v0.1.20
[INFO] [stderr]    Compiling hyper-rustls v0.27.9
[INFO] [stderr]    Compiling reqwest v0.13.4
[INFO] [stderr]    Compiling opencodecommit v2.1.2 (/opt/rustwide/workdir)
[INFO] [stderr]     Finished `release` profile [optimized] target(s) in 1m 11s
[INFO] running `Command { std: "docker" "inspect" "3be6e196d557571299e3de97957c130d3e1c15dc9c96064a57d760ba62174603", kill_on_drop: false }`
[INFO] running `Command { std: "docker" "exec" "-e" "SOURCE_DIR=/opt/rustwide/workdir" "-e" "CARGO_HOME=/opt/rustwide/cargo-home" "-e" "RUSTUP_HOME=/opt/rustwide/rustup-home" "-e" "CARGO_TARGET_DIR=/opt/rustwide/target" "-e" "CARGO_INCREMENTAL=0" "-e" "RUST_BACKTRACE=full" "-e" "RUSTFLAGS=--cap-lints=warn" "-e" "RUSTDOCFLAGS=--cap-lints=warn" "-w" "/opt/rustwide/workdir" "--user" "0:0" "3be6e196d557571299e3de97957c130d3e1c15dc9c96064a57d760ba62174603" "/opt/rustwide/cargo-home/bin/cargo" "+1.100.0-beta.1" "test" "--frozen" "--release", kill_on_drop: false }`
[INFO] [stderr]     Finished `release` profile [optimized] target(s) in 0.36s
[INFO] [stderr]      Running unittests src/lib.rs (/opt/rustwide/target/release/build/opencodecommit/4a004786563bea25/out/opencodecommit-4a004786563bea25)
[INFO] [stdout] 
[INFO] [stdout] running 177 tests
[INFO] [stdout] test backend::tests::build_invocation_grok_is_headless_and_tool_free ... ok
[INFO] [stdout] test backend::tests::build_invocation_with_model_agy ... ok
[INFO] [stdout] test backend::tests::build_invocation_opencode ... ok
[INFO] [stdout] test backend::tests::build_invocation_agy ... ok
[INFO] [stdout] test backend::tests::build_invocation_with_model_claude ... ok
[INFO] [stdout] test backend::tests::detect_nonexistent_path_errors ... ok
[INFO] [stdout] test backend::tests::build_invocation_agy_no_model ... ok
[INFO] [stdout] test backend::tests::build_invocation_claude ... ok
[INFO] [stdout] test backend::tests::strip_ansi_codes ... ok
[INFO] [stdout] test backend::tests::build_invocation_codex_with_provider ... ok
[INFO] [stdout] test backend::tests::wsl_launcher_prepends_backend_and_avoids_windows_codex_paths ... ok
[INFO] [stdout] test backend::tests::build_invocation_with_model_opencode ... ok
[INFO] [stdout] test backend::tests::gpt_6_luna_commit_uses_no_reasoning ... ok
[INFO] [stdout] test backend::tests::codex_fast_invocation_uses_structured_schema ... ok
[INFO] [stdout] test codex_home::tests::idempotent_creates_once ... ok
[INFO] [stdout] test backend::tests::codex_pr_invocation_keeps_quality_profile ... ok
[INFO] [stdout] test codex_home::tests::repairs_stale_auth_bridge ... ok
[INFO] [stdout] test config::tests::active_prompt_modules_english ... ok
[INFO] [stdout] test backend::tests::detect_empty_path_tries_system ... ok
[INFO] [stdout] test config::tests::active_language_instruction_lookup ... ok
[INFO] [stdout] test config::tests::active_prompt_modules_chinese ... ok
[INFO] [stdout] test config::tests::active_prompt_modules_custom_falls_back_to_english ... ok
[INFO] [stdout] test config::tests::active_prompt_modules_japanese ... ok
[INFO] [stdout] test config::tests::active_prompt_modules_finnish ... ok
[INFO] [stdout] test config::tests::api_tables_deserialize_and_drive_backend_helpers ... ok
[INFO] [stdout] test config::tests::backend_pr_and_cheap_models ... ok
[INFO] [stdout] test config::tests::branch_mode_serde ... ok
[INFO] [stdout] test config::tests::branch_mode_default ... ok
[INFO] [stdout] test config::tests::backend_model_and_path ... ok
[INFO] [stdout] test config::tests::active_prompt_modules_additional_languages ... ok
[INFO] [stdout] test config::tests::default_config_dir_prefers_appdata_on_windows_inputs ... ok
[INFO] [stdout] test config::tests::default_config_dir_uses_windows_home_fallback_without_appdata ... ok
[INFO] [stdout] test backend::tests::detect_cli_checks_common_paths_before_shell_profile ... ok
[INFO] [stdout] test config::tests::default_values_match_typescript ... ok
[INFO] [stdout] test codex_home::tests::missing_auth_returns_none ... ok
[INFO] [stdout] test config::tests::load_nonexistent_file_errors ... ok
[INFO] [stdout] test config::tests::pr_base_branch_defaults_empty ... ok
[INFO] [stdout] test backend::tests::codex_temp_workspace_uses_xdg_cache_when_available ... ok
[INFO] [stdout] test config::tests::pr_model_fields_deserialize ... ok
[INFO] [stdout] test config::tests::load_from_toml ... ok
[INFO] [stdout] test config::tests::serde_roundtrip ... ok
[INFO] [stdout] test backend::tests::build_invocation_with_model_codex_provider ... ok
[INFO] [stdout] test context::tests::detects_env_file ... ok
[INFO] [stdout] test backend::tests::detect_codex_uses_native_binary_for_npm_wrapper ... ok
[INFO] [stdout] test codex_home::tests::resolve_cache_dir_falls_back_to_home_cache ... ok
[INFO] [stdout] test config::tests::legacy_gemini_cli_backend_migrates_to_agy ... ok
[INFO] [stdout] test context::tests::detects_credentials_json ... ok
[INFO] [stdout] test context::tests::detects_env_production ... ok
[INFO] [stdout] test config::tests::env_config_path_overrides_default_location ... ok
[INFO] [stdout] test context::tests::detects_nested_env_file ... ok
[INFO] [stdout] test codex_home::tests::resolve_cache_dir_prefers_xdg_when_absolute ... ok
[INFO] [stdout] test context::tests::detects_htpasswd ... ok
[INFO] [stdout] test context::tests::extracts_file_paths_from_diff ... ok
[INFO] [stdout] test context::tests::filter_diff_empty_input ... ok
[INFO] [stdout] test context::tests::detects_private_key_files ... ok
[INFO] [stdout] test config::tests::load_or_default_with_no_file ... ok
[INFO] [stdout] test context::tests::filter_diff_no_skippable_files ... ok
[INFO] [stdout] test context::tests::filter_diff_removes_lock_files ... ok
[INFO] [stdout] test context::tests::does_not_skip_source_files ... ok
[INFO] [stdout] test context::tests::detects_api_key_in_added_lines ... ok
[INFO] [stdout] test context::tests::detects_ghp_tokens ... ok
[INFO] [stdout] test context::tests::detects_access_token_in_added_lines ... ok
[INFO] [stdout] test context::tests::filter_diff_removes_binary_and_minified ... ok
[INFO] [stdout] test context::tests::ignores_diff_header_lines ... ok
[INFO] [stdout] test context::tests::detects_aws_access_keys ... ok
[INFO] [stdout] test context::tests::skips_images_and_fonts ... ok
[INFO] [stdout] test context::tests::returns_false_for_normal_code ... ok
[INFO] [stdout] test context::tests::skips_lock_files ... ok
[INFO] [stdout] test context::tests::ignores_removed_lines ... ok
[INFO] [stdout] test context::tests::skips_minified_files ... ok
[INFO] [stdout] test context::tests::skips_dist_and_build ... ok
[INFO] [stdout] test context::tests::detects_password_in_added_lines ... ok
[INFO] [stdout] test context::tests::detects_source_map_files ... ok
[INFO] [stdout] test context::tests::detects_ssh_private_keys ... ok
[INFO] [stdout] test context::tests::detects_secret_key_in_added_lines ... ok
[INFO] [stdout] test context::tests::detects_sk_prefixed_keys ... ok
[INFO] [stdout] test backend::tests::codex_structured_output_extracts_response_field ... ok
[INFO] [stdout] test backend::tests::codex_exec_runs_from_empty_temp_cwd ... ok
[INFO] [stdout] test backend::tests::codex_structured_failure_reruns_plain_text ... ok
[INFO] [stdout] test git::tests::branch_name ... ok
[INFO] [stdout] test git::tests::detect_base_branch_explicit ... ok
[INFO] [stdout] test git::tests::get_diff_auto_prefers_staged ... ok
[INFO] [stdout] test git::tests::get_diff_no_changes ... ok
[INFO] [stdout] test git::tests::get_diff_staged ... ok
[INFO] [stdout] test git::tests::combined_diff_includes_untracked_files ... ok
[INFO] [stdout] test git::tests::git_commit_fails_with_nothing_staged ... ok
[INFO] [stdout] test git::tests::git_commit_succeeds ... ok
[INFO] [stdout] test git::tests::get_diff_all_unstaged ... ok
[INFO] [stdout] test git::tests::changed_files_staged ... ok
[INFO] [stdout] test prompt::tests::adaptive_mode_includes_recent_commits ... ok
[INFO] [stdout] test prompt::tests::adaptive_mode_no_recent_commits_placeholder ... ok
[INFO] [stdout] test prompt::tests::branch_prompt_adaptive_includes_branches ... ok
[INFO] [stdout] test prompt::tests::branch_prompt_adaptive_no_branches_falls_back ... ok
[INFO] [stdout] test prompt::tests::branch_prompt_conventional_contains_type_slug ... ok
[INFO] [stdout] test prompt::tests::conventional_mode_custom_message_rules ... ok
[INFO] [stdout] test git::tests::get_commits_ahead_returns_messages ... ok
[INFO] [stdout] test prompt::tests::conventional_mode_includes_type_rules ... ok
[INFO] [stdout] test prompt::tests::custom_language_falls_back_to_english_modules ... ok
[INFO] [stdout] test prompt::tests::conventional_mode_custom_type_rules ... ok
[INFO] [stdout] test prompt::tests::finnish_conventional_mode ... ok
[INFO] [stdout] test prompt::tests::finnish_sensitive_note ... ok
[INFO] [stdout] test git::tests::recent_commits ... ok
[INFO] [stdout] test prompt::tests::finnish_uses_finnish_prompt_modules ... ok
[INFO] [stdout] test prompt::tests::includes_branch_name ... ok
[INFO] [stdout] test prompt::tests::includes_file_contents ... ok
[INFO] [stdout] test git::tests::stage_path_stages_only_selected_file ... ok
[INFO] [stdout] test prompt::tests::includes_diff_in_prompt ... ok
[INFO] [stdout] test prompt::tests::includes_language_instruction ... ok
[INFO] [stdout] test prompt::tests::includes_sensitive_content_note ... ok
[INFO] [stdout] test prompt::tests::omits_sensitive_content_note ... ok
[INFO] [stdout] test prompt::tests::oneliner_mode_instruction ... ok
[INFO] [stdout] test prompt::tests::multiline_mode_instruction ... ok
[INFO] [stdout] test prompt::tests::pr_final_prompt_includes_summary_and_branch ... ok
[INFO] [stdout] test prompt::tests::pr_summary_prompt_includes_commits_and_diff ... ok
[INFO] [stdout] test prompt::tests::refine_prompt_includes_all_fields ... ok
[INFO] [stdout] test prompt::tests::uses_custom_prompt_when_set ... ok
[INFO] [stdout] test git::tests::stage_all_stages_files ... ok
[INFO] [stdout] test prompt::tests::pr_summary_prompt_empty_commits ... ok
[INFO] [stdout] test response::tests::format_applies_lowercase ... ok
[INFO] [stdout] test response::tests::adaptive_returns_sanitized ... ok
[INFO] [stdout] test response::tests::format_appends_description ... ok
[INFO] [stdout] test response::tests::adaptive_empty_fallback ... ok
[INFO] [stdout] test response::tests::format_applies_scoped_default_template ... ok
[INFO] [stdout] test response::tests::format_collapses_multiple_spaces ... ok
[INFO] [stdout] test response::tests::format_custom_emoji_override ... ok
[INFO] [stdout] test git::tests::detect_base_branch_fallback_main ... ok
[INFO] [stdout] test git::tests::create_and_checkout_branch_works ... ok
[INFO] [stdout] test response::tests::format_emoji_without_template_placeholder ... ok
[INFO] [stdout] test response::tests::format_preserves_case ... ok
[INFO] [stdout] test response::tests::format_preserves_parsed_scope_with_legacy_template ... ok
[INFO] [stdout] test response::tests::parse_all_valid_types ... ok
[INFO] [stdout] test response::tests::parse_empty_response ... ok
[INFO] [stdout] test response::tests::parse_conventional_commit ... ok
[INFO] [stdout] test response::tests::parse_infers_docs_type ... ok
[INFO] [stdout] test response::tests::parse_infers_feat_type ... ok
[INFO] [stdout] test response::tests::parse_code_block_wrapped ... ok
[INFO] [stdout] test response::tests::parse_commit_with_scope ... ok
[INFO] [stdout] test response::tests::parse_multiline_response ... ok
[INFO] [stdout] test response::tests::format_default_template ... ok
[INFO] [stdout] test response::tests::format_emoji_with_template ... ok
[INFO] [stdout] test response::tests::sanitize_strips_ansi ... ok
[INFO] [stdout] test response::tests::parse_infers_fix_type ... ok
[INFO] [stdout] test response::tests::sanitize_strips_code_block_with_language ... ok
[INFO] [stdout] test response::tests::parse_malformed_fallback ... ok
[INFO] [stdout] test response::tests::sanitize_handles_clean_input ... ok
[INFO] [stdout] test response::tests::sanitize_preserves_single_line_starting_with_im ... ok
[INFO] [stdout] test response::tests::sanitize_strips_code_block ... ok
[INFO] [stdout] test git::tests::get_recent_branch_names_returns_sorted ... ok
[INFO] [stdout] test response::tests::sanitize_strips_double_quotes ... ok
[INFO] [stdout] test response::tests::sanitize_strips_markdown_bold ... ok
[INFO] [stdout] test response::tests::sanitize_strips_preamble ... ok
[INFO] [stdout] test response::tests::sanitize_strips_inline_backticks ... ok
[INFO] [stdout] test response::tests::sanitize_strips_markdown_italic ... ok
[INFO] [stdout] test response::tests::sanitize_strips_single_quotes ... ok
[INFO] [stdout] test scan::tests::load_allowlist_file_supports_root_and_nested_tables ... ok
[INFO] [stdout] test response::tests::sanitize_strips_sure_preamble ... ok
[INFO] [stdout] test response::tests::sanitize_trims_whitespace ... ok
[INFO] [stdout] test scan::tests::formatters_emit_machine_readable_outputs ... ok
[INFO] [stdout] test sensitive::tests::allowlist_matches_path_only_artifact_findings ... ok
[INFO] [stdout] test sensitive::tests::shared_scenarios_match_rust_detector ... FAILED
[INFO] [stdout] test sensitive::tests::formats_git_hook_message_with_strict_footer ... ok
[INFO] [stdout] test sensitive::tests::warn_mode_never_marks_findings_blocking ... ok
[INFO] [stdout] test response::tests::shared_commit_formatting_scenarios_match_rust ... FAILED
[INFO] [stdout] test sensitive::tests::strict_all_blocks_warnings_and_disables_bypass ... ok
[INFO] [stdout] test response::tests::sanitize_strips_i_am_preamble ... ok
[INFO] [stdout] test sensitive::tests::allowlist_matches_path_rule_and_value ... ok
[INFO] [stdout] test git::tests::unstage_path_removes_file_from_index ... ok
[INFO] [stdout] test git::tests::unstaged_files_returns_only_worktree_changes ... ok
[INFO] [stdout] test git::tests::git_dir_resolves_for_repo ... ok
[INFO] [stdout] test git::tests::get_branch_changed_files_lists_files ... ok
[INFO] [stdout] test scan::tests::run_scan_respects_enforcement ... ok
[INFO] [stdout] test git::tests::create_and_checkout_branch_fails_on_duplicate ... ok
[INFO] [stdout] test response::tests::sanitize_strips_im_preamble ... ok
[INFO] [stdout] test prompt::tests::finnish_adaptive_mode ... ok
[INFO] [stdout] test git::tests::file_changes_include_staged_unstaged_and_untracked ... ok
[INFO] [stdout] test git::tests::get_branch_diff_shows_changes ... ok
[INFO] [stdout] test git::tests::count_commits_ahead_basic ... ok
[INFO] [stdout] 
[INFO] [stdout] failures:
[INFO] [stdout] 
[INFO] [stdout] ---- sensitive::tests::shared_scenarios_match_rust_detector stdout ----
[INFO] [stdout] 
[INFO] [stdout] thread 'sensitive::tests::shared_scenarios_match_rust_detector' (4432) panicked at src/sensitive.rs:1556:53:
[INFO] [stdout] called `Result::unwrap()` on an `Err` value: Os { code: 2, kind: NotFound, message: "No such file or directory" }
[INFO] [stdout] stack backtrace:
[INFO] [stdout]    0:     0x570ec859c261 - <<std[617be2ca0a6fd877]::sys::backtrace::BacktraceLock>::print::DisplayBacktrace as core[a373ad73a504971]::fmt::Display>::fmt
[INFO] [stdout]    1:     0x570ec85b34da - core[a373ad73a504971]::fmt::write
[INFO] [stdout]    2:     0x570ec85a076c - <alloc[2e1b2a31b91974c5]::vec::Vec<u8> as core[a373ad73a504971]::io::write::Write>::write_fmt
[INFO] [stdout]    3:     0x570ec85755e6 - std[617be2ca0a6fd877]::panicking::default_hook::{closure#0}
[INFO] [stdout]    4:     0x570ec85930f9 - std[617be2ca0a6fd877]::panicking::default_hook
[INFO] [stdout]    5:     0x570ec8522170 - test[aada8e7e76ba119b]::test_main_inner::{closure#0}
[INFO] [stdout]    6:     0x570ec85932b2 - std[617be2ca0a6fd877]::panicking::panic_with_hook
[INFO] [stdout]    7:     0x570ec8575692 - std[617be2ca0a6fd877]::panicking::panic_handler::{closure#0}
[INFO] [stdout]    8:     0x570ec856df09 - std[617be2ca0a6fd877]::sys::backtrace::__rust_end_short_backtrace::<std[617be2ca0a6fd877]::panicking::panic_handler::{closure#0}, !>
[INFO] [stdout]    9:     0x570ec857666d - __rustc[ea4f61d10b84890b]::rust_begin_unwind
[INFO] [stdout]   10:     0x570ec85b3cfc - core[a373ad73a504971]::panicking::panic_fmt
[INFO] [stdout]   11:     0x570ec85b3ad2 - core[a373ad73a504971]::result::unwrap_failed
[INFO] [stdout]   12:     0x570ec83b9dae - <opencodecommit[277db367c7b80621]::sensitive::tests::shared_scenarios_match_rust_detector::{closure#0} as core[a373ad73a504971]::ops::function::FnOnce<()>>::call_once
[INFO] [stdout]   13:     0x570ec85155bb - test[aada8e7e76ba119b]::__rust_begin_short_backtrace::<core[a373ad73a504971]::result::Result<(), alloc[2e1b2a31b91974c5]::string::String>, fn() -> core[a373ad73a504971]::result::Result<(), alloc[2e1b2a31b91974c5]::string::String>>
[INFO] [stdout]   14:     0x570ec8522795 - test[aada8e7e76ba119b]::run_test::{closure#0}
[INFO] [stdout]   15:     0x570ec851c084 - std[617be2ca0a6fd877]::sys::backtrace::__rust_begin_short_backtrace::<test[aada8e7e76ba119b]::run_test::{closure#1}, ()>
[INFO] [stdout]   16:     0x570ec8525822 - <std[617be2ca0a6fd877]::thread::lifecycle::spawn_unchecked<test[aada8e7e76ba119b]::run_test::{closure#1}, ()>::{closure#1} as core[a373ad73a504971]::ops::function::FnOnce<()>>::call_once::{shim:vtable#0}
[INFO] [stdout]   17:     0x570ec859b26f - <std[617be2ca0a6fd877]::sys::thread::unix::Thread>::new::thread_start
[INFO] [stdout]   18:     0x76c5cf677dfa - <unknown>
[INFO] [stdout]   19:     0x76c5cf70b3d4 - clone
[INFO] [stdout]   20:                0x0 - <unknown>
[INFO] [stdout] 
[INFO] [stdout] ---- response::tests::shared_commit_formatting_scenarios_match_rust stdout ----
[INFO] [stdout] 
[INFO] [stdout] thread 'response::tests::shared_commit_formatting_scenarios_match_rust' (4422) panicked at src/response.rs:385:53:
[INFO] [stdout] called `Result::unwrap()` on an `Err` value: Os { code: 2, kind: NotFound, message: "No such file or directory" }
[INFO] [stdout] stack backtrace:
[INFO] [stdout]    0:     0x570ec859c261 - <<std[617be2ca0a6fd877]::sys::backtrace::BacktraceLock>::print::DisplayBacktrace as core[a373ad73a504971]::fmt::Display>::fmt
[INFO] [stdout]    1:     0x570ec85b34da - core[a373ad73a504971]::fmt::write
[INFO] [stdout]    2:     0x570ec85a076c - <alloc[2e1b2a31b91974c5]::vec::Vec<u8> as core[a373ad73a504971]::io::write::Write>::write_fmt
[INFO] [stdout]    3:     0x570ec85755e6 - std[617be2ca0a6fd877]::panicking::default_hook::{closure#0}
[INFO] [stdout]    4:     0x570ec85930f9 - std[617be2ca0a6fd877]::panicking::default_hook
[INFO] [stdout]    5:     0x570ec8522170 - test[aada8e7e76ba119b]::test_main_inner::{closure#0}
[INFO] [stdout]    6:     0x570ec85932b2 - std[617be2ca0a6fd877]::panicking::panic_with_hook
[INFO] [stdout]    7:     0x570ec8575692 - std[617be2ca0a6fd877]::panicking::panic_handler::{closure#0}
[INFO] [stdout]    8:     0x570ec856df09 - std[617be2ca0a6fd877]::sys::backtrace::__rust_end_short_backtrace::<std[617be2ca0a6fd877]::panicking::panic_handler::{closure#0}, !>
[INFO] [stdout]    9:     0x570ec857666d - __rustc[ea4f61d10b84890b]::rust_begin_unwind
[INFO] [stdout]   10:     0x570ec85b3cfc - core[a373ad73a504971]::panicking::panic_fmt
[INFO] [stdout]   11:     0x570ec85b3ad2 - core[a373ad73a504971]::result::unwrap_failed
[INFO] [stdout]   12:     0x570ec83b90be - <opencodecommit[277db367c7b80621]::response::tests::shared_commit_formatting_scenarios_match_rust::{closure#0} as core[a373ad73a504971]::ops::function::FnOnce<()>>::call_once
[INFO] [stdout]   13:     0x570ec85155bb - test[aada8e7e76ba119b]::__rust_begin_short_backtrace::<core[a373ad73a504971]::result::Result<(), alloc[2e1b2a31b91974c5]::string::String>, fn() -> core[a373ad73a504971]::result::Result<(), alloc[2e1b2a31b91974c5]::string::String>>
[INFO] [stdout]   14:     0x570ec8522795 - test[aada8e7e76ba119b]::run_test::{closure#0}
[INFO] [stdout]   15:     0x570ec851c084 - std[617be2ca0a6fd877]::sys::backtrace::__rust_begin_short_backtrace::<test[aada8e7e76ba119b]::run_test::{closure#1}, ()>
[INFO] [stdout]   16:     0x570ec8525822 - <std[617be2ca0a6fd877]::thread::lifecycle::spawn_unchecked<test[aada8e7e76ba119b]::run_test::{closure#1}, ()>::{closure#1} as core[a373ad73a504971]::ops::function::FnOnce<()>>::call_once::{shim:vtable#0}
[INFO] [stdout]   17:     0x570ec859b26f - <std[617be2ca0a6fd877]::sys::thread::unix::Thread>::new::thread_start
[INFO] [stdout]   18:     0x76c5cf677dfa - <unknown>
[INFO] [stdout]   19:     0x76c5cf70b3d4 - clone
[INFO] [stdout]   20:                0x0 - <unknown>
[INFO] [stdout] 
[INFO] [stdout] 
[INFO] [stdout] failures:
[INFO] [stdout]     response::tests::shared_commit_formatting_scenarios_match_rust
[INFO] [stdout]     sensitive::tests::shared_scenarios_match_rust_detector
[INFO] [stdout] 
[INFO] [stdout] test result: FAILED. 175 passed; 2 failed; 0 ignored; 0 measured; 0 filtered out; finished in 0.43s
[INFO] [stdout] 
[INFO] [stderr] error: test failed, to rerun pass `--lib`
[INFO] running `Command { std: "docker" "inspect" "3be6e196d557571299e3de97957c130d3e1c15dc9c96064a57d760ba62174603", kill_on_drop: false }`
[INFO] running `Command { std: "docker" "rm" "-f" "3be6e196d557571299e3de97957c130d3e1c15dc9c96064a57d760ba62174603", kill_on_drop: false }`
[INFO] [stdout] 3be6e196d557571299e3de97957c130d3e1c15dc9c96064a57d760ba62174603
