[INFO] fetching crate openbnct-plan 0.4.0...
[INFO] testing openbnct-plan-0.4.0 against 1.99.0-beta.8+cargoflags=--release for beta-release-1.100-2
[INFO] extracting crate openbnct-plan 0.4.0 into /workspace/builds/worker-5-tc1/source
[INFO] started tweaking crates.io crate openbnct-plan 0.4.0
[INFO] finished tweaking crates.io crate openbnct-plan 0.4.0
[INFO] tweaked toml for crates.io crate openbnct-plan 0.4.0 written to /workspace/builds/worker-5-tc1/source/Cargo.toml
[INFO] validating manifest of crates.io crate openbnct-plan 0.4.0 on toolchain 1.99.0-beta.8
[INFO] running `Command { std: CARGO_HOME="/workspace/cargo-home" RUSTUP_HOME="/workspace/rustup-home" "/workspace/cargo-home/bin/cargo" "+1.99.0-beta.8" "metadata" "--manifest-path" "Cargo.toml" "--no-deps", kill_on_drop: false }`
[INFO] crate crates.io crate openbnct-plan 0.4.0 already has a lockfile, it will not be regenerated
[INFO] running `Command { std: CARGO_HOME="/workspace/cargo-home" RUSTUP_HOME="/workspace/rustup-home" "/workspace/cargo-home/bin/cargo" "+1.99.0-beta.8" "fetch" "--manifest-path" "Cargo.toml", kill_on_drop: false }`
[INFO] [stderr]     Updating crates.io index
[INFO] [stderr]  Downloading crates ...
[INFO] [stderr]   Downloaded derive_builder_macro v0.11.2
[INFO] [stderr]   Downloaded zip v4.6.1
[INFO] [stderr]   Downloaded web-time v0.2.4
[INFO] [stderr]   Downloaded openbnct-boron v0.4.0
[INFO] [stderr]   Downloaded codepage v0.1.3
[INFO] [stderr]   Downloaded derive_builder v0.11.2
[INFO] [stderr]   Downloaded fast-float2 v0.2.4
[INFO] [stderr]   Downloaded amd v0.2.2
[INFO] [stderr]   Downloaded derive_builder_core v0.11.2
[INFO] [stderr]   Downloaded openbnct-core v0.4.0
[INFO] [stderr]   Downloaded openbnct-bio v0.4.0
[INFO] [stderr]   Downloaded calamine v0.36.1
[INFO] [stderr]   Downloaded clarabel v0.11.1
[INFO] [stderr]   Downloaded openbnct-transport v0.4.0
[INFO] [stderr]   Downloaded rust_xlsxwriter v0.90.2
[INFO] running `Command { std: "docker" "create" "-v" "/var/lib/crater-agent-workspace/builds/worker-5-tc1/source:/opt/rustwide/workdir:ro,Z" "-v" "/var/lib/crater-agent-workspace/builds/worker-5-tc1/target:/opt/rustwide/target:rw,Z" "-v" "/var/lib/crater-agent-workspace/cargo-home:/opt/rustwide/cargo-home:ro,Z" "-v" "/var/lib/crater-agent-workspace/rustup-home:/opt/rustwide/rustup-home:ro,Z" "-m" "1610612736" "--network" "none" "ghcr.io/rust-lang/crates-build-env/linux@sha256:77db811e55d90add9212f6832c23229e3de5f1c1f9905e8cb07319ea15df73ac" "sleep" "infinity", kill_on_drop: false }`
[INFO] [stdout] 76e66e11307a6557191c12d862c33e9c22bdc8f7844b8a0b2d11fea3da439682
[INFO] running `Command { std: "docker" "start" "76e66e11307a6557191c12d862c33e9c22bdc8f7844b8a0b2d11fea3da439682", kill_on_drop: false }`
[INFO] running `Command { std: "docker" "inspect" "76e66e11307a6557191c12d862c33e9c22bdc8f7844b8a0b2d11fea3da439682", kill_on_drop: false }`
[INFO] running `Command { std: "docker" "exec" "-e" "SOURCE_DIR=/opt/rustwide/workdir" "-e" "CARGO_HOME=/opt/rustwide/cargo-home" "-e" "RUSTUP_HOME=/opt/rustwide/rustup-home" "-e" "CARGO_TARGET_DIR=/opt/rustwide/target" "-w" "/opt/rustwide/workdir" "--user" "0:0" "76e66e11307a6557191c12d862c33e9c22bdc8f7844b8a0b2d11fea3da439682" "/opt/rustwide/cargo-home/bin/cargo" "+1.99.0-beta.8" "metadata" "--no-deps" "--format-version=1", kill_on_drop: false }`
[INFO] running `Command { std: "docker" "inspect" "76e66e11307a6557191c12d862c33e9c22bdc8f7844b8a0b2d11fea3da439682", kill_on_drop: false }`
[INFO] running `Command { std: "docker" "exec" "-e" "SOURCE_DIR=/opt/rustwide/workdir" "-e" "CARGO_HOME=/opt/rustwide/cargo-home" "-e" "RUSTUP_HOME=/opt/rustwide/rustup-home" "-e" "CARGO_TARGET_DIR=/opt/rustwide/target" "-e" "CARGO_INCREMENTAL=0" "-e" "RUST_BACKTRACE=full" "-e" "RUSTFLAGS=--cap-lints=warn" "-e" "RUSTDOCFLAGS=--cap-lints=warn" "-w" "/opt/rustwide/workdir" "--user" "0:0" "76e66e11307a6557191c12d862c33e9c22bdc8f7844b8a0b2d11fea3da439682" "/opt/rustwide/cargo-home/bin/cargo" "+1.99.0-beta.8" "build" "--frozen" "--message-format=json" "--release", kill_on_drop: false }`
[INFO] [stderr]    Compiling syn v3.0.4
[INFO] [stderr]    Compiling serde_json v1.0.151
[INFO] [stderr]    Compiling crc32fast v1.5.1
[INFO] [stderr]    Compiling serde_core v1.0.229
[INFO] [stderr]    Compiling syn v1.0.109
[INFO] [stderr]    Compiling simd-adler32 v0.3.10
[INFO] [stderr]    Compiling crossbeam-epoch v0.9.21
[INFO] [stderr]    Compiling encoding_rs v0.8.41
[INFO] [stderr]    Compiling zlib-rs v0.6.7
[INFO] [stderr]    Compiling syn v2.0.119
[INFO] [stderr]    Compiling indexmap v2.14.1
[INFO] [stderr]    Compiling digest v0.10.7
[INFO] [stderr]    Compiling typed-path v0.12.3
[INFO] [stderr]    Compiling clarabel v0.11.1
[INFO] [stderr]    Compiling debug_unsafe v0.1.4
[INFO] [stderr]    Compiling amd v0.2.2
[INFO] [stderr]    Compiling atoi_simd v0.18.1
[INFO] [stderr]    Compiling itertools v0.11.0
[INFO] [stderr]    Compiling csv-core v0.1.13
[INFO] [stderr]    Compiling fast-float2 v0.2.4
[INFO] [stderr]    Compiling sha2 v0.10.9
[INFO] [stderr]    Compiling zopfli v0.8.3
[INFO] [stderr]    Compiling crossbeam-deque v0.8.8
[INFO] [stderr]    Compiling rayon-core v1.13.0
[INFO] [stderr]    Compiling rayon v1.12.0
[INFO] [stderr]    Compiling flate2 v1.1.10
[INFO] [stderr]    Compiling zip v4.6.1
[INFO] [stderr]    Compiling zip v8.6.0
[INFO] [stderr]    Compiling csv v1.4.0
[INFO] [stderr]    Compiling rust_xlsxwriter v0.90.2
[INFO] [stderr]    Compiling thiserror-impl v1.0.69
[INFO] [stderr]    Compiling enum_dispatch v0.3.13
[INFO] [stderr]    Compiling thiserror v1.0.69
[INFO] [stderr]    Compiling darling_core v0.14.4
[INFO] [stderr]    Compiling serde_derive v1.0.229
[INFO] [stderr]    Compiling multiversion-macros v0.9.0
[INFO] [stderr]    Compiling thiserror-impl v2.0.20
[INFO] [stderr]    Compiling multiversion v0.9.0
[INFO] [stderr]    Compiling thiserror v2.0.20
[INFO] [stderr]    Compiling darling_macro v0.14.4
[INFO] [stderr]    Compiling darling v0.14.4
[INFO] [stderr]    Compiling derive_builder_core v0.11.2
[INFO] [stderr]    Compiling derive_builder_macro v0.11.2
[INFO] [stderr]    Compiling derive_builder v0.11.2
[INFO] [stderr]    Compiling quick-xml v0.41.0
[INFO] [stderr]    Compiling codepage v0.1.3
[INFO] [stderr]    Compiling serde v1.0.229
[INFO] [stderr]    Compiling openbnct-core v0.4.0
[INFO] [stderr]    Compiling serde-big-array v0.5.1
[INFO] [stderr]    Compiling calamine v0.36.1
[INFO] [stderr]    Compiling openbnct-transport v0.4.0
[INFO] [stderr]    Compiling openbnct-boron v0.4.0
[INFO] [stderr]    Compiling openbnct-bio v0.4.0
[INFO] [stderr]    Compiling openbnct-plan v0.4.0 (/opt/rustwide/workdir)
[INFO] [stderr]     Finished `release` profile [optimized] target(s) in 1m 50s
[INFO] running `Command { std: "docker" "inspect" "76e66e11307a6557191c12d862c33e9c22bdc8f7844b8a0b2d11fea3da439682", kill_on_drop: false }`
[INFO] running `Command { std: "docker" "exec" "-e" "SOURCE_DIR=/opt/rustwide/workdir" "-e" "CARGO_HOME=/opt/rustwide/cargo-home" "-e" "RUSTUP_HOME=/opt/rustwide/rustup-home" "-e" "CARGO_TARGET_DIR=/opt/rustwide/target" "-e" "CARGO_INCREMENTAL=0" "-e" "RUST_BACKTRACE=full" "-e" "RUSTFLAGS=--cap-lints=warn" "-e" "RUSTDOCFLAGS=--cap-lints=warn" "-w" "/opt/rustwide/workdir" "--user" "0:0" "76e66e11307a6557191c12d862c33e9c22bdc8f7844b8a0b2d11fea3da439682" "/opt/rustwide/cargo-home/bin/cargo" "+1.99.0-beta.8" "test" "--frozen" "--no-run" "--message-format=json" "--release", kill_on_drop: false }`
[INFO] [stderr]    Compiling tempfile v3.27.0
[INFO] [stderr]    Compiling openbnct-plan v0.4.0 (/opt/rustwide/workdir)
[INFO] [stderr]     Finished `release` profile [optimized] target(s) in 25.38s
[INFO] running `Command { std: "docker" "inspect" "76e66e11307a6557191c12d862c33e9c22bdc8f7844b8a0b2d11fea3da439682", kill_on_drop: false }`
[INFO] running `Command { std: "docker" "exec" "-e" "SOURCE_DIR=/opt/rustwide/workdir" "-e" "CARGO_HOME=/opt/rustwide/cargo-home" "-e" "RUSTUP_HOME=/opt/rustwide/rustup-home" "-e" "CARGO_TARGET_DIR=/opt/rustwide/target" "-e" "CARGO_INCREMENTAL=0" "-e" "RUST_BACKTRACE=full" "-e" "RUSTFLAGS=--cap-lints=warn" "-e" "RUSTDOCFLAGS=--cap-lints=warn" "-w" "/opt/rustwide/workdir" "--user" "0:0" "76e66e11307a6557191c12d862c33e9c22bdc8f7844b8a0b2d11fea3da439682" "/opt/rustwide/cargo-home/bin/cargo" "+1.99.0-beta.8" "test" "--frozen" "--release", kill_on_drop: false }`
[INFO] [stderr]     Finished `release` profile [optimized] target(s) in 0.10s
[INFO] [stderr]      Running unittests src/lib.rs (/opt/rustwide/target/release/deps/openbnct_plan-0869e9e0a4dacc73)
[INFO] [stdout] 
[INFO] [stdout] running 69 tests
[INFO] [stdout] test fields::tests::empty_beams_rejected ... ok
[INFO] [stdout] test fractions::tests::expansion_rejects_physical_totals_and_bad_scales ... ok
[INFO] [stdout] test fields::tests::screened_set_rejects_unretained_beam ... ok
[INFO] [stdout] test lp::tests::cvar_surrogate_is_conservative_and_recorded ... ok
[INFO] [stdout] test lp::tests::lp_strict_hits_hard_bounds_exactly ... ok
[INFO] [stdout] test lp::tests::maximin_floor_is_shared_across_scenarios ... ok
[INFO] [stdout] test lp::tests::maximin_finds_the_exact_floor_under_cap ... ok
[INFO] [stdout] test fields::tests::valid_set_round_trips ... ok
[INFO] [stdout] test fractions::tests::expansion_names_scales_and_validates ... ok
[INFO] [stdout] test lp::tests::maximin_strict_reports_aspiration_infeasible ... ok
[INFO] [stdout] test lp::tests::nonlinear_eud_is_rejected_not_silenced ... ok
[INFO] [stdout] test metrics::tests::metrics_endpoint_scores_logistic ... ok
[INFO] [stdout] test metrics::tests::metrics_report_quantiles_bounds_and_eud ... ok
[INFO] [stdout] test lp::tests::lp_strict_reports_definitive_infeasibility ... ok
[INFO] [stdout] test lp::tests::maximin_requires_delivery_cap ... ok
[INFO] [stdout] test lp::tests::qp_recovers_analytic_optimum_with_certificate ... ok
[INFO] [stdout] test fractions::tests::fraction_solve_allocates_by_uptake ... ok
[INFO] [stdout] test directions::tests::beam_specs_are_fields_compatible ... ok
[INFO] [stdout] test directions::tests::enumerates_and_ranks_by_depth ... ok
[INFO] [stdout] test openpint::tests::absent_optional_sheets_are_tolerated ... ok
[INFO] [stdout] test openpint::tests::duplicate_component_key_rejected ... ok
[INFO] [stdout] test directions::tests::empty_aim_is_rejected ... ok
[INFO] [stdout] test openpint::tests::empty_rows_and_blank_cells_are_skipped ... ok
[INFO] [stdout] test optimize::tests::isoeffective_validation_is_strict ... ok
[INFO] [stdout] test optimize::tests::dose_at_volume_quantile_tracks_hottest_fraction ... ok
[INFO] [stdout] test openpint::tests::missing_bnct_sheet_is_an_error ... ok
[INFO] [stdout] test fields::tests::screened_set_round_trips_and_validates ... ok
[INFO] [stdout] test optimize::tests::empty_objectives_rejected ... ok
[INFO] [stdout] test openpint::tests::parses_full_workbook ... ok
[INFO] [stdout] test lp::tests::scenario_rows_enforce_per_objective_worst_case ... ok
[INFO] [stdout] test directions::tests::sweep_recovers_known_optimum ... ok
[INFO] [stdout] test optimize::tests::isoeffective_fold_uses_component_and_region_weights ... ok
[INFO] [stdout] test scenarios::tests::heldout_omitted_uncertainty_invalidates_apparent_improvement ... ok
[INFO] [stdout] test scenarios::tests::component_scales_reach_metrics_and_bands ... ok
[INFO] [stdout] test robustness::tests::joint_correlation_group_interpolates_between_limits ... ok
[INFO] [stdout] test robustness::tests::joint_shared_sigma_survives_field_splitting ... ok
[INFO] [stdout] test robustness::tests::normal_cdf_is_standard ... ok
[INFO] [stdout] test scenarios::tests::component_scales_require_component_maps ... ok
[INFO] [stdout] test selection::tests::binom_and_combinations_are_exact ... ok
[INFO] [stdout] test robustness::tests::relative_sigma_propagates_through_weights_and_eud ... ok
[INFO] [stdout] test optimize::tests::newton_reaches_the_analytic_optimum_in_few_iterations ... ok
[INFO] [stdout] test optimize::tests::optimizer_is_deterministic_and_validates ... ok
[INFO] [stdout] test optimize::tests::violated_only_objective_pulls_weight_to_zero ... ok
[INFO] [stdout] test selection::tests::greedy_recovers_the_exhaustive_winner_on_a_separable_pool ... ok
[INFO] [stdout] test scenarios::tests::heldout_robustness_improves_worst_case_with_visible_tradeoff ... ok
[INFO] [stdout] test robustness::tests::joint_shared_vs_independent_two_field_fixture ... ok
[INFO] [stdout] test synthesis::tests::coverage_source_is_positive_and_response_weighted ... ok
[INFO] [stdout] test synthesis::tests::isoeffective_response_applies_mask_weights ... ok
[INFO] [stdout] test scenarios::tests::committed_known_answer_fixture_matches_the_analytic_optimum ... FAILED
[INFO] [stdout] test scenarios::tests::robust_optimization_covers_the_worst_scenario ... ok
[INFO] [stdout] test scenarios::tests::scenario_set_rejects_reserved_names_and_bad_scales ... ok
[INFO] [stdout] test selection::tests::exhaustive_cap_redirects_to_greedy ... ok
[INFO] [stdout] test robustness::tests::max_objective_violation_probability_one_sided ... ok
[INFO] [stdout] test scenarios::tests::region_scales_apply_only_at_masked_voxels ... ok
[INFO] [stdout] test selection::tests::strict_mode_marks_infeasible_subsets_definitively ... ok
[INFO] [stdout] test synthesis::tests::composite_sums_signed_sources ... ok
[INFO] [stdout] test optimize::tests::tumor_eud_and_oar_mean_converge_to_analytic_optimum ... ok
[INFO] [stdout] test scenarios::tests::shift_by_one_voxel_is_exact ... ok
[INFO] [stdout] test scenarios::tests::heldout_rejects_optimization_set_overlap ... ok
[INFO] [stdout] test synthesis::tests::marginal_gradient_concentrates_on_the_cold_voxel ... ok
[INFO] [stdout] test selection::tests::exhaustive_selection_finds_the_certified_best_subset ... ok
[INFO] [stdout] test tests::table_without_metadata_uses_option_fallbacks ... ok
[INFO] [stdout] test synthesis::tests::sparing_source_is_negative ... ok
[INFO] [stdout] test tests::csv_escapes_commas_and_quotes ... ok
[INFO] [stdout] test tests::csv_round_trip_preserves_every_field ... ok
[INFO] [stdout] test tests::blank_sha256_needs_bundles_dir_then_hashes ... ok
[INFO] [stdout] test tests::rejects_unknown_and_missing_columns ... ok
[INFO] [stdout] test tests::reports_all_bad_rows_with_row_numbers ... ok
[INFO] [stdout] test tests::xlsx_round_trip_preserves_every_field ... ok
[INFO] [stderr] error: test failed, to rerun pass `--lib`
[INFO] [stdout] 
[INFO] [stdout] failures:
[INFO] [stdout] 
[INFO] [stdout] ---- scenarios::tests::committed_known_answer_fixture_matches_the_analytic_optimum stdout ----
[INFO] [stdout] 
[INFO] [stdout] thread 'scenarios::tests::committed_known_answer_fixture_matches_the_analytic_optimum' (1363) panicked at src/scenarios.rs:1143:85:
[INFO] [stdout] called `Result::unwrap()` on an `Err` value: Os { code: 2, kind: NotFound, message: "No such file or directory" }
[INFO] [stdout] stack backtrace:
[INFO] [stdout]    0:     0x605b01970521 - <<std[70759c8f55707aa4]::sys::backtrace::BacktraceLock>::print::DisplayBacktrace as core[df12db4294e9bfd3]::fmt::Display>::fmt
[INFO] [stdout]    1:     0x605b0198806a - core[df12db4294e9bfd3]::fmt::write
[INFO] [stdout]    2:     0x605b01974c8c - <alloc[2182bb758b4b3781]::vec::Vec<u8> as core[df12db4294e9bfd3]::io::write::Write>::write_fmt
[INFO] [stdout]    3:     0x605b0194ad96 - std[70759c8f55707aa4]::panicking::default_hook::{closure#0}
[INFO] [stdout]    4:     0x605b01967e39 - std[70759c8f55707aa4]::panicking::default_hook
[INFO] [stdout]    5:     0x605b017ccdc0 - test[9d35eded1c95d3be]::test_main_inner::<test[9d35eded1c95d3be]::test_main_static::{closure#0}>::{closure#0}
[INFO] [stdout]    6:     0x605b01968162 - std[70759c8f55707aa4]::panicking::panic_with_hook
[INFO] [stdout]    7:     0x605b0194ae42 - std[70759c8f55707aa4]::panicking::panic_handler::{closure#0}
[INFO] [stdout]    8:     0x605b01943919 - std[70759c8f55707aa4]::sys::backtrace::__rust_end_short_backtrace::<std[70759c8f55707aa4]::panicking::panic_handler::{closure#0}, !>
[INFO] [stdout]    9:     0x605b0194ba3d - __rustc[8fa7c3cbc660c2b3]::rust_begin_unwind
[INFO] [stdout]   10:     0x605b019887cc - core[df12db4294e9bfd3]::panicking::panic_fmt
[INFO] [stdout]   11:     0x605b019885a2 - core[df12db4294e9bfd3]::result::unwrap_failed
[INFO] [stdout]   12:     0x605b016c423b - openbnct_plan[7cf9d50def3199da]::scenarios::tests::committed_known_answer_fixture_matches_the_analytic_optimum
[INFO] [stdout]   13:     0x605b0170d6b9 - <openbnct_plan[7cf9d50def3199da]::scenarios::tests::committed_known_answer_fixture_matches_the_analytic_optimum::{closure#0} as core[df12db4294e9bfd3]::ops::function::FnOnce<()>>::call_once
[INFO] [stdout]   14:     0x605b017c00ab - test[9d35eded1c95d3be]::__rust_begin_short_backtrace::<core[df12db4294e9bfd3]::result::Result<(), alloc[2182bb758b4b3781]::string::String>, fn() -> core[df12db4294e9bfd3]::result::Result<(), alloc[2182bb758b4b3781]::string::String>>
[INFO] [stdout]   15:     0x605b017cd715 - test[9d35eded1c95d3be]::run_test::{closure#0}
[INFO] [stdout]   16:     0x605b017c6fd4 - std[70759c8f55707aa4]::sys::backtrace::__rust_begin_short_backtrace::<test[9d35eded1c95d3be]::run_test::{closure#1}, ()>
[INFO] [stdout]   17:     0x605b017d0872 - <std[70759c8f55707aa4]::thread::lifecycle::spawn_unchecked<test[9d35eded1c95d3be]::run_test::{closure#1}, ()>::{closure#1} as core[df12db4294e9bfd3]::ops::function::FnOnce<()>>::call_once::{shim:vtable#0}
[INFO] [stdout]   18:     0x605b0196f8d9 - <std[70759c8f55707aa4]::sys::thread::unix::Thread>::new::thread_start
[INFO] [stdout]   19:     0x79b9e0a99dfa - <unknown>
[INFO] [stdout]   20:     0x79b9e0b2d3d4 - clone
[INFO] [stdout]   21:                0x0 - <unknown>
[INFO] [stdout] 
[INFO] [stdout] 
[INFO] [stdout] failures:
[INFO] [stdout]     scenarios::tests::committed_known_answer_fixture_matches_the_analytic_optimum
[INFO] [stdout] 
[INFO] [stdout] test result: FAILED. 68 passed; 1 failed; 0 ignored; 0 measured; 0 filtered out; finished in 0.06s
[INFO] [stdout] 
[INFO] running `Command { std: "docker" "inspect" "76e66e11307a6557191c12d862c33e9c22bdc8f7844b8a0b2d11fea3da439682", kill_on_drop: false }`
[INFO] running `Command { std: "docker" "rm" "-f" "76e66e11307a6557191c12d862c33e9c22bdc8f7844b8a0b2d11fea3da439682", kill_on_drop: false }`
[INFO] [stdout] 76e66e11307a6557191c12d862c33e9c22bdc8f7844b8a0b2d11fea3da439682
