[INFO] fetching crate openbnct-phits 0.4.0...
[INFO] testing openbnct-phits-0.4.0 against 1.99.0-beta.8+cargoflags=--release for beta-release-1.100-2
[INFO] extracting crate openbnct-phits 0.4.0 into /workspace/builds/worker-6-tc1/source
[INFO] started tweaking crates.io crate openbnct-phits 0.4.0
[INFO] removed 0 missing tests
[INFO] finished tweaking crates.io crate openbnct-phits 0.4.0
[INFO] tweaked toml for crates.io crate openbnct-phits 0.4.0 written to /workspace/builds/worker-6-tc1/source/Cargo.toml
[INFO] validating manifest of crates.io crate openbnct-phits 0.4.0 on toolchain 1.99.0-beta.8
[INFO] running `Command { std: CARGO_HOME="/workspace/cargo-home" RUSTUP_HOME="/workspace/rustup-home" "/workspace/cargo-home/bin/cargo" "+1.99.0-beta.8" "metadata" "--manifest-path" "Cargo.toml" "--no-deps", kill_on_drop: false }`
[INFO] crate crates.io crate openbnct-phits 0.4.0 already has a lockfile, it will not be regenerated
[INFO] running `Command { std: CARGO_HOME="/workspace/cargo-home" RUSTUP_HOME="/workspace/rustup-home" "/workspace/cargo-home/bin/cargo" "+1.99.0-beta.8" "fetch" "--manifest-path" "Cargo.toml", kill_on_drop: false }`
[INFO] [stderr]     Updating crates.io index
[INFO] [stderr]  Downloading crates ...
[INFO] [stderr]   Downloaded openbnct-core v0.4.0
[INFO] [stderr]   Downloaded openbnct-transport v0.4.0
[INFO] running `Command { std: "docker" "create" "-v" "/var/lib/crater-agent-workspace/builds/worker-6-tc1/source:/opt/rustwide/workdir:ro,Z" "-v" "/var/lib/crater-agent-workspace/builds/worker-6-tc1/target:/opt/rustwide/target:rw,Z" "-v" "/var/lib/crater-agent-workspace/cargo-home:/opt/rustwide/cargo-home:ro,Z" "-v" "/var/lib/crater-agent-workspace/rustup-home:/opt/rustwide/rustup-home:ro,Z" "-m" "1610612736" "--network" "none" "ghcr.io/rust-lang/crates-build-env/linux@sha256:77db811e55d90add9212f6832c23229e3de5f1c1f9905e8cb07319ea15df73ac" "sleep" "infinity", kill_on_drop: false }`
[INFO] [stdout] 4246796b7979cdf2a4697d43dcf6abaa0e32f45e0ccde7badca8c9c58fd6b906
[INFO] running `Command { std: "docker" "start" "4246796b7979cdf2a4697d43dcf6abaa0e32f45e0ccde7badca8c9c58fd6b906", kill_on_drop: false }`
[INFO] running `Command { std: "docker" "inspect" "4246796b7979cdf2a4697d43dcf6abaa0e32f45e0ccde7badca8c9c58fd6b906", kill_on_drop: false }`
[INFO] running `Command { std: "docker" "exec" "-e" "SOURCE_DIR=/opt/rustwide/workdir" "-e" "CARGO_HOME=/opt/rustwide/cargo-home" "-e" "RUSTUP_HOME=/opt/rustwide/rustup-home" "-e" "CARGO_TARGET_DIR=/opt/rustwide/target" "-w" "/opt/rustwide/workdir" "--user" "0:0" "4246796b7979cdf2a4697d43dcf6abaa0e32f45e0ccde7badca8c9c58fd6b906" "/opt/rustwide/cargo-home/bin/cargo" "+1.99.0-beta.8" "metadata" "--no-deps" "--format-version=1", kill_on_drop: false }`
[INFO] running `Command { std: "docker" "inspect" "4246796b7979cdf2a4697d43dcf6abaa0e32f45e0ccde7badca8c9c58fd6b906", kill_on_drop: false }`
[INFO] running `Command { std: "docker" "exec" "-e" "SOURCE_DIR=/opt/rustwide/workdir" "-e" "CARGO_HOME=/opt/rustwide/cargo-home" "-e" "RUSTUP_HOME=/opt/rustwide/rustup-home" "-e" "CARGO_TARGET_DIR=/opt/rustwide/target" "-e" "CARGO_INCREMENTAL=0" "-e" "RUST_BACKTRACE=full" "-e" "RUSTFLAGS=--cap-lints=warn" "-e" "RUSTDOCFLAGS=--cap-lints=warn" "-w" "/opt/rustwide/workdir" "--user" "0:0" "4246796b7979cdf2a4697d43dcf6abaa0e32f45e0ccde7badca8c9c58fd6b906" "/opt/rustwide/cargo-home/bin/cargo" "+1.99.0-beta.8" "build" "--frozen" "--message-format=json" "--release", kill_on_drop: false }`
[INFO] [stderr]    Compiling crossbeam-utils v0.8.22
[INFO] [stderr]    Compiling thiserror-impl v2.0.20
[INFO] [stderr]    Compiling either v1.18.0
[INFO] [stderr]    Compiling serde v1.0.229
[INFO] [stderr]    Compiling serde_json v1.0.151
[INFO] [stderr]    Compiling crossbeam-epoch v0.9.21
[INFO] [stderr]    Compiling thiserror v2.0.20
[INFO] [stderr]    Compiling crossbeam-deque v0.8.8
[INFO] [stderr]    Compiling openbnct-core v0.4.0
[INFO] [stderr]    Compiling rayon-core v1.13.0
[INFO] [stderr]    Compiling rayon v1.12.0
[INFO] [stderr]    Compiling openbnct-transport v0.4.0
[INFO] [stderr]    Compiling openbnct-phits v0.4.0 (/opt/rustwide/workdir)
[INFO] [stderr]     Finished `release` profile [optimized] target(s) in 36.26s
[INFO] running `Command { std: "docker" "inspect" "4246796b7979cdf2a4697d43dcf6abaa0e32f45e0ccde7badca8c9c58fd6b906", kill_on_drop: false }`
[INFO] running `Command { std: "docker" "exec" "-e" "SOURCE_DIR=/opt/rustwide/workdir" "-e" "CARGO_HOME=/opt/rustwide/cargo-home" "-e" "RUSTUP_HOME=/opt/rustwide/rustup-home" "-e" "CARGO_TARGET_DIR=/opt/rustwide/target" "-e" "CARGO_INCREMENTAL=0" "-e" "RUST_BACKTRACE=full" "-e" "RUSTFLAGS=--cap-lints=warn" "-e" "RUSTDOCFLAGS=--cap-lints=warn" "-w" "/opt/rustwide/workdir" "--user" "0:0" "4246796b7979cdf2a4697d43dcf6abaa0e32f45e0ccde7badca8c9c58fd6b906" "/opt/rustwide/cargo-home/bin/cargo" "+1.99.0-beta.8" "test" "--frozen" "--no-run" "--message-format=json" "--release", kill_on_drop: false }`
[INFO] [stderr]    Compiling openbnct-phits v0.4.0 (/opt/rustwide/workdir)
[INFO] [stderr]     Finished `release` profile [optimized] target(s) in 3.49s
[INFO] running `Command { std: "docker" "inspect" "4246796b7979cdf2a4697d43dcf6abaa0e32f45e0ccde7badca8c9c58fd6b906", kill_on_drop: false }`
[INFO] running `Command { std: "docker" "exec" "-e" "SOURCE_DIR=/opt/rustwide/workdir" "-e" "CARGO_HOME=/opt/rustwide/cargo-home" "-e" "RUSTUP_HOME=/opt/rustwide/rustup-home" "-e" "CARGO_TARGET_DIR=/opt/rustwide/target" "-e" "CARGO_INCREMENTAL=0" "-e" "RUST_BACKTRACE=full" "-e" "RUSTFLAGS=--cap-lints=warn" "-e" "RUSTDOCFLAGS=--cap-lints=warn" "-w" "/opt/rustwide/workdir" "--user" "0:0" "4246796b7979cdf2a4697d43dcf6abaa0e32f45e0ccde7badca8c9c58fd6b906" "/opt/rustwide/cargo-home/bin/cargo" "+1.99.0-beta.8" "test" "--frozen" "--release", kill_on_drop: false }`
[INFO] [stderr]     Finished `release` profile [optimized] target(s) in 0.06s
[INFO] [stderr]      Running unittests src/lib.rs (/opt/rustwide/target/release/deps/openbnct_phits-50cfdc504a6778e2)
[INFO] [stdout] 
[INFO] [stdout] running 12 tests
[INFO] [stdout] test deck::tests::voxel_set_forces_lattice_fill ... ok
[INFO] [stdout] test deck::tests::metastable_maps_to_zaaa_plus_50 ... ok
[INFO] [stdout] test deck::tests::voxel_box_regions_emit_carved_cells ... ok
[INFO] [stdout] test deck::tests::spectrum_source_emits_e_type_block ... ok
[INFO] [stdout] test tests::unit_mismatch_and_missing_version_rejected ... ok
[INFO] [stdout] test tests::err_sibling_supplies_sigmas ... ok
[INFO] [stdout] test tests::parses_echo_and_pages ... ok
[INFO] [stdout] test deck::tests::emits_runnable_skeleton ... ok
[INFO] [stdout] test deck::tests::refuses_x_axis_disk ... ok
[INFO] [stdout] test deck::tests::axis_plane_source_emits_rect ... ok
[INFO] [stdout] test deck::tests::monodirectional_off_z_sets_phi ... ok
[INFO] [stdout] test tests::volume_maps_rows_by_bounds_not_order ... ok
[INFO] [stdout] 
[INFO] [stdout] test result: ok. 12 passed; 0 failed; 0 ignored; 0 measured; 0 filtered out; finished in 0.03s
[INFO] [stdout] 
[INFO] [stderr]      Running tests/adapter_conformance.rs (/opt/rustwide/target/release/deps/adapter_conformance-614b2c64cb122866)
[INFO] [stdout] 
[INFO] [stdout] running 1 test
[INFO] [stdout] test phits_adapter_conformance_suite ... FAILED
[INFO] [stdout] 
[INFO] [stdout] failures:
[INFO] [stdout] 
[INFO] [stdout] ---- phits_adapter_conformance_suite stdout ----
[INFO] [stdout] 
[INFO] [stdout] thread 'phits_adapter_conformance_suite' (479) panicked at tests/adapter_conformance.rs:23:10:
[INFO] [stdout] adapter conformance suite directory: Os { code: 2, kind: NotFound, message: "No such file or directory" }
[INFO] [stdout] stack backtrace:
[INFO] [stdout]    0:     0x61ddd84cedc1 - <<std[70759c8f55707aa4]::sys::backtrace::BacktraceLock>::print::DisplayBacktrace as core[df12db4294e9bfd3]::fmt::Display>::fmt
[INFO] [stdout]    1:     0x61ddd84e3e1a - core[df12db4294e9bfd3]::fmt::write
[INFO] [stdout]    2:     0x61ddd84d327c - <alloc[2182bb758b4b3781]::vec::Vec<u8> as core[df12db4294e9bfd3]::io::write::Write>::write_fmt
[INFO] [stdout]    3:     0x61ddd84aa156 - std[70759c8f55707aa4]::panicking::default_hook::{closure#0}
[INFO] [stdout]    4:     0x61ddd84c6b19 - std[70759c8f55707aa4]::panicking::default_hook
[INFO] [stdout]    5:     0x61ddd84420b0 - test[9d35eded1c95d3be]::test_main_inner::<test[9d35eded1c95d3be]::test_main_static::{closure#0}>::{closure#0}
[INFO] [stdout]    6:     0x61ddd84c6cd2 - std[70759c8f55707aa4]::panicking::panic_with_hook
[INFO] [stdout]    7:     0x61ddd84aa202 - std[70759c8f55707aa4]::panicking::panic_handler::{closure#0}
[INFO] [stdout]    8:     0x61ddd84a2d69 - std[70759c8f55707aa4]::sys::backtrace::__rust_end_short_backtrace::<std[70759c8f55707aa4]::panicking::panic_handler::{closure#0}, !>
[INFO] [stdout]    9:     0x61ddd84aadfd - __rustc[8fa7c3cbc660c2b3]::rust_begin_unwind
[INFO] [stdout]   10:     0x61ddd84e454c - core[df12db4294e9bfd3]::panicking::panic_fmt
[INFO] [stdout]   11:     0x61ddd84e4322 - core[df12db4294e9bfd3]::result::unwrap_failed
[INFO] [stdout]   12:     0x61ddd842f091 - <adapter_conformance[2bc01d4ef41627ee]::phits_adapter_conformance_suite::{closure#0} as core[df12db4294e9bfd3]::ops::function::FnOnce<()>>::call_once
[INFO] [stdout]   13:     0x61ddd843539b - test[9d35eded1c95d3be]::__rust_begin_short_backtrace::<core[df12db4294e9bfd3]::result::Result<(), alloc[2182bb758b4b3781]::string::String>, fn() -> core[df12db4294e9bfd3]::result::Result<(), alloc[2182bb758b4b3781]::string::String>>
[INFO] [stdout]   14:     0x61ddd8442a05 - test[9d35eded1c95d3be]::run_test::{closure#0}
[INFO] [stdout]   15:     0x61ddd843c2c4 - std[70759c8f55707aa4]::sys::backtrace::__rust_begin_short_backtrace::<test[9d35eded1c95d3be]::run_test::{closure#1}, ()>
[INFO] [stdout]   16:     0x61ddd8445b62 - <std[70759c8f55707aa4]::thread::lifecycle::spawn_unchecked<test[9d35eded1c95d3be]::run_test::{closure#1}, ()>::{closure#1} as core[df12db4294e9bfd3]::ops::function::FnOnce<()>>::call_once::{shim:vtable#0}
[INFO] [stdout]   17:     0x61ddd84cde19 - <std[70759c8f55707aa4]::sys::thread::unix::Thread>::new::thread_start
[INFO] [stdout]   18:     0x76e190c7adfa - <unknown>
[INFO] [stdout]   19:     0x76e190d0e3d4 - clone
[INFO] [stdout]   20:                0x0 - <unknown>
[INFO] [stdout] 
[INFO] [stdout] 
[INFO] [stdout] failures:
[INFO] [stdout]     phits_adapter_conformance_suite
[INFO] [stdout] 
[INFO] [stdout] test result: FAILED. 0 passed; 1 failed; 0 ignored; 0 measured; 0 filtered out; finished in 0.00s
[INFO] [stdout] 
[INFO] [stderr] error: test failed, to rerun pass `--test adapter_conformance`
[INFO] running `Command { std: "docker" "inspect" "4246796b7979cdf2a4697d43dcf6abaa0e32f45e0ccde7badca8c9c58fd6b906", kill_on_drop: false }`
[INFO] running `Command { std: "docker" "rm" "-f" "4246796b7979cdf2a4697d43dcf6abaa0e32f45e0ccde7badca8c9c58fd6b906", kill_on_drop: false }`
[INFO] [stdout] 4246796b7979cdf2a4697d43dcf6abaa0e32f45e0ccde7badca8c9c58fd6b906
