[INFO] fetching crate openbnct-nifti 0.4.0...
[INFO] testing openbnct-nifti-0.4.0 against 1.100.0-beta.1+cargoflags=--release for beta-release-1.100-2
[INFO] extracting crate openbnct-nifti 0.4.0 into /workspace/builds/worker-0-tc2/source
[INFO] started tweaking crates.io crate openbnct-nifti 0.4.0
[INFO] removed 0 missing tests
[INFO] finished tweaking crates.io crate openbnct-nifti 0.4.0
[INFO] tweaked toml for crates.io crate openbnct-nifti 0.4.0 written to /workspace/builds/worker-0-tc2/source/Cargo.toml
[INFO] validating manifest of crates.io crate openbnct-nifti 0.4.0 on toolchain 1.100.0-beta.1
[INFO] running `Command { std: CARGO_HOME="/workspace/cargo-home" RUSTUP_HOME="/workspace/rustup-home" "/workspace/cargo-home/bin/cargo" "+1.100.0-beta.1" "metadata" "--manifest-path" "Cargo.toml" "--no-deps", kill_on_drop: false }`
[INFO] crate crates.io crate openbnct-nifti 0.4.0 already has a lockfile, it will not be regenerated
[INFO] running `Command { std: CARGO_HOME="/workspace/cargo-home" RUSTUP_HOME="/workspace/rustup-home" "/workspace/cargo-home/bin/cargo" "+1.100.0-beta.1" "fetch" "--manifest-path" "Cargo.toml", kill_on_drop: false }`
[INFO] running `Command { std: "docker" "create" "-v" "/var/lib/crater-agent-workspace/builds/worker-0-tc2/source:/opt/rustwide/workdir:ro,Z" "-v" "/var/lib/crater-agent-workspace/builds/worker-0-tc2/target:/opt/rustwide/target:rw,Z" "-v" "/var/lib/crater-agent-workspace/cargo-home:/opt/rustwide/cargo-home:ro,Z" "-v" "/var/lib/crater-agent-workspace/rustup-home:/opt/rustwide/rustup-home:ro,Z" "-m" "1610612736" "--network" "none" "ghcr.io/rust-lang/crates-build-env/linux@sha256:77db811e55d90add9212f6832c23229e3de5f1c1f9905e8cb07319ea15df73ac" "sleep" "infinity", kill_on_drop: false }`
[INFO] [stdout] ee97eb8eb6ffdb5f0045c0625b112fa90cd7c8415e1de3725912b316ee80ab7d
[INFO] running `Command { std: "docker" "start" "ee97eb8eb6ffdb5f0045c0625b112fa90cd7c8415e1de3725912b316ee80ab7d", kill_on_drop: false }`
[INFO] running `Command { std: "docker" "inspect" "ee97eb8eb6ffdb5f0045c0625b112fa90cd7c8415e1de3725912b316ee80ab7d", kill_on_drop: false }`
[INFO] running `Command { std: "docker" "exec" "-e" "SOURCE_DIR=/opt/rustwide/workdir" "-e" "CARGO_HOME=/opt/rustwide/cargo-home" "-e" "RUSTUP_HOME=/opt/rustwide/rustup-home" "-e" "CARGO_TARGET_DIR=/opt/rustwide/target" "-w" "/opt/rustwide/workdir" "--user" "0:0" "ee97eb8eb6ffdb5f0045c0625b112fa90cd7c8415e1de3725912b316ee80ab7d" "/opt/rustwide/cargo-home/bin/cargo" "+1.100.0-beta.1" "metadata" "--no-deps" "--format-version=1", kill_on_drop: false }`
[INFO] running `Command { std: "docker" "inspect" "ee97eb8eb6ffdb5f0045c0625b112fa90cd7c8415e1de3725912b316ee80ab7d", kill_on_drop: false }`
[INFO] running `Command { std: "docker" "exec" "-e" "SOURCE_DIR=/opt/rustwide/workdir" "-e" "CARGO_HOME=/opt/rustwide/cargo-home" "-e" "RUSTUP_HOME=/opt/rustwide/rustup-home" "-e" "CARGO_TARGET_DIR=/opt/rustwide/target" "-e" "CARGO_INCREMENTAL=0" "-e" "RUST_BACKTRACE=full" "-e" "RUSTFLAGS=--cap-lints=warn" "-e" "RUSTDOCFLAGS=--cap-lints=warn" "-w" "/opt/rustwide/workdir" "--user" "0:0" "ee97eb8eb6ffdb5f0045c0625b112fa90cd7c8415e1de3725912b316ee80ab7d" "/opt/rustwide/cargo-home/bin/cargo" "+1.100.0-beta.1" "build" "--frozen" "--message-format=json" "--release", kill_on_drop: false }`
[INFO] [stderr]    Compiling crc32fast v1.5.1
[INFO] [stderr]    Compiling serde_json v1.0.151
[INFO] [stderr]    Compiling serde_derive v1.0.229
[INFO] [stderr]    Compiling thiserror-impl v2.0.20
[INFO] [stderr]    Compiling flate2 v1.1.10
[INFO] [stderr]    Compiling thiserror v2.0.20
[INFO] [stderr]    Compiling serde v1.0.229
[INFO] [stderr]    Compiling openbnct-core v0.4.0
[INFO] [stderr]    Compiling openbnct-nifti v0.4.0 (/opt/rustwide/workdir)
[INFO] [stderr]     Finished `release` profile [optimized] target(s) in 13.22s
[INFO] running `Command { std: "docker" "inspect" "ee97eb8eb6ffdb5f0045c0625b112fa90cd7c8415e1de3725912b316ee80ab7d", kill_on_drop: false }`
[INFO] running `Command { std: "docker" "exec" "-e" "SOURCE_DIR=/opt/rustwide/workdir" "-e" "CARGO_HOME=/opt/rustwide/cargo-home" "-e" "RUSTUP_HOME=/opt/rustwide/rustup-home" "-e" "CARGO_TARGET_DIR=/opt/rustwide/target" "-e" "CARGO_INCREMENTAL=0" "-e" "RUST_BACKTRACE=full" "-e" "RUSTFLAGS=--cap-lints=warn" "-e" "RUSTDOCFLAGS=--cap-lints=warn" "-w" "/opt/rustwide/workdir" "--user" "0:0" "ee97eb8eb6ffdb5f0045c0625b112fa90cd7c8415e1de3725912b316ee80ab7d" "/opt/rustwide/cargo-home/bin/cargo" "+1.100.0-beta.1" "test" "--frozen" "--no-run" "--message-format=json" "--release", kill_on_drop: false }`
[INFO] [stderr]    Compiling getrandom v0.4.3
[INFO] [stderr]    Compiling tempfile v3.27.0
[INFO] [stderr]    Compiling openbnct-nifti v0.4.0 (/opt/rustwide/workdir)
[INFO] [stderr]     Finished `release` profile [optimized] target(s) in 5.64s
[INFO] running `Command { std: "docker" "inspect" "ee97eb8eb6ffdb5f0045c0625b112fa90cd7c8415e1de3725912b316ee80ab7d", kill_on_drop: false }`
[INFO] running `Command { std: "docker" "exec" "-e" "SOURCE_DIR=/opt/rustwide/workdir" "-e" "CARGO_HOME=/opt/rustwide/cargo-home" "-e" "RUSTUP_HOME=/opt/rustwide/rustup-home" "-e" "CARGO_TARGET_DIR=/opt/rustwide/target" "-e" "CARGO_INCREMENTAL=0" "-e" "RUST_BACKTRACE=full" "-e" "RUSTFLAGS=--cap-lints=warn" "-e" "RUSTDOCFLAGS=--cap-lints=warn" "-w" "/opt/rustwide/workdir" "--user" "0:0" "ee97eb8eb6ffdb5f0045c0625b112fa90cd7c8415e1de3725912b316ee80ab7d" "/opt/rustwide/cargo-home/bin/cargo" "+1.100.0-beta.1" "test" "--frozen" "--release", kill_on_drop: false }`
[INFO] [stderr]     Finished `release` profile [optimized] target(s) in 0.06s
[INFO] [stderr]      Running unittests src/lib.rs (/opt/rustwide/target/release/build/openbnct-nifti/b26a63db021e5b55/out/openbnct_nifti-b26a63db021e5b55)
[INFO] [stdout] 
[INFO] [stdout] running 15 tests
[INFO] [stdout] test tests::oblique_landmarks_match_reference_affine ... ok
[INFO] [stdout] test tests::rejects_unsupported_inputs_cleanly ... ok
[INFO] [stdout] test tests::rejects_oblique_transform_by_preserving_direction ... ok
[INFO] [stdout] test tests::gzip_round_trips ... ok
[INFO] [stdout] test tests::interchange_from_niftis_rejects_mismatched_grids_and_undeclared_producer ... ok
[INFO] [stdout] test tests::resample_trilinear_interpolates_linearly ... ok
[INFO] [stdout] test tests::ras_world_frame_maps_to_lps ... ok
[INFO] [stdout] test tests::resample_nearest_preserves_mask_regions ... ok
[INFO] [stdout] test tests::interchange_from_niftis_builds_document ... ok
[INFO] [stdout] test tests::box_average_is_exact_and_covers_the_source ... ok
[INFO] [stdout] test tests::box_average_rejects_mismatched_direction ... ok
[INFO] [stdout] test tests::component_export_round_trips_through_import ... ok
[INFO] [stdout] test tests::round_trips_geometry_and_values ... ok
[INFO] [stdout] test tests::target_geometry_accepts_cases_and_bundles_and_rejects_others ... ok
[INFO] [stdout] test tests::trilinear_resample_converges_quadratically_on_a_smooth_field ... ok
[INFO] [stdout] 
[INFO] [stdout] test result: ok. 15 passed; 0 failed; 0 ignored; 0 measured; 0 filtered out; finished in 0.01s
[INFO] [stdout] 
[INFO] [stderr]      Running tests/adapter_conformance.rs (/opt/rustwide/target/release/build/openbnct-nifti/2bcc34dedb400c8b/out/adapter_conformance-2bcc34dedb400c8b)
[INFO] [stdout] 
[INFO] [stdout] running 1 test
[INFO] [stdout] test nifti_adapter_conformance_suite ... FAILED
[INFO] [stdout] 
[INFO] [stdout] failures:
[INFO] [stdout] 
[INFO] [stdout] ---- nifti_adapter_conformance_suite stdout ----
[INFO] [stdout] 
[INFO] [stdout] thread 'nifti_adapter_conformance_suite' (549) panicked at tests/adapter_conformance.rs:23:10:
[INFO] [stdout] adapter conformance suite directory: Os { code: 2, kind: NotFound, message: "No such file or directory" }
[INFO] [stdout] stack backtrace:
[INFO] [stdout]    0:     0x5ba54d3ced01 - <<std[617be2ca0a6fd877]::sys::backtrace::BacktraceLock>::print::DisplayBacktrace as core[a373ad73a504971]::fmt::Display>::fmt
[INFO] [stdout]    1:     0x5ba54d3e3a7a - core[a373ad73a504971]::fmt::write
[INFO] [stdout]    2:     0x5ba54d3d2f3c - <alloc[2e1b2a31b91974c5]::vec::Vec<u8> as core[a373ad73a504971]::io::write::Write>::write_fmt
[INFO] [stdout]    3:     0x5ba54d3aa406 - std[617be2ca0a6fd877]::panicking::default_hook::{closure#0}
[INFO] [stdout]    4:     0x5ba54d3c69b9 - std[617be2ca0a6fd877]::panicking::default_hook
[INFO] [stdout]    5:     0x5ba54d337d30 - test[aada8e7e76ba119b]::test_main_inner::{closure#0}
[INFO] [stdout]    6:     0x5ba54d3c6b72 - std[617be2ca0a6fd877]::panicking::panic_with_hook
[INFO] [stdout]    7:     0x5ba54d3aa4b2 - std[617be2ca0a6fd877]::panicking::panic_handler::{closure#0}
[INFO] [stdout]    8:     0x5ba54d3a2fa9 - std[617be2ca0a6fd877]::sys::backtrace::__rust_end_short_backtrace::<std[617be2ca0a6fd877]::panicking::panic_handler::{closure#0}, !>
[INFO] [stdout]    9:     0x5ba54d3ab0bd - __rustc[ea4f61d10b84890b]::rust_begin_unwind
[INFO] [stdout]   10:     0x5ba54d3e41ac - core[a373ad73a504971]::panicking::panic_fmt
[INFO] [stdout]   11:     0x5ba54d3e3f82 - core[a373ad73a504971]::result::unwrap_failed
[INFO] [stdout]   12:     0x5ba54d325212 - <adapter_conformance[ee104a5d46545ab5]::nifti_adapter_conformance_suite::{closure#0} as core[a373ad73a504971]::ops::function::FnOnce<()>>::call_once
[INFO] [stdout]   13:     0x5ba54d32b17b - test[aada8e7e76ba119b]::__rust_begin_short_backtrace::<core[a373ad73a504971]::result::Result<(), alloc[2e1b2a31b91974c5]::string::String>, fn() -> core[a373ad73a504971]::result::Result<(), alloc[2e1b2a31b91974c5]::string::String>>
[INFO] [stdout]   14:     0x5ba54d338355 - test[aada8e7e76ba119b]::run_test::{closure#0}
[INFO] [stdout]   15:     0x5ba54d331c44 - std[617be2ca0a6fd877]::sys::backtrace::__rust_begin_short_backtrace::<test[aada8e7e76ba119b]::run_test::{closure#1}, ()>
[INFO] [stdout]   16:     0x5ba54d33b3e2 - <std[617be2ca0a6fd877]::thread::lifecycle::spawn_unchecked<test[aada8e7e76ba119b]::run_test::{closure#1}, ()>::{closure#1} as core[a373ad73a504971]::ops::function::FnOnce<()>>::call_once::{shim:vtable#0}
[INFO] [stdout]   17:     0x5ba54d3cdd0f - <std[617be2ca0a6fd877]::sys::thread::unix::Thread>::new::thread_start
[INFO] [stdout]   18:     0x7798ef70edfa - <unknown>
[INFO] [stdout]   19:     0x7798ef7a23d4 - clone
[INFO] [stdout]   20:                0x0 - <unknown>
[INFO] [stdout] 
[INFO] [stdout] 
[INFO] [stdout] failures:
[INFO] [stdout]     nifti_adapter_conformance_suite
[INFO] [stdout] 
[INFO] [stdout] test result: FAILED. 0 passed; 1 failed; 0 ignored; 0 measured; 0 filtered out; finished in 0.00s
[INFO] [stdout] 
[INFO] [stderr] error: test failed, to rerun pass `--test adapter_conformance`
[INFO] running `Command { std: "docker" "inspect" "ee97eb8eb6ffdb5f0045c0625b112fa90cd7c8415e1de3725912b316ee80ab7d", kill_on_drop: false }`
[INFO] running `Command { std: "docker" "rm" "-f" "ee97eb8eb6ffdb5f0045c0625b112fa90cd7c8415e1de3725912b316ee80ab7d", kill_on_drop: false }`
[INFO] [stdout] ee97eb8eb6ffdb5f0045c0625b112fa90cd7c8415e1de3725912b316ee80ab7d
