[INFO] fetching crate openbnct-core 0.4.0...
[INFO] testing openbnct-core-0.4.0 against 1.99.0-beta.8+cargoflags=--release for beta-release-1.100-2
[INFO] extracting crate openbnct-core 0.4.0 into /workspace/builds/worker-4-tc1/source
[INFO] started tweaking crates.io crate openbnct-core 0.4.0
[INFO] removed 0 missing tests
[INFO] finished tweaking crates.io crate openbnct-core 0.4.0
[INFO] tweaked toml for crates.io crate openbnct-core 0.4.0 written to /workspace/builds/worker-4-tc1/source/Cargo.toml
[INFO] validating manifest of crates.io crate openbnct-core 0.4.0 on toolchain 1.99.0-beta.8
[INFO] running `Command { std: CARGO_HOME="/workspace/cargo-home" RUSTUP_HOME="/workspace/rustup-home" "/workspace/cargo-home/bin/cargo" "+1.99.0-beta.8" "metadata" "--manifest-path" "Cargo.toml" "--no-deps", kill_on_drop: false }`
[INFO] crate crates.io crate openbnct-core 0.4.0 already has a lockfile, it will not be regenerated
[INFO] running `Command { std: CARGO_HOME="/workspace/cargo-home" RUSTUP_HOME="/workspace/rustup-home" "/workspace/cargo-home/bin/cargo" "+1.99.0-beta.8" "fetch" "--manifest-path" "Cargo.toml", kill_on_drop: false }`
[INFO] running `Command { std: "docker" "create" "-v" "/var/lib/crater-agent-workspace/builds/worker-4-tc1/source:/opt/rustwide/workdir:ro,Z" "-v" "/var/lib/crater-agent-workspace/builds/worker-4-tc1/target:/opt/rustwide/target:rw,Z" "-v" "/var/lib/crater-agent-workspace/cargo-home:/opt/rustwide/cargo-home:ro,Z" "-v" "/var/lib/crater-agent-workspace/rustup-home:/opt/rustwide/rustup-home:ro,Z" "-m" "1610612736" "--network" "none" "ghcr.io/rust-lang/crates-build-env/linux@sha256:77db811e55d90add9212f6832c23229e3de5f1c1f9905e8cb07319ea15df73ac" "sleep" "infinity", kill_on_drop: false }`
[INFO] [stdout] 270eaa72280756cd4a3c47cf742ca1f92de225459b2a5a3682a7148b508a4843
[INFO] running `Command { std: "docker" "start" "270eaa72280756cd4a3c47cf742ca1f92de225459b2a5a3682a7148b508a4843", kill_on_drop: false }`
[INFO] running `Command { std: "docker" "inspect" "270eaa72280756cd4a3c47cf742ca1f92de225459b2a5a3682a7148b508a4843", kill_on_drop: false }`
[INFO] running `Command { std: "docker" "exec" "-e" "SOURCE_DIR=/opt/rustwide/workdir" "-e" "CARGO_HOME=/opt/rustwide/cargo-home" "-e" "RUSTUP_HOME=/opt/rustwide/rustup-home" "-e" "CARGO_TARGET_DIR=/opt/rustwide/target" "-w" "/opt/rustwide/workdir" "--user" "0:0" "270eaa72280756cd4a3c47cf742ca1f92de225459b2a5a3682a7148b508a4843" "/opt/rustwide/cargo-home/bin/cargo" "+1.99.0-beta.8" "metadata" "--no-deps" "--format-version=1", kill_on_drop: false }`
[INFO] running `Command { std: "docker" "inspect" "270eaa72280756cd4a3c47cf742ca1f92de225459b2a5a3682a7148b508a4843", kill_on_drop: false }`
[INFO] running `Command { std: "docker" "exec" "-e" "SOURCE_DIR=/opt/rustwide/workdir" "-e" "CARGO_HOME=/opt/rustwide/cargo-home" "-e" "RUSTUP_HOME=/opt/rustwide/rustup-home" "-e" "CARGO_TARGET_DIR=/opt/rustwide/target" "-e" "CARGO_INCREMENTAL=0" "-e" "RUST_BACKTRACE=full" "-e" "RUSTFLAGS=--cap-lints=warn" "-e" "RUSTDOCFLAGS=--cap-lints=warn" "-w" "/opt/rustwide/workdir" "--user" "0:0" "270eaa72280756cd4a3c47cf742ca1f92de225459b2a5a3682a7148b508a4843" "/opt/rustwide/cargo-home/bin/cargo" "+1.99.0-beta.8" "build" "--frozen" "--message-format=json" "--release", kill_on_drop: false }`
[INFO] [stderr]    Compiling serde_json v1.0.151
[INFO] [stderr]    Compiling serde_derive v1.0.229
[INFO] [stderr]    Compiling serde v1.0.229
[INFO] [stderr]    Compiling openbnct-core v0.4.0 (/opt/rustwide/workdir)
[INFO] [stderr]     Finished `release` profile [optimized] target(s) in 10.66s
[INFO] running `Command { std: "docker" "inspect" "270eaa72280756cd4a3c47cf742ca1f92de225459b2a5a3682a7148b508a4843", kill_on_drop: false }`
[INFO] running `Command { std: "docker" "exec" "-e" "SOURCE_DIR=/opt/rustwide/workdir" "-e" "CARGO_HOME=/opt/rustwide/cargo-home" "-e" "RUSTUP_HOME=/opt/rustwide/rustup-home" "-e" "CARGO_TARGET_DIR=/opt/rustwide/target" "-e" "CARGO_INCREMENTAL=0" "-e" "RUST_BACKTRACE=full" "-e" "RUSTFLAGS=--cap-lints=warn" "-e" "RUSTDOCFLAGS=--cap-lints=warn" "-w" "/opt/rustwide/workdir" "--user" "0:0" "270eaa72280756cd4a3c47cf742ca1f92de225459b2a5a3682a7148b508a4843" "/opt/rustwide/cargo-home/bin/cargo" "+1.99.0-beta.8" "test" "--frozen" "--no-run" "--message-format=json" "--release", kill_on_drop: false }`
[INFO] [stderr]    Compiling libc v0.2.189
[INFO] [stderr]    Compiling once_cell v1.21.4
[INFO] [stderr]    Compiling rustix v1.1.4
[INFO] [stderr]    Compiling getrandom v0.4.3
[INFO] [stderr]    Compiling tempfile v3.27.0
[INFO] [stderr]    Compiling openbnct-core v0.4.0 (/opt/rustwide/workdir)
[INFO] [stderr]     Finished `release` profile [optimized] target(s) in 15.00s
[INFO] running `Command { std: "docker" "inspect" "270eaa72280756cd4a3c47cf742ca1f92de225459b2a5a3682a7148b508a4843", kill_on_drop: false }`
[INFO] running `Command { std: "docker" "exec" "-e" "SOURCE_DIR=/opt/rustwide/workdir" "-e" "CARGO_HOME=/opt/rustwide/cargo-home" "-e" "RUSTUP_HOME=/opt/rustwide/rustup-home" "-e" "CARGO_TARGET_DIR=/opt/rustwide/target" "-e" "CARGO_INCREMENTAL=0" "-e" "RUST_BACKTRACE=full" "-e" "RUSTFLAGS=--cap-lints=warn" "-e" "RUSTDOCFLAGS=--cap-lints=warn" "-w" "/opt/rustwide/workdir" "--user" "0:0" "270eaa72280756cd4a3c47cf742ca1f92de225459b2a5a3682a7148b508a4843" "/opt/rustwide/cargo-home/bin/cargo" "+1.99.0-beta.8" "test" "--frozen" "--release", kill_on_drop: false }`
[INFO] [stderr]     Finished `release` profile [optimized] target(s) in 0.05s
[INFO] [stderr]      Running unittests src/lib.rs (/opt/rustwide/target/release/deps/openbnct_core-717d4bcd262602e1)
[INFO] [stdout] 
[INFO] [stdout] running 70 tests
[INFO] [stdout] test exposure::tests::diagnostics_collect_every_issue ... ok
[INFO] [stdout] test external_dose::tests::explicit_fractions_must_sum_to_total ... ok
[INFO] [stdout] test exposure::tests::rejects_mismatched_grids_and_components ... ok
[INFO] [stdout] test exposure::tests::plan_validation_rejects_bad_inputs ... ok
[INFO] [stdout] test exposure::tests::zero_weight_exposure_contributes_nothing ... ok
[INFO] [stdout] test external_dose::tests::rejects_wrong_schema_and_bad_values ... ok
[INFO] [stdout] test interchange::tests::component_sum_derives_total_without_claimed_uncertainty ... ok
[INFO] [stdout] test interchange::tests::dedicated_total_imports_with_estimator_provenance ... ok
[INFO] [stdout] test external_dose::tests::valid_document_binds_provenance ... ok
[INFO] [stdout] test external_dose::tests::resample_rejects_uncovered_target ... ok
[INFO] [stdout] test interchange::tests::dedicated_total_without_sigma_marks_unavailable ... ok
[INFO] [stdout] test interchange::tests::rejects_missing_component_bad_units_and_short_totals ... ok
[INFO] [stdout] test external_dose::tests::resample_identity_is_exact ... ok
[INFO] [stdout] test external_dose::tests::resample_trilinear_interpolates_centers ... ok
[INFO] [stdout] test exposure::tests::accumulates_unequal_weights_with_quadrature_uncertainty ... ok
[INFO] [stdout] test registration::tests::declared_transforms_must_be_rigid ... ok
[INFO] [stdout] test joint::tests::correlated_sources_fold_through_declared_matrix ... ok
[INFO] [stdout] test external_dose::tests::resample_rejects_rotated_grids ... ok
[INFO] [stdout] test registration::tests::degenerate_landmark_sets_are_rejected ... ok
[INFO] [stdout] test registration::tests::geometry_transform_preserves_voxel_mapping ... ok
[INFO] [stdout] test joint::tests::permuting_sources_preserves_the_propagated_result ... ok
[INFO] [stdout] test registration::tests::exact_landmarks_recover_the_transform ... ok
[INFO] [stdout] test registration::tests::shared_for_registration_is_identity_and_self_evident ... ok
[INFO] [stdout] test stats::tests::eud_covers_the_standard_limits ... ok
[INFO] [stdout] test joint::tests::independent_per_target_draws_each_target ... ok
[INFO] [stdout] test joint::tests::invalid_covariance_is_rejected_not_repaired ... ok
[INFO] [stdout] test stats::tests::masked_values_selects_and_validates ... ok
[INFO] [stdout] test systematic::tests::boron_sigma_uses_fractional_field_uncertainty ... ok
[INFO] [stdout] test systematic::tests::combine_helpers_behave ... ok
[INFO] [stdout] test systematic::tests::region_sigma_honors_correlation ... ok
[INFO] [stdout] test registration::tests::transform_inverse_and_compose_round_trip ... ok
[INFO] [stdout] test stats::tests::dx_reads_the_discrete_dvh ... ok
[INFO] [stdout] test stats::tests::vx_counts_covered_fraction ... ok
[INFO] [stdout] test joint::tests::ensemble_is_seed_deterministic_and_weighted ... ok
[INFO] [stdout] test tests::derives_relative_uncertainty_but_not_for_zero_mean ... ok
[INFO] [stdout] test tests::legacy_schema_version_is_accepted_on_read ... ok
[INFO] [stdout] test tests::mask_ops_reject_empty_result ... ok
[INFO] [stdout] test tests::mask_union_and_intersection ... ok
[INFO] [stdout] test tests::mask_subtract_removes_shared_voxels ... ok
[INFO] [stdout] test joint::tests::zero_declared_variance_is_the_point_estimate ... ok
[INFO] [stdout] test tests::rejects_non_orthonormal_grid_direction ... ok
[INFO] [stdout] test tests::legacy_nctforge_contract_ids_match_current_schemas ... ok
[INFO] [stdout] test tests::mask_ops_reject_frame_mismatch ... ok
[INFO] [stdout] test joint::tests::shared_source_folds_linearly_independent_in_quadrature ... ok
[INFO] [stdout] test registration::tests::arbitrary_rotation_and_translation_recover ... ok
[INFO] [stdout] test tests::validates_complete_physical_dose_contract ... ok
[INFO] [stdout] test tests::rejects_noncanonical_response_set_hash ... ok
[INFO] [stdout] test tests::rejects_incomplete_component_bundle ... ok
[INFO] [stdout] test tests::requires_consistent_total_uncertainty_state ... ok
[INFO] [stdout] test tests::rejects_mixed_component_and_total_units ... ok
[INFO] [stdout] test voi::tests::duplicate_candidate_ids_rejected ... ok
[INFO] [stdout] test voi::tests::noisier_measurement_ranks_lower_and_zero_noise_is_exact ... ok
[INFO] [stdout] test tests::rejects_noncanonical_component_profile_hash ... ok
[INFO] [stdout] test voi::tests::orthogonal_observation_gives_zero_gain ... ok
[INFO] [stdout] test voi::tests::scalar_posterior_matches_conjugate_formula ... ok
[INFO] [stdout] test voi::tests::ensemble_method_preserves_unavailable_and_noiseless_honesty ... ok
[INFO] [stdout] test voi::tests::shared_bias_limits_replicate_gain ... ok
[INFO] [stdout] test voi::tests::unknown_precision_is_unavailable_not_defaulted ... ok
[INFO] [stdout] test joint::tests::support_rules_block_silent_clipping ... ok
[INFO] [stdout] test joint::tests::splitting_a_field_preserves_shared_sigma ... ok
[INFO] [stdout] test systematic::tests::positioning_sigma_tracks_dose_gradient ... ok
[INFO] [stdout] test systematic::tests::relative_sigma_scales_dose ... ok
[INFO] [stdout] test joint::tests::unassessed_category_must_be_disposed ... ok
[INFO] [stdout] test joint::tests::ensemble_coverage_matches_the_declared_gaussian_model ... ok
[INFO] [stdout] test joint::tests::ensemble_recovers_gaussian_metric_distribution ... ok
[INFO] [stdout] test joint::tests::attribution_keeps_interactions_visible ... ok
[INFO] [stdout] test registration::tests::registration_documents_validate_method_evidence ... ok
[INFO] [stdout] test voi::tests::ensemble_method_agrees_with_analytic_on_a_gaussian_case ... ok
[INFO] [stdout] test voi::tests::ensemble_method_runs_on_a_non_gaussian_marginal ... ok
[INFO] [stdout] test tests::serializes_only_canonical_component_names ... ok
[INFO] [stderr]      Running tests/contract_rejection.rs (/opt/rustwide/target/release/deps/contract_rejection-d8ea1f0cd2310f98)
[INFO] [stdout] 
[INFO] [stdout] test result: ok. 70 passed; 0 failed; 0 ignored; 0 measured; 0 filtered out; finished in 0.04s
[INFO] [stdout] 
[INFO] [stdout] 
[INFO] [stdout] running 4 tests
[INFO] [stdout] test schema_namespace_normalization ... ok
[INFO] [stdout] test json_number_extremes_rejected_or_finite ... ok
[INFO] [stdout] test contract_structs_reject_unknown_fields ... ok
[INFO] [stdout] test content_reference_digest_canonicality ... ok
[INFO] [stdout] 
[INFO] [stdout] test result: ok. 4 passed; 0 failed; 0 ignored; 0 measured; 0 filtered out; finished in 0.00s
[INFO] [stdout] 
[INFO] [stderr]      Running tests/interchange_conformance.rs (/opt/rustwide/target/release/deps/interchange_conformance-5d2775a4f44f4474)
[INFO] [stdout] 
[INFO] [stdout] running 1 test
[INFO] [stdout] test interchange_conformance_suite ... FAILED
[INFO] [stdout] 
[INFO] [stdout] failures:
[INFO] [stdout] 
[INFO] [stdout] ---- interchange_conformance_suite stdout ----
[INFO] [stdout] 
[INFO] [stdout] thread 'interchange_conformance_suite' (608) panicked at tests/interchange_conformance.rs:26:10:
[INFO] [stdout] conformance suite directory: Os { code: 2, kind: NotFound, message: "No such file or directory" }
[INFO] [stdout] stack backtrace:
[INFO] [stdout]    0:     0x5f88baeec161 - <<std[70759c8f55707aa4]::sys::backtrace::BacktraceLock>::print::DisplayBacktrace as core[df12db4294e9bfd3]::fmt::Display>::fmt
[INFO] [stdout]    1:     0x5f88baf0111a - core[df12db4294e9bfd3]::fmt::write
[INFO] [stdout]    2:     0x5f88baef061c - <alloc[2182bb758b4b3781]::vec::Vec<u8> as core[df12db4294e9bfd3]::io::write::Write>::write_fmt
[INFO] [stdout]    3:     0x5f88baec7f26 - std[70759c8f55707aa4]::panicking::default_hook::{closure#0}
[INFO] [stdout]    4:     0x5f88baee4319 - std[70759c8f55707aa4]::panicking::default_hook
[INFO] [stdout]    5:     0x5f88bae6d3a0 - test[9d35eded1c95d3be]::test_main_inner::<test[9d35eded1c95d3be]::test_main_static::{closure#0}>::{closure#0}
[INFO] [stdout]    6:     0x5f88baee44d2 - std[70759c8f55707aa4]::panicking::panic_with_hook
[INFO] [stdout]    7:     0x5f88baec7fd2 - std[70759c8f55707aa4]::panicking::panic_handler::{closure#0}
[INFO] [stdout]    8:     0x5f88baec0bc9 - std[70759c8f55707aa4]::sys::backtrace::__rust_end_short_backtrace::<std[70759c8f55707aa4]::panicking::panic_handler::{closure#0}, !>
[INFO] [stdout]    9:     0x5f88baec8bcd - __rustc[8fa7c3cbc660c2b3]::rust_begin_unwind
[INFO] [stdout]   10:     0x5f88baf0187c - core[df12db4294e9bfd3]::panicking::panic_fmt
[INFO] [stdout]   11:     0x5f88baf01652 - core[df12db4294e9bfd3]::result::unwrap_failed
[INFO] [stdout]   12:     0x5f88bae59784 - <interchange_conformance[b2fb2296680f6554]::interchange_conformance_suite::{closure#0} as core[df12db4294e9bfd3]::ops::function::FnOnce<()>>::call_once
[INFO] [stdout]   13:     0x5f88bae6068b - test[9d35eded1c95d3be]::__rust_begin_short_backtrace::<core[df12db4294e9bfd3]::result::Result<(), alloc[2182bb758b4b3781]::string::String>, fn() -> core[df12db4294e9bfd3]::result::Result<(), alloc[2182bb758b4b3781]::string::String>>
[INFO] [stdout]   14:     0x5f88bae6dcf5 - test[9d35eded1c95d3be]::run_test::{closure#0}
[INFO] [stdout]   15:     0x5f88bae675b4 - std[70759c8f55707aa4]::sys::backtrace::__rust_begin_short_backtrace::<test[9d35eded1c95d3be]::run_test::{closure#1}, ()>
[INFO] [stdout]   16:     0x5f88bae70e52 - <std[70759c8f55707aa4]::thread::lifecycle::spawn_unchecked<test[9d35eded1c95d3be]::run_test::{closure#1}, ()>::{closure#1} as core[df12db4294e9bfd3]::ops::function::FnOnce<()>>::call_once::{shim:vtable#0}
[INFO] [stdout]   17:     0x5f88baeeb529 - <std[70759c8f55707aa4]::sys::thread::unix::Thread>::new::thread_start
[INFO] [stdout]   18:     0x7d2f54ff1dfa - <unknown>
[INFO] [stdout]   19:     0x7d2f550853d4 - clone
[INFO] [stdout]   20:                0x0 - <unknown>
[INFO] [stdout] 
[INFO] [stdout] 
[INFO] [stdout] failures:
[INFO] [stdout]     interchange_conformance_suite
[INFO] [stdout] 
[INFO] [stdout] test result: FAILED. 0 passed; 1 failed; 0 ignored; 0 measured; 0 filtered out; finished in 0.00s
[INFO] [stdout] 
[INFO] [stderr] error: test failed, to rerun pass `--test interchange_conformance`
[INFO] running `Command { std: "docker" "inspect" "270eaa72280756cd4a3c47cf742ca1f92de225459b2a5a3682a7148b508a4843", kill_on_drop: false }`
[INFO] running `Command { std: "docker" "rm" "-f" "270eaa72280756cd4a3c47cf742ca1f92de225459b2a5a3682a7148b508a4843", kill_on_drop: false }`
[INFO] [stdout] 270eaa72280756cd4a3c47cf742ca1f92de225459b2a5a3682a7148b508a4843
