[INFO] fetching crate openbim-ifcx-geometry 0.1.1...
[INFO] testing openbim-ifcx-geometry-0.1.1 against 1.99.0-beta.8+cargoflags=--release for beta-release-1.100-2
[INFO] extracting crate openbim-ifcx-geometry 0.1.1 into /workspace/builds/worker-1-tc1/source
[INFO] started tweaking crates.io crate openbim-ifcx-geometry 0.1.1
[INFO] removed 0 missing examples
[INFO] removed 0 missing tests
[INFO] finished tweaking crates.io crate openbim-ifcx-geometry 0.1.1
[INFO] tweaked toml for crates.io crate openbim-ifcx-geometry 0.1.1 written to /workspace/builds/worker-1-tc1/source/Cargo.toml
[INFO] validating manifest of crates.io crate openbim-ifcx-geometry 0.1.1 on toolchain 1.99.0-beta.8
[INFO] running `Command { std: CARGO_HOME="/workspace/cargo-home" RUSTUP_HOME="/workspace/rustup-home" "/workspace/cargo-home/bin/cargo" "+1.99.0-beta.8" "metadata" "--manifest-path" "Cargo.toml" "--no-deps", kill_on_drop: false }`
[INFO] crate crates.io crate openbim-ifcx-geometry 0.1.1 already has a lockfile, it will not be regenerated
[INFO] running `Command { std: CARGO_HOME="/workspace/cargo-home" RUSTUP_HOME="/workspace/rustup-home" "/workspace/cargo-home/bin/cargo" "+1.99.0-beta.8" "fetch" "--manifest-path" "Cargo.toml", kill_on_drop: false }`
[INFO] [stderr]     Updating crates.io index
[INFO] [stderr]  Downloading crates ...
[INFO] [stderr]   Downloaded openbim-ifcx v0.1.1
[INFO] running `Command { std: "docker" "create" "-v" "/var/lib/crater-agent-workspace/builds/worker-1-tc1/source:/opt/rustwide/workdir:ro,Z" "-v" "/var/lib/crater-agent-workspace/builds/worker-1-tc1/target:/opt/rustwide/target:rw,Z" "-v" "/var/lib/crater-agent-workspace/cargo-home:/opt/rustwide/cargo-home:ro,Z" "-v" "/var/lib/crater-agent-workspace/rustup-home:/opt/rustwide/rustup-home:ro,Z" "-m" "1610612736" "--network" "none" "ghcr.io/rust-lang/crates-build-env/linux@sha256:77db811e55d90add9212f6832c23229e3de5f1c1f9905e8cb07319ea15df73ac" "sleep" "infinity", kill_on_drop: false }`
[INFO] [stdout] 4e70990c0e2aab4320efc88610b4d97442fdb79def5bb4509a7bdd383d1f10a3
[INFO] running `Command { std: "docker" "start" "4e70990c0e2aab4320efc88610b4d97442fdb79def5bb4509a7bdd383d1f10a3", kill_on_drop: false }`
[INFO] running `Command { std: "docker" "inspect" "4e70990c0e2aab4320efc88610b4d97442fdb79def5bb4509a7bdd383d1f10a3", kill_on_drop: false }`
[INFO] running `Command { std: "docker" "exec" "-e" "SOURCE_DIR=/opt/rustwide/workdir" "-e" "CARGO_HOME=/opt/rustwide/cargo-home" "-e" "RUSTUP_HOME=/opt/rustwide/rustup-home" "-e" "CARGO_TARGET_DIR=/opt/rustwide/target" "-w" "/opt/rustwide/workdir" "--user" "0:0" "4e70990c0e2aab4320efc88610b4d97442fdb79def5bb4509a7bdd383d1f10a3" "/opt/rustwide/cargo-home/bin/cargo" "+1.99.0-beta.8" "metadata" "--no-deps" "--format-version=1", kill_on_drop: false }`
[INFO] running `Command { std: "docker" "inspect" "4e70990c0e2aab4320efc88610b4d97442fdb79def5bb4509a7bdd383d1f10a3", kill_on_drop: false }`
[INFO] running `Command { std: "docker" "exec" "-e" "SOURCE_DIR=/opt/rustwide/workdir" "-e" "CARGO_HOME=/opt/rustwide/cargo-home" "-e" "RUSTUP_HOME=/opt/rustwide/rustup-home" "-e" "CARGO_TARGET_DIR=/opt/rustwide/target" "-e" "CARGO_INCREMENTAL=0" "-e" "RUST_BACKTRACE=full" "-e" "RUSTFLAGS=--cap-lints=warn" "-e" "RUSTDOCFLAGS=--cap-lints=warn" "-w" "/opt/rustwide/workdir" "--user" "0:0" "4e70990c0e2aab4320efc88610b4d97442fdb79def5bb4509a7bdd383d1f10a3" "/opt/rustwide/cargo-home/bin/cargo" "+1.99.0-beta.8" "build" "--frozen" "--message-format=json" "--release", kill_on_drop: false }`
[INFO] [stderr]    Compiling serde_json v1.0.151
[INFO] [stderr]    Compiling indexmap v2.14.2
[INFO] [stderr]    Compiling digest v0.11.3
[INFO] [stderr]    Compiling sha2 v0.11.0
[INFO] [stderr]    Compiling openbim-ifcx v0.1.1
[INFO] [stderr]    Compiling openbim-ifcx-geometry v0.1.1 (/opt/rustwide/workdir)
[INFO] [stderr]     Finished `release` profile [optimized] target(s) in 10.39s
[INFO] running `Command { std: "docker" "inspect" "4e70990c0e2aab4320efc88610b4d97442fdb79def5bb4509a7bdd383d1f10a3", kill_on_drop: false }`
[INFO] running `Command { std: "docker" "exec" "-e" "SOURCE_DIR=/opt/rustwide/workdir" "-e" "CARGO_HOME=/opt/rustwide/cargo-home" "-e" "RUSTUP_HOME=/opt/rustwide/rustup-home" "-e" "CARGO_TARGET_DIR=/opt/rustwide/target" "-e" "CARGO_INCREMENTAL=0" "-e" "RUST_BACKTRACE=full" "-e" "RUSTFLAGS=--cap-lints=warn" "-e" "RUSTDOCFLAGS=--cap-lints=warn" "-w" "/opt/rustwide/workdir" "--user" "0:0" "4e70990c0e2aab4320efc88610b4d97442fdb79def5bb4509a7bdd383d1f10a3" "/opt/rustwide/cargo-home/bin/cargo" "+1.99.0-beta.8" "test" "--frozen" "--no-run" "--message-format=json" "--release", kill_on_drop: false }`
[INFO] [stderr]    Compiling openbim-ifcx v0.1.1
[INFO] [stderr]    Compiling openbim-ifcx-geometry v0.1.1 (/opt/rustwide/workdir)
[INFO] [stderr]     Finished `release` profile [optimized] target(s) in 21.95s
[INFO] running `Command { std: "docker" "inspect" "4e70990c0e2aab4320efc88610b4d97442fdb79def5bb4509a7bdd383d1f10a3", kill_on_drop: false }`
[INFO] running `Command { std: "docker" "exec" "-e" "SOURCE_DIR=/opt/rustwide/workdir" "-e" "CARGO_HOME=/opt/rustwide/cargo-home" "-e" "RUSTUP_HOME=/opt/rustwide/rustup-home" "-e" "CARGO_TARGET_DIR=/opt/rustwide/target" "-e" "CARGO_INCREMENTAL=0" "-e" "RUST_BACKTRACE=full" "-e" "RUSTFLAGS=--cap-lints=warn" "-e" "RUSTDOCFLAGS=--cap-lints=warn" "-w" "/opt/rustwide/workdir" "--user" "0:0" "4e70990c0e2aab4320efc88610b4d97442fdb79def5bb4509a7bdd383d1f10a3" "/opt/rustwide/cargo-home/bin/cargo" "+1.99.0-beta.8" "test" "--frozen" "--release", kill_on_drop: false }`
[INFO] [stderr]     Finished `release` profile [optimized] target(s) in 0.05s
[INFO] [stderr]      Running unittests src/lib.rs (/opt/rustwide/target/release/deps/openbim_ifcx_geometry-daf64baa9974125c)
[INFO] [stdout] 
[INFO] [stdout] running 34 tests
[INFO] [stdout] test curves::tests::non_linear_types_are_unsupported ... ok
[INFO] [stdout] test curves::tests::curve_vertex_counts_split_curves ... ok
[INFO] [stdout] test mesh::tests::degenerate_triangle_has_zero_normal ... ok
[INFO] [stdout] test mesh::tests::empty_mesh_is_valid ... ok
[INFO] [stdout] test curves::tests::explicit_linear_type_is_accepted ... ok
[INFO] [stdout] test mesh::tests::polygon_face_counts_are_rejected ... ok
[INFO] [stdout] test mesh::tests::out_of_range_index_is_an_error ... ok
[INFO] [stdout] test curves::tests::malformed_curves_are_errors ... ok
[INFO] [stdout] test mesh::tests::accepts_integer_and_float_coordinates ... ok
[INFO] [stdout] test curves::tests::no_points_means_no_curves ... ok
[INFO] [stdout] test glb::tests::alpha_cutoff_is_always_a_finite_number ... ok
[INFO] [stdout] test mesh::tests::non_triangle_index_list_is_an_error ... ok
[INFO] [stdout] test mesh::tests::wrong_shapes_are_errors ... ok
[INFO] [stdout] test points::tests::ascii_count_overflow_is_an_error ... ok
[INFO] [stdout] test scene::tests::vertex_normals_are_area_weighted_and_unit ... ok
[INFO] [stdout] test transform::tests::column_major_matches_file_order ... ok
[INFO] [stdout] test transform::tests::rotation_maps_rows_as_images_of_axes ... ok
[INFO] [stdout] test transform::tests::then_is_associative_with_point_application ... ok
[INFO] [stdout] test transform::tests::three_level_hierarchy ... ok
[INFO] [stdout] test transform::tests::rejects_translation_in_last_column ... ok
[INFO] [stdout] test mesh::tests::cube_has_8_positions_and_36_indices ... ok
[INFO] [stdout] test glb::tests::clamps_out_of_range_factors ... ok
[INFO] [stdout] test mesh::tests::triangle_face_counts_must_cover_indices ... ok
[INFO] [stdout] test points::tests::srgb_endpoints_stay_put ... ok
[INFO] [stdout] test transform::tests::decodes_translation_from_last_row ... ok
[INFO] [stdout] test points::tests::to_uint32_wraps_like_javascript ... ok
[INFO] [stdout] test glb::tests::exact_f32_numbers ... ok
[INFO] [stdout] test scene::tests::empty_geometry_makes_no_buffer ... ok
[INFO] [stdout] test glb::tests::empty_scene_has_only_a_root ... ok
[INFO] [stdout] test points::tests::lzf_back_reference_repeats_bytes ... ok
[INFO] [stdout] test points::tests::lzf_rejects_references_before_start_and_overlong_output ... ok
[INFO] [stdout] test transform::tests::rejects_wrong_shapes ... ok
[INFO] [stdout] test curves::tests::periodic_wrap_closes ... ok
[INFO] [stdout] test curves::tests::linear_curve_yields_its_vertices ... ok
[INFO] [stdout] 
[INFO] [stderr]      Running tests/fixtures.rs (/opt/rustwide/target/release/deps/fixtures-2872e5855a2b98b9)
[INFO] [stdout] test result: ok. 34 passed; 0 failed; 0 ignored; 0 measured; 0 filtered out; finished in 0.26s
[INFO] [stdout] 
[INFO] [stdout] 
[INFO] [stdout] running 1 test
[INFO] [stdout] test placed_storey_world_geometry ... ok
[INFO] [stderr]      Running tests/glb.rs (/opt/rustwide/target/release/deps/glb-167798dadd441c7d)
[INFO] [stdout] 
[INFO] [stdout] test result: ok. 1 passed; 0 failed; 0 ignored; 0 measured; 0 filtered out; finished in 0.00s
[INFO] [stdout] 
[INFO] [stdout] 
[INFO] [stdout] running 3 tests
[INFO] [stdout] test placed_storey_matches_the_scene ... ok
[INFO] [stdout] test placement_round_trips_through_root_and_node_matrices ... ok
[INFO] [stdout] test instances_share_meshes_and_carry_ifcx_paths ... ok
[INFO] [stderr]      Running tests/guide.rs (/opt/rustwide/target/release/deps/guide-ffd797e8ab6511a3)
[INFO] [stdout] 
[INFO] [stdout] test result: ok. 3 passed; 0 failed; 0 ignored; 0 measured; 0 filtered out; finished in 0.00s
[INFO] [stdout] 
[INFO] [stdout] 
[INFO] [stdout] running 5 tests
[INFO] [stdout] test imports_from_disk ... FAILED
[INFO] [stdout] test compose_layers ... FAILED
[INFO] [stdout] test read_and_write ... FAILED
[INFO] [stdout] test validate ... FAILED
[INFO] [stderr] error: test failed, to rerun pass `--test guide`
[INFO] [stdout] test export_glb ... FAILED
[INFO] [stdout] 
[INFO] [stdout] failures:
[INFO] [stdout] 
[INFO] [stdout] ---- imports_from_disk stdout ----
[INFO] [stdout] Error: Missing { uri: "/opt/rustwide/workdir/../openbim-ifcx/tests/fixtures/layers/chain/main.ifcx", importer: None }
[INFO] [stdout] 
[INFO] [stdout] ---- compose_layers stdout ----
[INFO] [stdout] Error: Os { code: 2, kind: NotFound, message: "No such file or directory" }
[INFO] [stdout] 
[INFO] [stdout] ---- read_and_write stdout ----
[INFO] [stdout] Error: Os { code: 2, kind: NotFound, message: "No such file or directory" }
[INFO] [stdout] 
[INFO] [stdout] ---- validate stdout ----
[INFO] [stdout] Error: Os { code: 2, kind: NotFound, message: "No such file or directory" }
[INFO] [stdout] 
[INFO] [stdout] ---- export_glb stdout ----
[INFO] [stdout] Error: Os { code: 2, kind: NotFound, message: "No such file or directory" }
[INFO] [stdout] 
[INFO] [stdout] 
[INFO] [stdout] failures:
[INFO] [stdout]     compose_layers
[INFO] [stdout]     export_glb
[INFO] [stdout]     imports_from_disk
[INFO] [stdout]     read_and_write
[INFO] [stdout]     validate
[INFO] [stdout] 
[INFO] [stdout] test result: FAILED. 0 passed; 5 failed; 0 ignored; 0 measured; 0 filtered out; finished in 0.03s
[INFO] [stdout] 
[INFO] running `Command { std: "docker" "inspect" "4e70990c0e2aab4320efc88610b4d97442fdb79def5bb4509a7bdd383d1f10a3", kill_on_drop: false }`
[INFO] running `Command { std: "docker" "rm" "-f" "4e70990c0e2aab4320efc88610b4d97442fdb79def5bb4509a7bdd383d1f10a3", kill_on_drop: false }`
[INFO] [stdout] 4e70990c0e2aab4320efc88610b4d97442fdb79def5bb4509a7bdd383d1f10a3
