[INFO] fetching crate openbim-ifc 0.34.0...
[INFO] testing openbim-ifc-0.34.0 against 1.100.0-beta.1+cargoflags=--release for beta-release-1.100-2
[INFO] extracting crate openbim-ifc 0.34.0 into /workspace/builds/worker-7-tc2/source
[INFO] started tweaking crates.io crate openbim-ifc 0.34.0
[INFO] removed 0 missing tests
[INFO] finished tweaking crates.io crate openbim-ifc 0.34.0
[INFO] tweaked toml for crates.io crate openbim-ifc 0.34.0 written to /workspace/builds/worker-7-tc2/source/Cargo.toml
[INFO] validating manifest of crates.io crate openbim-ifc 0.34.0 on toolchain 1.100.0-beta.1
[INFO] running `Command { std: CARGO_HOME="/workspace/cargo-home" RUSTUP_HOME="/workspace/rustup-home" "/workspace/cargo-home/bin/cargo" "+1.100.0-beta.1" "metadata" "--manifest-path" "Cargo.toml" "--no-deps", kill_on_drop: false }`
[INFO] crate crates.io crate openbim-ifc 0.34.0 already has a lockfile, it will not be regenerated
[INFO] running `Command { std: CARGO_HOME="/workspace/cargo-home" RUSTUP_HOME="/workspace/rustup-home" "/workspace/cargo-home/bin/cargo" "+1.100.0-beta.1" "fetch" "--manifest-path" "Cargo.toml", kill_on_drop: false }`
[INFO] running `Command { std: "docker" "create" "-v" "/var/lib/crater-agent-workspace/builds/worker-7-tc2/source:/opt/rustwide/workdir:ro,Z" "-v" "/var/lib/crater-agent-workspace/builds/worker-7-tc2/target:/opt/rustwide/target:rw,Z" "-v" "/var/lib/crater-agent-workspace/cargo-home:/opt/rustwide/cargo-home:ro,Z" "-v" "/var/lib/crater-agent-workspace/rustup-home:/opt/rustwide/rustup-home:ro,Z" "-m" "1610612736" "--network" "none" "ghcr.io/rust-lang/crates-build-env/linux@sha256:77db811e55d90add9212f6832c23229e3de5f1c1f9905e8cb07319ea15df73ac" "sleep" "infinity", kill_on_drop: false }`
[INFO] [stdout] 3b3d7ee2c4ec0d000c14b39cd48931f010dae607ed0659344e5de959b6d9f1c0
[INFO] running `Command { std: "docker" "start" "3b3d7ee2c4ec0d000c14b39cd48931f010dae607ed0659344e5de959b6d9f1c0", kill_on_drop: false }`
[INFO] running `Command { std: "docker" "inspect" "3b3d7ee2c4ec0d000c14b39cd48931f010dae607ed0659344e5de959b6d9f1c0", kill_on_drop: false }`
[INFO] running `Command { std: "docker" "exec" "-e" "SOURCE_DIR=/opt/rustwide/workdir" "-e" "CARGO_HOME=/opt/rustwide/cargo-home" "-e" "RUSTUP_HOME=/opt/rustwide/rustup-home" "-e" "CARGO_TARGET_DIR=/opt/rustwide/target" "-w" "/opt/rustwide/workdir" "--user" "0:0" "3b3d7ee2c4ec0d000c14b39cd48931f010dae607ed0659344e5de959b6d9f1c0" "/opt/rustwide/cargo-home/bin/cargo" "+1.100.0-beta.1" "metadata" "--no-deps" "--format-version=1", kill_on_drop: false }`
[INFO] running `Command { std: "docker" "inspect" "3b3d7ee2c4ec0d000c14b39cd48931f010dae607ed0659344e5de959b6d9f1c0", kill_on_drop: false }`
[INFO] running `Command { std: "docker" "exec" "-e" "SOURCE_DIR=/opt/rustwide/workdir" "-e" "CARGO_HOME=/opt/rustwide/cargo-home" "-e" "RUSTUP_HOME=/opt/rustwide/rustup-home" "-e" "CARGO_TARGET_DIR=/opt/rustwide/target" "-e" "CARGO_INCREMENTAL=0" "-e" "RUST_BACKTRACE=full" "-e" "RUSTFLAGS=--cap-lints=warn" "-e" "RUSTDOCFLAGS=--cap-lints=warn" "-w" "/opt/rustwide/workdir" "--user" "0:0" "3b3d7ee2c4ec0d000c14b39cd48931f010dae607ed0659344e5de959b6d9f1c0" "/opt/rustwide/cargo-home/bin/cargo" "+1.100.0-beta.1" "build" "--frozen" "--message-format=json" "--release", kill_on_drop: false }`
[INFO] [stderr]    Compiling zerocopy v0.8.56
[INFO] [stderr]    Compiling ahash v0.8.12
[INFO] [stderr]    Compiling once_cell v1.21.4
[INFO] [stderr]    Compiling syn v3.0.4
[INFO] [stderr]    Compiling getrandom v0.3.4
[INFO] [stderr]    Compiling memmap2 v0.9.11
[INFO] [stderr]    Compiling openbim-step v0.11.0
[INFO] [stderr]    Compiling thiserror-impl v2.0.20
[INFO] [stderr]    Compiling thiserror v2.0.20
[INFO] [stderr]    Compiling ifc-model v0.3.1
[INFO] [stderr]    Compiling ifc-step v0.5.0
[INFO] [stderr]    Compiling openbim-ifc v0.34.0 (/opt/rustwide/workdir)
[INFO] [stderr]     Finished `release` profile [optimized] target(s) in 25.44s
[INFO] running `Command { std: "docker" "inspect" "3b3d7ee2c4ec0d000c14b39cd48931f010dae607ed0659344e5de959b6d9f1c0", kill_on_drop: false }`
[INFO] running `Command { std: "docker" "exec" "-e" "SOURCE_DIR=/opt/rustwide/workdir" "-e" "CARGO_HOME=/opt/rustwide/cargo-home" "-e" "RUSTUP_HOME=/opt/rustwide/rustup-home" "-e" "CARGO_TARGET_DIR=/opt/rustwide/target" "-e" "CARGO_INCREMENTAL=0" "-e" "RUST_BACKTRACE=full" "-e" "RUSTFLAGS=--cap-lints=warn" "-e" "RUSTDOCFLAGS=--cap-lints=warn" "-w" "/opt/rustwide/workdir" "--user" "0:0" "3b3d7ee2c4ec0d000c14b39cd48931f010dae607ed0659344e5de959b6d9f1c0" "/opt/rustwide/cargo-home/bin/cargo" "+1.100.0-beta.1" "test" "--frozen" "--no-run" "--message-format=json" "--release", kill_on_drop: false }`
[INFO] [stderr]    Compiling serde_core v1.0.229
[INFO] [stderr]    Compiling crc32fast v1.5.2
[INFO] [stderr]    Compiling typed-path v0.12.3
[INFO] [stderr]    Compiling bincode v2.0.1
[INFO] [stderr]    Compiling flate2 v1.1.10
[INFO] [stderr]    Compiling ifc-schema v0.3.2
[INFO] [stderr]    Compiling zip v9.0.2
[INFO] [stderr]    Compiling serde_json v1.0.151
[INFO] [stderr]    Compiling openbim-ifc v0.34.0 (/opt/rustwide/workdir)
[INFO] [stderr]     Finished `release` profile [optimized] target(s) in 21.16s
[INFO] running `Command { std: "docker" "inspect" "3b3d7ee2c4ec0d000c14b39cd48931f010dae607ed0659344e5de959b6d9f1c0", kill_on_drop: false }`
[INFO] running `Command { std: "docker" "exec" "-e" "SOURCE_DIR=/opt/rustwide/workdir" "-e" "CARGO_HOME=/opt/rustwide/cargo-home" "-e" "RUSTUP_HOME=/opt/rustwide/rustup-home" "-e" "CARGO_TARGET_DIR=/opt/rustwide/target" "-e" "CARGO_INCREMENTAL=0" "-e" "RUST_BACKTRACE=full" "-e" "RUSTFLAGS=--cap-lints=warn" "-e" "RUSTDOCFLAGS=--cap-lints=warn" "-w" "/opt/rustwide/workdir" "--user" "0:0" "3b3d7ee2c4ec0d000c14b39cd48931f010dae607ed0659344e5de959b6d9f1c0" "/opt/rustwide/cargo-home/bin/cargo" "+1.100.0-beta.1" "test" "--frozen" "--release", kill_on_drop: false }`
[INFO] [stderr]     Finished `release` profile [optimized] target(s) in 0.09s
[INFO] [stderr]      Running unittests src/lib.rs (/opt/rustwide/target/release/build/openbim-ifc/d0f04642b562d4ef/out/ifc-d0f04642b562d4ef)
[INFO] [stdout] 
[INFO] [stdout] running 3 tests
[INFO] [stdout] test name_guid::tests::name_based_guids_are_reproducible_version_8 ... ok
[INFO] [stderr]      Running tests/authoring_conformance.rs (/opt/rustwide/target/release/build/openbim-ifc/250c7d5df0b60514/out/authoring_conformance-250c7d5df0b60514)
[INFO] [stdout] test name_guid::tests::version_4_sets_only_the_version_and_variant_bits ... ok
[INFO] [stdout] test name_guid::tests::random_guids_are_valid_version_4_and_unique ... ok
[INFO] [stdout] 
[INFO] [stdout] test result: ok. 3 passed; 0 failed; 0 ignored; 0 measured; 0 filtered out; finished in 0.00s
[INFO] [stdout] 
[INFO] [stdout] 
[INFO] [stderr]      Running tests/body_description.rs (/opt/rustwide/target/release/build/openbim-ifc/f32e50786b80bd8d/out/body_description-f32e50786b80bd8d)
[INFO] [stdout] running 0 tests
[INFO] [stdout] 
[INFO] [stdout] test result: ok. 0 passed; 0 failed; 0 ignored; 0 measured; 0 filtered out; finished in 0.00s
[INFO] [stdout] 
[INFO] [stdout] 
[INFO] [stdout] running 0 tests
[INFO] [stdout] 
[INFO] [stdout] test result: ok. 0 passed; 0 failed; 0 ignored; 0 measured; 0 filtered out; finished in 0.00s
[INFO] [stdout] 
[INFO] [stderr]      Running tests/cascade_delete.rs (/opt/rustwide/target/release/build/openbim-ifc/9abf20a18777ce40/out/cascade_delete-9abf20a18777ce40)
[INFO] [stdout] 
[INFO] [stderr]      Running tests/costing_roundtrip.rs (/opt/rustwide/target/release/build/openbim-ifc/47bce3b4a57315b7/out/costing_roundtrip-47bce3b4a57315b7)
[INFO] [stdout] running 0 tests
[INFO] [stdout] 
[INFO] [stdout] test result: ok. 0 passed; 0 failed; 0 ignored; 0 measured; 0 filtered out; finished in 0.00s
[INFO] [stdout] 
[INFO] [stdout] 
[INFO] [stdout] running 3 tests
[INFO] [stdout] test unknown_entity_types_are_preserved_verbatim ... FAILED
[INFO] [stdout] test unknown_entities_never_cause_an_error ... ok
[INFO] [stdout] test costing_entities_survive_a_write_with_no_domain_feature ... FAILED
[INFO] [stdout] 
[INFO] [stdout] failures:
[INFO] [stdout] 
[INFO] [stdout] ---- unknown_entity_types_are_preserved_verbatim stdout ----
[INFO] [stdout] 
[INFO] [stdout] thread 'unknown_entity_types_are_preserved_verbatim' (1595) panicked at tests/costing_roundtrip.rs:25:10:
[INFO] [stdout] the costing fixture should parse: Io("No such file or directory (os error 2)")
[INFO] [stdout] stack backtrace:
[INFO] [stdout]    0:     0x652c783f0f81 - <<std[617be2ca0a6fd877]::sys::backtrace::BacktraceLock>::print::DisplayBacktrace as core[a373ad73a504971]::fmt::Display>::fmt
[INFO] [stdout]    1:     0x652c7840635a - core[a373ad73a504971]::fmt::write
[INFO] [stdout]    2:     0x652c783f51ec - <alloc[2e1b2a31b91974c5]::vec::Vec<u8> as core[a373ad73a504971]::io::write::Write>::write_fmt
[INFO] [stdout]    3:     0x652c783ccd26 - std[617be2ca0a6fd877]::panicking::default_hook::{closure#0}
[INFO] [stdout]    4:     0x652c783e90f9 - std[617be2ca0a6fd877]::panicking::default_hook
[INFO] [stdout]    5:     0x652c78341620 - test[aada8e7e76ba119b]::test_main_inner::{closure#0}
[INFO] [stdout]    6:     0x652c783e9422 - std[617be2ca0a6fd877]::panicking::panic_with_hook
[INFO] [stdout]    7:     0x652c783ccdd2 - std[617be2ca0a6fd877]::panicking::panic_handler::{closure#0}
[INFO] [stdout]    8:     0x652c783c5959 - std[617be2ca0a6fd877]::sys::backtrace::__rust_end_short_backtrace::<std[617be2ca0a6fd877]::panicking::panic_handler::{closure#0}, !>
[INFO] [stdout]    9:     0x652c783cd9dd - __rustc[ea4f61d10b84890b]::rust_begin_unwind
[INFO] [stdout]   10:     0x652c78406a8c - core[a373ad73a504971]::panicking::panic_fmt
[INFO] [stdout]   11:     0x652c78406862 - core[a373ad73a504971]::result::unwrap_failed
[INFO] [stdout]   12:     0x652c7832ff99 - costing_roundtrip[1e10d263125f0ab8]::load
[INFO] [stdout]   13:     0x652c78330664 - <costing_roundtrip[1e10d263125f0ab8]::unknown_entity_types_are_preserved_verbatim::{closure#0} as core[a373ad73a504971]::ops::function::FnOnce<()>>::call_once
[INFO] [stdout]   14:     0x652c78334a6b - test[aada8e7e76ba119b]::__rust_begin_short_backtrace::<core[a373ad73a504971]::result::Result<(), alloc[2e1b2a31b91974c5]::string::String>, fn() -> core[a373ad73a504971]::result::Result<(), alloc[2e1b2a31b91974c5]::string::String>>
[INFO] [stdout]   15:     0x652c78341c45 - test[aada8e7e76ba119b]::run_test::{closure#0}
[INFO] [stdout]   16:     0x652c7833b534 - std[617be2ca0a6fd877]::sys::backtrace::__rust_begin_short_backtrace::<test[aada8e7e76ba119b]::run_test::{closure#1}, ()>
[INFO] [stdout]   17:     0x652c78344cd2 - <std[617be2ca0a6fd877]::thread::lifecycle::spawn_unchecked<test[aada8e7e76ba119b]::run_test::{closure#1}, ()>::{closure#1} as core[a373ad73a504971]::ops::function::FnOnce<()>>::call_once::{shim:vtable#0}
[INFO] [stdout]   18:     0x652c783f04bf - <std[617be2ca0a6fd877]::sys::thread::unix::Thread>::new::thread_start
[INFO] [stdout]   19:     0x7e4537768dfa - <unknown>
[INFO] [stdout]   20:     0x7e45377fc3d4 - clone
[INFO] [stdout]   21:                0x0 - <unknown>
[INFO] [stdout] 
[INFO] [stdout] ---- costing_entities_survive_a_write_with_no_domain_feature stdout ----
[INFO] [stdout] 
[INFO] [stdout] thread 'costing_entities_survive_a_write_with_no_domain_feature' (1593) panicked at tests/costing_roundtrip.rs:25:10:
[INFO] [stdout] the costing fixture should parse: Io("No such file or directory (os error 2)")
[INFO] [stdout] stack backtrace:
[INFO] [stdout]    0:     0x652c783f0f81 - <<std[617be2ca0a6fd877]::sys::backtrace::BacktraceLock>::print::DisplayBacktrace as core[a373ad73a504971]::fmt::Display>::fmt
[INFO] [stdout]    1:     0x652c7840635a - core[a373ad73a504971]::fmt::write
[INFO] [stdout]    2:     0x652c783f51ec - <alloc[2e1b2a31b91974c5]::vec::Vec<u8> as core[a373ad73a504971]::io::write::Write>::write_fmt
[INFO] [stdout]    3:     0x652c783ccd26 - std[617be2ca0a6fd877]::panicking::default_hook::{closure#0}
[INFO] [stdout]    4:     0x652c783e90f9 - std[617be2ca0a6fd877]::panicking::default_hook
[INFO] [stdout]    5:     0x652c78341620 - test[aada8e7e76ba119b]::test_main_inner::{closure#0}
[INFO] [stdout]    6:     0x652c783e9422 - std[617be2ca0a6fd877]::panicking::panic_with_hook
[INFO] [stdout]    7:     0x652c783ccdd2 - std[617be2ca0a6fd877]::panicking::panic_handler::{closure#0}
[INFO] [stdout]    8:     0x652c783c5959 - std[617be2ca0a6fd877]::sys::backtrace::__rust_end_short_backtrace::<std[617be2ca0a6fd877]::panicking::panic_handler::{closure#0}, !>
[INFO] [stdout]    9:     0x652c783cd9dd - __rustc[ea4f61d10b84890b]::rust_begin_unwind
[INFO] [stdout]   10:     0x652c78406a8c - core[a373ad73a504971]::panicking::panic_fmt
[INFO] [stdout]   11:     0x652c78406862 - core[a373ad73a504971]::result::unwrap_failed
[INFO] [stdout]   12:     0x652c7832ff99 - costing_roundtrip[1e10d263125f0ab8]::load
[INFO] [stdout]   13:     0x652c78330e72 - <costing_roundtrip[1e10d263125f0ab8]::costing_entities_survive_a_write_with_no_domain_feature::{closure#0} as core[a373ad73a504971]::ops::function::FnOnce<()>>::call_once
[INFO] [stdout]   14:     0x652c78334a6b - test[aada8e7e76ba119b]::__rust_begin_short_backtrace::<core[a373ad73a504971]::result::Result<(), alloc[2e1b2a31b91974c5]::string::String>, fn() -> core[a373ad73a504971]::result::Result<(), alloc[2e1b2a31b91974c5]::string::String>>
[INFO] [stdout]   15:     0x652c78341c45 - test[aada8e7e76ba119b]::run_test::{closure#0}
[INFO] [stdout]   16:     0x652c7833b534 - std[617be2ca0a6fd877]::sys::backtrace::__rust_begin_short_backtrace::<test[aada8e7e76ba119b]::run_test::{closure#1}, ()>
[INFO] [stdout]   17:     0x652c78344cd2 - <std[617be2ca0a6fd877]::thread::lifecycle::spawn_unchecked<test[aada8e7e76ba119b]::run_test::{closure#1}, ()>::{closure#1} as core[a373ad73a504971]::ops::function::FnOnce<()>>::call_once::{shim:vtable#0}
[INFO] [stdout]   18:     0x652c783f04bf - <std[617be2ca0a6fd877]::sys::thread::unix::Thread>::new::thread_start
[INFO] [stdout]   19:     0x7e4537768dfa - <unknown>
[INFO] [stdout]   20:     0x7e45377fc3d4 - clone
[INFO] [stdout]   21:                0x0 - <unknown>
[INFO] [stdout] 
[INFO] [stdout] 
[INFO] [stdout] failures:
[INFO] [stdout]     costing_entities_survive_a_write_with_no_domain_feature
[INFO] [stdout]     unknown_entity_types_are_preserved_verbatim
[INFO] [stdout] 
[INFO] [stdout] test result: FAILED. 1 passed; 2 failed; 0 ignored; 0 measured; 0 filtered out; finished in 0.00s
[INFO] [stdout] 
[INFO] [stderr] error: test failed, to rerun pass `--test costing_roundtrip`
[INFO] running `Command { std: "docker" "inspect" "3b3d7ee2c4ec0d000c14b39cd48931f010dae607ed0659344e5de959b6d9f1c0", kill_on_drop: false }`
[INFO] running `Command { std: "docker" "rm" "-f" "3b3d7ee2c4ec0d000c14b39cd48931f010dae607ed0659344e5de959b6d9f1c0", kill_on_drop: false }`
[INFO] [stdout] 3b3d7ee2c4ec0d000c14b39cd48931f010dae607ed0659344e5de959b6d9f1c0
