[INFO] fetching crate openbabel-sys 0.5.4+openbabel-3.1.1...
[INFO] testing openbabel-sys-0.5.4+openbabel-3.1.1 against 1.99.0-beta.8+cargoflags=--release for beta-release-1.100-2
[INFO] extracting crate openbabel-sys 0.5.4+openbabel-3.1.1 into /workspace/builds/worker-7-tc1/source
[INFO] started tweaking crates.io crate openbabel-sys 0.5.4+openbabel-3.1.1
[INFO] finished tweaking crates.io crate openbabel-sys 0.5.4+openbabel-3.1.1
[INFO] tweaked toml for crates.io crate openbabel-sys 0.5.4+openbabel-3.1.1 written to /workspace/builds/worker-7-tc1/source/Cargo.toml
[INFO] validating manifest of crates.io crate openbabel-sys 0.5.4+openbabel-3.1.1 on toolchain 1.99.0-beta.8
[INFO] running `Command { std: CARGO_HOME="/workspace/cargo-home" RUSTUP_HOME="/workspace/rustup-home" "/workspace/cargo-home/bin/cargo" "+1.99.0-beta.8" "metadata" "--manifest-path" "Cargo.toml" "--no-deps", kill_on_drop: false }`
[INFO] running `Command { std: CARGO_HOME="/workspace/cargo-home" RUSTUP_HOME="/workspace/rustup-home" "/workspace/cargo-home/bin/cargo" "+1.99.0-beta.8" "generate-lockfile" "--manifest-path" "Cargo.toml", kill_on_drop: false }`
[INFO] [stderr]     Updating crates.io index
[INFO] [stderr]      Locking 44 packages to highest compatible versions
[INFO] running `Command { std: CARGO_HOME="/workspace/cargo-home" RUSTUP_HOME="/workspace/rustup-home" "/workspace/cargo-home/bin/cargo" "+1.99.0-beta.8" "fetch" "--manifest-path" "Cargo.toml", kill_on_drop: false }`
[INFO] [stderr]  Downloading crates ...
[INFO] [stderr]   Downloaded scratch v1.0.9
[INFO] [stderr]   Downloaded link-cplusplus v1.0.12
[INFO] [stderr]   Downloaded cxxbridge-flags v1.0.205
[INFO] [stderr]   Downloaded cxxbridge-macro v1.0.205
[INFO] [stderr]   Downloaded cxx-build v1.0.205
[INFO] [stderr]   Downloaded cxxbridge-cmd v1.0.205
[INFO] [stderr]   Downloaded cxx v1.0.205
[INFO] running `Command { std: "docker" "create" "-v" "/var/lib/crater-agent-workspace/builds/worker-7-tc1/source:/opt/rustwide/workdir:ro,Z" "-v" "/var/lib/crater-agent-workspace/builds/worker-7-tc1/target:/opt/rustwide/target:rw,Z" "-v" "/var/lib/crater-agent-workspace/cargo-home:/opt/rustwide/cargo-home:ro,Z" "-v" "/var/lib/crater-agent-workspace/rustup-home:/opt/rustwide/rustup-home:ro,Z" "-m" "1610612736" "--network" "none" "ghcr.io/rust-lang/crates-build-env/linux@sha256:77db811e55d90add9212f6832c23229e3de5f1c1f9905e8cb07319ea15df73ac" "sleep" "infinity", kill_on_drop: false }`
[INFO] [stdout] c862ef215166341bea40627d0634cfe4496a64bd3fc409c20d069496127e882c
[INFO] running `Command { std: "docker" "start" "c862ef215166341bea40627d0634cfe4496a64bd3fc409c20d069496127e882c", kill_on_drop: false }`
[INFO] running `Command { std: "docker" "inspect" "c862ef215166341bea40627d0634cfe4496a64bd3fc409c20d069496127e882c", kill_on_drop: false }`
[INFO] running `Command { std: "docker" "exec" "-e" "SOURCE_DIR=/opt/rustwide/workdir" "-e" "CARGO_HOME=/opt/rustwide/cargo-home" "-e" "RUSTUP_HOME=/opt/rustwide/rustup-home" "-e" "CARGO_TARGET_DIR=/opt/rustwide/target" "-w" "/opt/rustwide/workdir" "--user" "0:0" "c862ef215166341bea40627d0634cfe4496a64bd3fc409c20d069496127e882c" "/opt/rustwide/cargo-home/bin/cargo" "+1.99.0-beta.8" "metadata" "--no-deps" "--format-version=1", kill_on_drop: false }`
[INFO] running `Command { std: "docker" "inspect" "c862ef215166341bea40627d0634cfe4496a64bd3fc409c20d069496127e882c", kill_on_drop: false }`
[INFO] running `Command { std: "docker" "exec" "-e" "SOURCE_DIR=/opt/rustwide/workdir" "-e" "CARGO_HOME=/opt/rustwide/cargo-home" "-e" "RUSTUP_HOME=/opt/rustwide/rustup-home" "-e" "CARGO_TARGET_DIR=/opt/rustwide/target" "-e" "CARGO_INCREMENTAL=0" "-e" "RUST_BACKTRACE=full" "-e" "RUSTFLAGS=--cap-lints=warn" "-e" "RUSTDOCFLAGS=--cap-lints=warn" "-w" "/opt/rustwide/workdir" "--user" "0:0" "c862ef215166341bea40627d0634cfe4496a64bd3fc409c20d069496127e882c" "/opt/rustwide/cargo-home/bin/cargo" "+1.99.0-beta.8" "build" "--frozen" "--message-format=json" "--release", kill_on_drop: false }`
[INFO] [stderr]    Compiling proc-macro2 v1.0.107
[INFO] [stderr]    Compiling scratch v1.0.9
[INFO] [stderr]    Compiling cxxbridge-flags v1.0.205
[INFO] [stderr]    Compiling termcolor v1.4.1
[INFO] [stderr]    Compiling unicode-width v0.2.2
[INFO] [stderr]    Compiling link-cplusplus v1.0.12
[INFO] [stderr]    Compiling fs_extra v1.3.0
[INFO] [stderr]    Compiling foldhash v0.2.0
[INFO] [stderr]    Compiling cxx v1.0.205
[INFO] [stderr]    Compiling codespan-reporting v0.13.1
[INFO] [stderr]    Compiling quote v1.0.47
[INFO] [stderr]    Compiling syn v3.0.9
[INFO] [stderr]    Compiling cxx-build v1.0.205
[INFO] [stderr]    Compiling cxxbridge-macro v1.0.205
[INFO] [stderr]    Compiling openbabel-sys v0.5.4+openbabel-3.1.1 (/opt/rustwide/workdir)
[INFO] [stderr] warning: openbabel-sys@0.5.4+openbabel-3.1.1: openbabel/src/formats/smilesformat.cpp: In member function 'bool OpenBabel::OBMol2Cansmi::GetSmilesElement(OpenBabel::OBCanSmiNode*, std::vector<OpenBabel::OBAtom*>&, std::vector<unsigned int>&, std::string&)':
[INFO] [stderr] warning: openbabel-sys@0.5.4+openbabel-3.1.1: openbabel/src/formats/smilesformat.cpp:2865:35: warning: '__builtin___snprintf_chk' output may be truncated before the last format character [-Wformat-truncation=]
[INFO] [stderr] warning: openbabel-sys@0.5.4+openbabel-3.1.1:  2865 |           snprintf(tcount, 10, "%d", hcount);
[INFO] [stderr] warning: openbabel-sys@0.5.4+openbabel-3.1.1:       |                                   ^
[INFO] [stderr] warning: openbabel-sys@0.5.4+openbabel-3.1.1: In file included from /usr/include/stdio.h:974,
[INFO] [stderr] warning: openbabel-sys@0.5.4+openbabel-3.1.1:                  from /usr/include/c++/15/cstdio:47,
[INFO] [stderr] warning: openbabel-sys@0.5.4+openbabel-3.1.1:                  from /usr/include/c++/15/ext/string_conversions.h:47,
[INFO] [stderr] warning: openbabel-sys@0.5.4+openbabel-3.1.1:                  from /usr/include/c++/15/bits/basic_string.h:4442,
[INFO] [stderr] warning: openbabel-sys@0.5.4+openbabel-3.1.1:                  from /usr/include/c++/15/string:56,
[INFO] [stderr] warning: openbabel-sys@0.5.4+openbabel-3.1.1:                  from /usr/include/c++/15/bits/locale_classes.h:42,
[INFO] [stderr] warning: openbabel-sys@0.5.4+openbabel-3.1.1:                  from /usr/include/c++/15/bits/ios_base.h:43,
[INFO] [stderr] warning: openbabel-sys@0.5.4+openbabel-3.1.1:                  from /usr/include/c++/15/ios:46,
[INFO] [stderr] warning: openbabel-sys@0.5.4+openbabel-3.1.1:                  from /usr/include/c++/15/bits/ostream.h:43,
[INFO] [stderr] warning: openbabel-sys@0.5.4+openbabel-3.1.1:                  from /usr/include/c++/15/ostream:42,
[INFO] [stderr] warning: openbabel-sys@0.5.4+openbabel-3.1.1:                  from /usr/include/c++/15/iostream:43,
[INFO] [stderr] warning: openbabel-sys@0.5.4+openbabel-3.1.1:                  from openbabel/include/openbabel/obconversion.h:24,
[INFO] [stderr] warning: openbabel-sys@0.5.4+openbabel-3.1.1:                  from openbabel/include/openbabel/obmolecformat.h:36,
[INFO] [stderr] warning: openbabel-sys@0.5.4+openbabel-3.1.1:                  from openbabel/src/formats/smilesformat.cpp:23:
[INFO] [stderr] warning: openbabel-sys@0.5.4+openbabel-3.1.1: In function 'int snprintf(char*, size_t, const char*, ...)',
[INFO] [stderr] warning: openbabel-sys@0.5.4+openbabel-3.1.1:     inlined from 'bool OpenBabel::OBMol2Cansmi::GetSmilesElement(OpenBabel::OBCanSmiNode*, std::vector<OpenBabel::OBAtom*>&, std::vector<unsigned int>&, std::string&)' at openbabel/src/formats/smilesformat.cpp:2865:19:
[INFO] [stderr] warning: openbabel-sys@0.5.4+openbabel-3.1.1: /usr/include/x86_64-linux-gnu/bits/stdio2.h:68:35: note: '__builtin___snprintf_chk' output between 2 and 11 bytes into a destination of size 10
[INFO] [stderr] warning: openbabel-sys@0.5.4+openbabel-3.1.1:    68 |   return __builtin___snprintf_chk (__s, __n, __USE_FORTIFY_LEVEL - 1,
[INFO] [stderr] warning: openbabel-sys@0.5.4+openbabel-3.1.1:       |          ~~~~~~~~~~~~~~~~~~~~~~~~~^~~~~~~~~~~~~~~~~~~~~~~~~~~~~~~~~~~
[INFO] [stderr] warning: openbabel-sys@0.5.4+openbabel-3.1.1:    69 |                                    __glibc_objsize (__s), __fmt,
[INFO] [stderr] warning: openbabel-sys@0.5.4+openbabel-3.1.1:       |                                    ~~~~~~~~~~~~~~~~~~~~~~~~~~~~~
[INFO] [stderr] warning: openbabel-sys@0.5.4+openbabel-3.1.1:    70 |                                    __va_arg_pack ());
[INFO] [stderr] warning: openbabel-sys@0.5.4+openbabel-3.1.1:       |                                    ~~~~~~~~~~~~~~~~~
[INFO] [stderr] warning: openbabel-sys@0.5.4+openbabel-3.1.1: openbabel/src/formats/smilesformat.cpp: In member function 'bool OpenBabel::OBMol2Cansmi::GetSmilesElement(OpenBabel::OBCanSmiNode*, std::vector<OpenBabel::OBAtom*>&, std::vector<unsigned int>&, std::string&)':
[INFO] [stderr] warning: openbabel-sys@0.5.4+openbabel-3.1.1: openbabel/src/formats/smilesformat.cpp:2865:35: warning: '__builtin___snprintf_chk' output may be truncated before the last format character [-Wformat-truncation=]
[INFO] [stderr] warning: openbabel-sys@0.5.4+openbabel-3.1.1:  2865 |           snprintf(tcount, 10, "%d", hcount);
[INFO] [stderr] warning: openbabel-sys@0.5.4+openbabel-3.1.1:       |                                   ^
[INFO] [stderr] warning: openbabel-sys@0.5.4+openbabel-3.1.1: In function 'int snprintf(char*, size_t, const char*, ...)',
[INFO] [stderr] warning: openbabel-sys@0.5.4+openbabel-3.1.1:     inlined from 'bool OpenBabel::OBMol2Cansmi::GetSmilesElement(OpenBabel::OBCanSmiNode*, std::vector<OpenBabel::OBAtom*>&, std::vector<unsigned int>&, std::string&)' at openbabel/src/formats/smilesformat.cpp:2865:19:
[INFO] [stderr] warning: openbabel-sys@0.5.4+openbabel-3.1.1: /usr/include/x86_64-linux-gnu/bits/stdio2.h:68:35: note: '__builtin___snprintf_chk' output between 2 and 11 bytes into a destination of size 10
[INFO] [stderr] warning: openbabel-sys@0.5.4+openbabel-3.1.1:    68 |   return __builtin___snprintf_chk (__s, __n, __USE_FORTIFY_LEVEL - 1,
[INFO] [stderr] warning: openbabel-sys@0.5.4+openbabel-3.1.1:       |          ~~~~~~~~~~~~~~~~~~~~~~~~~^~~~~~~~~~~~~~~~~~~~~~~~~~~~~~~~~~~
[INFO] [stderr] warning: openbabel-sys@0.5.4+openbabel-3.1.1:    69 |                                    __glibc_objsize (__s), __fmt,
[INFO] [stderr] warning: openbabel-sys@0.5.4+openbabel-3.1.1:       |                                    ~~~~~~~~~~~~~~~~~~~~~~~~~~~~~
[INFO] [stderr] warning: openbabel-sys@0.5.4+openbabel-3.1.1:    70 |                                    __va_arg_pack ());
[INFO] [stderr] warning: openbabel-sys@0.5.4+openbabel-3.1.1:       |                                    ~~~~~~~~~~~~~~~~~
[INFO] [stderr] warning: openbabel-sys@0.5.4+openbabel-3.1.1: openbabel/src/formats/smilesformat.cpp: In member function 'bool OpenBabel::OBMol2Cansmi::GetSmilesElement(OpenBabel::OBCanSmiNode*, std::vector<OpenBabel::OBAtom*>&, std::vector<unsigned int>&, std::string&)':
[INFO] [stderr] warning: openbabel-sys@0.5.4+openbabel-3.1.1: openbabel/src/formats/smilesformat.cpp:2857:35: warning: '__builtin___snprintf_chk' output may be truncated before the last format character [-Wformat-truncation=]
[INFO] [stderr] warning: openbabel-sys@0.5.4+openbabel-3.1.1:  2857 |           snprintf(tcount, 10, "%d", i);
[INFO] [stderr] warning: openbabel-sys@0.5.4+openbabel-3.1.1:       |                                   ^
[INFO] [stderr] warning: openbabel-sys@0.5.4+openbabel-3.1.1: In function 'int snprintf(char*, size_t, const char*, ...)',
[INFO] [stderr] warning: openbabel-sys@0.5.4+openbabel-3.1.1:     inlined from 'bool OpenBabel::OBMol2Cansmi::GetSmilesElement(OpenBabel::OBCanSmiNode*, std::vector<OpenBabel::OBAtom*>&, std::vector<unsigned int>&, std::string&)' at openbabel/src/formats/smilesformat.cpp:2857:19:
[INFO] [stderr] warning: openbabel-sys@0.5.4+openbabel-3.1.1: /usr/include/x86_64-linux-gnu/bits/stdio2.h:68:35: note: '__builtin___snprintf_chk' output between 2 and 11 bytes into a destination of size 10
[INFO] [stderr] warning: openbabel-sys@0.5.4+openbabel-3.1.1:    68 |   return __builtin___snprintf_chk (__s, __n, __USE_FORTIFY_LEVEL - 1,
[INFO] [stderr] warning: openbabel-sys@0.5.4+openbabel-3.1.1:       |          ~~~~~~~~~~~~~~~~~~~~~~~~~^~~~~~~~~~~~~~~~~~~~~~~~~~~~~~~~~~~
[INFO] [stderr] warning: openbabel-sys@0.5.4+openbabel-3.1.1:    69 |                                    __glibc_objsize (__s), __fmt,
[INFO] [stderr] warning: openbabel-sys@0.5.4+openbabel-3.1.1:       |                                    ~~~~~~~~~~~~~~~~~~~~~~~~~~~~~
[INFO] [stderr] warning: openbabel-sys@0.5.4+openbabel-3.1.1:    70 |                                    __va_arg_pack ());
[INFO] [stderr] warning: openbabel-sys@0.5.4+openbabel-3.1.1:       |                                    ~~~~~~~~~~~~~~~~~
[INFO] [stderr] warning: openbabel-sys@0.5.4+openbabel-3.1.1: openbabel/src/formats/smilesformat.cpp: In member function 'void OpenBabel::OBMol2Cansmi::ToCansmilesString(OpenBabel::OBCanSmiNode*, std::string&, OpenBabel::OBBitVec&, std::vector<unsigned int>&, std::vector<unsigned int>&)':
[INFO] [stderr] warning: openbabel-sys@0.5.4+openbabel-3.1.1: openbabel/src/formats/smilesformat.cpp:3531:32: warning: '%d' directive output may be truncated writing between 1 and 11 bytes into a region of size 8 [-Wformat-truncation=]
[INFO] [stderr] warning: openbabel-sys@0.5.4+openbabel-3.1.1:  3531 |           snprintf(digits, 8, "%d", bci->ringdigit);
[INFO] [stderr] warning: openbabel-sys@0.5.4+openbabel-3.1.1:       |                                ^~
[INFO] [stderr] warning: openbabel-sys@0.5.4+openbabel-3.1.1: openbabel/src/formats/smilesformat.cpp:3531:31: note: directive argument in the range [-2147483648, 99]
[INFO] [stderr] warning: openbabel-sys@0.5.4+openbabel-3.1.1:  3531 |           snprintf(digits, 8, "%d", bci->ringdigit);
[INFO] [stderr] warning: openbabel-sys@0.5.4+openbabel-3.1.1:       |                               ^~~~
[INFO] [stderr] warning: openbabel-sys@0.5.4+openbabel-3.1.1: In function 'int snprintf(char*, size_t, const char*, ...)',
[INFO] [stderr] warning: openbabel-sys@0.5.4+openbabel-3.1.1:     inlined from 'void OpenBabel::OBMol2Cansmi::ToCansmilesString(OpenBabel::OBCanSmiNode*, std::string&, OpenBabel::OBBitVec&, std::vector<unsigned int>&, std::vector<unsigned int>&)' at openbabel/src/formats/smilesformat.cpp:3531:19:
[INFO] [stderr] warning: openbabel-sys@0.5.4+openbabel-3.1.1: /usr/include/x86_64-linux-gnu/bits/stdio2.h:68:35: note: '__builtin___snprintf_chk' output between 2 and 12 bytes into a destination of size 8
[INFO] [stderr] warning: openbabel-sys@0.5.4+openbabel-3.1.1:    68 |   return __builtin___snprintf_chk (__s, __n, __USE_FORTIFY_LEVEL - 1,
[INFO] [stderr] warning: openbabel-sys@0.5.4+openbabel-3.1.1:       |          ~~~~~~~~~~~~~~~~~~~~~~~~~^~~~~~~~~~~~~~~~~~~~~~~~~~~~~~~~~~~
[INFO] [stderr] warning: openbabel-sys@0.5.4+openbabel-3.1.1:    69 |                                    __glibc_objsize (__s), __fmt,
[INFO] [stderr] warning: openbabel-sys@0.5.4+openbabel-3.1.1:       |                                    ~~~~~~~~~~~~~~~~~~~~~~~~~~~~~
[INFO] [stderr] warning: openbabel-sys@0.5.4+openbabel-3.1.1:    70 |                                    __va_arg_pack ());
[INFO] [stderr] warning: openbabel-sys@0.5.4+openbabel-3.1.1:       |                                    ~~~~~~~~~~~~~~~~~
[INFO] [stderr] warning: openbabel-sys@0.5.4+openbabel-3.1.1: At global scope:
[INFO] [stderr] warning: openbabel-sys@0.5.4+openbabel-3.1.1: cc1plus: note: unrecognized command-line option '-Wno-unused-private-field' may have been intended to silence earlier diagnostics
[INFO] [stderr] warning: openbabel-sys@0.5.4+openbabel-3.1.1: openbabel/src/formats/mdlformat.cpp: In member function 'std::string OpenBabel::MDLFormat::GetTimeDate()':
[INFO] [stderr] warning: openbabel-sys@0.5.4+openbabel-3.1.1: openbabel/src/formats/mdlformat.cpp:1709:27: warning: '%02d' directive output may be truncated writing between 2 and 11 bytes into a region of size between 0 and 9 [-Wformat-truncation=]
[INFO] [stderr] warning: openbabel-sys@0.5.4+openbabel-3.1.1:  1709 |     snprintf(td, 11, "%02d%02d%02d%02d%02d", ts->tm_mon+1, ts->tm_mday,
[INFO] [stderr] warning: openbabel-sys@0.5.4+openbabel-3.1.1:       |                           ^~~~
[INFO] [stderr] warning: openbabel-sys@0.5.4+openbabel-3.1.1: openbabel/src/formats/mdlformat.cpp:1709:22: note: directive argument in the range [-2147483648, 2147483547]
[INFO] [stderr] warning: openbabel-sys@0.5.4+openbabel-3.1.1:  1709 |     snprintf(td, 11, "%02d%02d%02d%02d%02d", ts->tm_mon+1, ts->tm_mday,
[INFO] [stderr] warning: openbabel-sys@0.5.4+openbabel-3.1.1:       |                      ^~~~~~~~~~~~~~~~~~~~~~
[INFO] [stderr] warning: openbabel-sys@0.5.4+openbabel-3.1.1: In file included from /usr/include/stdio.h:974,
[INFO] [stderr] warning: openbabel-sys@0.5.4+openbabel-3.1.1:                  from /usr/include/c++/15/cstdio:47,
[INFO] [stderr] warning: openbabel-sys@0.5.4+openbabel-3.1.1:                  from /usr/include/c++/15/ext/string_conversions.h:47,
[INFO] [stderr] warning: openbabel-sys@0.5.4+openbabel-3.1.1:                  from /usr/include/c++/15/bits/basic_string.h:4442,
[INFO] [stderr] warning: openbabel-sys@0.5.4+openbabel-3.1.1:                  from /usr/include/c++/15/string:56,
[INFO] [stderr] warning: openbabel-sys@0.5.4+openbabel-3.1.1:                  from /usr/include/c++/15/bits/locale_classes.h:42,
[INFO] [stderr] warning: openbabel-sys@0.5.4+openbabel-3.1.1:                  from /usr/include/c++/15/bits/ios_base.h:43,
[INFO] [stderr] warning: openbabel-sys@0.5.4+openbabel-3.1.1:                  from /usr/include/c++/15/iomanip:47,
[INFO] [stderr] warning: openbabel-sys@0.5.4+openbabel-3.1.1:                  from openbabel/src/formats/mdlformat.cpp:27:
[INFO] [stderr] warning: openbabel-sys@0.5.4+openbabel-3.1.1: In function 'int snprintf(char*, size_t, const char*, ...)',
[INFO] [stderr] warning: openbabel-sys@0.5.4+openbabel-3.1.1:     inlined from 'std::string OpenBabel::MDLFormat::GetTimeDate()' at openbabel/src/formats/mdlformat.cpp:1709:13:
[INFO] [stderr] warning: openbabel-sys@0.5.4+openbabel-3.1.1: /usr/include/x86_64-linux-gnu/bits/stdio2.h:68:35: note: '__builtin___snprintf_chk' output between 11 and 56 bytes into a destination of size 11
[INFO] [stderr] warning: openbabel-sys@0.5.4+openbabel-3.1.1:    68 |   return __builtin___snprintf_chk (__s, __n, __USE_FORTIFY_LEVEL - 1,
[INFO] [stderr] warning: openbabel-sys@0.5.4+openbabel-3.1.1:       |          ~~~~~~~~~~~~~~~~~~~~~~~~~^~~~~~~~~~~~~~~~~~~~~~~~~~~~~~~~~~~
[INFO] [stderr] warning: openbabel-sys@0.5.4+openbabel-3.1.1:    69 |                                    __glibc_objsize (__s), __fmt,
[INFO] [stderr] warning: openbabel-sys@0.5.4+openbabel-3.1.1:       |                                    ~~~~~~~~~~~~~~~~~~~~~~~~~~~~~
[INFO] [stderr] warning: openbabel-sys@0.5.4+openbabel-3.1.1:    70 |                                    __va_arg_pack ());
[INFO] [stderr] warning: openbabel-sys@0.5.4+openbabel-3.1.1:       |                                    ~~~~~~~~~~~~~~~~~
[INFO] [stderr] warning: openbabel-sys@0.5.4+openbabel-3.1.1: At global scope:
[INFO] [stderr] warning: openbabel-sys@0.5.4+openbabel-3.1.1: cc1plus: note: unrecognized command-line option '-Wno-unused-private-field' may have been intended to silence earlier diagnostics
[INFO] [stderr] warning: openbabel-sys@0.5.4+openbabel-3.1.1: openbabel/src/formats/pdbformat.cpp: In member function 'virtual bool OpenBabel::PDBFormat::WriteMolecule(OpenBabel::OBBase*, OpenBabel::OBConversion*)':
[INFO] [stderr] warning: openbabel-sys@0.5.4+openbabel-3.1.1: openbabel/src/formats/pdbformat.cpp:684:58: warning: '__builtin___snprintf_chk' output may be truncated before the last format character [-Wformat-truncation=]
[INFO] [stderr] warning: openbabel-sys@0.5.4+openbabel-3.1.1:   684 |             snprintf(type_name, sizeof(type_name), " %-3s", tmp);
[INFO] [stderr] warning: openbabel-sys@0.5.4+openbabel-3.1.1:       |                                                          ^
[INFO] [stderr] warning: openbabel-sys@0.5.4+openbabel-3.1.1: In file included from /usr/include/stdio.h:974,
[INFO] [stderr] warning: openbabel-sys@0.5.4+openbabel-3.1.1:                  from /usr/include/c++/15/cstdio:47,
[INFO] [stderr] warning: openbabel-sys@0.5.4+openbabel-3.1.1:                  from /usr/include/c++/15/ext/string_conversions.h:47,
[INFO] [stderr] warning: openbabel-sys@0.5.4+openbabel-3.1.1:                  from /usr/include/c++/15/bits/basic_string.h:4442,
[INFO] [stderr] warning: openbabel-sys@0.5.4+openbabel-3.1.1:                  from /usr/include/c++/15/string:56,
[INFO] [stderr] warning: openbabel-sys@0.5.4+openbabel-3.1.1:                  from /usr/include/c++/15/bits/locale_classes.h:42,
[INFO] [stderr] warning: openbabel-sys@0.5.4+openbabel-3.1.1:                  from /usr/include/c++/15/bits/ios_base.h:43,
[INFO] [stderr] warning: openbabel-sys@0.5.4+openbabel-3.1.1:                  from /usr/include/c++/15/ios:46,
[INFO] [stderr] warning: openbabel-sys@0.5.4+openbabel-3.1.1:                  from /usr/include/c++/15/bits/ostream.h:43,
[INFO] [stderr] warning: openbabel-sys@0.5.4+openbabel-3.1.1:                  from /usr/include/c++/15/ostream:42,
[INFO] [stderr] warning: openbabel-sys@0.5.4+openbabel-3.1.1:                  from /usr/include/c++/15/iostream:43,
[INFO] [stderr] warning: openbabel-sys@0.5.4+openbabel-3.1.1:                  from openbabel/include/openbabel/obconversion.h:24,
[INFO] [stderr] warning: openbabel-sys@0.5.4+openbabel-3.1.1:                  from openbabel/include/openbabel/obmolecformat.h:36,
[INFO] [stderr] warning: openbabel-sys@0.5.4+openbabel-3.1.1:                  from openbabel/src/formats/pdbformat.cpp:17:
[INFO] [stderr] warning: openbabel-sys@0.5.4+openbabel-3.1.1: In function 'int snprintf(char*, size_t, const char*, ...)',
[INFO] [stderr] warning: openbabel-sys@0.5.4+openbabel-3.1.1:     inlined from 'virtual bool OpenBabel::PDBFormat::WriteMolecule(OpenBabel::OBBase*, OpenBabel::OBConversion*)' at openbabel/src/formats/pdbformat.cpp:684:21:
[INFO] [stderr] warning: openbabel-sys@0.5.4+openbabel-3.1.1: /usr/include/x86_64-linux-gnu/bits/stdio2.h:68:35: note: '__builtin___snprintf_chk' output between 5 and 11 bytes into a destination of size 10
[INFO] [stderr] warning: openbabel-sys@0.5.4+openbabel-3.1.1:    68 |   return __builtin___snprintf_chk (__s, __n, __USE_FORTIFY_LEVEL - 1,
[INFO] [stderr] warning: openbabel-sys@0.5.4+openbabel-3.1.1:       |          ~~~~~~~~~~~~~~~~~~~~~~~~~^~~~~~~~~~~~~~~~~~~~~~~~~~~~~~~~~~~
[INFO] [stderr] warning: openbabel-sys@0.5.4+openbabel-3.1.1:    69 |                                    __glibc_objsize (__s), __fmt,
[INFO] [stderr] warning: openbabel-sys@0.5.4+openbabel-3.1.1:       |                                    ~~~~~~~~~~~~~~~~~~~~~~~~~~~~~
[INFO] [stderr] warning: openbabel-sys@0.5.4+openbabel-3.1.1:    70 |                                    __va_arg_pack ());
[INFO] [stderr] warning: openbabel-sys@0.5.4+openbabel-3.1.1:       |                                    ~~~~~~~~~~~~~~~~~
[INFO] [stderr] warning: openbabel-sys@0.5.4+openbabel-3.1.1: openbabel/src/formats/pdbformat.cpp: In member function 'virtual bool OpenBabel::PDBFormat::WriteMolecule(OpenBabel::OBBase*, OpenBabel::OBConversion*)':
[INFO] [stderr] warning: openbabel-sys@0.5.4+openbabel-3.1.1: openbabel/src/formats/pdbformat.cpp:702:70: warning: '__builtin___snprintf_chk' output may be truncated before the last format character [-Wformat-truncation=]
[INFO] [stderr] warning: openbabel-sys@0.5.4+openbabel-3.1.1:   702 |                     snprintf(padded_name, sizeof(padded_name), " %-3s", tmp);
[INFO] [stderr] warning: openbabel-sys@0.5.4+openbabel-3.1.1:       |                                                                      ^
[INFO] [stderr] warning: openbabel-sys@0.5.4+openbabel-3.1.1: In function 'int snprintf(char*, size_t, const char*, ...)',
[INFO] [stderr] warning: openbabel-sys@0.5.4+openbabel-3.1.1:     inlined from 'virtual bool OpenBabel::PDBFormat::WriteMolecule(OpenBabel::OBBase*, OpenBabel::OBConversion*)' at openbabel/src/formats/pdbformat.cpp:702:29:
[INFO] [stderr] warning: openbabel-sys@0.5.4+openbabel-3.1.1: /usr/include/x86_64-linux-gnu/bits/stdio2.h:68:35: note: '__builtin___snprintf_chk' output between 5 and 11 bytes into a destination of size 10
[INFO] [stderr] warning: openbabel-sys@0.5.4+openbabel-3.1.1:    68 |   return __builtin___snprintf_chk (__s, __n, __USE_FORTIFY_LEVEL - 1,
[INFO] [stderr] warning: openbabel-sys@0.5.4+openbabel-3.1.1:       |          ~~~~~~~~~~~~~~~~~~~~~~~~~^~~~~~~~~~~~~~~~~~~~~~~~~~~~~~~~~~~
[INFO] [stderr] warning: openbabel-sys@0.5.4+openbabel-3.1.1:    69 |                                    __glibc_objsize (__s), __fmt,
[INFO] [stderr] warning: openbabel-sys@0.5.4+openbabel-3.1.1:       |                                    ~~~~~~~~~~~~~~~~~~~~~~~~~~~~~
[INFO] [stderr] warning: openbabel-sys@0.5.4+openbabel-3.1.1:    70 |                                    __va_arg_pack ());
[INFO] [stderr] warning: openbabel-sys@0.5.4+openbabel-3.1.1:       |                                    ~~~~~~~~~~~~~~~~~
[INFO] [stderr] warning: openbabel-sys@0.5.4+openbabel-3.1.1: openbabel/src/formats/pdbformat.cpp: In member function 'virtual bool OpenBabel::PDBFormat::WriteMolecule(OpenBabel::OBBase*, OpenBabel::OBConversion*)':
[INFO] [stderr] warning: openbabel-sys@0.5.4+openbabel-3.1.1: openbabel/src/formats/pdbformat.cpp:739:35: warning: '%+d' directive output may be truncated writing between 2 and 6 bytes into a region of size 3 [-Wformat-truncation=]
[INFO] [stderr] warning: openbabel-sys@0.5.4+openbabel-3.1.1:   739 |             snprintf(scharge, 3, "%+d", charge);
[INFO] [stderr] warning: openbabel-sys@0.5.4+openbabel-3.1.1:       |                                   ^~~
[INFO] [stderr] warning: openbabel-sys@0.5.4+openbabel-3.1.1: openbabel/src/formats/pdbformat.cpp:739:34: note: directive argument in the range [-32768, 32767]
[INFO] [stderr] warning: openbabel-sys@0.5.4+openbabel-3.1.1:   739 |             snprintf(scharge, 3, "%+d", charge);
[INFO] [stderr] warning: openbabel-sys@0.5.4+openbabel-3.1.1:       |                                  ^~~~~
[INFO] [stderr] warning: openbabel-sys@0.5.4+openbabel-3.1.1: In function 'int snprintf(char*, size_t, const char*, ...)',
[INFO] [stderr] warning: openbabel-sys@0.5.4+openbabel-3.1.1:     inlined from 'virtual bool OpenBabel::PDBFormat::WriteMolecule(OpenBabel::OBBase*, OpenBabel::OBConversion*)' at openbabel/src/formats/pdbformat.cpp:739:21:
[INFO] [stderr] warning: openbabel-sys@0.5.4+openbabel-3.1.1: /usr/include/x86_64-linux-gnu/bits/stdio2.h:68:35: note: '__builtin___snprintf_chk' output between 3 and 7 bytes into a destination of size 3
[INFO] [stderr] warning: openbabel-sys@0.5.4+openbabel-3.1.1:    68 |   return __builtin___snprintf_chk (__s, __n, __USE_FORTIFY_LEVEL - 1,
[INFO] [stderr] warning: openbabel-sys@0.5.4+openbabel-3.1.1:       |          ~~~~~~~~~~~~~~~~~~~~~~~~~^~~~~~~~~~~~~~~~~~~~~~~~~~~~~~~~~~~
[INFO] [stderr] warning: openbabel-sys@0.5.4+openbabel-3.1.1:    69 |                                    __glibc_objsize (__s), __fmt,
[INFO] [stderr] warning: openbabel-sys@0.5.4+openbabel-3.1.1:       |                                    ~~~~~~~~~~~~~~~~~~~~~~~~~~~~~
[INFO] [stderr] warning: openbabel-sys@0.5.4+openbabel-3.1.1:    70 |                                    __va_arg_pack ());
[INFO] [stderr] warning: openbabel-sys@0.5.4+openbabel-3.1.1:       |                                    ~~~~~~~~~~~~~~~~~
[INFO] [stderr] warning: openbabel-sys@0.5.4+openbabel-3.1.1: openbabel/src/formats/pdbformat.cpp: In member function 'virtual bool OpenBabel::PDBFormat::ReadMolecule(OpenBabel::OBBase*, OpenBabel::OBConversion*)':
[INFO] [stderr] warning: openbabel-sys@0.5.4+openbabel-3.1.1: openbabel/src/formats/pdbformat.cpp:303:12: warning: 'char* __builtin_strncpy(char*, const char*, long unsigned int)' output may be truncated copying 5 bytes from a string of length 32761 [-Wstringop-truncation]
[INFO] [stderr] warning: openbabel-sys@0.5.4+openbabel-3.1.1:   303 |     strncpy(integerBuffer, buffer+columnAsSpecifiedInPDB-1, 5);
[INFO] [stderr] warning: openbabel-sys@0.5.4+openbabel-3.1.1:       |            ^
[INFO] [stderr] warning: openbabel-sys@0.5.4+openbabel-3.1.1: openbabel/src/formats/pdbformat.cpp:303:12: warning: 'char* __builtin_strncpy(char*, const char*, long unsigned int)' output may be truncated copying 5 bytes from a string of length 32756 [-Wstringop-truncation]
[INFO] [stderr] warning: openbabel-sys@0.5.4+openbabel-3.1.1: openbabel/src/formats/pdbformat.cpp:303:12: warning: 'char* __builtin_strncpy(char*, const char*, long unsigned int)' output may be truncated copying 5 bytes from a string of length 32751 [-Wstringop-truncation]
[INFO] [stderr] warning: openbabel-sys@0.5.4+openbabel-3.1.1: openbabel/src/formats/pdbformat.cpp:303:12: warning: 'char* __builtin_strncpy(char*, const char*, long unsigned int)' output may be truncated copying 5 bytes from a string of length 32746 [-Wstringop-truncation]
[INFO] [stderr] warning: openbabel-sys@0.5.4+openbabel-3.1.1: openbabel/src/formats/pdbformat.cpp:303:12: warning: 'char* __builtin_strncpy(char*, const char*, long unsigned int)' output may be truncated copying 5 bytes from a string of length 32741 [-Wstringop-truncation]
[INFO] [stderr] warning: openbabel-sys@0.5.4+openbabel-3.1.1: At global scope:
[INFO] [stderr] warning: openbabel-sys@0.5.4+openbabel-3.1.1: cc1plus: note: unrecognized command-line option '-Wno-unused-private-field' may have been intended to silence earlier diagnostics
[INFO] [stderr] warning: openbabel-sys@0.5.4+openbabel-3.1.1: openbabel/src/mcdlutil.cpp:423:5: warning: multi-line comment [-Wcomment]
[INFO] [stderr] warning: openbabel-sys@0.5.4+openbabel-3.1.1:   423 |     //                             /     \
[INFO] [stderr] warning: openbabel-sys@0.5.4+openbabel-3.1.1:       |     ^
[INFO] [stderr] warning: openbabel-sys@0.5.4+openbabel-3.1.1: cc1plus: note: unrecognized command-line option '-Wno-unused-private-field' may have been intended to silence earlier diagnostics
[INFO] [stderr]     Finished `release` profile [optimized] target(s) in 3m 28s
[INFO] running `Command { std: "docker" "inspect" "c862ef215166341bea40627d0634cfe4496a64bd3fc409c20d069496127e882c", kill_on_drop: false }`
[INFO] running `Command { std: "docker" "exec" "-e" "SOURCE_DIR=/opt/rustwide/workdir" "-e" "CARGO_HOME=/opt/rustwide/cargo-home" "-e" "RUSTUP_HOME=/opt/rustwide/rustup-home" "-e" "CARGO_TARGET_DIR=/opt/rustwide/target" "-e" "CARGO_INCREMENTAL=0" "-e" "RUST_BACKTRACE=full" "-e" "RUSTFLAGS=--cap-lints=warn" "-e" "RUSTDOCFLAGS=--cap-lints=warn" "-w" "/opt/rustwide/workdir" "--user" "0:0" "c862ef215166341bea40627d0634cfe4496a64bd3fc409c20d069496127e882c" "/opt/rustwide/cargo-home/bin/cargo" "+1.99.0-beta.8" "test" "--frozen" "--no-run" "--message-format=json" "--release", kill_on_drop: false }`
[INFO] [stderr]    Compiling libc v0.2.191
[INFO] [stderr]    Compiling getrandom v0.4.3
[INFO] [stderr] warning: openbabel-sys@0.5.4+openbabel-3.1.1: openbabel/src/formats/smilesformat.cpp: In member function 'bool OpenBabel::OBMol2Cansmi::GetSmilesElement(OpenBabel::OBCanSmiNode*, std::vector<OpenBabel::OBAtom*>&, std::vector<unsigned int>&, std::string&)':
[INFO] [stderr] warning: openbabel-sys@0.5.4+openbabel-3.1.1: openbabel/src/formats/smilesformat.cpp:2865:35: warning: '__builtin___snprintf_chk' output may be truncated before the last format character [-Wformat-truncation=]
[INFO] [stderr] warning: openbabel-sys@0.5.4+openbabel-3.1.1:  2865 |           snprintf(tcount, 10, "%d", hcount);
[INFO] [stderr] warning: openbabel-sys@0.5.4+openbabel-3.1.1:       |                                   ^
[INFO] [stderr] warning: openbabel-sys@0.5.4+openbabel-3.1.1: In file included from /usr/include/stdio.h:974,
[INFO] [stderr] warning: openbabel-sys@0.5.4+openbabel-3.1.1:                  from /usr/include/c++/15/cstdio:47,
[INFO] [stderr] warning: openbabel-sys@0.5.4+openbabel-3.1.1:                  from /usr/include/c++/15/ext/string_conversions.h:47,
[INFO] [stderr] warning: openbabel-sys@0.5.4+openbabel-3.1.1:                  from /usr/include/c++/15/bits/basic_string.h:4442,
[INFO] [stderr] warning: openbabel-sys@0.5.4+openbabel-3.1.1:                  from /usr/include/c++/15/string:56,
[INFO] [stderr] warning: openbabel-sys@0.5.4+openbabel-3.1.1:                  from /usr/include/c++/15/bits/locale_classes.h:42,
[INFO] [stderr] warning: openbabel-sys@0.5.4+openbabel-3.1.1:                  from /usr/include/c++/15/bits/ios_base.h:43,
[INFO] [stderr] warning: openbabel-sys@0.5.4+openbabel-3.1.1:                  from /usr/include/c++/15/ios:46,
[INFO] [stderr] warning: openbabel-sys@0.5.4+openbabel-3.1.1:                  from /usr/include/c++/15/bits/ostream.h:43,
[INFO] [stderr] warning: openbabel-sys@0.5.4+openbabel-3.1.1:                  from /usr/include/c++/15/ostream:42,
[INFO] [stderr] warning: openbabel-sys@0.5.4+openbabel-3.1.1:                  from /usr/include/c++/15/iostream:43,
[INFO] [stderr] warning: openbabel-sys@0.5.4+openbabel-3.1.1:                  from openbabel/include/openbabel/obconversion.h:24,
[INFO] [stderr] warning: openbabel-sys@0.5.4+openbabel-3.1.1:                  from openbabel/include/openbabel/obmolecformat.h:36,
[INFO] [stderr] warning: openbabel-sys@0.5.4+openbabel-3.1.1:                  from openbabel/src/formats/smilesformat.cpp:23:
[INFO] [stderr] warning: openbabel-sys@0.5.4+openbabel-3.1.1: In function 'int snprintf(char*, size_t, const char*, ...)',
[INFO] [stderr] warning: openbabel-sys@0.5.4+openbabel-3.1.1:     inlined from 'bool OpenBabel::OBMol2Cansmi::GetSmilesElement(OpenBabel::OBCanSmiNode*, std::vector<OpenBabel::OBAtom*>&, std::vector<unsigned int>&, std::string&)' at openbabel/src/formats/smilesformat.cpp:2865:19:
[INFO] [stderr] warning: openbabel-sys@0.5.4+openbabel-3.1.1: /usr/include/x86_64-linux-gnu/bits/stdio2.h:68:35: note: '__builtin___snprintf_chk' output between 2 and 11 bytes into a destination of size 10
[INFO] [stderr] warning: openbabel-sys@0.5.4+openbabel-3.1.1:    68 |   return __builtin___snprintf_chk (__s, __n, __USE_FORTIFY_LEVEL - 1,
[INFO] [stderr] warning: openbabel-sys@0.5.4+openbabel-3.1.1:       |          ~~~~~~~~~~~~~~~~~~~~~~~~~^~~~~~~~~~~~~~~~~~~~~~~~~~~~~~~~~~~
[INFO] [stderr] warning: openbabel-sys@0.5.4+openbabel-3.1.1:    69 |                                    __glibc_objsize (__s), __fmt,
[INFO] [stderr] warning: openbabel-sys@0.5.4+openbabel-3.1.1:       |                                    ~~~~~~~~~~~~~~~~~~~~~~~~~~~~~
[INFO] [stderr] warning: openbabel-sys@0.5.4+openbabel-3.1.1:    70 |                                    __va_arg_pack ());
[INFO] [stderr] warning: openbabel-sys@0.5.4+openbabel-3.1.1:       |                                    ~~~~~~~~~~~~~~~~~
[INFO] [stderr] warning: openbabel-sys@0.5.4+openbabel-3.1.1: openbabel/src/formats/smilesformat.cpp: In member function 'bool OpenBabel::OBMol2Cansmi::GetSmilesElement(OpenBabel::OBCanSmiNode*, std::vector<OpenBabel::OBAtom*>&, std::vector<unsigned int>&, std::string&)':
[INFO] [stderr] warning: openbabel-sys@0.5.4+openbabel-3.1.1: openbabel/src/formats/smilesformat.cpp:2865:35: warning: '__builtin___snprintf_chk' output may be truncated before the last format character [-Wformat-truncation=]
[INFO] [stderr] warning: openbabel-sys@0.5.4+openbabel-3.1.1:  2865 |           snprintf(tcount, 10, "%d", hcount);
[INFO] [stderr] warning: openbabel-sys@0.5.4+openbabel-3.1.1:       |                                   ^
[INFO] [stderr] warning: openbabel-sys@0.5.4+openbabel-3.1.1: In function 'int snprintf(char*, size_t, const char*, ...)',
[INFO] [stderr] warning: openbabel-sys@0.5.4+openbabel-3.1.1:     inlined from 'bool OpenBabel::OBMol2Cansmi::GetSmilesElement(OpenBabel::OBCanSmiNode*, std::vector<OpenBabel::OBAtom*>&, std::vector<unsigned int>&, std::string&)' at openbabel/src/formats/smilesformat.cpp:2865:19:
[INFO] [stderr] warning: openbabel-sys@0.5.4+openbabel-3.1.1: /usr/include/x86_64-linux-gnu/bits/stdio2.h:68:35: note: '__builtin___snprintf_chk' output between 2 and 11 bytes into a destination of size 10
[INFO] [stderr] warning: openbabel-sys@0.5.4+openbabel-3.1.1:    68 |   return __builtin___snprintf_chk (__s, __n, __USE_FORTIFY_LEVEL - 1,
[INFO] [stderr] warning: openbabel-sys@0.5.4+openbabel-3.1.1:       |          ~~~~~~~~~~~~~~~~~~~~~~~~~^~~~~~~~~~~~~~~~~~~~~~~~~~~~~~~~~~~
[INFO] [stderr] warning: openbabel-sys@0.5.4+openbabel-3.1.1:    69 |                                    __glibc_objsize (__s), __fmt,
[INFO] [stderr] warning: openbabel-sys@0.5.4+openbabel-3.1.1:       |                                    ~~~~~~~~~~~~~~~~~~~~~~~~~~~~~
[INFO] [stderr] warning: openbabel-sys@0.5.4+openbabel-3.1.1:    70 |                                    __va_arg_pack ());
[INFO] [stderr] warning: openbabel-sys@0.5.4+openbabel-3.1.1:       |                                    ~~~~~~~~~~~~~~~~~
[INFO] [stderr] warning: openbabel-sys@0.5.4+openbabel-3.1.1: openbabel/src/formats/smilesformat.cpp: In member function 'bool OpenBabel::OBMol2Cansmi::GetSmilesElement(OpenBabel::OBCanSmiNode*, std::vector<OpenBabel::OBAtom*>&, std::vector<unsigned int>&, std::string&)':
[INFO] [stderr] warning: openbabel-sys@0.5.4+openbabel-3.1.1: openbabel/src/formats/smilesformat.cpp:2857:35: warning: '__builtin___snprintf_chk' output may be truncated before the last format character [-Wformat-truncation=]
[INFO] [stderr] warning: openbabel-sys@0.5.4+openbabel-3.1.1:  2857 |           snprintf(tcount, 10, "%d", i);
[INFO] [stderr] warning: openbabel-sys@0.5.4+openbabel-3.1.1:       |                                   ^
[INFO] [stderr] warning: openbabel-sys@0.5.4+openbabel-3.1.1: In function 'int snprintf(char*, size_t, const char*, ...)',
[INFO] [stderr] warning: openbabel-sys@0.5.4+openbabel-3.1.1:     inlined from 'bool OpenBabel::OBMol2Cansmi::GetSmilesElement(OpenBabel::OBCanSmiNode*, std::vector<OpenBabel::OBAtom*>&, std::vector<unsigned int>&, std::string&)' at openbabel/src/formats/smilesformat.cpp:2857:19:
[INFO] [stderr] warning: openbabel-sys@0.5.4+openbabel-3.1.1: /usr/include/x86_64-linux-gnu/bits/stdio2.h:68:35: note: '__builtin___snprintf_chk' output between 2 and 11 bytes into a destination of size 10
[INFO] [stderr] warning: openbabel-sys@0.5.4+openbabel-3.1.1:    68 |   return __builtin___snprintf_chk (__s, __n, __USE_FORTIFY_LEVEL - 1,
[INFO] [stderr] warning: openbabel-sys@0.5.4+openbabel-3.1.1:       |          ~~~~~~~~~~~~~~~~~~~~~~~~~^~~~~~~~~~~~~~~~~~~~~~~~~~~~~~~~~~~
[INFO] [stderr] warning: openbabel-sys@0.5.4+openbabel-3.1.1:    69 |                                    __glibc_objsize (__s), __fmt,
[INFO] [stderr] warning: openbabel-sys@0.5.4+openbabel-3.1.1:       |                                    ~~~~~~~~~~~~~~~~~~~~~~~~~~~~~
[INFO] [stderr] warning: openbabel-sys@0.5.4+openbabel-3.1.1:    70 |                                    __va_arg_pack ());
[INFO] [stderr] warning: openbabel-sys@0.5.4+openbabel-3.1.1:       |                                    ~~~~~~~~~~~~~~~~~
[INFO] [stderr] warning: openbabel-sys@0.5.4+openbabel-3.1.1: openbabel/src/formats/smilesformat.cpp: In member function 'void OpenBabel::OBMol2Cansmi::ToCansmilesString(OpenBabel::OBCanSmiNode*, std::string&, OpenBabel::OBBitVec&, std::vector<unsigned int>&, std::vector<unsigned int>&)':
[INFO] [stderr] warning: openbabel-sys@0.5.4+openbabel-3.1.1: openbabel/src/formats/smilesformat.cpp:3531:32: warning: '%d' directive output may be truncated writing between 1 and 11 bytes into a region of size 8 [-Wformat-truncation=]
[INFO] [stderr] warning: openbabel-sys@0.5.4+openbabel-3.1.1:  3531 |           snprintf(digits, 8, "%d", bci->ringdigit);
[INFO] [stderr] warning: openbabel-sys@0.5.4+openbabel-3.1.1:       |                                ^~
[INFO] [stderr] warning: openbabel-sys@0.5.4+openbabel-3.1.1: openbabel/src/formats/smilesformat.cpp:3531:31: note: directive argument in the range [-2147483648, 99]
[INFO] [stderr] warning: openbabel-sys@0.5.4+openbabel-3.1.1:  3531 |           snprintf(digits, 8, "%d", bci->ringdigit);
[INFO] [stderr] warning: openbabel-sys@0.5.4+openbabel-3.1.1:       |                               ^~~~
[INFO] [stderr] warning: openbabel-sys@0.5.4+openbabel-3.1.1: In function 'int snprintf(char*, size_t, const char*, ...)',
[INFO] [stderr] warning: openbabel-sys@0.5.4+openbabel-3.1.1:     inlined from 'void OpenBabel::OBMol2Cansmi::ToCansmilesString(OpenBabel::OBCanSmiNode*, std::string&, OpenBabel::OBBitVec&, std::vector<unsigned int>&, std::vector<unsigned int>&)' at openbabel/src/formats/smilesformat.cpp:3531:19:
[INFO] [stderr] warning: openbabel-sys@0.5.4+openbabel-3.1.1: /usr/include/x86_64-linux-gnu/bits/stdio2.h:68:35: note: '__builtin___snprintf_chk' output between 2 and 12 bytes into a destination of size 8
[INFO] [stderr] warning: openbabel-sys@0.5.4+openbabel-3.1.1:    68 |   return __builtin___snprintf_chk (__s, __n, __USE_FORTIFY_LEVEL - 1,
[INFO] [stderr] warning: openbabel-sys@0.5.4+openbabel-3.1.1:       |          ~~~~~~~~~~~~~~~~~~~~~~~~~^~~~~~~~~~~~~~~~~~~~~~~~~~~~~~~~~~~
[INFO] [stderr] warning: openbabel-sys@0.5.4+openbabel-3.1.1:    69 |                                    __glibc_objsize (__s), __fmt,
[INFO] [stderr] warning: openbabel-sys@0.5.4+openbabel-3.1.1:       |                                    ~~~~~~~~~~~~~~~~~~~~~~~~~~~~~
[INFO] [stderr] warning: openbabel-sys@0.5.4+openbabel-3.1.1:    70 |                                    __va_arg_pack ());
[INFO] [stderr] warning: openbabel-sys@0.5.4+openbabel-3.1.1:       |                                    ~~~~~~~~~~~~~~~~~
[INFO] [stderr] warning: openbabel-sys@0.5.4+openbabel-3.1.1: At global scope:
[INFO] [stderr] warning: openbabel-sys@0.5.4+openbabel-3.1.1: cc1plus: note: unrecognized command-line option '-Wno-unused-private-field' may have been intended to silence earlier diagnostics
[INFO] [stderr] warning: openbabel-sys@0.5.4+openbabel-3.1.1: openbabel/src/formats/mdlformat.cpp: In member function 'std::string OpenBabel::MDLFormat::GetTimeDate()':
[INFO] [stderr] warning: openbabel-sys@0.5.4+openbabel-3.1.1: openbabel/src/formats/mdlformat.cpp:1709:27: warning: '%02d' directive output may be truncated writing between 2 and 11 bytes into a region of size between 0 and 9 [-Wformat-truncation=]
[INFO] [stderr] warning: openbabel-sys@0.5.4+openbabel-3.1.1:  1709 |     snprintf(td, 11, "%02d%02d%02d%02d%02d", ts->tm_mon+1, ts->tm_mday,
[INFO] [stderr] warning: openbabel-sys@0.5.4+openbabel-3.1.1:       |                           ^~~~
[INFO] [stderr] warning: openbabel-sys@0.5.4+openbabel-3.1.1: openbabel/src/formats/mdlformat.cpp:1709:22: note: directive argument in the range [-2147483648, 2147483547]
[INFO] [stderr] warning: openbabel-sys@0.5.4+openbabel-3.1.1:  1709 |     snprintf(td, 11, "%02d%02d%02d%02d%02d", ts->tm_mon+1, ts->tm_mday,
[INFO] [stderr] warning: openbabel-sys@0.5.4+openbabel-3.1.1:       |                      ^~~~~~~~~~~~~~~~~~~~~~
[INFO] [stderr] warning: openbabel-sys@0.5.4+openbabel-3.1.1: In file included from /usr/include/stdio.h:974,
[INFO] [stderr] warning: openbabel-sys@0.5.4+openbabel-3.1.1:                  from /usr/include/c++/15/cstdio:47,
[INFO] [stderr] warning: openbabel-sys@0.5.4+openbabel-3.1.1:                  from /usr/include/c++/15/ext/string_conversions.h:47,
[INFO] [stderr] warning: openbabel-sys@0.5.4+openbabel-3.1.1:                  from /usr/include/c++/15/bits/basic_string.h:4442,
[INFO] [stderr] warning: openbabel-sys@0.5.4+openbabel-3.1.1:                  from /usr/include/c++/15/string:56,
[INFO] [stderr] warning: openbabel-sys@0.5.4+openbabel-3.1.1:                  from /usr/include/c++/15/bits/locale_classes.h:42,
[INFO] [stderr] warning: openbabel-sys@0.5.4+openbabel-3.1.1:                  from /usr/include/c++/15/bits/ios_base.h:43,
[INFO] [stderr] warning: openbabel-sys@0.5.4+openbabel-3.1.1:                  from /usr/include/c++/15/iomanip:47,
[INFO] [stderr] warning: openbabel-sys@0.5.4+openbabel-3.1.1:                  from openbabel/src/formats/mdlformat.cpp:27:
[INFO] [stderr] warning: openbabel-sys@0.5.4+openbabel-3.1.1: In function 'int snprintf(char*, size_t, const char*, ...)',
[INFO] [stderr] warning: openbabel-sys@0.5.4+openbabel-3.1.1:     inlined from 'std::string OpenBabel::MDLFormat::GetTimeDate()' at openbabel/src/formats/mdlformat.cpp:1709:13:
[INFO] [stderr] warning: openbabel-sys@0.5.4+openbabel-3.1.1: /usr/include/x86_64-linux-gnu/bits/stdio2.h:68:35: note: '__builtin___snprintf_chk' output between 11 and 56 bytes into a destination of size 11
[INFO] [stderr] warning: openbabel-sys@0.5.4+openbabel-3.1.1:    68 |   return __builtin___snprintf_chk (__s, __n, __USE_FORTIFY_LEVEL - 1,
[INFO] [stderr] warning: openbabel-sys@0.5.4+openbabel-3.1.1:       |          ~~~~~~~~~~~~~~~~~~~~~~~~~^~~~~~~~~~~~~~~~~~~~~~~~~~~~~~~~~~~
[INFO] [stderr] warning: openbabel-sys@0.5.4+openbabel-3.1.1:    69 |                                    __glibc_objsize (__s), __fmt,
[INFO] [stderr] warning: openbabel-sys@0.5.4+openbabel-3.1.1:       |                                    ~~~~~~~~~~~~~~~~~~~~~~~~~~~~~
[INFO] [stderr] warning: openbabel-sys@0.5.4+openbabel-3.1.1:    70 |                                    __va_arg_pack ());
[INFO] [stderr] warning: openbabel-sys@0.5.4+openbabel-3.1.1:       |                                    ~~~~~~~~~~~~~~~~~
[INFO] [stderr] warning: openbabel-sys@0.5.4+openbabel-3.1.1: At global scope:
[INFO] [stderr] warning: openbabel-sys@0.5.4+openbabel-3.1.1: cc1plus: note: unrecognized command-line option '-Wno-unused-private-field' may have been intended to silence earlier diagnostics
[INFO] [stderr] warning: openbabel-sys@0.5.4+openbabel-3.1.1: openbabel/src/formats/pdbformat.cpp: In member function 'virtual bool OpenBabel::PDBFormat::WriteMolecule(OpenBabel::OBBase*, OpenBabel::OBConversion*)':
[INFO] [stderr] warning: openbabel-sys@0.5.4+openbabel-3.1.1: openbabel/src/formats/pdbformat.cpp:684:58: warning: '__builtin___snprintf_chk' output may be truncated before the last format character [-Wformat-truncation=]
[INFO] [stderr] warning: openbabel-sys@0.5.4+openbabel-3.1.1:   684 |             snprintf(type_name, sizeof(type_name), " %-3s", tmp);
[INFO] [stderr] warning: openbabel-sys@0.5.4+openbabel-3.1.1:       |                                                          ^
[INFO] [stderr] warning: openbabel-sys@0.5.4+openbabel-3.1.1: In file included from /usr/include/stdio.h:974,
[INFO] [stderr] warning: openbabel-sys@0.5.4+openbabel-3.1.1:                  from /usr/include/c++/15/cstdio:47,
[INFO] [stderr] warning: openbabel-sys@0.5.4+openbabel-3.1.1:                  from /usr/include/c++/15/ext/string_conversions.h:47,
[INFO] [stderr] warning: openbabel-sys@0.5.4+openbabel-3.1.1:                  from /usr/include/c++/15/bits/basic_string.h:4442,
[INFO] [stderr] warning: openbabel-sys@0.5.4+openbabel-3.1.1:                  from /usr/include/c++/15/string:56,
[INFO] [stderr] warning: openbabel-sys@0.5.4+openbabel-3.1.1:                  from /usr/include/c++/15/bits/locale_classes.h:42,
[INFO] [stderr] warning: openbabel-sys@0.5.4+openbabel-3.1.1:                  from /usr/include/c++/15/bits/ios_base.h:43,
[INFO] [stderr] warning: openbabel-sys@0.5.4+openbabel-3.1.1:                  from /usr/include/c++/15/ios:46,
[INFO] [stderr] warning: openbabel-sys@0.5.4+openbabel-3.1.1:                  from /usr/include/c++/15/bits/ostream.h:43,
[INFO] [stderr] warning: openbabel-sys@0.5.4+openbabel-3.1.1:                  from /usr/include/c++/15/ostream:42,
[INFO] [stderr] warning: openbabel-sys@0.5.4+openbabel-3.1.1:                  from /usr/include/c++/15/iostream:43,
[INFO] [stderr] warning: openbabel-sys@0.5.4+openbabel-3.1.1:                  from openbabel/include/openbabel/obconversion.h:24,
[INFO] [stderr] warning: openbabel-sys@0.5.4+openbabel-3.1.1:                  from openbabel/include/openbabel/obmolecformat.h:36,
[INFO] [stderr] warning: openbabel-sys@0.5.4+openbabel-3.1.1:                  from openbabel/src/formats/pdbformat.cpp:17:
[INFO] [stderr] warning: openbabel-sys@0.5.4+openbabel-3.1.1: In function 'int snprintf(char*, size_t, const char*, ...)',
[INFO] [stderr] warning: openbabel-sys@0.5.4+openbabel-3.1.1:     inlined from 'virtual bool OpenBabel::PDBFormat::WriteMolecule(OpenBabel::OBBase*, OpenBabel::OBConversion*)' at openbabel/src/formats/pdbformat.cpp:684:21:
[INFO] [stderr] warning: openbabel-sys@0.5.4+openbabel-3.1.1: /usr/include/x86_64-linux-gnu/bits/stdio2.h:68:35: note: '__builtin___snprintf_chk' output between 5 and 11 bytes into a destination of size 10
[INFO] [stderr] warning: openbabel-sys@0.5.4+openbabel-3.1.1:    68 |   return __builtin___snprintf_chk (__s, __n, __USE_FORTIFY_LEVEL - 1,
[INFO] [stderr] warning: openbabel-sys@0.5.4+openbabel-3.1.1:       |          ~~~~~~~~~~~~~~~~~~~~~~~~~^~~~~~~~~~~~~~~~~~~~~~~~~~~~~~~~~~~
[INFO] [stderr] warning: openbabel-sys@0.5.4+openbabel-3.1.1:    69 |                                    __glibc_objsize (__s), __fmt,
[INFO] [stderr] warning: openbabel-sys@0.5.4+openbabel-3.1.1:       |                                    ~~~~~~~~~~~~~~~~~~~~~~~~~~~~~
[INFO] [stderr] warning: openbabel-sys@0.5.4+openbabel-3.1.1:    70 |                                    __va_arg_pack ());
[INFO] [stderr] warning: openbabel-sys@0.5.4+openbabel-3.1.1:       |                                    ~~~~~~~~~~~~~~~~~
[INFO] [stderr] warning: openbabel-sys@0.5.4+openbabel-3.1.1: openbabel/src/formats/pdbformat.cpp: In member function 'virtual bool OpenBabel::PDBFormat::WriteMolecule(OpenBabel::OBBase*, OpenBabel::OBConversion*)':
[INFO] [stderr] warning: openbabel-sys@0.5.4+openbabel-3.1.1: openbabel/src/formats/pdbformat.cpp:702:70: warning: '__builtin___snprintf_chk' output may be truncated before the last format character [-Wformat-truncation=]
[INFO] [stderr] warning: openbabel-sys@0.5.4+openbabel-3.1.1:   702 |                     snprintf(padded_name, sizeof(padded_name), " %-3s", tmp);
[INFO] [stderr] warning: openbabel-sys@0.5.4+openbabel-3.1.1:       |                                                                      ^
[INFO] [stderr] warning: openbabel-sys@0.5.4+openbabel-3.1.1: In function 'int snprintf(char*, size_t, const char*, ...)',
[INFO] [stderr] warning: openbabel-sys@0.5.4+openbabel-3.1.1:     inlined from 'virtual bool OpenBabel::PDBFormat::WriteMolecule(OpenBabel::OBBase*, OpenBabel::OBConversion*)' at openbabel/src/formats/pdbformat.cpp:702:29:
[INFO] [stderr] warning: openbabel-sys@0.5.4+openbabel-3.1.1: /usr/include/x86_64-linux-gnu/bits/stdio2.h:68:35: note: '__builtin___snprintf_chk' output between 5 and 11 bytes into a destination of size 10
[INFO] [stderr] warning: openbabel-sys@0.5.4+openbabel-3.1.1:    68 |   return __builtin___snprintf_chk (__s, __n, __USE_FORTIFY_LEVEL - 1,
[INFO] [stderr] warning: openbabel-sys@0.5.4+openbabel-3.1.1:       |          ~~~~~~~~~~~~~~~~~~~~~~~~~^~~~~~~~~~~~~~~~~~~~~~~~~~~~~~~~~~~
[INFO] [stderr] warning: openbabel-sys@0.5.4+openbabel-3.1.1:    69 |                                    __glibc_objsize (__s), __fmt,
[INFO] [stderr] warning: openbabel-sys@0.5.4+openbabel-3.1.1:       |                                    ~~~~~~~~~~~~~~~~~~~~~~~~~~~~~
[INFO] [stderr] warning: openbabel-sys@0.5.4+openbabel-3.1.1:    70 |                                    __va_arg_pack ());
[INFO] [stderr] warning: openbabel-sys@0.5.4+openbabel-3.1.1:       |                                    ~~~~~~~~~~~~~~~~~
[INFO] [stderr] warning: openbabel-sys@0.5.4+openbabel-3.1.1: openbabel/src/formats/pdbformat.cpp: In member function 'virtual bool OpenBabel::PDBFormat::WriteMolecule(OpenBabel::OBBase*, OpenBabel::OBConversion*)':
[INFO] [stderr] warning: openbabel-sys@0.5.4+openbabel-3.1.1: openbabel/src/formats/pdbformat.cpp:739:35: warning: '%+d' directive output may be truncated writing between 2 and 6 bytes into a region of size 3 [-Wformat-truncation=]
[INFO] [stderr] warning: openbabel-sys@0.5.4+openbabel-3.1.1:   739 |             snprintf(scharge, 3, "%+d", charge);
[INFO] [stderr] warning: openbabel-sys@0.5.4+openbabel-3.1.1:       |                                   ^~~
[INFO] [stderr] warning: openbabel-sys@0.5.4+openbabel-3.1.1: openbabel/src/formats/pdbformat.cpp:739:34: note: directive argument in the range [-32768, 32767]
[INFO] [stderr] warning: openbabel-sys@0.5.4+openbabel-3.1.1:   739 |             snprintf(scharge, 3, "%+d", charge);
[INFO] [stderr] warning: openbabel-sys@0.5.4+openbabel-3.1.1:       |                                  ^~~~~
[INFO] [stderr] warning: openbabel-sys@0.5.4+openbabel-3.1.1: In function 'int snprintf(char*, size_t, const char*, ...)',
[INFO] [stderr] warning: openbabel-sys@0.5.4+openbabel-3.1.1:     inlined from 'virtual bool OpenBabel::PDBFormat::WriteMolecule(OpenBabel::OBBase*, OpenBabel::OBConversion*)' at openbabel/src/formats/pdbformat.cpp:739:21:
[INFO] [stderr] warning: openbabel-sys@0.5.4+openbabel-3.1.1: /usr/include/x86_64-linux-gnu/bits/stdio2.h:68:35: note: '__builtin___snprintf_chk' output between 3 and 7 bytes into a destination of size 3
[INFO] [stderr] warning: openbabel-sys@0.5.4+openbabel-3.1.1:    68 |   return __builtin___snprintf_chk (__s, __n, __USE_FORTIFY_LEVEL - 1,
[INFO] [stderr] warning: openbabel-sys@0.5.4+openbabel-3.1.1:       |          ~~~~~~~~~~~~~~~~~~~~~~~~~^~~~~~~~~~~~~~~~~~~~~~~~~~~~~~~~~~~
[INFO] [stderr] warning: openbabel-sys@0.5.4+openbabel-3.1.1:    69 |                                    __glibc_objsize (__s), __fmt,
[INFO] [stderr] warning: openbabel-sys@0.5.4+openbabel-3.1.1:       |                                    ~~~~~~~~~~~~~~~~~~~~~~~~~~~~~
[INFO] [stderr] warning: openbabel-sys@0.5.4+openbabel-3.1.1:    70 |                                    __va_arg_pack ());
[INFO] [stderr] warning: openbabel-sys@0.5.4+openbabel-3.1.1:       |                                    ~~~~~~~~~~~~~~~~~
[INFO] [stderr] warning: openbabel-sys@0.5.4+openbabel-3.1.1: openbabel/src/formats/pdbformat.cpp: In member function 'virtual bool OpenBabel::PDBFormat::ReadMolecule(OpenBabel::OBBase*, OpenBabel::OBConversion*)':
[INFO] [stderr] warning: openbabel-sys@0.5.4+openbabel-3.1.1: openbabel/src/formats/pdbformat.cpp:303:12: warning: 'char* __builtin_strncpy(char*, const char*, long unsigned int)' output may be truncated copying 5 bytes from a string of length 32761 [-Wstringop-truncation]
[INFO] [stderr] warning: openbabel-sys@0.5.4+openbabel-3.1.1:   303 |     strncpy(integerBuffer, buffer+columnAsSpecifiedInPDB-1, 5);
[INFO] [stderr] warning: openbabel-sys@0.5.4+openbabel-3.1.1:       |            ^
[INFO] [stderr] warning: openbabel-sys@0.5.4+openbabel-3.1.1: openbabel/src/formats/pdbformat.cpp:303:12: warning: 'char* __builtin_strncpy(char*, const char*, long unsigned int)' output may be truncated copying 5 bytes from a string of length 32756 [-Wstringop-truncation]
[INFO] [stderr] warning: openbabel-sys@0.5.4+openbabel-3.1.1: openbabel/src/formats/pdbformat.cpp:303:12: warning: 'char* __builtin_strncpy(char*, const char*, long unsigned int)' output may be truncated copying 5 bytes from a string of length 32751 [-Wstringop-truncation]
[INFO] [stderr] warning: openbabel-sys@0.5.4+openbabel-3.1.1: openbabel/src/formats/pdbformat.cpp:303:12: warning: 'char* __builtin_strncpy(char*, const char*, long unsigned int)' output may be truncated copying 5 bytes from a string of length 32746 [-Wstringop-truncation]
[INFO] [stderr] warning: openbabel-sys@0.5.4+openbabel-3.1.1: openbabel/src/formats/pdbformat.cpp:303:12: warning: 'char* __builtin_strncpy(char*, const char*, long unsigned int)' output may be truncated copying 5 bytes from a string of length 32741 [-Wstringop-truncation]
[INFO] [stderr] warning: openbabel-sys@0.5.4+openbabel-3.1.1: At global scope:
[INFO] [stderr] warning: openbabel-sys@0.5.4+openbabel-3.1.1: cc1plus: note: unrecognized command-line option '-Wno-unused-private-field' may have been intended to silence earlier diagnostics
[INFO] [stderr] warning: openbabel-sys@0.5.4+openbabel-3.1.1: openbabel/src/mcdlutil.cpp:423:5: warning: multi-line comment [-Wcomment]
[INFO] [stderr] warning: openbabel-sys@0.5.4+openbabel-3.1.1:   423 |     //                             /     \
[INFO] [stderr] warning: openbabel-sys@0.5.4+openbabel-3.1.1:       |     ^
[INFO] [stderr] warning: openbabel-sys@0.5.4+openbabel-3.1.1: cc1plus: note: unrecognized command-line option '-Wno-unused-private-field' may have been intended to silence earlier diagnostics
[INFO] [stderr]    Compiling tempfile v3.27.0
[INFO] [stderr]    Compiling openbabel-sys v0.5.4+openbabel-3.1.1 (/opt/rustwide/workdir)
[INFO] [stderr]     Finished `release` profile [optimized] target(s) in 3.33s
[INFO] running `Command { std: "docker" "inspect" "c862ef215166341bea40627d0634cfe4496a64bd3fc409c20d069496127e882c", kill_on_drop: false }`
[INFO] running `Command { std: "docker" "exec" "-e" "SOURCE_DIR=/opt/rustwide/workdir" "-e" "CARGO_HOME=/opt/rustwide/cargo-home" "-e" "RUSTUP_HOME=/opt/rustwide/rustup-home" "-e" "CARGO_TARGET_DIR=/opt/rustwide/target" "-e" "CARGO_INCREMENTAL=0" "-e" "RUST_BACKTRACE=full" "-e" "RUSTFLAGS=--cap-lints=warn" "-e" "RUSTDOCFLAGS=--cap-lints=warn" "-w" "/opt/rustwide/workdir" "--user" "0:0" "c862ef215166341bea40627d0634cfe4496a64bd3fc409c20d069496127e882c" "/opt/rustwide/cargo-home/bin/cargo" "+1.99.0-beta.8" "test" "--frozen" "--release", kill_on_drop: false }`
[INFO] [stderr] warning: openbabel-sys@0.5.4+openbabel-3.1.1: openbabel/src/formats/smilesformat.cpp: In member function 'bool OpenBabel::OBMol2Cansmi::GetSmilesElement(OpenBabel::OBCanSmiNode*, std::vector<OpenBabel::OBAtom*>&, std::vector<unsigned int>&, std::string&)':
[INFO] [stderr] warning: openbabel-sys@0.5.4+openbabel-3.1.1: openbabel/src/formats/smilesformat.cpp:2865:35: warning: '__builtin___snprintf_chk' output may be truncated before the last format character [-Wformat-truncation=]
[INFO] [stderr] warning: openbabel-sys@0.5.4+openbabel-3.1.1:  2865 |           snprintf(tcount, 10, "%d", hcount);
[INFO] [stderr] warning: openbabel-sys@0.5.4+openbabel-3.1.1:       |                                   ^
[INFO] [stderr] warning: openbabel-sys@0.5.4+openbabel-3.1.1: In file included from /usr/include/stdio.h:974,
[INFO] [stderr] warning: openbabel-sys@0.5.4+openbabel-3.1.1:                  from /usr/include/c++/15/cstdio:47,
[INFO] [stderr] warning: openbabel-sys@0.5.4+openbabel-3.1.1:                  from /usr/include/c++/15/ext/string_conversions.h:47,
[INFO] [stderr] warning: openbabel-sys@0.5.4+openbabel-3.1.1:                  from /usr/include/c++/15/bits/basic_string.h:4442,
[INFO] [stderr] warning: openbabel-sys@0.5.4+openbabel-3.1.1:                  from /usr/include/c++/15/string:56,
[INFO] [stderr] warning: openbabel-sys@0.5.4+openbabel-3.1.1:                  from /usr/include/c++/15/bits/locale_classes.h:42,
[INFO] [stderr] warning: openbabel-sys@0.5.4+openbabel-3.1.1:                  from /usr/include/c++/15/bits/ios_base.h:43,
[INFO] [stderr] warning: openbabel-sys@0.5.4+openbabel-3.1.1:                  from /usr/include/c++/15/ios:46,
[INFO] [stderr] warning: openbabel-sys@0.5.4+openbabel-3.1.1:                  from /usr/include/c++/15/bits/ostream.h:43,
[INFO] [stderr] warning: openbabel-sys@0.5.4+openbabel-3.1.1:                  from /usr/include/c++/15/ostream:42,
[INFO] [stderr] warning: openbabel-sys@0.5.4+openbabel-3.1.1:                  from /usr/include/c++/15/iostream:43,
[INFO] [stderr] warning: openbabel-sys@0.5.4+openbabel-3.1.1:                  from openbabel/include/openbabel/obconversion.h:24,
[INFO] [stderr] warning: openbabel-sys@0.5.4+openbabel-3.1.1:                  from openbabel/include/openbabel/obmolecformat.h:36,
[INFO] [stderr] warning: openbabel-sys@0.5.4+openbabel-3.1.1:                  from openbabel/src/formats/smilesformat.cpp:23:
[INFO] [stderr] warning: openbabel-sys@0.5.4+openbabel-3.1.1: In function 'int snprintf(char*, size_t, const char*, ...)',
[INFO] [stderr] warning: openbabel-sys@0.5.4+openbabel-3.1.1:     inlined from 'bool OpenBabel::OBMol2Cansmi::GetSmilesElement(OpenBabel::OBCanSmiNode*, std::vector<OpenBabel::OBAtom*>&, std::vector<unsigned int>&, std::string&)' at openbabel/src/formats/smilesformat.cpp:2865:19:
[INFO] [stderr] warning: openbabel-sys@0.5.4+openbabel-3.1.1: /usr/include/x86_64-linux-gnu/bits/stdio2.h:68:35: note: '__builtin___snprintf_chk' output between 2 and 11 bytes into a destination of size 10
[INFO] [stderr] warning: openbabel-sys@0.5.4+openbabel-3.1.1:    68 |   return __builtin___snprintf_chk (__s, __n, __USE_FORTIFY_LEVEL - 1,
[INFO] [stderr] warning: openbabel-sys@0.5.4+openbabel-3.1.1:       |          ~~~~~~~~~~~~~~~~~~~~~~~~~^~~~~~~~~~~~~~~~~~~~~~~~~~~~~~~~~~~
[INFO] [stderr] warning: openbabel-sys@0.5.4+openbabel-3.1.1:    69 |                                    __glibc_objsize (__s), __fmt,
[INFO] [stderr] warning: openbabel-sys@0.5.4+openbabel-3.1.1:       |                                    ~~~~~~~~~~~~~~~~~~~~~~~~~~~~~
[INFO] [stderr] warning: openbabel-sys@0.5.4+openbabel-3.1.1:    70 |                                    __va_arg_pack ());
[INFO] [stderr] warning: openbabel-sys@0.5.4+openbabel-3.1.1:       |                                    ~~~~~~~~~~~~~~~~~
[INFO] [stderr] warning: openbabel-sys@0.5.4+openbabel-3.1.1: openbabel/src/formats/smilesformat.cpp: In member function 'bool OpenBabel::OBMol2Cansmi::GetSmilesElement(OpenBabel::OBCanSmiNode*, std::vector<OpenBabel::OBAtom*>&, std::vector<unsigned int>&, std::string&)':
[INFO] [stderr] warning: openbabel-sys@0.5.4+openbabel-3.1.1: openbabel/src/formats/smilesformat.cpp:2865:35: warning: '__builtin___snprintf_chk' output may be truncated before the last format character [-Wformat-truncation=]
[INFO] [stderr] warning: openbabel-sys@0.5.4+openbabel-3.1.1:  2865 |           snprintf(tcount, 10, "%d", hcount);
[INFO] [stderr] warning: openbabel-sys@0.5.4+openbabel-3.1.1:       |                                   ^
[INFO] [stderr] warning: openbabel-sys@0.5.4+openbabel-3.1.1: In function 'int snprintf(char*, size_t, const char*, ...)',
[INFO] [stderr] warning: openbabel-sys@0.5.4+openbabel-3.1.1:     inlined from 'bool OpenBabel::OBMol2Cansmi::GetSmilesElement(OpenBabel::OBCanSmiNode*, std::vector<OpenBabel::OBAtom*>&, std::vector<unsigned int>&, std::string&)' at openbabel/src/formats/smilesformat.cpp:2865:19:
[INFO] [stderr] warning: openbabel-sys@0.5.4+openbabel-3.1.1: /usr/include/x86_64-linux-gnu/bits/stdio2.h:68:35: note: '__builtin___snprintf_chk' output between 2 and 11 bytes into a destination of size 10
[INFO] [stderr] warning: openbabel-sys@0.5.4+openbabel-3.1.1:    68 |   return __builtin___snprintf_chk (__s, __n, __USE_FORTIFY_LEVEL - 1,
[INFO] [stderr] warning: openbabel-sys@0.5.4+openbabel-3.1.1:       |          ~~~~~~~~~~~~~~~~~~~~~~~~~^~~~~~~~~~~~~~~~~~~~~~~~~~~~~~~~~~~
[INFO] [stderr] warning: openbabel-sys@0.5.4+openbabel-3.1.1:    69 |                                    __glibc_objsize (__s), __fmt,
[INFO] [stderr] warning: openbabel-sys@0.5.4+openbabel-3.1.1:       |                                    ~~~~~~~~~~~~~~~~~~~~~~~~~~~~~
[INFO] [stderr] warning: openbabel-sys@0.5.4+openbabel-3.1.1:    70 |                                    __va_arg_pack ());
[INFO] [stderr] warning: openbabel-sys@0.5.4+openbabel-3.1.1:       |                                    ~~~~~~~~~~~~~~~~~
[INFO] [stderr] warning: openbabel-sys@0.5.4+openbabel-3.1.1: openbabel/src/formats/smilesformat.cpp: In member function 'bool OpenBabel::OBMol2Cansmi::GetSmilesElement(OpenBabel::OBCanSmiNode*, std::vector<OpenBabel::OBAtom*>&, std::vector<unsigned int>&, std::string&)':
[INFO] [stderr] warning: openbabel-sys@0.5.4+openbabel-3.1.1: openbabel/src/formats/smilesformat.cpp:2857:35: warning: '__builtin___snprintf_chk' output may be truncated before the last format character [-Wformat-truncation=]
[INFO] [stderr] warning: openbabel-sys@0.5.4+openbabel-3.1.1:  2857 |           snprintf(tcount, 10, "%d", i);
[INFO] [stderr] warning: openbabel-sys@0.5.4+openbabel-3.1.1:       |                                   ^
[INFO] [stderr] warning: openbabel-sys@0.5.4+openbabel-3.1.1: In function 'int snprintf(char*, size_t, const char*, ...)',
[INFO] [stderr] warning: openbabel-sys@0.5.4+openbabel-3.1.1:     inlined from 'bool OpenBabel::OBMol2Cansmi::GetSmilesElement(OpenBabel::OBCanSmiNode*, std::vector<OpenBabel::OBAtom*>&, std::vector<unsigned int>&, std::string&)' at openbabel/src/formats/smilesformat.cpp:2857:19:
[INFO] [stderr] warning: openbabel-sys@0.5.4+openbabel-3.1.1: /usr/include/x86_64-linux-gnu/bits/stdio2.h:68:35: note: '__builtin___snprintf_chk' output between 2 and 11 bytes into a destination of size 10
[INFO] [stderr] warning: openbabel-sys@0.5.4+openbabel-3.1.1:    68 |   return __builtin___snprintf_chk (__s, __n, __USE_FORTIFY_LEVEL - 1,
[INFO] [stderr] warning: openbabel-sys@0.5.4+openbabel-3.1.1:       |          ~~~~~~~~~~~~~~~~~~~~~~~~~^~~~~~~~~~~~~~~~~~~~~~~~~~~~~~~~~~~
[INFO] [stderr] warning: openbabel-sys@0.5.4+openbabel-3.1.1:    69 |                                    __glibc_objsize (__s), __fmt,
[INFO] [stderr] warning: openbabel-sys@0.5.4+openbabel-3.1.1:       |                                    ~~~~~~~~~~~~~~~~~~~~~~~~~~~~~
[INFO] [stderr] warning: openbabel-sys@0.5.4+openbabel-3.1.1:    70 |                                    __va_arg_pack ());
[INFO] [stderr] warning: openbabel-sys@0.5.4+openbabel-3.1.1:       |                                    ~~~~~~~~~~~~~~~~~
[INFO] [stderr] warning: openbabel-sys@0.5.4+openbabel-3.1.1: openbabel/src/formats/smilesformat.cpp: In member function 'void OpenBabel::OBMol2Cansmi::ToCansmilesString(OpenBabel::OBCanSmiNode*, std::string&, OpenBabel::OBBitVec&, std::vector<unsigned int>&, std::vector<unsigned int>&)':
[INFO] [stderr] warning: openbabel-sys@0.5.4+openbabel-3.1.1: openbabel/src/formats/smilesformat.cpp:3531:32: warning: '%d' directive output may be truncated writing between 1 and 11 bytes into a region of size 8 [-Wformat-truncation=]
[INFO] [stderr] warning: openbabel-sys@0.5.4+openbabel-3.1.1:  3531 |           snprintf(digits, 8, "%d", bci->ringdigit);
[INFO] [stderr] warning: openbabel-sys@0.5.4+openbabel-3.1.1:       |                                ^~
[INFO] [stderr] warning: openbabel-sys@0.5.4+openbabel-3.1.1: openbabel/src/formats/smilesformat.cpp:3531:31: note: directive argument in the range [-2147483648, 99]
[INFO] [stderr] warning: openbabel-sys@0.5.4+openbabel-3.1.1:  3531 |           snprintf(digits, 8, "%d", bci->ringdigit);
[INFO] [stderr] warning: openbabel-sys@0.5.4+openbabel-3.1.1:       |                               ^~~~
[INFO] [stderr] warning: openbabel-sys@0.5.4+openbabel-3.1.1: In function 'int snprintf(char*, size_t, const char*, ...)',
[INFO] [stderr] warning: openbabel-sys@0.5.4+openbabel-3.1.1:     inlined from 'void OpenBabel::OBMol2Cansmi::ToCansmilesString(OpenBabel::OBCanSmiNode*, std::string&, OpenBabel::OBBitVec&, std::vector<unsigned int>&, std::vector<unsigned int>&)' at openbabel/src/formats/smilesformat.cpp:3531:19:
[INFO] [stderr] warning: openbabel-sys@0.5.4+openbabel-3.1.1: /usr/include/x86_64-linux-gnu/bits/stdio2.h:68:35: note: '__builtin___snprintf_chk' output between 2 and 12 bytes into a destination of size 8
[INFO] [stderr] warning: openbabel-sys@0.5.4+openbabel-3.1.1:    68 |   return __builtin___snprintf_chk (__s, __n, __USE_FORTIFY_LEVEL - 1,
[INFO] [stderr] warning: openbabel-sys@0.5.4+openbabel-3.1.1:       |          ~~~~~~~~~~~~~~~~~~~~~~~~~^~~~~~~~~~~~~~~~~~~~~~~~~~~~~~~~~~~
[INFO] [stderr] warning: openbabel-sys@0.5.4+openbabel-3.1.1:    69 |                                    __glibc_objsize (__s), __fmt,
[INFO] [stderr] warning: openbabel-sys@0.5.4+openbabel-3.1.1:       |                                    ~~~~~~~~~~~~~~~~~~~~~~~~~~~~~
[INFO] [stderr] warning: openbabel-sys@0.5.4+openbabel-3.1.1:    70 |                                    __va_arg_pack ());
[INFO] [stderr] warning: openbabel-sys@0.5.4+openbabel-3.1.1:       |                                    ~~~~~~~~~~~~~~~~~
[INFO] [stderr] warning: openbabel-sys@0.5.4+openbabel-3.1.1: At global scope:
[INFO] [stderr] warning: openbabel-sys@0.5.4+openbabel-3.1.1: cc1plus: note: unrecognized command-line option '-Wno-unused-private-field' may have been intended to silence earlier diagnostics
[INFO] [stderr] warning: openbabel-sys@0.5.4+openbabel-3.1.1: openbabel/src/formats/mdlformat.cpp: In member function 'std::string OpenBabel::MDLFormat::GetTimeDate()':
[INFO] [stderr] warning: openbabel-sys@0.5.4+openbabel-3.1.1: openbabel/src/formats/mdlformat.cpp:1709:27: warning: '%02d' directive output may be truncated writing between 2 and 11 bytes into a region of size between 0 and 9 [-Wformat-truncation=]
[INFO] [stderr] warning: openbabel-sys@0.5.4+openbabel-3.1.1:  1709 |     snprintf(td, 11, "%02d%02d%02d%02d%02d", ts->tm_mon+1, ts->tm_mday,
[INFO] [stderr] warning: openbabel-sys@0.5.4+openbabel-3.1.1:       |                           ^~~~
[INFO] [stderr] warning: openbabel-sys@0.5.4+openbabel-3.1.1: openbabel/src/formats/mdlformat.cpp:1709:22: note: directive argument in the range [-2147483648, 2147483547]
[INFO] [stderr] warning: openbabel-sys@0.5.4+openbabel-3.1.1:  1709 |     snprintf(td, 11, "%02d%02d%02d%02d%02d", ts->tm_mon+1, ts->tm_mday,
[INFO] [stderr] warning: openbabel-sys@0.5.4+openbabel-3.1.1:       |                      ^~~~~~~~~~~~~~~~~~~~~~
[INFO] [stderr] warning: openbabel-sys@0.5.4+openbabel-3.1.1: In file included from /usr/include/stdio.h:974,
[INFO] [stderr] warning: openbabel-sys@0.5.4+openbabel-3.1.1:                  from /usr/include/c++/15/cstdio:47,
[INFO] [stderr] warning: openbabel-sys@0.5.4+openbabel-3.1.1:                  from /usr/include/c++/15/ext/string_conversions.h:47,
[INFO] [stderr] warning: openbabel-sys@0.5.4+openbabel-3.1.1:                  from /usr/include/c++/15/bits/basic_string.h:4442,
[INFO] [stderr] warning: openbabel-sys@0.5.4+openbabel-3.1.1:                  from /usr/include/c++/15/string:56,
[INFO] [stderr] warning: openbabel-sys@0.5.4+openbabel-3.1.1:                  from /usr/include/c++/15/bits/locale_classes.h:42,
[INFO] [stderr] warning: openbabel-sys@0.5.4+openbabel-3.1.1:                  from /usr/include/c++/15/bits/ios_base.h:43,
[INFO] [stderr] warning: openbabel-sys@0.5.4+openbabel-3.1.1:                  from /usr/include/c++/15/iomanip:47,
[INFO] [stderr] warning: openbabel-sys@0.5.4+openbabel-3.1.1:                  from openbabel/src/formats/mdlformat.cpp:27:
[INFO] [stderr] warning: openbabel-sys@0.5.4+openbabel-3.1.1: In function 'int snprintf(char*, size_t, const char*, ...)',
[INFO] [stderr] warning: openbabel-sys@0.5.4+openbabel-3.1.1:     inlined from 'std::string OpenBabel::MDLFormat::GetTimeDate()' at openbabel/src/formats/mdlformat.cpp:1709:13:
[INFO] [stderr] warning: openbabel-sys@0.5.4+openbabel-3.1.1: /usr/include/x86_64-linux-gnu/bits/stdio2.h:68:35: note: '__builtin___snprintf_chk' output between 11 and 56 bytes into a destination of size 11
[INFO] [stderr] warning: openbabel-sys@0.5.4+openbabel-3.1.1:    68 |   return __builtin___snprintf_chk (__s, __n, __USE_FORTIFY_LEVEL - 1,
[INFO] [stderr] warning: openbabel-sys@0.5.4+openbabel-3.1.1:       |          ~~~~~~~~~~~~~~~~~~~~~~~~~^~~~~~~~~~~~~~~~~~~~~~~~~~~~~~~~~~~
[INFO] [stderr] warning: openbabel-sys@0.5.4+openbabel-3.1.1:    69 |                                    __glibc_objsize (__s), __fmt,
[INFO] [stderr] warning: openbabel-sys@0.5.4+openbabel-3.1.1:       |                                    ~~~~~~~~~~~~~~~~~~~~~~~~~~~~~
[INFO] [stderr] warning: openbabel-sys@0.5.4+openbabel-3.1.1:    70 |                                    __va_arg_pack ());
[INFO] [stderr] warning: openbabel-sys@0.5.4+openbabel-3.1.1:       |                                    ~~~~~~~~~~~~~~~~~
[INFO] [stderr] warning: openbabel-sys@0.5.4+openbabel-3.1.1: At global scope:
[INFO] [stderr] warning: openbabel-sys@0.5.4+openbabel-3.1.1: cc1plus: note: unrecognized command-line option '-Wno-unused-private-field' may have been intended to silence earlier diagnostics
[INFO] [stderr] warning: openbabel-sys@0.5.4+openbabel-3.1.1: openbabel/src/formats/pdbformat.cpp: In member function 'virtual bool OpenBabel::PDBFormat::WriteMolecule(OpenBabel::OBBase*, OpenBabel::OBConversion*)':
[INFO] [stderr] warning: openbabel-sys@0.5.4+openbabel-3.1.1: openbabel/src/formats/pdbformat.cpp:684:58: warning: '__builtin___snprintf_chk' output may be truncated before the last format character [-Wformat-truncation=]
[INFO] [stderr] warning: openbabel-sys@0.5.4+openbabel-3.1.1:   684 |             snprintf(type_name, sizeof(type_name), " %-3s", tmp);
[INFO] [stderr] warning: openbabel-sys@0.5.4+openbabel-3.1.1:       |                                                          ^
[INFO] [stderr] warning: openbabel-sys@0.5.4+openbabel-3.1.1: In file included from /usr/include/stdio.h:974,
[INFO] [stderr] warning: openbabel-sys@0.5.4+openbabel-3.1.1:                  from /usr/include/c++/15/cstdio:47,
[INFO] [stderr] warning: openbabel-sys@0.5.4+openbabel-3.1.1:                  from /usr/include/c++/15/ext/string_conversions.h:47,
[INFO] [stderr] warning: openbabel-sys@0.5.4+openbabel-3.1.1:                  from /usr/include/c++/15/bits/basic_string.h:4442,
[INFO] [stderr] warning: openbabel-sys@0.5.4+openbabel-3.1.1:                  from /usr/include/c++/15/string:56,
[INFO] [stderr] warning: openbabel-sys@0.5.4+openbabel-3.1.1:                  from /usr/include/c++/15/bits/locale_classes.h:42,
[INFO] [stderr] warning: openbabel-sys@0.5.4+openbabel-3.1.1:                  from /usr/include/c++/15/bits/ios_base.h:43,
[INFO] [stderr] warning: openbabel-sys@0.5.4+openbabel-3.1.1:                  from /usr/include/c++/15/ios:46,
[INFO] [stderr] warning: openbabel-sys@0.5.4+openbabel-3.1.1:                  from /usr/include/c++/15/bits/ostream.h:43,
[INFO] [stderr] warning: openbabel-sys@0.5.4+openbabel-3.1.1:                  from /usr/include/c++/15/ostream:42,
[INFO] [stderr] warning: openbabel-sys@0.5.4+openbabel-3.1.1:                  from /usr/include/c++/15/iostream:43,
[INFO] [stderr] warning: openbabel-sys@0.5.4+openbabel-3.1.1:                  from openbabel/include/openbabel/obconversion.h:24,
[INFO] [stderr] warning: openbabel-sys@0.5.4+openbabel-3.1.1:                  from openbabel/include/openbabel/obmolecformat.h:36,
[INFO] [stderr] warning: openbabel-sys@0.5.4+openbabel-3.1.1:                  from openbabel/src/formats/pdbformat.cpp:17:
[INFO] [stderr] warning: openbabel-sys@0.5.4+openbabel-3.1.1: In function 'int snprintf(char*, size_t, const char*, ...)',
[INFO] [stderr] warning: openbabel-sys@0.5.4+openbabel-3.1.1:     inlined from 'virtual bool OpenBabel::PDBFormat::WriteMolecule(OpenBabel::OBBase*, OpenBabel::OBConversion*)' at openbabel/src/formats/pdbformat.cpp:684:21:
[INFO] [stderr] warning: openbabel-sys@0.5.4+openbabel-3.1.1: /usr/include/x86_64-linux-gnu/bits/stdio2.h:68:35: note: '__builtin___snprintf_chk' output between 5 and 11 bytes into a destination of size 10
[INFO] [stderr] warning: openbabel-sys@0.5.4+openbabel-3.1.1:    68 |   return __builtin___snprintf_chk (__s, __n, __USE_FORTIFY_LEVEL - 1,
[INFO] [stderr] warning: openbabel-sys@0.5.4+openbabel-3.1.1:       |          ~~~~~~~~~~~~~~~~~~~~~~~~~^~~~~~~~~~~~~~~~~~~~~~~~~~~~~~~~~~~
[INFO] [stderr] warning: openbabel-sys@0.5.4+openbabel-3.1.1:    69 |                                    __glibc_objsize (__s), __fmt,
[INFO] [stderr] warning: openbabel-sys@0.5.4+openbabel-3.1.1:       |                                    ~~~~~~~~~~~~~~~~~~~~~~~~~~~~~
[INFO] [stderr] warning: openbabel-sys@0.5.4+openbabel-3.1.1:    70 |                                    __va_arg_pack ());
[INFO] [stderr] warning: openbabel-sys@0.5.4+openbabel-3.1.1:       |                                    ~~~~~~~~~~~~~~~~~
[INFO] [stderr] warning: openbabel-sys@0.5.4+openbabel-3.1.1: openbabel/src/formats/pdbformat.cpp: In member function 'virtual bool OpenBabel::PDBFormat::WriteMolecule(OpenBabel::OBBase*, OpenBabel::OBConversion*)':
[INFO] [stderr] warning: openbabel-sys@0.5.4+openbabel-3.1.1: openbabel/src/formats/pdbformat.cpp:702:70: warning: '__builtin___snprintf_chk' output may be truncated before the last format character [-Wformat-truncation=]
[INFO] [stderr] warning: openbabel-sys@0.5.4+openbabel-3.1.1:   702 |                     snprintf(padded_name, sizeof(padded_name), " %-3s", tmp);
[INFO] [stderr] warning: openbabel-sys@0.5.4+openbabel-3.1.1:       |                                                                      ^
[INFO] [stderr] warning: openbabel-sys@0.5.4+openbabel-3.1.1: In function 'int snprintf(char*, size_t, const char*, ...)',
[INFO] [stderr] warning: openbabel-sys@0.5.4+openbabel-3.1.1:     inlined from 'virtual bool OpenBabel::PDBFormat::WriteMolecule(OpenBabel::OBBase*, OpenBabel::OBConversion*)' at openbabel/src/formats/pdbformat.cpp:702:29:
[INFO] [stderr] warning: openbabel-sys@0.5.4+openbabel-3.1.1: /usr/include/x86_64-linux-gnu/bits/stdio2.h:68:35: note: '__builtin___snprintf_chk' output between 5 and 11 bytes into a destination of size 10
[INFO] [stderr] warning: openbabel-sys@0.5.4+openbabel-3.1.1:    68 |   return __builtin___snprintf_chk (__s, __n, __USE_FORTIFY_LEVEL - 1,
[INFO] [stderr] warning: openbabel-sys@0.5.4+openbabel-3.1.1:       |          ~~~~~~~~~~~~~~~~~~~~~~~~~^~~~~~~~~~~~~~~~~~~~~~~~~~~~~~~~~~~
[INFO] [stderr] warning: openbabel-sys@0.5.4+openbabel-3.1.1:    69 |                                    __glibc_objsize (__s), __fmt,
[INFO] [stderr] warning: openbabel-sys@0.5.4+openbabel-3.1.1:       |                                    ~~~~~~~~~~~~~~~~~~~~~~~~~~~~~
[INFO] [stderr] warning: openbabel-sys@0.5.4+openbabel-3.1.1:    70 |                                    __va_arg_pack ());
[INFO] [stderr] warning: openbabel-sys@0.5.4+openbabel-3.1.1:       |                                    ~~~~~~~~~~~~~~~~~
[INFO] [stderr] warning: openbabel-sys@0.5.4+openbabel-3.1.1: openbabel/src/formats/pdbformat.cpp: In member function 'virtual bool OpenBabel::PDBFormat::WriteMolecule(OpenBabel::OBBase*, OpenBabel::OBConversion*)':
[INFO] [stderr] warning: openbabel-sys@0.5.4+openbabel-3.1.1: openbabel/src/formats/pdbformat.cpp:739:35: warning: '%+d' directive output may be truncated writing between 2 and 6 bytes into a region of size 3 [-Wformat-truncation=]
[INFO] [stderr] warning: openbabel-sys@0.5.4+openbabel-3.1.1:   739 |             snprintf(scharge, 3, "%+d", charge);
[INFO] [stderr] warning: openbabel-sys@0.5.4+openbabel-3.1.1:       |                                   ^~~
[INFO] [stderr] warning: openbabel-sys@0.5.4+openbabel-3.1.1: openbabel/src/formats/pdbformat.cpp:739:34: note: directive argument in the range [-32768, 32767]
[INFO] [stderr] warning: openbabel-sys@0.5.4+openbabel-3.1.1:   739 |             snprintf(scharge, 3, "%+d", charge);
[INFO] [stderr] warning: openbabel-sys@0.5.4+openbabel-3.1.1:       |                                  ^~~~~
[INFO] [stderr] warning: openbabel-sys@0.5.4+openbabel-3.1.1: In function 'int snprintf(char*, size_t, const char*, ...)',
[INFO] [stderr] warning: openbabel-sys@0.5.4+openbabel-3.1.1:     inlined from 'virtual bool OpenBabel::PDBFormat::WriteMolecule(OpenBabel::OBBase*, OpenBabel::OBConversion*)' at openbabel/src/formats/pdbformat.cpp:739:21:
[INFO] [stderr] warning: openbabel-sys@0.5.4+openbabel-3.1.1: /usr/include/x86_64-linux-gnu/bits/stdio2.h:68:35: note: '__builtin___snprintf_chk' output between 3 and 7 bytes into a destination of size 3
[INFO] [stderr] warning: openbabel-sys@0.5.4+openbabel-3.1.1:    68 |   return __builtin___snprintf_chk (__s, __n, __USE_FORTIFY_LEVEL - 1,
[INFO] [stderr] warning: openbabel-sys@0.5.4+openbabel-3.1.1:       |          ~~~~~~~~~~~~~~~~~~~~~~~~~^~~~~~~~~~~~~~~~~~~~~~~~~~~~~~~~~~~
[INFO] [stderr] warning: openbabel-sys@0.5.4+openbabel-3.1.1:    69 |                                    __glibc_objsize (__s), __fmt,
[INFO] [stderr] warning: openbabel-sys@0.5.4+openbabel-3.1.1:       |                                    ~~~~~~~~~~~~~~~~~~~~~~~~~~~~~
[INFO] [stderr] warning: openbabel-sys@0.5.4+openbabel-3.1.1:    70 |                                    __va_arg_pack ());
[INFO] [stderr] warning: openbabel-sys@0.5.4+openbabel-3.1.1:       |                                    ~~~~~~~~~~~~~~~~~
[INFO] [stderr] warning: openbabel-sys@0.5.4+openbabel-3.1.1: openbabel/src/formats/pdbformat.cpp: In member function 'virtual bool OpenBabel::PDBFormat::ReadMolecule(OpenBabel::OBBase*, OpenBabel::OBConversion*)':
[INFO] [stderr] warning: openbabel-sys@0.5.4+openbabel-3.1.1: openbabel/src/formats/pdbformat.cpp:303:12: warning: 'char* __builtin_strncpy(char*, const char*, long unsigned int)' output may be truncated copying 5 bytes from a string of length 32761 [-Wstringop-truncation]
[INFO] [stderr] warning: openbabel-sys@0.5.4+openbabel-3.1.1:   303 |     strncpy(integerBuffer, buffer+columnAsSpecifiedInPDB-1, 5);
[INFO] [stderr] warning: openbabel-sys@0.5.4+openbabel-3.1.1:       |            ^
[INFO] [stderr] warning: openbabel-sys@0.5.4+openbabel-3.1.1: openbabel/src/formats/pdbformat.cpp:303:12: warning: 'char* __builtin_strncpy(char*, const char*, long unsigned int)' output may be truncated copying 5 bytes from a string of length 32756 [-Wstringop-truncation]
[INFO] [stderr] warning: openbabel-sys@0.5.4+openbabel-3.1.1: openbabel/src/formats/pdbformat.cpp:303:12: warning: 'char* __builtin_strncpy(char*, const char*, long unsigned int)' output may be truncated copying 5 bytes from a string of length 32751 [-Wstringop-truncation]
[INFO] [stderr] warning: openbabel-sys@0.5.4+openbabel-3.1.1: openbabel/src/formats/pdbformat.cpp:303:12: warning: 'char* __builtin_strncpy(char*, const char*, long unsigned int)' output may be truncated copying 5 bytes from a string of length 32746 [-Wstringop-truncation]
[INFO] [stderr] warning: openbabel-sys@0.5.4+openbabel-3.1.1: openbabel/src/formats/pdbformat.cpp:303:12: warning: 'char* __builtin_strncpy(char*, const char*, long unsigned int)' output may be truncated copying 5 bytes from a string of length 32741 [-Wstringop-truncation]
[INFO] [stderr] warning: openbabel-sys@0.5.4+openbabel-3.1.1: At global scope:
[INFO] [stderr] warning: openbabel-sys@0.5.4+openbabel-3.1.1: cc1plus: note: unrecognized command-line option '-Wno-unused-private-field' may have been intended to silence earlier diagnostics
[INFO] [stderr] warning: openbabel-sys@0.5.4+openbabel-3.1.1: openbabel/src/mcdlutil.cpp:423:5: warning: multi-line comment [-Wcomment]
[INFO] [stderr] warning: openbabel-sys@0.5.4+openbabel-3.1.1:   423 |     //                             /     \
[INFO] [stderr] warning: openbabel-sys@0.5.4+openbabel-3.1.1:       |     ^
[INFO] [stderr] warning: openbabel-sys@0.5.4+openbabel-3.1.1: cc1plus: note: unrecognized command-line option '-Wno-unused-private-field' may have been intended to silence earlier diagnostics
[INFO] [stderr]     Finished `release` profile [optimized] target(s) in 0.11s
[INFO] [stderr]      Running unittests src/lib.rs (/opt/rustwide/target/release/deps/openbabel_sys-ff281387a0282865)
[INFO] [stdout] 
[INFO] [stdout] running 11 tests
[INFO] [stderr] ==============================
[INFO] [stdout] test tests::test::test_fingerprint ... ok
[INFO] [stderr] *** Open Babel Error  in ParseParamFile
[INFO] [stdout] test tests::test::test_mol ... ok
[INFO] [stderr]   Cannot open parameter file
[INFO] [stdout] test tests::test::test_smarts_pattern ... ok
[INFO] [stderr] ==============================
[INFO] [stdout] test tests::test::test_is_setup_needed ... ok
[INFO] [stderr] *** Open Babel Error  in OBForceField_setup
[INFO] [stdout] test tests::test::test_read_write_from_file ... ok
[INFO] [stderr]   OBForceField->Setup() error
[INFO] [stderr] 
[INFO] [stderr] ==============================
[INFO] [stderr] *** Open Babel Error  in ParseParamFile
[INFO] [stderr]   Cannot open parameter file
[INFO] [stderr] ==============================
[INFO] [stderr] *** Open Babel Error  in ReadPatternFile
[INFO] [stderr]   Cannot open patterns.txt
[INFO] [stderr] 
[INFO] [stderr] ==============================
[INFO] [stderr] *** Open Babel Error  in OBForceField_setup
[INFO] [stderr]   OBForceField->Setup() error
[INFO] [stderr] 
[INFO] [stderr] ==============================
[INFO] [stderr] *** Open Babel Error  in ReadPatternFile
[INFO] [stderr]   Cannot open SMARTS_InteLigand.txt
[INFO] [stderr] 
[INFO] [stderr] ==============================
[INFO] [stderr] *** Open Babel Error  in ParseParamFile
[INFO] [stderr]   Cannot open UFF.prm
[INFO] [stderr] ==============================
[INFO] [stderr] *** Open Babel Error  in SetTypes
[INFO] [stderr]   Cannot open UFF.prm
[INFO] [stderr] ==============================
[INFO] [stderr] *** Open Babel Error  in OBForceField_setup
[INFO] [stderr]   OBForceField->Setup() error
[INFO] [stderr] 
[INFO] [stdout] test tests::test::test_optimize_directly ... FAILED
[INFO] [stderr] ==============================
[INFO] [stdout] test tests::test::test_read_from_str ... ok
[INFO] [stderr] *** Open Babel Error  in ParseParamFile
[INFO] [stdout] test tests::test::test_steepest_descent ... FAILED
[INFO] [stderr]   Cannot open parameter file
[INFO] [stdout] test tests::test::test_conjugate_gradient ... FAILED
[INFO] [stderr] ==============================
[INFO] [stdout] test tests::test::test_write_to_str ... ok
[INFO] [stderr] *** Open Babel Error  in OBForceField_setup
[INFO] [stdout] test tests::test::test_supported_formats ... FAILED
[INFO] [stderr]   OBForceField->Setup() error
[INFO] [stdout] 
[INFO] [stderr] 
[INFO] [stdout] failures:
[INFO] [stderr] error: test failed, to rerun pass `--lib`
[INFO] [stdout] 
[INFO] [stdout] ---- tests::test::test_optimize_directly stdout ----
[INFO] [stdout] 
[INFO] [stdout] thread 'tests::test::test_optimize_directly' (768) panicked at src/tests.rs:171:13:
[INFO] [stdout] assertion failed: beginning_energy > end_energy
[INFO] [stdout] stack backtrace:
[INFO] [stdout]    0:     0x6510ddff8391 - <<std[70759c8f55707aa4]::sys::backtrace::BacktraceLock>::print::DisplayBacktrace as core[df12db4294e9bfd3]::fmt::Display>::fmt
[INFO] [stdout]    1:     0x6510de00c77a - core[df12db4294e9bfd3]::fmt::write
[INFO] [stdout]    2:     0x6510ddffc8dc - <alloc[2182bb758b4b3781]::vec::Vec<u8> as core[df12db4294e9bfd3]::io::write::Write>::write_fmt
[INFO] [stdout]    3:     0x6510ddfd4526 - std[70759c8f55707aa4]::panicking::default_hook::{closure#0}
[INFO] [stdout]    4:     0x6510ddff09d9 - std[70759c8f55707aa4]::panicking::default_hook
[INFO] [stdout]    5:     0x6510ddf8ab00 - test[9d35eded1c95d3be]::test_main_inner::<test[9d35eded1c95d3be]::test_main_static::{closure#0}>::{closure#0}
[INFO] [stdout]    6:     0x6510ddff0b92 - std[70759c8f55707aa4]::panicking::panic_with_hook
[INFO] [stdout]    7:     0x6510ddfd4604 - std[70759c8f55707aa4]::panicking::panic_handler::{closure#0}
[INFO] [stdout]    8:     0x6510ddfcd279 - std[70759c8f55707aa4]::sys::backtrace::__rust_end_short_backtrace::<std[70759c8f55707aa4]::panicking::panic_handler::{closure#0}, !>
[INFO] [stdout]    9:     0x6510ddfd51cd - __rustc[8fa7c3cbc660c2b3]::rust_begin_unwind
[INFO] [stdout]   10:     0x6510de00ceac - core[df12db4294e9bfd3]::panicking::panic_fmt
[INFO] [stdout]   11:     0x6510de00ce72 - core[df12db4294e9bfd3]::panicking::panic
[INFO] [stdout]   12:     0x6510ddddcbf6 - <openbabel_sys[49151b31b9a01716]::tests::test::test_optimize_directly::{closure#0} as core[df12db4294e9bfd3]::ops::function::FnOnce<()>>::call_once
[INFO] [stdout]   13:     0x6510ddf7ddeb - test[9d35eded1c95d3be]::__rust_begin_short_backtrace::<core[df12db4294e9bfd3]::result::Result<(), alloc[2182bb758b4b3781]::string::String>, fn() -> core[df12db4294e9bfd3]::result::Result<(), alloc[2182bb758b4b3781]::string::String>>
[INFO] [stdout]   14:     0x6510ddf8b455 - test[9d35eded1c95d3be]::run_test::{closure#0}
[INFO] [stdout]   15:     0x6510ddf84d14 - std[70759c8f55707aa4]::sys::backtrace::__rust_begin_short_backtrace::<test[9d35eded1c95d3be]::run_test::{closure#1}, ()>
[INFO] [stdout]   16:     0x6510ddf8e5b2 - <std[70759c8f55707aa4]::thread::lifecycle::spawn_unchecked<test[9d35eded1c95d3be]::run_test::{closure#1}, ()>::{closure#1} as core[df12db4294e9bfd3]::ops::function::FnOnce<()>>::call_once::{shim:vtable#0}
[INFO] [stdout]   17:     0x6510ddff7c69 - <std[70759c8f55707aa4]::sys::thread::unix::Thread>::new::thread_start
[INFO] [stdout]   18:     0x7cf22e031dfa - <unknown>
[INFO] [stdout]   19:     0x7cf22e0c53d4 - clone
[INFO] [stdout]   20:                0x0 - <unknown>
[INFO] [stdout] 
[INFO] [stdout] ---- tests::test::test_steepest_descent stdout ----
[INFO] [stdout] 
[INFO] [stdout] thread 'tests::test::test_steepest_descent' (772) panicked at src/tests.rs:184:9:
[INFO] [stdout] assertion failed: ob::OBForceField_energy(&ff) > 4000.0
[INFO] [stdout] stack backtrace:
[INFO] [stdout]    0:     0x6510ddff8391 - <<std[70759c8f55707aa4]::sys::backtrace::BacktraceLock>::print::DisplayBacktrace as core[df12db4294e9bfd3]::fmt::Display>::fmt
[INFO] [stdout]    1:     0x6510de00c77a - core[df12db4294e9bfd3]::fmt::write
[INFO] [stdout]    2:     0x6510ddffc8dc - <alloc[2182bb758b4b3781]::vec::Vec<u8> as core[df12db4294e9bfd3]::io::write::Write>::write_fmt
[INFO] [stdout]    3:     0x6510ddfd4526 - std[70759c8f55707aa4]::panicking::default_hook::{closure#0}
[INFO] [stdout]    4:     0x6510ddff09d9 - std[70759c8f55707aa4]::panicking::default_hook
[INFO] [stdout]    5:     0x6510ddf8ab00 - test[9d35eded1c95d3be]::test_main_inner::<test[9d35eded1c95d3be]::test_main_static::{closure#0}>::{closure#0}
[INFO] [stdout]    6:     0x6510ddff0b92 - std[70759c8f55707aa4]::panicking::panic_with_hook
[INFO] [stdout]    7:     0x6510ddfd4604 - std[70759c8f55707aa4]::panicking::panic_handler::{closure#0}
[INFO] [stdout]    8:     0x6510ddfcd279 - std[70759c8f55707aa4]::sys::backtrace::__rust_end_short_backtrace::<std[70759c8f55707aa4]::panicking::panic_handler::{closure#0}, !>
[INFO] [stdout]    9:     0x6510ddfd51cd - __rustc[8fa7c3cbc660c2b3]::rust_begin_unwind
[INFO] [stdout]   10:     0x6510de00ceac - core[df12db4294e9bfd3]::panicking::panic_fmt
[INFO] [stdout]   11:     0x6510de00ce72 - core[df12db4294e9bfd3]::panicking::panic
[INFO] [stdout]   12:     0x6510ddddc68c - <openbabel_sys[49151b31b9a01716]::tests::test::test_steepest_descent::{closure#0} as core[df12db4294e9bfd3]::ops::function::FnOnce<()>>::call_once
[INFO] [stdout]   13:     0x6510ddf7ddeb - test[9d35eded1c95d3be]::__rust_begin_short_backtrace::<core[df12db4294e9bfd3]::result::Result<(), alloc[2182bb758b4b3781]::string::String>, fn() -> core[df12db4294e9bfd3]::result::Result<(), alloc[2182bb758b4b3781]::string::String>>
[INFO] [stdout]   14:     0x6510ddf8b455 - test[9d35eded1c95d3be]::run_test::{closure#0}
[INFO] [stdout]   15:     0x6510ddf84d14 - std[70759c8f55707aa4]::sys::backtrace::__rust_begin_short_backtrace::<test[9d35eded1c95d3be]::run_test::{closure#1}, ()>
[INFO] [stdout]   16:     0x6510ddf8e5b2 - <std[70759c8f55707aa4]::thread::lifecycle::spawn_unchecked<test[9d35eded1c95d3be]::run_test::{closure#1}, ()>::{closure#1} as core[df12db4294e9bfd3]::ops::function::FnOnce<()>>::call_once::{shim:vtable#0}
[INFO] [stdout]   17:     0x6510ddff7c69 - <std[70759c8f55707aa4]::sys::thread::unix::Thread>::new::thread_start
[INFO] [stdout]   18:     0x7cf22e031dfa - <unknown>
[INFO] [stdout]   19:     0x7cf22e0c53d4 - clone
[INFO] [stdout]   20:                0x0 - <unknown>
[INFO] [stdout] 
[INFO] [stdout] ---- tests::test::test_conjugate_gradient stdout ----
[INFO] [stdout] 
[INFO] [stdout] thread 'tests::test::test_conjugate_gradient' (764) panicked at src/tests.rs:200:9:
[INFO] [stdout] assertion failed: ob::OBForceField_energy(&ff) > 4000.0
[INFO] [stdout] stack backtrace:
[INFO] [stdout]    0:     0x6510ddff8391 - <<std[70759c8f55707aa4]::sys::backtrace::BacktraceLock>::print::DisplayBacktrace as core[df12db4294e9bfd3]::fmt::Display>::fmt
[INFO] [stdout]    1:     0x6510de00c77a - core[df12db4294e9bfd3]::fmt::write
[INFO] [stdout]    2:     0x6510ddffc8dc - <alloc[2182bb758b4b3781]::vec::Vec<u8> as core[df12db4294e9bfd3]::io::write::Write>::write_fmt
[INFO] [stdout]    3:     0x6510ddfd4526 - std[70759c8f55707aa4]::panicking::default_hook::{closure#0}
[INFO] [stdout]    4:     0x6510ddff09d9 - std[70759c8f55707aa4]::panicking::default_hook
[INFO] [stdout]    5:     0x6510ddf8ab00 - test[9d35eded1c95d3be]::test_main_inner::<test[9d35eded1c95d3be]::test_main_static::{closure#0}>::{closure#0}
[INFO] [stdout]    6:     0x6510ddff0b92 - std[70759c8f55707aa4]::panicking::panic_with_hook
[INFO] [stdout]    7:     0x6510ddfd4604 - std[70759c8f55707aa4]::panicking::panic_handler::{closure#0}
[INFO] [stdout]    8:     0x6510ddfcd279 - std[70759c8f55707aa4]::sys::backtrace::__rust_end_short_backtrace::<std[70759c8f55707aa4]::panicking::panic_handler::{closure#0}, !>
[INFO] [stdout]    9:     0x6510ddfd51cd - __rustc[8fa7c3cbc660c2b3]::rust_begin_unwind
[INFO] [stdout]   10:     0x6510de00ceac - core[df12db4294e9bfd3]::panicking::panic_fmt
[INFO] [stdout]   11:     0x6510de00ce72 - core[df12db4294e9bfd3]::panicking::panic
[INFO] [stdout]   12:     0x6510ddddd17c - <openbabel_sys[49151b31b9a01716]::tests::test::test_conjugate_gradient::{closure#0} as core[df12db4294e9bfd3]::ops::function::FnOnce<()>>::call_once
[INFO] [stdout]   13:     0x6510ddf7ddeb - test[9d35eded1c95d3be]::__rust_begin_short_backtrace::<core[df12db4294e9bfd3]::result::Result<(), alloc[2182bb758b4b3781]::string::String>, fn() -> core[df12db4294e9bfd3]::result::Result<(), alloc[2182bb758b4b3781]::string::String>>
[INFO] [stdout]   14:     0x6510ddf8b455 - test[9d35eded1c95d3be]::run_test::{closure#0}
[INFO] [stdout]   15:     0x6510ddf84d14 - std[70759c8f55707aa4]::sys::backtrace::__rust_begin_short_backtrace::<test[9d35eded1c95d3be]::run_test::{closure#1}, ()>
[INFO] [stdout]   16:     0x6510ddf8e5b2 - <std[70759c8f55707aa4]::thread::lifecycle::spawn_unchecked<test[9d35eded1c95d3be]::run_test::{closure#1}, ()>::{closure#1} as core[df12db4294e9bfd3]::ops::function::FnOnce<()>>::call_once::{shim:vtable#0}
[INFO] [stdout]   17:     0x6510ddff7c69 - <std[70759c8f55707aa4]::sys::thread::unix::Thread>::new::thread_start
[INFO] [stdout]   18:     0x7cf22e031dfa - <unknown>
[INFO] [stdout]   19:     0x7cf22e0c53d4 - clone
[INFO] [stdout]   20:                0x0 - <unknown>
[INFO] [stdout] 
[INFO] [stdout] ---- tests::test::test_supported_formats stdout ----
[INFO] [stdout] 
[INFO] [stdout] thread 'tests::test::test_supported_formats' (773) panicked at src/tests.rs:77:9:
[INFO] [stdout] assertion `left == right` failed: wrong amount of supported input formats
[INFO] [stdout]   left: 24
[INFO] [stdout]  right: 26
[INFO] [stdout] stack backtrace:
[INFO] [stdout]    0:     0x6510ddff8391 - <<std[70759c8f55707aa4]::sys::backtrace::BacktraceLock>::print::DisplayBacktrace as core[df12db4294e9bfd3]::fmt::Display>::fmt
[INFO] [stdout]    1:     0x6510de00c77a - core[df12db4294e9bfd3]::fmt::write
[INFO] [stdout]    2:     0x6510ddffc8dc - <alloc[2182bb758b4b3781]::vec::Vec<u8> as core[df12db4294e9bfd3]::io::write::Write>::write_fmt
[INFO] [stdout]    3:     0x6510ddfd4526 - std[70759c8f55707aa4]::panicking::default_hook::{closure#0}
[INFO] [stdout]    4:     0x6510ddff09d9 - std[70759c8f55707aa4]::panicking::default_hook
[INFO] [stdout]    5:     0x6510ddf8ab00 - test[9d35eded1c95d3be]::test_main_inner::<test[9d35eded1c95d3be]::test_main_static::{closure#0}>::{closure#0}
[INFO] [stdout]    6:     0x6510ddff0b92 - std[70759c8f55707aa4]::panicking::panic_with_hook
[INFO] [stdout]    7:     0x6510ddfd45d2 - std[70759c8f55707aa4]::panicking::panic_handler::{closure#0}
[INFO] [stdout]    8:     0x6510ddfcd279 - std[70759c8f55707aa4]::sys::backtrace::__rust_end_short_backtrace::<std[70759c8f55707aa4]::panicking::panic_handler::{closure#0}, !>
[INFO] [stdout]    9:     0x6510ddfd51cd - __rustc[8fa7c3cbc660c2b3]::rust_begin_unwind
[INFO] [stdout]   10:     0x6510de00ceac - core[df12db4294e9bfd3]::panicking::panic_fmt
[INFO] [stdout]   11:     0x6510de00ce23 - core[df12db4294e9bfd3]::panicking::assert_failed_inner
[INFO] [stdout]   12:     0x6510de0095e8 - core[df12db4294e9bfd3]::panicking::assert_failed::<usize, usize>
[INFO] [stdout]   13:     0x6510ddddcf81 - <openbabel_sys[49151b31b9a01716]::tests::test::test_supported_formats::{closure#0} as core[df12db4294e9bfd3]::ops::function::FnOnce<()>>::call_once
[INFO] [stdout]   14:     0x6510ddf7ddeb - test[9d35eded1c95d3be]::__rust_begin_short_backtrace::<core[df12db4294e9bfd3]::result::Result<(), alloc[2182bb758b4b3781]::string::String>, fn() -> core[df12db4294e9bfd3]::result::Result<(), alloc[2182bb758b4b3781]::string::String>>
[INFO] [stdout]   15:     0x6510ddf8b455 - test[9d35eded1c95d3be]::run_test::{closure#0}
[INFO] [stdout]   16:     0x6510ddf84d14 - std[70759c8f55707aa4]::sys::backtrace::__rust_begin_short_backtrace::<test[9d35eded1c95d3be]::run_test::{closure#1}, ()>
[INFO] [stdout]   17:     0x6510ddf8e5b2 - <std[70759c8f55707aa4]::thread::lifecycle::spawn_unchecked<test[9d35eded1c95d3be]::run_test::{closure#1}, ()>::{closure#1} as core[df12db4294e9bfd3]::ops::function::FnOnce<()>>::call_once::{shim:vtable#0}
[INFO] [stdout]   18:     0x6510ddff7c69 - <std[70759c8f55707aa4]::sys::thread::unix::Thread>::new::thread_start
[INFO] [stdout]   19:     0x7cf22e031dfa - <unknown>
[INFO] [stdout]   20:     0x7cf22e0c53d4 - clone
[INFO] [stdout]   21:                0x0 - <unknown>
[INFO] [stdout] 
[INFO] [stdout] 
[INFO] [stdout] failures:
[INFO] [stdout]     tests::test::test_conjugate_gradient
[INFO] [stdout]     tests::test::test_optimize_directly
[INFO] [stdout]     tests::test::test_steepest_descent
[INFO] [stdout]     tests::test::test_supported_formats
[INFO] [stdout] 
[INFO] [stdout] test result: FAILED. 7 passed; 4 failed; 0 ignored; 0 measured; 0 filtered out; finished in 0.01s
[INFO] [stdout] 
[INFO] running `Command { std: "docker" "inspect" "c862ef215166341bea40627d0634cfe4496a64bd3fc409c20d069496127e882c", kill_on_drop: false }`
[INFO] running `Command { std: "docker" "rm" "-f" "c862ef215166341bea40627d0634cfe4496a64bd3fc409c20d069496127e882c", kill_on_drop: false }`
[INFO] [stdout] c862ef215166341bea40627d0634cfe4496a64bd3fc409c20d069496127e882c
