[INFO] fetching crate openauth 0.0.6...
[INFO] testing openauth-0.0.6 against 1.99.0-beta.8+cargoflags=--release for beta-release-1.100-2
[INFO] extracting crate openauth 0.0.6 into /workspace/builds/worker-3-tc1/source
[INFO] started tweaking crates.io crate openauth 0.0.6
[INFO] removed 0 missing tests
[INFO] finished tweaking crates.io crate openauth 0.0.6
[INFO] tweaked toml for crates.io crate openauth 0.0.6 written to /workspace/builds/worker-3-tc1/source/Cargo.toml
[INFO] validating manifest of crates.io crate openauth 0.0.6 on toolchain 1.99.0-beta.8
[INFO] running `Command { std: CARGO_HOME="/workspace/cargo-home" RUSTUP_HOME="/workspace/rustup-home" "/workspace/cargo-home/bin/cargo" "+1.99.0-beta.8" "metadata" "--manifest-path" "Cargo.toml" "--no-deps", kill_on_drop: false }`
[INFO] crate crates.io crate openauth 0.0.6 already has a lockfile, it will not be regenerated
[INFO] running `Command { std: CARGO_HOME="/workspace/cargo-home" RUSTUP_HOME="/workspace/rustup-home" "/workspace/cargo-home/bin/cargo" "+1.99.0-beta.8" "fetch" "--manifest-path" "Cargo.toml", kill_on_drop: false }`
[INFO] [stderr]     Updating crates.io index
[INFO] [stderr]  Downloading crates ...
[INFO] [stderr]   Downloaded postgres-protocol v0.6.11
[INFO] [stderr]   Downloaded postgres-types v0.2.13
[INFO] [stderr]   Downloaded openauth-tokio-postgres v0.0.6
[INFO] [stderr]   Downloaded openauth-telemetry v0.0.6
[INFO] [stderr]   Downloaded openauth-oauth v0.0.6
[INFO] [stderr]   Downloaded tokio-postgres v0.7.17
[INFO] [stderr]   Downloaded openauth-stripe v0.0.6
[INFO] [stderr]   Downloaded openauth-saml v0.0.6
[INFO] [stderr]   Downloaded openauth-oidc v0.0.6
[INFO] [stderr]   Downloaded openauth-social-providers v0.0.6
[INFO] [stderr]   Downloaded openauth-sso v0.0.6
[INFO] [stderr]   Downloaded openauth-core v0.0.6
[INFO] [stderr]   Downloaded publicsuffix2 v0.5.2
[INFO] [stderr]   Downloaded webauthn-rs v0.5.5
[INFO] [stderr]   Downloaded openauth-passkey v0.0.6
[INFO] [stderr]   Downloaded openauth-sqlx v0.0.6
[INFO] [stderr]   Downloaded openauth-scim v0.0.6
[INFO] [stderr]   Downloaded webauthn-rs-core v0.5.5
[INFO] [stderr]   Downloaded base64urlsafedata v0.5.5
[INFO] [stderr]   Downloaded webauthn-attestation-ca v0.5.5
[INFO] [stderr]   Downloaded openauth-plugins v0.0.6
[INFO] [stderr]   Downloaded webauthn-rs-proto v0.5.5
[INFO] [stderr]   Downloaded serde_cbor_2 v0.13.0
[INFO] [stderr]   Downloaded openauth-deadpool-postgres v0.0.6
[INFO] [stderr]   Downloaded openauth-i18n v0.0.6
[INFO] running `Command { std: "docker" "create" "-v" "/var/lib/crater-agent-workspace/builds/worker-3-tc1/source:/opt/rustwide/workdir:ro,Z" "-v" "/var/lib/crater-agent-workspace/builds/worker-3-tc1/target:/opt/rustwide/target:rw,Z" "-v" "/var/lib/crater-agent-workspace/cargo-home:/opt/rustwide/cargo-home:ro,Z" "-v" "/var/lib/crater-agent-workspace/rustup-home:/opt/rustwide/rustup-home:ro,Z" "-m" "1610612736" "--network" "none" "ghcr.io/rust-lang/crates-build-env/linux@sha256:77db811e55d90add9212f6832c23229e3de5f1c1f9905e8cb07319ea15df73ac" "sleep" "infinity", kill_on_drop: false }`
[INFO] [stdout] 5432fb6d6444191539a9312da2b6985c108d6a86629d2f6e870bdda8ceeef466
[INFO] running `Command { std: "docker" "start" "5432fb6d6444191539a9312da2b6985c108d6a86629d2f6e870bdda8ceeef466", kill_on_drop: false }`
[INFO] running `Command { std: "docker" "inspect" "5432fb6d6444191539a9312da2b6985c108d6a86629d2f6e870bdda8ceeef466", kill_on_drop: false }`
[INFO] running `Command { std: "docker" "exec" "-e" "SOURCE_DIR=/opt/rustwide/workdir" "-e" "CARGO_HOME=/opt/rustwide/cargo-home" "-e" "RUSTUP_HOME=/opt/rustwide/rustup-home" "-e" "CARGO_TARGET_DIR=/opt/rustwide/target" "-w" "/opt/rustwide/workdir" "--user" "0:0" "5432fb6d6444191539a9312da2b6985c108d6a86629d2f6e870bdda8ceeef466" "/opt/rustwide/cargo-home/bin/cargo" "+1.99.0-beta.8" "metadata" "--no-deps" "--format-version=1", kill_on_drop: false }`
[INFO] running `Command { std: "docker" "inspect" "5432fb6d6444191539a9312da2b6985c108d6a86629d2f6e870bdda8ceeef466", kill_on_drop: false }`
[INFO] running `Command { std: "docker" "exec" "-e" "SOURCE_DIR=/opt/rustwide/workdir" "-e" "CARGO_HOME=/opt/rustwide/cargo-home" "-e" "RUSTUP_HOME=/opt/rustwide/rustup-home" "-e" "CARGO_TARGET_DIR=/opt/rustwide/target" "-e" "CARGO_INCREMENTAL=0" "-e" "RUST_BACKTRACE=full" "-e" "RUSTFLAGS=--cap-lints=warn" "-e" "RUSTDOCFLAGS=--cap-lints=warn" "-w" "/opt/rustwide/workdir" "--user" "0:0" "5432fb6d6444191539a9312da2b6985c108d6a86629d2f6e870bdda8ceeef466" "/opt/rustwide/cargo-home/bin/cargo" "+1.99.0-beta.8" "build" "--frozen" "--message-format=json" "--release", kill_on_drop: false }`
[INFO] [stderr]    Compiling zerofrom-derive v0.1.7
[INFO] [stderr]    Compiling yoke-derive v0.8.2
[INFO] [stderr]    Compiling crypto-common v0.1.7
[INFO] [stderr]    Compiling zerovec-derive v0.11.3
[INFO] [stderr]    Compiling tokio-macros v2.7.0
[INFO] [stderr]    Compiling futures-util v0.3.32
[INFO] [stderr]    Compiling ring v0.17.14
[INFO] [stderr]    Compiling openssl-sys v0.9.116
[INFO] [stderr]    Compiling serde_json v1.0.149
[INFO] [stderr]    Compiling serde v1.0.228
[INFO] [stderr]    Compiling indexmap v2.14.0
[INFO] [stderr]    Compiling inout v0.1.4
[INFO] [stderr]    Compiling openssl v0.10.80
[INFO] [stderr]    Compiling deranged v0.5.8
[INFO] [stderr]    Compiling time-core v0.1.8
[INFO] [stderr]    Compiling base64ct v1.8.3
[INFO] [stderr]    Compiling digest v0.10.7
[INFO] [stderr]    Compiling cipher v0.4.4
[INFO] [stderr]    Compiling universal-hash v0.5.1
[INFO] [stderr]    Compiling dashmap v6.2.1
[INFO] [stderr]    Compiling poly1305 v0.8.0
[INFO] [stderr]    Compiling aead v0.5.2
[INFO] [stderr]    Compiling salsa20 v0.10.2
[INFO] [stderr]    Compiling chacha20 v0.9.1
[INFO] [stderr]    Compiling sha2 v0.10.9
[INFO] [stderr]    Compiling hmac v0.12.1
[INFO] [stderr]    Compiling tokio v1.52.3
[INFO] [stderr]    Compiling pbkdf2 v0.12.2
[INFO] [stderr]    Compiling password-hash v0.5.0
[INFO] [stderr]    Compiling rand_chacha v0.3.1
[INFO] [stderr]    Compiling portable-atomic v1.13.1
[INFO] [stderr]    Compiling spinning_top v0.3.0
[INFO] [stderr]    Compiling nonzero_ext v0.3.0
[INFO] [stderr]    Compiling futures-timer v3.0.3
[INFO] [stderr]    Compiling rand v0.8.6
[INFO] [stderr]    Compiling chacha20poly1305 v0.10.1
[INFO] [stderr]    Compiling scrypt v0.11.0
[INFO] [stderr]    Compiling zerofrom v0.1.8
[INFO] [stderr]    Compiling yoke v0.8.2
[INFO] [stderr]    Compiling serde_urlencoded v0.7.1
[INFO] [stderr]    Compiling hkdf v0.12.4
[INFO] [stderr]    Compiling zerotrie v0.2.4
[INFO] [stderr]    Compiling zerovec v0.11.6
[INFO] [stderr]    Compiling time v0.3.47
[INFO] [stderr]    Compiling tinystr v0.8.3
[INFO] [stderr]    Compiling potential_utf v0.1.5
[INFO] [stderr]    Compiling icu_collections v2.2.0
[INFO] [stderr]    Compiling icu_locale_core v2.2.0
[INFO] [stderr]    Compiling rustls-webpki v0.103.13
[INFO] [stderr]    Compiling rustls v0.23.40
[INFO] [stderr]    Compiling governor v0.10.4
[INFO] [stderr]    Compiling icu_provider v2.2.0
[INFO] [stderr]    Compiling icu_normalizer v2.2.0
[INFO] [stderr]    Compiling icu_properties v2.2.0
[INFO] [stderr]    Compiling hyper v1.9.0
[INFO] [stderr]    Compiling tower v0.5.3
[INFO] [stderr]    Compiling josekit v0.10.3
[INFO] [stderr]    Compiling idna_adapter v1.2.2
[INFO] [stderr]    Compiling idna v1.1.0
[INFO] [stderr]    Compiling hyper-util v0.1.20
[INFO] [stderr]    Compiling url v2.5.8
[INFO] [stderr]    Compiling tower-http v0.6.11
[INFO] [stderr]    Compiling tokio-rustls v0.26.4
[INFO] [stderr]    Compiling hyper-rustls v0.27.9
[INFO] [stderr]    Compiling reqwest v0.12.28
[INFO] [stderr]    Compiling openauth-oauth v0.0.6
[INFO] [stderr]    Compiling openauth-social-providers v0.0.6
[INFO] [stderr]    Compiling openauth-core v0.0.6
[INFO] [stderr]    Compiling openauth-telemetry v0.0.6
[INFO] [stderr]    Compiling openauth v0.0.6 (/opt/rustwide/workdir)
[INFO] [stderr]     Finished `release` profile [optimized] target(s) in 2m 23s
[INFO] running `Command { std: "docker" "inspect" "5432fb6d6444191539a9312da2b6985c108d6a86629d2f6e870bdda8ceeef466", kill_on_drop: false }`
[INFO] running `Command { std: "docker" "exec" "-e" "SOURCE_DIR=/opt/rustwide/workdir" "-e" "CARGO_HOME=/opt/rustwide/cargo-home" "-e" "RUSTUP_HOME=/opt/rustwide/rustup-home" "-e" "CARGO_TARGET_DIR=/opt/rustwide/target" "-e" "CARGO_INCREMENTAL=0" "-e" "RUST_BACKTRACE=full" "-e" "RUSTFLAGS=--cap-lints=warn" "-e" "RUSTDOCFLAGS=--cap-lints=warn" "-w" "/opt/rustwide/workdir" "--user" "0:0" "5432fb6d6444191539a9312da2b6985c108d6a86629d2f6e870bdda8ceeef466" "/opt/rustwide/cargo-home/bin/cargo" "+1.99.0-beta.8" "test" "--frozen" "--no-run" "--message-format=json" "--release", kill_on_drop: false }`
[INFO] [stderr]    Compiling smallvec v1.15.1
[INFO] [stderr]    Compiling tokio v1.52.3
[INFO] [stderr]    Compiling digest v0.10.7
[INFO] [stderr]    Compiling futures-util v0.3.32
[INFO] [stderr]    Compiling serde_json v1.0.149
[INFO] [stderr]    Compiling indexmap v2.14.0
[INFO] [stderr]    Compiling tracing v0.1.44
[INFO] [stderr]    Compiling time-core v0.1.8
[INFO] [stderr]    Compiling deranged v0.5.8
[INFO] [stderr]    Compiling bitflags v2.11.1
[INFO] [stderr]    Compiling serde_urlencoded v0.7.1
[INFO] [stderr]    Compiling pem-rfc7468 v0.7.0
[INFO] [stderr]    Compiling openssl-macros v0.1.1
[INFO] [stderr]    Compiling concurrent-queue v2.5.0
[INFO] [stderr]    Compiling sha1_smol v1.0.1
[INFO] [stderr]    Compiling num-integer v0.1.46
[INFO] [stderr]    Compiling crossbeam-queue v0.3.12
[INFO] [stderr]    Compiling icu_normalizer v2.2.0
[INFO] [stderr]    Compiling time-macros v0.2.27
[INFO] [stderr]    Compiling parking_lot_core v0.9.12
[INFO] [stderr]    Compiling der v0.7.10
[INFO] [stderr]    Compiling event-listener v5.4.1
[INFO] [stderr]    Compiling openssl v0.10.80
[INFO] [stderr]    Compiling sha2 v0.10.9
[INFO] [stderr]    Compiling hmac v0.12.1
[INFO] [stderr]    Compiling uuid v1.23.1
[INFO] [stderr]    Compiling hkdf v0.12.4
[INFO] [stderr]    Compiling parking_lot v0.12.5
[INFO] [stderr]    Compiling either v1.15.0
[INFO] [stderr]    Compiling num-bigint-dig v0.8.6
[INFO] [stderr]    Compiling dashmap v6.2.1
[INFO] [stderr]    Compiling pbkdf2 v0.12.2
[INFO] [stderr]    Compiling num-iter v0.1.45
[INFO] [stderr]    Compiling lazy_static v1.5.0
[INFO] [stderr]    Compiling atoi v2.0.0
[INFO] [stderr]    Compiling md-5 v0.10.6
[INFO] [stderr]    Compiling idna_adapter v1.2.2
[INFO] [stderr]    Compiling futures-intrusive v0.5.0
[INFO] [stderr]    Compiling idna v1.1.0
[INFO] [stderr]    Compiling scrypt v0.11.0
[INFO] [stderr]    Compiling signature v2.2.0
[INFO] [stderr]    Compiling whoami v1.6.1
[INFO] [stderr]    Compiling libsqlite3-sys v0.30.1
[INFO] [stderr]    Compiling sha1 v0.10.6
[INFO] [stderr]    Compiling url v2.5.8
[INFO] [stderr]    Compiling spki v0.7.3
[INFO] [stderr]    Compiling flume v0.11.1
[INFO] [stderr]    Compiling home v0.5.12
[INFO] [stderr]    Compiling pkcs8 v0.10.2
[INFO] [stderr]    Compiling pkcs1 v0.7.5
[INFO] [stderr]    Compiling time v0.3.47
[INFO] [stderr]    Compiling rsa v0.9.10
[INFO] [stderr]    Compiling governor v0.10.4
[INFO] [stderr]    Compiling futures-executor v0.3.32
[INFO] [stderr]    Compiling josekit v0.10.3
[INFO] [stderr]    Compiling hyper v1.9.0
[INFO] [stderr]    Compiling tokio-rustls v0.26.4
[INFO] [stderr]    Compiling tower v0.5.3
[INFO] [stderr]    Compiling tokio-stream v0.1.18
[INFO] [stderr]    Compiling sqlx-core v0.8.6
[INFO] [stderr]    Compiling hyper-util v0.1.20
[INFO] [stderr]    Compiling tower-http v0.6.11
[INFO] [stderr]    Compiling hyper-rustls v0.27.9
[INFO] [stderr]    Compiling sqlx-mysql v0.8.6
[INFO] [stderr]    Compiling sqlx-postgres v0.8.6
[INFO] [stderr]    Compiling sqlx-sqlite v0.8.6
[INFO] [stderr]    Compiling reqwest v0.12.28
[INFO] [stderr]    Compiling openauth-oauth v0.0.6
[INFO] [stderr]    Compiling openauth-social-providers v0.0.6
[INFO] [stderr]    Compiling sqlx v0.8.6
[INFO] [stderr]    Compiling openauth-core v0.0.6
[INFO] [stderr]    Compiling openauth-telemetry v0.0.6
[INFO] [stderr]    Compiling openauth-sqlx v0.0.6
[INFO] [stderr]    Compiling openauth v0.0.6 (/opt/rustwide/workdir)
[INFO] [stderr]     Finished `release` profile [optimized] target(s) in 2m 47s
[INFO] running `Command { std: "docker" "inspect" "5432fb6d6444191539a9312da2b6985c108d6a86629d2f6e870bdda8ceeef466", kill_on_drop: false }`
[INFO] running `Command { std: "docker" "exec" "-e" "SOURCE_DIR=/opt/rustwide/workdir" "-e" "CARGO_HOME=/opt/rustwide/cargo-home" "-e" "RUSTUP_HOME=/opt/rustwide/rustup-home" "-e" "CARGO_TARGET_DIR=/opt/rustwide/target" "-e" "CARGO_INCREMENTAL=0" "-e" "RUST_BACKTRACE=full" "-e" "RUSTFLAGS=--cap-lints=warn" "-e" "RUSTDOCFLAGS=--cap-lints=warn" "-w" "/opt/rustwide/workdir" "--user" "0:0" "5432fb6d6444191539a9312da2b6985c108d6a86629d2f6e870bdda8ceeef466" "/opt/rustwide/cargo-home/bin/cargo" "+1.99.0-beta.8" "test" "--frozen" "--release", kill_on_drop: false }`
[INFO] [stderr]     Finished `release` profile [optimized] target(s) in 0.38s
[INFO] [stderr]      Running unittests src/lib.rs (/opt/rustwide/target/release/deps/openauth-d5ca0267928bbb44)
[INFO] [stderr]      Running tests/feature_flags.rs (/opt/rustwide/target/release/deps/feature_flags-256c10f90a87a9e1)
[INFO] [stdout] 
[INFO] [stdout] running 0 tests
[INFO] [stdout] 
[INFO] [stdout] test result: ok. 0 passed; 0 failed; 0 ignored; 0 measured; 0 filtered out; finished in 0.00s
[INFO] [stdout] 
[INFO] [stdout] 
[INFO] [stdout] running 2 tests
[INFO] [stdout] test oidc_feature_does_not_enable_saml_or_xml_dependencies ... ok
[INFO] [stdout] test sqlx_postgres_feature_does_not_enable_sqlite_driver ... ok
[INFO] [stdout] 
[INFO] [stdout] test result: ok. 2 passed; 0 failed; 0 ignored; 0 measured; 0 filtered out; finished in 0.34s
[INFO] [stdout] 
[INFO] [stderr]      Running tests/public_api.rs (/opt/rustwide/target/release/deps/public_api-b30131780fdbd7ad)
[INFO] [stdout] 
[INFO] [stdout] running 34 tests
[INFO] [stdout] test oauth_public_reexports_include_core_and_oauth_helpers ... ok
[INFO] [stdout] test openauth_crate_reexports_core_primitives ... ok
[INFO] [stdout] test openauth_create_schema_without_adapter_returns_invalid_config ... ok
[INFO] [stdout] test openauth_crate_accepts_social_oauth_runtime_providers ... ok
[INFO] [stdout] test openauth_crate_reexports_core_contract_types ... ok
[INFO] [stdout] test openauth_builder_accepts_adapter_and_extra_endpoints ... ok
[INFO] [stdout] test openauth_builder_exposes_primary_initializer ... ok
[INFO] [stdout] test openauth_crate_reexports_adapter_schema_contracts ... ok
[INFO] [stdout] test openauth_crate_reexports_oauth_and_social_provider_packages ... ok
[INFO] [stdout] test openauth_initializer_accepts_extra_endpoints_and_exposes_registry ... ok
[INFO] [stdout] test openauth_initializer_rejects_endpoint_conflicts ... ok
[INFO] [stdout] test openauth_crate_exposes_product_initializer ... ok
[INFO] [stdout] test openauth_create_schema_uses_plugin_augmented_schema ... ok
[INFO] [stdout] test openauth_run_migrations_without_adapter_returns_invalid_config ... ok
[INFO] [stdout] test openauth_instance_exposes_async_handler ... ok
[INFO] [stdout] test openauth_create_schema_includes_database_rate_limit_table ... ok
[INFO] [stdout] test rate_limit_builders_cover_distributed_and_hybrid_configuration ... ok
[INFO] [stdout] test openauth_run_migrations_uses_plugin_augmented_schema_and_is_explicit ... ok
[INFO] [stdout] test option_builders_cover_common_nested_configuration ... ok
[INFO] [stdout] test openauth_with_adapter_rejects_core_endpoint_conflicts ... ok
[INFO] [stdout] test sql_test_urls_default_to_docker_compose_services_when_env_is_unset ... ok
[INFO] [stdout] test openauth_builder_initializes_secondary_rate_limit_backend ... ok
[INFO] [stdout] test openauth_builder_initializes_memory_rate_limit_backend ... ok
[INFO] [stdout] test option_builder_aliases_match_new_constructors ... ok
[INFO] [stdout] test openauth_builder_uses_sqlx_rate_limit_store_with_handler_async ... ok
[INFO] [stdout] test sql_test_urls_allow_env_overrides ... ok
[INFO] [stdout] test openauth_with_adapter_supports_email_password_session_flow ... ok
[INFO] [stdout] test openauth_with_adapter_runs_database_hooks_for_core_endpoints ... ok
[INFO] [stdout] test openauth_with_adapter_supports_update_session_fields ... ok
[INFO] [stdout] test openauth_run_migrations_applies_sqlite_plugin_schema_and_http_flows ... ok
[INFO] [stdout] test openauth_with_adapter_supports_bulk_and_other_session_revocation ... ok
[INFO] [stdout] test openauth_with_adapter_supports_sign_in_and_session_revocation ... ok
[INFO] [stdout] test openauth_run_migrations_applies_mysql_plugin_schema_and_http_flows ... FAILED
[INFO] [stdout] test openauth_run_migrations_applies_postgres_plugin_schema_and_http_flows ... FAILED
[INFO] [stdout] 
[INFO] [stdout] failures:
[INFO] [stdout] 
[INFO] [stdout] ---- openauth_run_migrations_applies_mysql_plugin_schema_and_http_flows stdout ----
[INFO] [stdout] Error: PoolTimedOut
[INFO] [stdout] 
[INFO] [stdout] ---- openauth_run_migrations_applies_postgres_plugin_schema_and_http_flows stdout ----
[INFO] [stdout] Error: PoolTimedOut
[INFO] [stdout] 
[INFO] [stdout] 
[INFO] [stdout] failures:
[INFO] [stdout]     openauth_run_migrations_applies_mysql_plugin_schema_and_http_flows
[INFO] [stdout]     openauth_run_migrations_applies_postgres_plugin_schema_and_http_flows
[INFO] [stdout] 
[INFO] [stdout] test result: FAILED. 32 passed; 2 failed; 0 ignored; 0 measured; 0 filtered out; finished in 30.02s
[INFO] [stdout] 
[INFO] [stderr] error: test failed, to rerun pass `--test public_api`
[INFO] running `Command { std: "docker" "inspect" "5432fb6d6444191539a9312da2b6985c108d6a86629d2f6e870bdda8ceeef466", kill_on_drop: false }`
[INFO] running `Command { std: "docker" "rm" "-f" "5432fb6d6444191539a9312da2b6985c108d6a86629d2f6e870bdda8ceeef466", kill_on_drop: false }`
[INFO] [stdout] 5432fb6d6444191539a9312da2b6985c108d6a86629d2f6e870bdda8ceeef466
