[INFO] fetching crate openauth-sso 0.0.6...
[INFO] testing openauth-sso-0.0.6 against 1.100.0-beta.1+cargoflags=--release for beta-release-1.100-2
[INFO] extracting crate openauth-sso 0.0.6 into /workspace/builds/worker-4-tc2/source
[INFO] started tweaking crates.io crate openauth-sso 0.0.6
[INFO] removed 0 missing tests
[INFO] finished tweaking crates.io crate openauth-sso 0.0.6
[INFO] tweaked toml for crates.io crate openauth-sso 0.0.6 written to /workspace/builds/worker-4-tc2/source/Cargo.toml
[INFO] validating manifest of crates.io crate openauth-sso 0.0.6 on toolchain 1.100.0-beta.1
[INFO] running `Command { std: CARGO_HOME="/workspace/cargo-home" RUSTUP_HOME="/workspace/rustup-home" "/workspace/cargo-home/bin/cargo" "+1.100.0-beta.1" "metadata" "--manifest-path" "Cargo.toml" "--no-deps", kill_on_drop: false }`
[INFO] crate crates.io crate openauth-sso 0.0.6 already has a lockfile, it will not be regenerated
[INFO] running `Command { std: CARGO_HOME="/workspace/cargo-home" RUSTUP_HOME="/workspace/rustup-home" "/workspace/cargo-home/bin/cargo" "+1.100.0-beta.1" "fetch" "--manifest-path" "Cargo.toml", kill_on_drop: false }`
[INFO] [stderr] warning: `package.homepage` is redundant with `package.repository`
[INFO] [stderr]    --> Cargo.toml:134:12
[INFO] [stderr]     |
[INFO] [stderr] 134 | homepage = "https://github.com/sebasxsala/openauth-rs"
[INFO] [stderr]     |            ^^^^^^^^^^^^^^^^^^^^^^^^^^^^^^^^^^^^^^^^^^^
[INFO] [stderr] ...
[INFO] [stderr] 139 | repository = "https://github.com/sebasxsala/openauth-rs"
[INFO] [stderr]     |              -------------------------------------------
[INFO] [stderr]     |
[INFO] [stderr]     = note: `cargo::redundant_homepage` is set to `warn` by default
[INFO] [stderr] help: consider removing `package.homepage`
[INFO] [stderr] warning: `openauth-sso` (manifest) generated 1 warning
[INFO] running `Command { std: "docker" "create" "-v" "/var/lib/crater-agent-workspace/builds/worker-4-tc2/source:/opt/rustwide/workdir:ro,Z" "-v" "/var/lib/crater-agent-workspace/builds/worker-4-tc2/target:/opt/rustwide/target:rw,Z" "-v" "/var/lib/crater-agent-workspace/cargo-home:/opt/rustwide/cargo-home:ro,Z" "-v" "/var/lib/crater-agent-workspace/rustup-home:/opt/rustwide/rustup-home:ro,Z" "-m" "1610612736" "--network" "none" "ghcr.io/rust-lang/crates-build-env/linux@sha256:77db811e55d90add9212f6832c23229e3de5f1c1f9905e8cb07319ea15df73ac" "sleep" "infinity", kill_on_drop: false }`
[INFO] [stdout] 9a36688e1b613de896336bc4ce22635bbcaa80cfeaaf92ce1a154618477e7064
[INFO] running `Command { std: "docker" "start" "9a36688e1b613de896336bc4ce22635bbcaa80cfeaaf92ce1a154618477e7064", kill_on_drop: false }`
[INFO] running `Command { std: "docker" "inspect" "9a36688e1b613de896336bc4ce22635bbcaa80cfeaaf92ce1a154618477e7064", kill_on_drop: false }`
[INFO] running `Command { std: "docker" "exec" "-e" "SOURCE_DIR=/opt/rustwide/workdir" "-e" "CARGO_HOME=/opt/rustwide/cargo-home" "-e" "RUSTUP_HOME=/opt/rustwide/rustup-home" "-e" "CARGO_TARGET_DIR=/opt/rustwide/target" "-w" "/opt/rustwide/workdir" "--user" "0:0" "9a36688e1b613de896336bc4ce22635bbcaa80cfeaaf92ce1a154618477e7064" "/opt/rustwide/cargo-home/bin/cargo" "+1.100.0-beta.1" "metadata" "--no-deps" "--format-version=1", kill_on_drop: false }`
[INFO] running `Command { std: "docker" "inspect" "9a36688e1b613de896336bc4ce22635bbcaa80cfeaaf92ce1a154618477e7064", kill_on_drop: false }`
[INFO] running `Command { std: "docker" "exec" "-e" "SOURCE_DIR=/opt/rustwide/workdir" "-e" "CARGO_HOME=/opt/rustwide/cargo-home" "-e" "RUSTUP_HOME=/opt/rustwide/rustup-home" "-e" "CARGO_TARGET_DIR=/opt/rustwide/target" "-e" "CARGO_INCREMENTAL=0" "-e" "RUST_BACKTRACE=full" "-e" "RUSTFLAGS=--cap-lints=warn" "-e" "RUSTDOCFLAGS=--cap-lints=warn" "-w" "/opt/rustwide/workdir" "--user" "0:0" "9a36688e1b613de896336bc4ce22635bbcaa80cfeaaf92ce1a154618477e7064" "/opt/rustwide/cargo-home/bin/cargo" "+1.100.0-beta.1" "build" "--frozen" "--message-format=json" "--release", kill_on_drop: false }`
[INFO] [stderr] warning: `package.homepage` is redundant with `package.repository`
[INFO] [stderr]    --> Cargo.toml:134:12
[INFO] [stderr]     |
[INFO] [stderr] 134 | homepage = "https://github.com/sebasxsala/openauth-rs"
[INFO] [stderr]     |            ^^^^^^^^^^^^^^^^^^^^^^^^^^^^^^^^^^^^^^^^^^^
[INFO] [stderr] ...
[INFO] [stderr] 139 | repository = "https://github.com/sebasxsala/openauth-rs"
[INFO] [stderr]     |              -------------------------------------------
[INFO] [stderr]     |
[INFO] [stderr]     = note: `cargo::redundant_homepage` is set to `warn` by default
[INFO] [stderr] help: consider removing `package.homepage`
[INFO] [stderr] warning: `openauth-sso` (manifest) generated 1 warning
[INFO] [stderr]    Compiling portable-atomic v1.13.1
[INFO] [stderr]    Compiling generic-array v0.14.7
[INFO] [stderr]    Compiling base64ct v1.8.3
[INFO] [stderr]    Compiling num-traits v0.2.19
[INFO] [stderr]    Compiling syn v2.0.117
[INFO] [stderr]    Compiling zerocopy v0.8.48
[INFO] [stderr]    Compiling ff v0.13.1
[INFO] [stderr]    Compiling ring v0.17.14
[INFO] [stderr]    Compiling either v1.15.0
[INFO] [stderr]    Compiling tinyvec v1.11.0
[INFO] [stderr]    Compiling num-bigint-dig v0.8.6
[INFO] [stderr]    Compiling lazy_static v1.5.0
[INFO] [stderr]    Compiling rand v0.10.1
[INFO] [stderr]    Compiling data-encoding v2.11.0
[INFO] [stderr]    Compiling uuid v1.23.1
[INFO] [stderr]    Compiling crossbeam-channel v0.5.15
[INFO] [stderr]    Compiling spinning_top v0.3.0
[INFO] [stderr]    Compiling tagptr v0.2.0
[INFO] [stderr]    Compiling group v0.13.0
[INFO] [stderr]    Compiling nonzero_ext v0.3.0
[INFO] [stderr]    Compiling itertools v0.10.5
[INFO] [stderr]    Compiling indexmap v2.14.0
[INFO] [stderr]    Compiling resolv-conf v0.7.6
[INFO] [stderr]    Compiling pem-rfc7468 v0.7.0
[INFO] [stderr]    Compiling password-hash v0.5.0
[INFO] [stderr]    Compiling der v0.7.10
[INFO] [stderr]    Compiling unicode-normalization v0.1.25
[INFO] [stderr]    Compiling once_cell v1.21.4
[INFO] [stderr]    Compiling num-integer v0.1.46
[INFO] [stderr]    Compiling crypto-common v0.1.7
[INFO] [stderr]    Compiling block-buffer v0.10.4
[INFO] [stderr]    Compiling crypto-bigint v0.5.5
[INFO] [stderr]    Compiling tracing-core v0.1.36
[INFO] [stderr]    Compiling inout v0.1.4
[INFO] [stderr]    Compiling digest v0.10.7
[INFO] [stderr]    Compiling universal-hash v0.5.1
[INFO] [stderr]    Compiling ordered-float v2.10.1
[INFO] [stderr]    Compiling poly1305 v0.8.0
[INFO] [stderr]    Compiling cipher v0.4.4
[INFO] [stderr]    Compiling aead v0.5.2
[INFO] [stderr]    Compiling hmac v0.12.1
[INFO] [stderr]    Compiling sha2 v0.10.9
[INFO] [stderr]    Compiling signature v2.2.0
[INFO] [stderr]    Compiling num-iter v0.1.45
[INFO] [stderr]    Compiling chacha20 v0.9.1
[INFO] [stderr]    Compiling tracing v0.1.44
[INFO] [stderr]    Compiling hkdf v0.12.4
[INFO] [stderr]    Compiling rfc6979 v0.4.0
[INFO] [stderr]    Compiling pbkdf2 v0.12.2
[INFO] [stderr]    Compiling salsa20 v0.10.2
[INFO] [stderr]    Compiling dashmap v6.2.1
[INFO] [stderr]    Compiling chacha20poly1305 v0.10.1
[INFO] [stderr]    Compiling moka v0.12.15
[INFO] [stderr]    Compiling scrypt v0.11.0
[INFO] [stderr]    Compiling rustls-webpki v0.103.13
[INFO] [stderr]    Compiling spki v0.7.3
[INFO] [stderr]    Compiling pkcs8 v0.10.2
[INFO] [stderr]    Compiling sec1 v0.7.3
[INFO] [stderr]    Compiling pkcs1 v0.7.5
[INFO] [stderr]    Compiling ed25519 v2.2.3
[INFO] [stderr]    Compiling rustls v0.23.40
[INFO] [stderr]    Compiling elliptic-curve v0.13.8
[INFO] [stderr]    Compiling primeorder v0.13.6
[INFO] [stderr]    Compiling ecdsa v0.16.9
[INFO] [stderr]    Compiling p384 v0.13.1
[INFO] [stderr]    Compiling p256 v0.13.2
[INFO] [stderr]    Compiling synstructure v0.13.2
[INFO] [stderr]    Compiling darling_core v0.23.0
[INFO] [stderr]    Compiling zerofrom-derive v0.1.7
[INFO] [stderr]    Compiling yoke-derive v0.8.2
[INFO] [stderr]    Compiling zerovec-derive v0.11.3
[INFO] [stderr]    Compiling displaydoc v0.2.5
[INFO] [stderr]    Compiling serde_derive v1.0.228
[INFO] [stderr]    Compiling tokio-macros v2.7.0
[INFO] [stderr]    Compiling futures-macro v0.3.32
[INFO] [stderr]    Compiling thiserror-impl v2.0.18
[INFO] [stderr]    Compiling thiserror-impl v1.0.69
[INFO] [stderr]    Compiling curve25519-dalek-derive v0.1.1
[INFO] [stderr]    Compiling async-trait v0.1.89
[INFO] [stderr]    Compiling tokio v1.52.3
[INFO] [stderr]    Compiling curve25519-dalek v4.1.3
[INFO] [stderr]    Compiling zerofrom v0.1.8
[INFO] [stderr]    Compiling futures-util v0.3.32
[INFO] [stderr]    Compiling yoke v0.8.2
[INFO] [stderr]    Compiling thiserror v2.0.18
[INFO] [stderr]    Compiling zerovec v0.11.6
[INFO] [stderr]    Compiling zerotrie v0.2.4
[INFO] [stderr]    Compiling thiserror v1.0.69
[INFO] [stderr]    Compiling ppv-lite86 v0.2.21
[INFO] [stderr]    Compiling rand_chacha v0.3.1
[INFO] [stderr]    Compiling ed25519-dalek v2.2.0
[INFO] [stderr]    Compiling tinystr v0.8.3
[INFO] [stderr]    Compiling potential_utf v0.1.5
[INFO] [stderr]    Compiling icu_collections v2.2.0
[INFO] [stderr]    Compiling darling_macro v0.23.0
[INFO] [stderr]    Compiling icu_locale_core v2.2.0
[INFO] [stderr]    Compiling rand v0.8.6
[INFO] [stderr]    Compiling darling v0.23.0
[INFO] [stderr]    Compiling serde_with_macros v3.20.0
[INFO] [stderr]    Compiling serde v1.0.228
[INFO] [stderr]    Compiling ipnet v2.12.0
[INFO] [stderr]    Compiling serde_urlencoded v0.7.1
[INFO] [stderr]    Compiling chrono v0.4.44
[INFO] [stderr]    Compiling serde_plain v1.0.2
[INFO] [stderr]    Compiling serde-value v0.7.0
[INFO] [stderr]    Compiling serde_with v3.20.0
[INFO] [stderr]    Compiling icu_provider v2.2.0
[INFO] [stderr]    Compiling icu_properties v2.2.0
[INFO] [stderr]    Compiling icu_normalizer v2.2.0
[INFO] [stderr]    Compiling prefix-trie v0.8.4
[INFO] [stderr]    Compiling governor v0.10.4
[INFO] [stderr]    Compiling rsa v0.9.10
[INFO] [stderr]    Compiling idna_adapter v1.2.2
[INFO] [stderr]    Compiling idna v1.1.0
[INFO] [stderr]    Compiling url v2.5.8
[INFO] [stderr]    Compiling publicsuffix2 v0.5.2
[INFO] [stderr]    Compiling hyper v1.9.0
[INFO] [stderr]    Compiling tokio-rustls v0.26.4
[INFO] [stderr]    Compiling tower v0.5.3
[INFO] [stderr]    Compiling hickory-proto v0.26.1
[INFO] [stderr]    Compiling openauth-core v0.0.6
[INFO] [stderr]    Compiling tower-http v0.6.11
[INFO] [stderr]    Compiling hyper-util v0.1.20
[INFO] [stderr]    Compiling hyper-rustls v0.27.9
[INFO] [stderr]    Compiling reqwest v0.12.28
[INFO] [stderr]    Compiling hickory-net v0.26.1
[INFO] [stderr]    Compiling hickory-resolver v0.26.1
[INFO] [stderr]    Compiling oauth2 v5.0.0
[INFO] [stderr]    Compiling openauth-oauth v0.0.6
[INFO] [stderr]    Compiling openidconnect v4.0.1
[INFO] [stderr]    Compiling openauth-oidc v0.0.6
[INFO] [stderr]    Compiling openauth-sso v0.0.6 (/opt/rustwide/workdir)
[INFO] [stdout] warning: unused import: `SamlConfig`
[INFO] [stdout]   --> src/routes/provider_update.rs:17:30
[INFO] [stdout]    |
[INFO] [stdout] 17 |     OidcConfig, OidcMapping, SamlConfig, SamlMapping, SsoAuditEvent, SsoAuditEventKind,
[INFO] [stdout]    |                              ^^^^^^^^^^
[INFO] [stdout]    |
[INFO] [stdout]    = note: `#[warn(unused_imports)]` (part of `#[warn(unused)]`) on by default
[INFO] [stdout] 
[INFO] [stdout] 
[INFO] [stdout] warning: unused import: `http::Method`
[INFO] [stdout]   --> src/routes/mod.rs:20:5
[INFO] [stdout]    |
[INFO] [stdout] 20 | use http::Method;
[INFO] [stdout]    |     ^^^^^^^^^^^^
[INFO] [stdout] 
[INFO] [stdout] 
[INFO] [stdout] warning: unused import: `serde_json::json`
[INFO] [stdout]   --> src/routes/mod.rs:22:5
[INFO] [stdout]    |
[INFO] [stdout] 22 | use serde_json::json;
[INFO] [stdout]    |     ^^^^^^^^^^^^^^^^
[INFO] [stdout] 
[INFO] [stdout] 
[INFO] [stdout] warning: unused import: `crate::utils`
[INFO] [stdout]   --> src/routes/mod.rs:31:5
[INFO] [stdout]    |
[INFO] [stdout] 31 | use crate::utils;
[INFO] [stdout]    |     ^^^^^^^^^^^^
[INFO] [stdout] 
[INFO] [stdout] 
[INFO] [stdout] warning: unused import: `SamlConfig`
[INFO] [stdout]   --> src/store.rs:11:34
[INFO] [stdout]    |
[INFO] [stdout] 11 | use crate::options::{OidcConfig, SamlConfig};
[INFO] [stdout]    |                                  ^^^^^^^^^^
[INFO] [stdout] 
[INFO] [stdout] 
[INFO] [stdout] warning: function `saml_acs_body_schema` is never used
[INFO] [stdout]   --> src/openapi.rs:59:8
[INFO] [stdout]    |
[INFO] [stdout] 59 | pub fn saml_acs_body_schema() -> BodySchema {
[INFO] [stdout]    |        ^^^^^^^^^^^^^^^^^^^^
[INFO] [stdout]    |
[INFO] [stdout]    = note: `#[warn(dead_code)]` (part of `#[warn(unused)]`) on by default
[INFO] [stdout] 
[INFO] [stdout] 
[INFO] [stdout] warning: function `saml_slo_body_schema` is never used
[INFO] [stdout]   --> src/openapi.rs:66:8
[INFO] [stdout]    |
[INFO] [stdout] 66 | pub fn saml_slo_body_schema() -> BodySchema {
[INFO] [stdout]    |        ^^^^^^^^^^^^^^^^^^^^
[INFO] [stdout] 
[INFO] [stdout] 
[INFO] [stdout] warning: function `saml_logout_body_schema` is never used
[INFO] [stdout]   --> src/openapi.rs:74:8
[INFO] [stdout]    |
[INFO] [stdout] 74 | pub fn saml_logout_body_schema() -> BodySchema {
[INFO] [stdout]    |        ^^^^^^^^^^^^^^^^^^^^^^^
[INFO] [stdout] 
[INFO] [stdout] 
[INFO] [stdout] warning: function `html_response` is never used
[INFO] [stdout]    --> src/openapi.rs:156:8
[INFO] [stdout]     |
[INFO] [stdout] 156 | pub fn html_response(description: &str) -> Value {
[INFO] [stdout]     |        ^^^^^^^^^^^^^
[INFO] [stdout] 
[INFO] [stdout] 
[INFO] [stdout] warning: function `saml_metadata_response` is never used
[INFO] [stdout]    --> src/openapi.rs:167:8
[INFO] [stdout]     |
[INFO] [stdout] 167 | pub fn saml_metadata_response() -> Value {
[INFO] [stdout]     |        ^^^^^^^^^^^^^^^^^^^^^^
[INFO] [stdout] 
[INFO] [stdout] 
[INFO] [stdout] warning: multiple fields are never read
[INFO] [stdout]   --> src/routes/provider_update.rs:71:5
[INFO] [stdout]    |
[INFO] [stdout] 70 | struct UpdateSamlConfig {
[INFO] [stdout]    |        ---------------- fields in this struct
[INFO] [stdout] 71 |     issuer: Option<String>,
[INFO] [stdout]    |     ^^^^^^
[INFO] [stdout] 72 |     entry_point: Option<String>,
[INFO] [stdout]    |     ^^^^^^^^^^^
[INFO] [stdout] 73 |     cert: Option<String>,
[INFO] [stdout]    |     ^^^^
[INFO] [stdout] 74 |     callback_url: Option<String>,
[INFO] [stdout]    |     ^^^^^^^^^^^^
[INFO] [stdout] 75 |     acs_url: Option<String>,
[INFO] [stdout]    |     ^^^^^^^
[INFO] [stdout] 76 |     audience: Option<String>,
[INFO] [stdout]    |     ^^^^^^^^
[INFO] [stdout] 77 |     idp_metadata: Option<crate::options::SamlIdpMetadata>,
[INFO] [stdout]    |     ^^^^^^^^^^^^
[INFO] [stdout] 78 |     sp_metadata: Option<crate::options::SamlSpMetadata>,
[INFO] [stdout]    |     ^^^^^^^^^^^
[INFO] [stdout] 79 |     mapping: Option<SamlMapping>,
[INFO] [stdout]    |     ^^^^^^^
[INFO] [stdout] 80 |     want_assertions_signed: Option<bool>,
[INFO] [stdout]    |     ^^^^^^^^^^^^^^^^^^^^^^
[INFO] [stdout] 81 |     authn_requests_signed: Option<bool>,
[INFO] [stdout]    |     ^^^^^^^^^^^^^^^^^^^^^
[INFO] [stdout] 82 |     signature_algorithm: Option<String>,
[INFO] [stdout]    |     ^^^^^^^^^^^^^^^^^^^
[INFO] [stdout] 83 |     digest_algorithm: Option<String>,
[INFO] [stdout]    |     ^^^^^^^^^^^^^^^^
[INFO] [stdout] 84 |     identifier_format: Option<String>,
[INFO] [stdout]    |     ^^^^^^^^^^^^^^^^^
[INFO] [stdout] 85 |     private_key: Option<String>,
[INFO] [stdout]    |     ^^^^^^^^^^^
[INFO] [stdout] 86 |     decryption_pvk: Option<String>,
[INFO] [stdout]    |     ^^^^^^^^^^^^^^
[INFO] [stdout] 87 |     additional_params: Option<std::collections::BTreeMap<String, serde_json::Value>>,
[INFO] [stdout]    |     ^^^^^^^^^^^^^^^^^
[INFO] [stdout]    |
[INFO] [stdout]    = note: `UpdateSamlConfig` has a derived impl for the trait `Debug`, but this is intentionally ignored during dead code analysis
[INFO] [stdout] 
[INFO] [stdout] 
[INFO] [stdout] warning: method `delete` is never used
[INFO] [stdout]   --> src/state.rs:95:18
[INFO] [stdout]    |
[INFO] [stdout] 23 | impl<'a> SsoStateStore<'a> {
[INFO] [stdout]    | -------------------------- method in this implementation
[INFO] [stdout] ...
[INFO] [stdout] 95 |     pub async fn delete(&self, identifier: &str) -> Result<(), OpenAuthError> {
[INFO] [stdout]    |                  ^^^^^^
[INFO] [stdout] 
[INFO] [stdout] 
[INFO] [stderr]     Finished `release` profile [optimized] target(s) in 1m 10s
[INFO] running `Command { std: "docker" "inspect" "9a36688e1b613de896336bc4ce22635bbcaa80cfeaaf92ce1a154618477e7064", kill_on_drop: false }`
[INFO] running `Command { std: "docker" "exec" "-e" "SOURCE_DIR=/opt/rustwide/workdir" "-e" "CARGO_HOME=/opt/rustwide/cargo-home" "-e" "RUSTUP_HOME=/opt/rustwide/rustup-home" "-e" "CARGO_TARGET_DIR=/opt/rustwide/target" "-e" "CARGO_INCREMENTAL=0" "-e" "RUST_BACKTRACE=full" "-e" "RUSTFLAGS=--cap-lints=warn" "-e" "RUSTDOCFLAGS=--cap-lints=warn" "-w" "/opt/rustwide/workdir" "--user" "0:0" "9a36688e1b613de896336bc4ce22635bbcaa80cfeaaf92ce1a154618477e7064" "/opt/rustwide/cargo-home/bin/cargo" "+1.100.0-beta.1" "test" "--frozen" "--no-run" "--message-format=json" "--release", kill_on_drop: false }`
[INFO] [stderr] warning: `package.homepage` is redundant with `package.repository`
[INFO] [stderr]    --> Cargo.toml:134:12
[INFO] [stderr]     |
[INFO] [stderr] 134 | homepage = "https://github.com/sebasxsala/openauth-rs"
[INFO] [stderr]     |            ^^^^^^^^^^^^^^^^^^^^^^^^^^^^^^^^^^^^^^^^^^^
[INFO] [stderr] ...
[INFO] [stderr] 139 | repository = "https://github.com/sebasxsala/openauth-rs"
[INFO] [stderr]     |              -------------------------------------------
[INFO] [stderr]     |
[INFO] [stderr]     = note: `cargo::redundant_homepage` is set to `warn` by default
[INFO] [stderr] help: consider removing `package.homepage`
[INFO] [stderr] warning: `openauth-sso` (manifest) generated 1 warning
[INFO] [stderr]    Compiling serde_core v1.0.228
[INFO] [stderr]    Compiling serde v1.0.228
[INFO] [stderr]    Compiling tokio v1.52.3
[INFO] [stderr]    Compiling futures-util v0.3.32
[INFO] [stderr]    Compiling tracing-attributes v0.1.31
[INFO] [stderr]    Compiling serde_json v1.0.149
[INFO] [stderr]    Compiling time-core v0.1.8
[INFO] [stderr]    Compiling libsqlite3-sys v0.30.1
[INFO] [stderr]    Compiling openssl-sys v0.9.116
[INFO] [stderr]    Compiling concurrent-queue v2.5.0
[INFO] [stderr]    Compiling crc-catalog v2.5.0
[INFO] [stderr]    Compiling num-bigint-dig v0.8.6
[INFO] [stderr]    Compiling hashlink v0.10.0
[INFO] [stderr]    Compiling futures-intrusive v0.5.0
[INFO] [stderr]    Compiling crossbeam-queue v0.3.12
[INFO] [stderr]    Compiling flume v0.11.1
[INFO] [stderr]    Compiling atoi v2.0.0
[INFO] [stderr]    Compiling crc v3.4.0
[INFO] [stderr]    Compiling simd-adler32 v0.3.9
[INFO] [stderr]    Compiling time-macros v0.2.27
[INFO] [stderr]    Compiling openssl v0.10.80
[INFO] [stderr]    Compiling openssl-macros v0.1.1
[INFO] [stderr]    Compiling event-listener v5.4.1
[INFO] [stderr]    Compiling miniz_oxide v0.8.9
[INFO] [stderr]    Compiling flate2 v1.1.9
[INFO] [stderr]    Compiling tracing v0.1.44
[INFO] [stderr]    Compiling rsa v0.9.10
[INFO] [stderr]    Compiling indexmap v2.14.0
[INFO] [stderr]    Compiling deranged v0.5.8
[INFO] [stderr]    Compiling serde_path_to_error v0.1.20
[INFO] [stderr]    Compiling serde_with v3.20.0
[INFO] [stderr]    Compiling url v2.5.8
[INFO] [stderr]    Compiling ipnet v2.12.0
[INFO] [stderr]    Compiling either v1.15.0
[INFO] [stderr]    Compiling serde_urlencoded v0.7.1
[INFO] [stderr]    Compiling chrono v0.4.44
[INFO] [stderr]    Compiling serde-value v0.7.0
[INFO] [stderr]    Compiling serde_plain v1.0.2
[INFO] [stderr]    Compiling futures-executor v0.3.32
[INFO] [stderr]    Compiling governor v0.10.4
[INFO] [stderr]    Compiling prefix-trie v0.8.4
[INFO] [stderr]    Compiling itertools v0.10.5
[INFO] [stderr]    Compiling time v0.3.47
[INFO] [stderr]    Compiling hickory-proto v0.26.1
[INFO] [stderr]    Compiling hyper v1.9.0
[INFO] [stderr]    Compiling tower v0.5.3
[INFO] [stderr]    Compiling tokio-rustls v0.26.4
[INFO] [stderr]    Compiling tokio-stream v0.1.18
[INFO] [stderr]    Compiling tower-http v0.6.11
[INFO] [stderr]    Compiling hyper-util v0.1.20
[INFO] [stderr]    Compiling sqlx-core v0.8.6
[INFO] [stderr]    Compiling openauth-core v0.0.6
[INFO] [stderr]    Compiling josekit v0.10.3
[INFO] [stderr]    Compiling hickory-net v0.26.1
[INFO] [stderr]    Compiling hyper-rustls v0.27.9
[INFO] [stderr]    Compiling hickory-resolver v0.26.1
[INFO] [stderr]    Compiling reqwest v0.12.28
[INFO] [stderr]    Compiling oauth2 v5.0.0
[INFO] [stderr]    Compiling openauth-oauth v0.0.6
[INFO] [stderr]    Compiling openidconnect v4.0.1
[INFO] [stderr]    Compiling openauth-oidc v0.0.6
[INFO] [stderr]    Compiling openauth-sso v0.0.6 (/opt/rustwide/workdir)
[INFO] [stdout] warning: unused import: `SamlConfig`
[INFO] [stdout]   --> src/routes/provider_update.rs:17:30
[INFO] [stdout]    |
[INFO] [stdout] 17 |     OidcConfig, OidcMapping, SamlConfig, SamlMapping, SsoAuditEvent, SsoAuditEventKind,
[INFO] [stdout]    |                              ^^^^^^^^^^
[INFO] [stdout]    |
[INFO] [stdout]    = note: `#[warn(unused_imports)]` (part of `#[warn(unused)]`) on by default
[INFO] [stdout] 
[INFO] [stdout] 
[INFO] [stdout] warning: unused import: `http::Method`
[INFO] [stdout]   --> src/routes/mod.rs:20:5
[INFO] [stdout]    |
[INFO] [stdout] 20 | use http::Method;
[INFO] [stdout]    |     ^^^^^^^^^^^^
[INFO] [stdout] 
[INFO] [stdout] 
[INFO] [stdout] warning: unused import: `serde_json::json`
[INFO] [stdout]   --> src/routes/mod.rs:22:5
[INFO] [stdout]    |
[INFO] [stdout] 22 | use serde_json::json;
[INFO] [stdout]    |     ^^^^^^^^^^^^^^^^
[INFO] [stdout] 
[INFO] [stdout] 
[INFO] [stdout] warning: unused import: `crate::utils`
[INFO] [stdout]   --> src/routes/mod.rs:31:5
[INFO] [stdout]    |
[INFO] [stdout] 31 | use crate::utils;
[INFO] [stdout]    |     ^^^^^^^^^^^^
[INFO] [stdout] 
[INFO] [stdout] 
[INFO] [stdout] warning: unused import: `SamlConfig`
[INFO] [stdout]   --> src/store.rs:11:34
[INFO] [stdout]    |
[INFO] [stdout] 11 | use crate::options::{OidcConfig, SamlConfig};
[INFO] [stdout]    |                                  ^^^^^^^^^^
[INFO] [stdout] 
[INFO] [stdout] 
[INFO] [stdout] warning: function `saml_acs_body_schema` is never used
[INFO] [stdout]   --> src/openapi.rs:59:8
[INFO] [stdout]    |
[INFO] [stdout] 59 | pub fn saml_acs_body_schema() -> BodySchema {
[INFO] [stdout]    |        ^^^^^^^^^^^^^^^^^^^^
[INFO] [stdout]    |
[INFO] [stdout]    = note: `#[warn(dead_code)]` (part of `#[warn(unused)]`) on by default
[INFO] [stdout] 
[INFO] [stdout] 
[INFO] [stdout] warning: function `saml_slo_body_schema` is never used
[INFO] [stdout]   --> src/openapi.rs:66:8
[INFO] [stdout]    |
[INFO] [stdout] 66 | pub fn saml_slo_body_schema() -> BodySchema {
[INFO] [stdout]    |        ^^^^^^^^^^^^^^^^^^^^
[INFO] [stdout] 
[INFO] [stdout] 
[INFO] [stdout] warning: function `saml_logout_body_schema` is never used
[INFO] [stdout]   --> src/openapi.rs:74:8
[INFO] [stdout]    |
[INFO] [stdout] 74 | pub fn saml_logout_body_schema() -> BodySchema {
[INFO] [stdout]    |        ^^^^^^^^^^^^^^^^^^^^^^^
[INFO] [stdout] 
[INFO] [stdout] 
[INFO] [stdout] warning: function `html_response` is never used
[INFO] [stdout]    --> src/openapi.rs:156:8
[INFO] [stdout]     |
[INFO] [stdout] 156 | pub fn html_response(description: &str) -> Value {
[INFO] [stdout]     |        ^^^^^^^^^^^^^
[INFO] [stdout] 
[INFO] [stdout] 
[INFO] [stdout] warning: function `saml_metadata_response` is never used
[INFO] [stdout]    --> src/openapi.rs:167:8
[INFO] [stdout]     |
[INFO] [stdout] 167 | pub fn saml_metadata_response() -> Value {
[INFO] [stdout]     |        ^^^^^^^^^^^^^^^^^^^^^^
[INFO] [stdout] 
[INFO] [stdout] 
[INFO] [stdout] warning: multiple fields are never read
[INFO] [stdout]   --> src/routes/provider_update.rs:71:5
[INFO] [stdout]    |
[INFO] [stdout] 70 | struct UpdateSamlConfig {
[INFO] [stdout]    |        ---------------- fields in this struct
[INFO] [stdout] 71 |     issuer: Option<String>,
[INFO] [stdout]    |     ^^^^^^
[INFO] [stdout] 72 |     entry_point: Option<String>,
[INFO] [stdout]    |     ^^^^^^^^^^^
[INFO] [stdout] 73 |     cert: Option<String>,
[INFO] [stdout]    |     ^^^^
[INFO] [stdout] 74 |     callback_url: Option<String>,
[INFO] [stdout]    |     ^^^^^^^^^^^^
[INFO] [stdout] 75 |     acs_url: Option<String>,
[INFO] [stdout]    |     ^^^^^^^
[INFO] [stdout] 76 |     audience: Option<String>,
[INFO] [stdout]    |     ^^^^^^^^
[INFO] [stdout] 77 |     idp_metadata: Option<crate::options::SamlIdpMetadata>,
[INFO] [stdout]    |     ^^^^^^^^^^^^
[INFO] [stdout] 78 |     sp_metadata: Option<crate::options::SamlSpMetadata>,
[INFO] [stdout]    |     ^^^^^^^^^^^
[INFO] [stdout] 79 |     mapping: Option<SamlMapping>,
[INFO] [stdout]    |     ^^^^^^^
[INFO] [stdout] 80 |     want_assertions_signed: Option<bool>,
[INFO] [stdout]    |     ^^^^^^^^^^^^^^^^^^^^^^
[INFO] [stdout] 81 |     authn_requests_signed: Option<bool>,
[INFO] [stdout]    |     ^^^^^^^^^^^^^^^^^^^^^
[INFO] [stdout] 82 |     signature_algorithm: Option<String>,
[INFO] [stdout]    |     ^^^^^^^^^^^^^^^^^^^
[INFO] [stdout] 83 |     digest_algorithm: Option<String>,
[INFO] [stdout]    |     ^^^^^^^^^^^^^^^^
[INFO] [stdout] 84 |     identifier_format: Option<String>,
[INFO] [stdout]    |     ^^^^^^^^^^^^^^^^^
[INFO] [stdout] 85 |     private_key: Option<String>,
[INFO] [stdout]    |     ^^^^^^^^^^^
[INFO] [stdout] 86 |     decryption_pvk: Option<String>,
[INFO] [stdout]    |     ^^^^^^^^^^^^^^
[INFO] [stdout] 87 |     additional_params: Option<std::collections::BTreeMap<String, serde_json::Value>>,
[INFO] [stdout]    |     ^^^^^^^^^^^^^^^^^
[INFO] [stdout]    |
[INFO] [stdout]    = note: `UpdateSamlConfig` has a derived impl for the trait `Debug`, but this is intentionally ignored during dead code analysis
[INFO] [stdout] 
[INFO] [stdout] 
[INFO] [stdout] warning: method `delete` is never used
[INFO] [stdout]   --> src/state.rs:95:18
[INFO] [stdout]    |
[INFO] [stdout] 23 | impl<'a> SsoStateStore<'a> {
[INFO] [stdout]    | -------------------------- method in this implementation
[INFO] [stdout] ...
[INFO] [stdout] 95 |     pub async fn delete(&self, identifier: &str) -> Result<(), OpenAuthError> {
[INFO] [stdout]    |                  ^^^^^^
[INFO] [stdout] 
[INFO] [stdout] 
[INFO] [stderr]    Compiling sqlx-sqlite v0.8.6
[INFO] [stderr]    Compiling sqlx v0.8.6
[INFO] [stderr]    Compiling openauth-sqlx v0.0.6
[INFO] [stdout] warning: unused imports: `Update` and `Where`
[INFO] [stdout]  --> tests/sso/endpoints.rs:4:68
[INFO] [stdout]   |
[INFO] [stdout] 4 | use openauth_core::db::{Create, DbAdapter, DbValue, MemoryAdapter, Update, User, Where};
[INFO] [stdout]   |                                                                    ^^^^^^        ^^^^^
[INFO] [stdout]   |
[INFO] [stdout]   = note: `#[warn(unused_imports)]` (part of `#[warn(unused)]`) on by default
[INFO] [stdout] 
[INFO] [stdout] 
[INFO] [stdout] warning: unused import: `DeprecatedAlgorithmBehavior`
[INFO] [stdout]  --> tests/sso/endpoints.rs:7:29
[INFO] [stdout]   |
[INFO] [stdout] 7 |     CreateSsoProviderInput, DeprecatedAlgorithmBehavior, OidcConfig, SamlConfig, SamlSpMetadata,
[INFO] [stdout]   |                             ^^^^^^^^^^^^^^^^^^^^^^^^^^^
[INFO] [stdout] 
[INFO] [stdout] 
[INFO] [stdout] warning: unused import: `router_with_options_and_origin_security`
[INFO] [stdout]   --> tests/sso/endpoints.rs:16:44
[INFO] [stdout]    |
[INFO] [stdout] 16 |     router_with_options_and_extra_plugins, router_with_options_and_origin_security,
[INFO] [stdout]    |                                            ^^^^^^^^^^^^^^^^^^^^^^^^^^^^^^^^^^^^^^^
[INFO] [stdout] 
[INFO] [stdout] 
[INFO] [stdout] warning: unused import: `SamlConfig`
[INFO] [stdout]   --> src/routes/provider_update.rs:17:30
[INFO] [stdout]    |
[INFO] [stdout] 17 |     OidcConfig, OidcMapping, SamlConfig, SamlMapping, SsoAuditEvent, SsoAuditEventKind,
[INFO] [stdout]    |                              ^^^^^^^^^^
[INFO] [stdout]    |
[INFO] [stdout]    = note: `#[warn(unused_imports)]` (part of `#[warn(unused)]`) on by default
[INFO] [stdout] 
[INFO] [stdout] 
[INFO] [stdout] warning: unused import: `http::Method`
[INFO] [stdout]   --> src/routes/mod.rs:20:5
[INFO] [stdout]    |
[INFO] [stdout] 20 | use http::Method;
[INFO] [stdout]    |     ^^^^^^^^^^^^
[INFO] [stdout] 
[INFO] [stdout] 
[INFO] [stdout] warning: unused import: `serde_json::json`
[INFO] [stdout]   --> src/routes/mod.rs:22:5
[INFO] [stdout]    |
[INFO] [stdout] 22 | use serde_json::json;
[INFO] [stdout]    |     ^^^^^^^^^^^^^^^^
[INFO] [stdout] 
[INFO] [stdout] 
[INFO] [stdout] warning: unused import: `crate::utils`
[INFO] [stdout]   --> src/routes/mod.rs:31:5
[INFO] [stdout]    |
[INFO] [stdout] 31 | use crate::utils;
[INFO] [stdout]    |     ^^^^^^^^^^^^
[INFO] [stdout] 
[INFO] [stdout] 
[INFO] [stdout] warning: unused import: `SamlConfig`
[INFO] [stdout]   --> src/store.rs:11:34
[INFO] [stdout]    |
[INFO] [stdout] 11 | use crate::options::{OidcConfig, SamlConfig};
[INFO] [stdout]    |                                  ^^^^^^^^^^
[INFO] [stdout] 
[INFO] [stdout] 
[INFO] [stdout] warning: function `saml_acs_body_schema` is never used
[INFO] [stdout]   --> src/openapi.rs:59:8
[INFO] [stdout]    |
[INFO] [stdout] 59 | pub fn saml_acs_body_schema() -> BodySchema {
[INFO] [stdout]    |        ^^^^^^^^^^^^^^^^^^^^
[INFO] [stdout]    |
[INFO] [stdout]    = note: `#[warn(dead_code)]` (part of `#[warn(unused)]`) on by default
[INFO] [stdout] 
[INFO] [stdout] 
[INFO] [stdout] warning: function `saml_slo_body_schema` is never used
[INFO] [stdout]   --> src/openapi.rs:66:8
[INFO] [stdout]    |
[INFO] [stdout] 66 | pub fn saml_slo_body_schema() -> BodySchema {
[INFO] [stdout]    |        ^^^^^^^^^^^^^^^^^^^^
[INFO] [stdout] 
[INFO] [stdout] 
[INFO] [stdout] warning: function `saml_logout_body_schema` is never used
[INFO] [stdout]   --> src/openapi.rs:74:8
[INFO] [stdout]    |
[INFO] [stdout] 74 | pub fn saml_logout_body_schema() -> BodySchema {
[INFO] [stdout]    |        ^^^^^^^^^^^^^^^^^^^^^^^
[INFO] [stdout] 
[INFO] [stdout] 
[INFO] [stdout] warning: function `html_response` is never used
[INFO] [stdout]    --> src/openapi.rs:156:8
[INFO] [stdout]     |
[INFO] [stdout] 156 | pub fn html_response(description: &str) -> Value {
[INFO] [stdout]     |        ^^^^^^^^^^^^^
[INFO] [stdout] 
[INFO] [stdout] 
[INFO] [stdout] warning: function `saml_metadata_response` is never used
[INFO] [stdout]    --> src/openapi.rs:167:8
[INFO] [stdout]     |
[INFO] [stdout] 167 | pub fn saml_metadata_response() -> Value {
[INFO] [stdout]     |        ^^^^^^^^^^^^^^^^^^^^^^
[INFO] [stdout] 
[INFO] [stdout] 
[INFO] [stdout] warning: multiple fields are never read
[INFO] [stdout]   --> src/routes/provider_update.rs:71:5
[INFO] [stdout]    |
[INFO] [stdout] 70 | struct UpdateSamlConfig {
[INFO] [stdout]    |        ---------------- fields in this struct
[INFO] [stdout] 71 |     issuer: Option<String>,
[INFO] [stdout]    |     ^^^^^^
[INFO] [stdout] 72 |     entry_point: Option<String>,
[INFO] [stdout]    |     ^^^^^^^^^^^
[INFO] [stdout] 73 |     cert: Option<String>,
[INFO] [stdout]    |     ^^^^
[INFO] [stdout] 74 |     callback_url: Option<String>,
[INFO] [stdout]    |     ^^^^^^^^^^^^
[INFO] [stdout] 75 |     acs_url: Option<String>,
[INFO] [stdout]    |     ^^^^^^^
[INFO] [stdout] 76 |     audience: Option<String>,
[INFO] [stdout]    |     ^^^^^^^^
[INFO] [stdout] 77 |     idp_metadata: Option<crate::options::SamlIdpMetadata>,
[INFO] [stdout]    |     ^^^^^^^^^^^^
[INFO] [stdout] 78 |     sp_metadata: Option<crate::options::SamlSpMetadata>,
[INFO] [stdout]    |     ^^^^^^^^^^^
[INFO] [stdout] 79 |     mapping: Option<SamlMapping>,
[INFO] [stdout]    |     ^^^^^^^
[INFO] [stdout] 80 |     want_assertions_signed: Option<bool>,
[INFO] [stdout]    |     ^^^^^^^^^^^^^^^^^^^^^^
[INFO] [stdout] 81 |     authn_requests_signed: Option<bool>,
[INFO] [stdout]    |     ^^^^^^^^^^^^^^^^^^^^^
[INFO] [stdout] 82 |     signature_algorithm: Option<String>,
[INFO] [stdout]    |     ^^^^^^^^^^^^^^^^^^^
[INFO] [stdout] 83 |     digest_algorithm: Option<String>,
[INFO] [stdout]    |     ^^^^^^^^^^^^^^^^
[INFO] [stdout] 84 |     identifier_format: Option<String>,
[INFO] [stdout]    |     ^^^^^^^^^^^^^^^^^
[INFO] [stdout] 85 |     private_key: Option<String>,
[INFO] [stdout]    |     ^^^^^^^^^^^
[INFO] [stdout] 86 |     decryption_pvk: Option<String>,
[INFO] [stdout]    |     ^^^^^^^^^^^^^^
[INFO] [stdout] 87 |     additional_params: Option<std::collections::BTreeMap<String, serde_json::Value>>,
[INFO] [stdout]    |     ^^^^^^^^^^^^^^^^^
[INFO] [stdout]    |
[INFO] [stdout]    = note: `UpdateSamlConfig` has a derived impl for the trait `Debug`, but this is intentionally ignored during dead code analysis
[INFO] [stdout] 
[INFO] [stdout] 
[INFO] [stdout] warning: method `delete` is never used
[INFO] [stdout]   --> src/state.rs:95:18
[INFO] [stdout]    |
[INFO] [stdout] 23 | impl<'a> SsoStateStore<'a> {
[INFO] [stdout]    | -------------------------- method in this implementation
[INFO] [stdout] ...
[INFO] [stdout] 95 |     pub async fn delete(&self, identifier: &str) -> Result<(), OpenAuthError> {
[INFO] [stdout]    |                  ^^^^^^
[INFO] [stdout] 
[INFO] [stdout] 
[INFO] [stdout] warning: variable does not need to be mutable
[INFO] [stdout]  --> tests/sso/openapi.rs:7:9
[INFO] [stdout]   |
[INFO] [stdout] 7 |     let mut options = SsoOptions::default().domain_verification_enabled(true);
[INFO] [stdout]   |         ----^^^^^^^
[INFO] [stdout]   |         |
[INFO] [stdout]   |         help: remove this `mut`
[INFO] [stdout]   |
[INFO] [stdout]   = note: `#[warn(unused_mut)]` (part of `#[warn(unused)]`) on by default
[INFO] [stdout] 
[INFO] [stdout] 
[INFO] [stdout] warning: function `register_saml_provider` is never used
[INFO] [stdout]   --> tests/sso/endpoints/helpers.rs:36:21
[INFO] [stdout]    |
[INFO] [stdout] 36 | pub(super) async fn register_saml_provider(
[INFO] [stdout]    |                     ^^^^^^^^^^^^^^^^^^^^^^
[INFO] [stdout]    |
[INFO] [stdout]    = note: `#[warn(dead_code)]` (part of `#[warn(unused)]`) on by default
[INFO] [stdout] 
[INFO] [stdout] 
[INFO] [stdout] warning: function `register_saml_provider_allowing_unsigned_assertions` is never used
[INFO] [stdout]   --> tests/sso/endpoints/helpers.rs:64:21
[INFO] [stdout]    |
[INFO] [stdout] 64 | pub(super) async fn register_saml_provider_allowing_unsigned_assertions(
[INFO] [stdout]    |                     ^^^^^^^^^^^^^^^^^^^^^^^^^^^^^^^^^^^^^^^^^^^^^^^^^^^
[INFO] [stdout] 
[INFO] [stdout] 
[INFO] [stdout] warning: function `register_saml_provider_with_post_single_logout_service` is never used
[INFO] [stdout]   --> tests/sso/endpoints/helpers.rs:92:21
[INFO] [stdout]    |
[INFO] [stdout] 92 | pub(super) async fn register_saml_provider_with_post_single_logout_service(
[INFO] [stdout]    |                     ^^^^^^^^^^^^^^^^^^^^^^^^^^^^^^^^^^^^^^^^^^^^^^^^^^^^^^
[INFO] [stdout] 
[INFO] [stdout] 
[INFO] [stdout] warning: function `seed_saml_provider_record` is never used
[INFO] [stdout]    --> tests/sso/endpoints/helpers.rs:126:21
[INFO] [stdout]     |
[INFO] [stdout] 126 | pub(super) async fn seed_saml_provider_record(
[INFO] [stdout]     |                     ^^^^^^^^^^^^^^^^^^^^^^^^^
[INFO] [stdout] 
[INFO] [stdout] 
[INFO] [stdout] warning: function `default_saml_sso_options` is never used
[INFO] [stdout]    --> tests/sso/endpoints/helpers.rs:335:15
[INFO] [stdout]     |
[INFO] [stdout] 335 | pub(super) fn default_saml_sso_options() -> SsoOptions {
[INFO] [stdout]     |               ^^^^^^^^^^^^^^^^^^^^^^^^
[INFO] [stdout] 
[INFO] [stdout] 
[INFO] [stdout] warning: function `saml_sign_in_relay_state` is never used
[INFO] [stdout]    --> tests/sso/endpoints/helpers.rs:407:21
[INFO] [stdout]     |
[INFO] [stdout] 407 | pub(super) async fn saml_sign_in_relay_state(
[INFO] [stdout]     |                     ^^^^^^^^^^^^^^^^^^^^^^^^
[INFO] [stdout] 
[INFO] [stdout] 
[INFO] [stdout] warning: function `post_saml_acs` is never used
[INFO] [stdout]    --> tests/sso/endpoints/helpers.rs:425:21
[INFO] [stdout]     |
[INFO] [stdout] 425 | pub(super) async fn post_saml_acs(
[INFO] [stdout]     |                     ^^^^^^^^^^^^^
[INFO] [stdout] 
[INFO] [stdout] 
[INFO] [stdout] warning: function `set_cookie_header` is never used
[INFO] [stdout]    --> tests/sso/endpoints/helpers.rs:444:15
[INFO] [stdout]     |
[INFO] [stdout] 444 | pub(super) fn set_cookie_header(
[INFO] [stdout]     |               ^^^^^^^^^^^^^^^^^
[INFO] [stdout] 
[INFO] [stdout] 
[INFO] [stdout] warning: function `inflate_redirect_binding` is never used
[INFO] [stdout]    --> tests/sso/endpoints/helpers.rs:461:15
[INFO] [stdout]     |
[INFO] [stdout] 461 | pub(super) fn inflate_redirect_binding(value: &str) -> Result<String, Box<dyn std::error::Error>> {
[INFO] [stdout]     |               ^^^^^^^^^^^^^^^^^^^^^^^^
[INFO] [stdout] 
[INFO] [stdout] 
[INFO] [stdout] warning: function `logout_request_id_from_location` is never used
[INFO] [stdout]    --> tests/sso/endpoints/helpers.rs:469:15
[INFO] [stdout]     |
[INFO] [stdout] 469 | pub(super) fn logout_request_id_from_location(
[INFO] [stdout]     |               ^^^^^^^^^^^^^^^^^^^^^^^^^^^^^^^
[INFO] [stdout] 
[INFO] [stdout] 
[INFO] [stdout] warning: function `logout_response_xml` is never used
[INFO] [stdout]    --> tests/sso/endpoints/helpers.rs:485:15
[INFO] [stdout]     |
[INFO] [stdout] 485 | pub(super) fn logout_response_xml(
[INFO] [stdout]     |               ^^^^^^^^^^^^^^^^^^^
[INFO] [stdout] 
[INFO] [stdout] 
[INFO] [stdout] warning: function `logout_request_xml` is never used
[INFO] [stdout]    --> tests/sso/endpoints/helpers.rs:499:15
[INFO] [stdout]     |
[INFO] [stdout] 499 | pub(super) fn logout_request_xml(id: &str) -> Result<String, Box<dyn std::error::Error>> {
[INFO] [stdout]     |               ^^^^^^^^^^^^^^^^^^
[INFO] [stdout] 
[INFO] [stdout] 
[INFO] [stdout] warning: function `valid_saml_response` is never used
[INFO] [stdout]    --> tests/sso/endpoints/helpers.rs:512:15
[INFO] [stdout]     |
[INFO] [stdout] 512 | pub(super) fn valid_saml_response(
[INFO] [stdout]     |               ^^^^^^^^^^^^^^^^^^^
[INFO] [stdout] 
[INFO] [stdout] 
[INFO] [stdout] warning: function `encrypted_saml_response` is never used
[INFO] [stdout]    --> tests/sso/endpoints/helpers.rs:549:15
[INFO] [stdout]     |
[INFO] [stdout] 549 | pub(super) fn encrypted_saml_response(
[INFO] [stdout]     |               ^^^^^^^^^^^^^^^^^^^^^^^
[INFO] [stdout] 
[INFO] [stdout] 
[INFO] [stdout] warning: function `signed_marker_saml_response` is never used
[INFO] [stdout]    --> tests/sso/endpoints/helpers.rs:566:15
[INFO] [stdout]     |
[INFO] [stdout] 566 | pub(super) fn signed_marker_saml_response(
[INFO] [stdout]     |               ^^^^^^^^^^^^^^^^^^^^^^^^^^^
[INFO] [stdout] 
[INFO] [stdout] 
[INFO] [stdout] warning: function `tamper_base64_xml` is never used
[INFO] [stdout]    --> tests/sso/endpoints/helpers.rs:580:15
[INFO] [stdout]     |
[INFO] [stdout] 580 | pub(super) fn tamper_base64_xml(
[INFO] [stdout]     |               ^^^^^^^^^^^^^^^^^
[INFO] [stdout] 
[INFO] [stdout] 
[INFO] [stdout] warning: constant `TEST_CERTIFICATE` is never used
[INFO] [stdout]    --> tests/sso/store.rs:354:7
[INFO] [stdout]     |
[INFO] [stdout] 354 | const TEST_CERTIFICATE: &str = "\
[INFO] [stdout]     |       ^^^^^^^^^^^^^^^^
[INFO] [stdout] 
[INFO] [stdout] 
[INFO] [stdout] warning: function `router_with_options_and_origin_security` is never used
[INFO] [stdout]   --> tests/sso/support.rs:55:8
[INFO] [stdout]    |
[INFO] [stdout] 55 | pub fn router_with_options_and_origin_security(
[INFO] [stdout]    |        ^^^^^^^^^^^^^^^^^^^^^^^^^^^^^^^^^^^^^^^
[INFO] [stdout] 
[INFO] [stdout] 
[INFO] [stdout] warning: method `deleted_keys` is never used
[INFO] [stdout]    --> tests/sso/support.rs:172:12
[INFO] [stdout]     |
[INFO] [stdout] 160 | impl TestSecondaryStorage {
[INFO] [stdout]     | ------------------------- method in this implementation
[INFO] [stdout] ...
[INFO] [stdout] 172 |     pub fn deleted_keys(&self) -> Vec<String> {
[INFO] [stdout]     |            ^^^^^^^^^^^^
[INFO] [stdout] 
[INFO] [stdout] 
[INFO] [stderr]     Finished `release` profile [optimized] target(s) in 1m 46s
[INFO] running `Command { std: "docker" "inspect" "9a36688e1b613de896336bc4ce22635bbcaa80cfeaaf92ce1a154618477e7064", kill_on_drop: false }`
[INFO] running `Command { std: "docker" "exec" "-e" "SOURCE_DIR=/opt/rustwide/workdir" "-e" "CARGO_HOME=/opt/rustwide/cargo-home" "-e" "RUSTUP_HOME=/opt/rustwide/rustup-home" "-e" "CARGO_TARGET_DIR=/opt/rustwide/target" "-e" "CARGO_INCREMENTAL=0" "-e" "RUST_BACKTRACE=full" "-e" "RUSTFLAGS=--cap-lints=warn" "-e" "RUSTDOCFLAGS=--cap-lints=warn" "-w" "/opt/rustwide/workdir" "--user" "0:0" "9a36688e1b613de896336bc4ce22635bbcaa80cfeaaf92ce1a154618477e7064" "/opt/rustwide/cargo-home/bin/cargo" "+1.100.0-beta.1" "test" "--frozen" "--release", kill_on_drop: false }`
[INFO] [stderr] warning: `package.homepage` is redundant with `package.repository`
[INFO] [stderr]    --> Cargo.toml:134:12
[INFO] [stderr]     |
[INFO] [stderr] 134 | homepage = "https://github.com/sebasxsala/openauth-rs"
[INFO] [stderr]     |            ^^^^^^^^^^^^^^^^^^^^^^^^^^^^^^^^^^^^^^^^^^^
[INFO] [stderr] ...
[INFO] [stderr] 139 | repository = "https://github.com/sebasxsala/openauth-rs"
[INFO] [stderr]     |              -------------------------------------------
[INFO] [stderr]     |
[INFO] [stderr]     = note: `cargo::redundant_homepage` is set to `warn` by default
[INFO] [stderr] help: consider removing `package.homepage`
[INFO] [stderr] warning: `openauth-sso` (manifest) generated 1 warning
[INFO] [stderr] warning: unused import: `SamlConfig`
[INFO] [stderr]   --> src/routes/provider_update.rs:17:30
[INFO] [stderr]    |
[INFO] [stderr] 17 |     OidcConfig, OidcMapping, SamlConfig, SamlMapping, SsoAuditEvent, SsoAuditEventKind,
[INFO] [stderr]    |                              ^^^^^^^^^^
[INFO] [stderr]    |
[INFO] [stderr]    = note: `#[warn(unused_imports)]` (part of `#[warn(unused)]`) on by default
[INFO] [stderr] 
[INFO] [stderr] warning: unused import: `http::Method`
[INFO] [stderr]   --> src/routes/mod.rs:20:5
[INFO] [stderr]    |
[INFO] [stderr] 20 | use http::Method;
[INFO] [stderr]    |     ^^^^^^^^^^^^
[INFO] [stderr] 
[INFO] [stderr] warning: unused import: `serde_json::json`
[INFO] [stderr]   --> src/routes/mod.rs:22:5
[INFO] [stderr]    |
[INFO] [stderr] 22 | use serde_json::json;
[INFO] [stderr]    |     ^^^^^^^^^^^^^^^^
[INFO] [stderr] 
[INFO] [stderr] warning: unused import: `crate::utils`
[INFO] [stderr]   --> src/routes/mod.rs:31:5
[INFO] [stderr]    |
[INFO] [stderr] 31 | use crate::utils;
[INFO] [stderr]    |     ^^^^^^^^^^^^
[INFO] [stderr] 
[INFO] [stderr] warning: unused import: `SamlConfig`
[INFO] [stderr]   --> src/store.rs:11:34
[INFO] [stderr]    |
[INFO] [stderr] 11 | use crate::options::{OidcConfig, SamlConfig};
[INFO] [stderr]    |                                  ^^^^^^^^^^
[INFO] [stderr] 
[INFO] [stderr] warning: function `saml_acs_body_schema` is never used
[INFO] [stderr]   --> src/openapi.rs:59:8
[INFO] [stderr]    |
[INFO] [stderr] 59 | pub fn saml_acs_body_schema() -> BodySchema {
[INFO] [stderr]    |        ^^^^^^^^^^^^^^^^^^^^
[INFO] [stderr]    |
[INFO] [stderr]    = note: `#[warn(dead_code)]` (part of `#[warn(unused)]`) on by default
[INFO] [stderr] 
[INFO] [stderr] warning: function `saml_slo_body_schema` is never used
[INFO] [stderr]   --> src/openapi.rs:66:8
[INFO] [stderr]    |
[INFO] [stderr] 66 | pub fn saml_slo_body_schema() -> BodySchema {
[INFO] [stderr]    |        ^^^^^^^^^^^^^^^^^^^^
[INFO] [stderr] 
[INFO] [stderr] warning: function `saml_logout_body_schema` is never used
[INFO] [stderr]   --> src/openapi.rs:74:8
[INFO] [stderr]    |
[INFO] [stderr] 74 | pub fn saml_logout_body_schema() -> BodySchema {
[INFO] [stderr]    |        ^^^^^^^^^^^^^^^^^^^^^^^
[INFO] [stderr] 
[INFO] [stderr] warning: function `html_response` is never used
[INFO] [stderr]    --> src/openapi.rs:156:8
[INFO] [stderr]     |
[INFO] [stderr] 156 | pub fn html_response(description: &str) -> Value {
[INFO] [stderr]     |        ^^^^^^^^^^^^^
[INFO] [stderr] 
[INFO] [stderr] warning: function `saml_metadata_response` is never used
[INFO] [stderr]    --> src/openapi.rs:167:8
[INFO] [stderr]     |
[INFO] [stderr] 167 | pub fn saml_metadata_response() -> Value {
[INFO] [stderr]     |        ^^^^^^^^^^^^^^^^^^^^^^
[INFO] [stderr] 
[INFO] [stderr] warning: multiple fields are never read
[INFO] [stderr]   --> src/routes/provider_update.rs:71:5
[INFO] [stderr]    |
[INFO] [stderr] 70 | struct UpdateSamlConfig {
[INFO] [stderr]    |        ---------------- fields in this struct
[INFO] [stderr] 71 |     issuer: Option<String>,
[INFO] [stderr]    |     ^^^^^^
[INFO] [stderr] 72 |     entry_point: Option<String>,
[INFO] [stderr]    |     ^^^^^^^^^^^
[INFO] [stderr] 73 |     cert: Option<String>,
[INFO] [stderr]    |     ^^^^
[INFO] [stderr] 74 |     callback_url: Option<String>,
[INFO] [stderr]    |     ^^^^^^^^^^^^
[INFO] [stderr] 75 |     acs_url: Option<String>,
[INFO] [stderr]    |     ^^^^^^^
[INFO] [stderr] 76 |     audience: Option<String>,
[INFO] [stderr]    |     ^^^^^^^^
[INFO] [stderr] 77 |     idp_metadata: Option<crate::options::SamlIdpMetadata>,
[INFO] [stderr]    |     ^^^^^^^^^^^^
[INFO] [stderr] 78 |     sp_metadata: Option<crate::options::SamlSpMetadata>,
[INFO] [stderr]    |     ^^^^^^^^^^^
[INFO] [stderr] 79 |     mapping: Option<SamlMapping>,
[INFO] [stderr]    |     ^^^^^^^
[INFO] [stderr] 80 |     want_assertions_signed: Option<bool>,
[INFO] [stderr]    |     ^^^^^^^^^^^^^^^^^^^^^^
[INFO] [stderr] 81 |     authn_requests_signed: Option<bool>,
[INFO] [stderr]    |     ^^^^^^^^^^^^^^^^^^^^^
[INFO] [stderr] 82 |     signature_algorithm: Option<String>,
[INFO] [stderr]    |     ^^^^^^^^^^^^^^^^^^^
[INFO] [stderr] 83 |     digest_algorithm: Option<String>,
[INFO] [stderr]    |     ^^^^^^^^^^^^^^^^
[INFO] [stderr] 84 |     identifier_format: Option<String>,
[INFO] [stderr]    |     ^^^^^^^^^^^^^^^^^
[INFO] [stderr] 85 |     private_key: Option<String>,
[INFO] [stderr]    |     ^^^^^^^^^^^
[INFO] [stderr] 86 |     decryption_pvk: Option<String>,
[INFO] [stderr]    |     ^^^^^^^^^^^^^^
[INFO] [stderr] 87 |     additional_params: Option<std::collections::BTreeMap<String, serde_json::Value>>,
[INFO] [stderr]    |     ^^^^^^^^^^^^^^^^^
[INFO] [stderr]    |
[INFO] [stderr]    = note: `UpdateSamlConfig` has a derived impl for the trait `Debug`, but this is intentionally ignored during dead code analysis
[INFO] [stderr] 
[INFO] [stderr] warning: method `delete` is never used
[INFO] [stderr]   --> src/state.rs:95:18
[INFO] [stderr]    |
[INFO] [stderr] 23 | impl<'a> SsoStateStore<'a> {
[INFO] [stderr]    | -------------------------- method in this implementation
[INFO] [stderr] ...
[INFO] [stderr] 95 |     pub async fn delete(&self, identifier: &str) -> Result<(), OpenAuthError> {
[INFO] [stderr]    |                  ^^^^^^
[INFO] [stderr] 
[INFO] [stderr] warning: `openauth-sso` (lib) generated 12 warnings (run `cargo fix --lib -p openauth-sso` to apply 5 suggestions)
[INFO] [stderr] warning: unused imports: `Update` and `Where`
[INFO] [stderr]  --> tests/sso/endpoints.rs:4:68
[INFO] [stderr]   |
[INFO] [stderr] 4 | use openauth_core::db::{Create, DbAdapter, DbValue, MemoryAdapter, Update, User, Where};
[INFO] [stderr]   |                                                                    ^^^^^^        ^^^^^
[INFO] [stderr]   |
[INFO] [stderr]   = note: `#[warn(unused_imports)]` (part of `#[warn(unused)]`) on by default
[INFO] [stderr] 
[INFO] [stderr] warning: unused import: `DeprecatedAlgorithmBehavior`
[INFO] [stderr]  --> tests/sso/endpoints.rs:7:29
[INFO] [stderr]   |
[INFO] [stderr] 7 |     CreateSsoProviderInput, DeprecatedAlgorithmBehavior, OidcConfig, SamlConfig, SamlSpMetadata,
[INFO] [stderr]   |                             ^^^^^^^^^^^^^^^^^^^^^^^^^^^
[INFO] [stderr] 
[INFO] [stderr] warning: unused import: `router_with_options_and_origin_security`
[INFO] [stderr]   --> tests/sso/endpoints.rs:16:44
[INFO] [stderr]    |
[INFO] [stderr] 16 |     router_with_options_and_extra_plugins, router_with_options_and_origin_security,
[INFO] [stderr]    |                                            ^^^^^^^^^^^^^^^^^^^^^^^^^^^^^^^^^^^^^^^
[INFO] [stderr] 
[INFO] [stderr] warning: variable does not need to be mutable
[INFO] [stderr]  --> tests/sso/openapi.rs:7:9
[INFO] [stderr]   |
[INFO] [stderr] 7 |     let mut options = SsoOptions::default().domain_verification_enabled(true);
[INFO] [stderr]   |         ----^^^^^^^
[INFO] [stderr]   |         |
[INFO] [stderr]   |         help: remove this `mut`
[INFO] [stderr]   |
[INFO] [stderr]   = note: `#[warn(unused_mut)]` (part of `#[warn(unused)]`) on by default
[INFO] [stderr] 
[INFO] [stderr] warning: function `register_saml_provider` is never used
[INFO] [stderr]   --> tests/sso/endpoints/helpers.rs:36:21
[INFO] [stderr]    |
[INFO] [stderr] 36 | pub(super) async fn register_saml_provider(
[INFO] [stderr]    |                     ^^^^^^^^^^^^^^^^^^^^^^
[INFO] [stderr]    |
[INFO] [stderr]    = note: `#[warn(dead_code)]` (part of `#[warn(unused)]`) on by default
[INFO] [stderr] 
[INFO] [stderr] warning: function `register_saml_provider_allowing_unsigned_assertions` is never used
[INFO] [stderr]   --> tests/sso/endpoints/helpers.rs:64:21
[INFO] [stderr]    |
[INFO] [stderr] 64 | pub(super) async fn register_saml_provider_allowing_unsigned_assertions(
[INFO] [stderr]    |                     ^^^^^^^^^^^^^^^^^^^^^^^^^^^^^^^^^^^^^^^^^^^^^^^^^^^
[INFO] [stderr] 
[INFO] [stderr] warning: function `register_saml_provider_with_post_single_logout_service` is never used
[INFO] [stderr]   --> tests/sso/endpoints/helpers.rs:92:21
[INFO] [stderr]    |
[INFO] [stderr] 92 | pub(super) async fn register_saml_provider_with_post_single_logout_service(
[INFO] [stderr]    |                     ^^^^^^^^^^^^^^^^^^^^^^^^^^^^^^^^^^^^^^^^^^^^^^^^^^^^^^
[INFO] [stderr] 
[INFO] [stderr] warning: function `seed_saml_provider_record` is never used
[INFO] [stderr]    --> tests/sso/endpoints/helpers.rs:126:21
[INFO] [stderr]     |
[INFO] [stderr] 126 | pub(super) async fn seed_saml_provider_record(
[INFO] [stderr]     |                     ^^^^^^^^^^^^^^^^^^^^^^^^^
[INFO] [stderr] 
[INFO] [stderr] warning: function `default_saml_sso_options` is never used
[INFO] [stderr]    --> tests/sso/endpoints/helpers.rs:335:15
[INFO] [stderr]     |
[INFO] [stderr] 335 | pub(super) fn default_saml_sso_options() -> SsoOptions {
[INFO] [stderr]     |               ^^^^^^^^^^^^^^^^^^^^^^^^
[INFO] [stderr] 
[INFO] [stderr] warning: function `saml_sign_in_relay_state` is never used
[INFO] [stderr]    --> tests/sso/endpoints/helpers.rs:407:21
[INFO] [stderr]     |
[INFO] [stderr] 407 | pub(super) async fn saml_sign_in_relay_state(
[INFO] [stderr]     |                     ^^^^^^^^^^^^^^^^^^^^^^^^
[INFO] [stderr] 
[INFO] [stderr] warning: function `post_saml_acs` is never used
[INFO] [stderr]    --> tests/sso/endpoints/helpers.rs:425:21
[INFO] [stderr]     |
[INFO] [stderr] 425 | pub(super) async fn post_saml_acs(
[INFO] [stderr]     |                     ^^^^^^^^^^^^^
[INFO] [stderr] 
[INFO] [stderr] warning: function `set_cookie_header` is never used
[INFO] [stderr]    --> tests/sso/endpoints/helpers.rs:444:15
[INFO] [stderr]     |
[INFO] [stderr] 444 | pub(super) fn set_cookie_header(
[INFO] [stderr]     |               ^^^^^^^^^^^^^^^^^
[INFO] [stderr] 
[INFO] [stderr] warning: function `inflate_redirect_binding` is never used
[INFO] [stderr]    --> tests/sso/endpoints/helpers.rs:461:15
[INFO] [stderr]     |
[INFO] [stderr] 461 | pub(super) fn inflate_redirect_binding(value: &str) -> Result<String, Box<dyn std::error::Error>> {
[INFO] [stderr]     |               ^^^^^^^^^^^^^^^^^^^^^^^^
[INFO] [stderr] 
[INFO] [stderr] warning: function `logout_request_id_from_location` is never used
[INFO] [stderr]    --> tests/sso/endpoints/helpers.rs:469:15
[INFO] [stderr]     |
[INFO] [stderr] 469 | pub(super) fn logout_request_id_from_location(
[INFO] [stderr]     |               ^^^^^^^^^^^^^^^^^^^^^^^^^^^^^^^
[INFO] [stderr] 
[INFO] [stderr] warning: function `logout_response_xml` is never used
[INFO] [stderr]    --> tests/sso/endpoints/helpers.rs:485:15
[INFO] [stderr]     |
[INFO] [stderr] 485 | pub(super) fn logout_response_xml(
[INFO] [stderr]     |               ^^^^^^^^^^^^^^^^^^^
[INFO] [stderr] 
[INFO] [stderr] warning: function `logout_request_xml` is never used
[INFO] [stderr]    --> tests/sso/endpoints/helpers.rs:499:15
[INFO] [stderr]     |
[INFO] [stderr] 499 | pub(super) fn logout_request_xml(id: &str) -> Result<String, Box<dyn std::error::Error>> {
[INFO] [stderr]     |               ^^^^^^^^^^^^^^^^^^
[INFO] [stderr] 
[INFO] [stderr] warning: function `valid_saml_response` is never used
[INFO] [stderr]    --> tests/sso/endpoints/helpers.rs:512:15
[INFO] [stderr]     |
[INFO] [stderr] 512 | pub(super) fn valid_saml_response(
[INFO] [stderr]     |               ^^^^^^^^^^^^^^^^^^^
[INFO] [stderr] 
[INFO] [stderr] warning: function `encrypted_saml_response` is never used
[INFO] [stderr]    --> tests/sso/endpoints/helpers.rs:549:15
[INFO] [stderr]     |
[INFO] [stderr] 549 | pub(super) fn encrypted_saml_response(
[INFO] [stderr]     |               ^^^^^^^^^^^^^^^^^^^^^^^
[INFO] [stderr] 
[INFO] [stderr] warning: function `signed_marker_saml_response` is never used
[INFO] [stderr]    --> tests/sso/endpoints/helpers.rs:566:15
[INFO] [stderr]     |
[INFO] [stderr] 566 | pub(super) fn signed_marker_saml_response(
[INFO] [stderr]     |               ^^^^^^^^^^^^^^^^^^^^^^^^^^^
[INFO] [stderr] 
[INFO] [stderr] warning: function `tamper_base64_xml` is never used
[INFO] [stderr]    --> tests/sso/endpoints/helpers.rs:580:15
[INFO] [stderr]     |
[INFO] [stderr] 580 | pub(super) fn tamper_base64_xml(
[INFO] [stderr]     |               ^^^^^^^^^^^^^^^^^
[INFO] [stderr] 
[INFO] [stderr] warning: constant `TEST_CERTIFICATE` is never used
[INFO] [stderr]    --> tests/sso/store.rs:354:7
[INFO] [stderr]     |
[INFO] [stderr] 354 | const TEST_CERTIFICATE: &str = "\
[INFO] [stderr]     |       ^^^^^^^^^^^^^^^^
[INFO] [stderr] 
[INFO] [stderr] warning: function `router_with_options_and_origin_security` is never used
[INFO] [stderr]   --> tests/sso/support.rs:55:8
[INFO] [stderr]    |
[INFO] [stderr] 55 | pub fn router_with_options_and_origin_security(
[INFO] [stderr]    |        ^^^^^^^^^^^^^^^^^^^^^^^^^^^^^^^^^^^^^^^
[INFO] [stderr] 
[INFO] [stderr] warning: method `deleted_keys` is never used
[INFO] [stderr]    --> tests/sso/support.rs:172:12
[INFO] [stderr]     |
[INFO] [stderr] 160 | impl TestSecondaryStorage {
[INFO] [stderr]     | ------------------------- method in this implementation
[INFO] [stderr] ...
[INFO] [stderr] 172 |     pub fn deleted_keys(&self) -> Vec<String> {
[INFO] [stderr]     |            ^^^^^^^^^^^^
[INFO] [stderr] 
[INFO] [stderr] warning: `openauth-sso` (test "sso") generated 23 warnings (run `cargo fix --test "sso" -p openauth-sso` to apply 4 suggestions)
[INFO] [stderr] warning: `openauth-sso` (lib test) generated 12 warnings (12 duplicates)
[INFO] [stderr]     Finished `release` profile [optimized] target(s) in 0.54s
[INFO] [stderr]      Running unittests src/lib.rs (/opt/rustwide/target/release/build/openauth-sso/78f535974fc92c6b/out/openauth_sso-78f535974fc92c6b)
[INFO] [stdout] 
[INFO] [stdout] running 0 tests
[INFO] [stdout] 
[INFO] [stdout] test result: ok. 0 passed; 0 failed; 0 ignored; 0 measured; 0 filtered out; finished in 0.00s
[INFO] [stdout] 
[INFO] [stderr]      Running tests/sso.rs (/opt/rustwide/target/release/build/openauth-sso/a4016be861666c44/out/sso-a4016be861666c44)
[INFO] [stdout] 
[INFO] [stdout] running 143 tests
[INFO] [stdout] test endpoints::domain_verification::permissions::domain_verification_rejects_non_org_member_for_org_provider ... ok
[INFO] [stdout] test endpoints::domain_verification::permissions::domain_verification_allows_organization_member_for_org_provider ... ok
[INFO] [stdout] test docs::sso_spec_docs_are_checked_in ... FAILED
[INFO] [stdout] test endpoints::domain_verification::dns_failures::verify_domain_returns_stable_error_for_invalid_stored_hostname ... ok
[INFO] [stdout] test endpoints::domain_verification::organization_registration::register_provider_with_organization_id_requires_membership ... ok
[INFO] [stdout] test endpoints::domain_verification::organization_registration::register_provider_with_organization_id_allows_org_member ... ok
[INFO] [stdout] test endpoints::domain_verification::request_tokens::register_returns_initial_domain_verification_token_when_enabled ... ok
[INFO] [stdout] test endpoints::domain_verification::edge_cases::domain_verification_rejects_already_verified_provider ... ok
[INFO] [stdout] test endpoints::domain_verification::edge_cases::domain_verification_uses_custom_token_prefix_and_url_hostname ... ok
[INFO] [stdout] test endpoints::domain_verification::dns_failures::verify_domain_returns_stable_error_when_dns_resolver_fails ... ok
[INFO] [stdout] test endpoints::domain_verification::dns_failures::verify_domain_returns_stable_error_when_txt_records_are_missing ... ok
[INFO] [stdout] test endpoints::audit::provider_lifecycle_emits_audit_events ... ok
[INFO] [stdout] test endpoints::domain_verification::dns_failures::verify_domain_returns_stable_error_when_txt_value_does_not_match ... ok
[INFO] [stdout] test endpoints::domain_verification::edge_cases::verify_domain_rejects_too_long_dns_label ... ok
[INFO] [stdout] test endpoints::domain_verification::storage::domain_verification_uses_secondary_storage_when_configured ... ok
[INFO] [stdout] test endpoints::domain_verification::dns_failures::verify_domain_rejects_txt_value_that_only_contains_expected_token ... ok
[INFO] [stdout] test endpoints::audit::domain_verification_emits_audit_events ... ok
[INFO] [stdout] test endpoints::domain_verification::request_tokens::request_domain_verification_creates_reusable_verification_token ... ok
[INFO] [stdout] test endpoints::domain_verification::verify_success::verify_domain_marks_provider_verified_when_txt_record_matches ... ok
[INFO] [stdout] test endpoints::domain_verification::verify_success::verify_domain_uses_first_hostname_for_multi_domain_provider ... ok
[INFO] [stdout] test endpoints::domain_verification::verify_success::verify_domain_requires_pending_verification ... ok
[INFO] [stdout] test endpoints::oidc_callback::errors::oidc_callback_redirects_no_code_to_state_error_url ... ok
[INFO] [stdout] test endpoints::oidc_callback::errors::oidc_callback_redirects_provider_error_to_state_error_url ... ok
[INFO] [stdout] test endpoints::non_sso_linking::sign_up_email_assigns_user_to_verified_sso_domain_organization ... ok
[INFO] [stdout] test endpoints::non_sso_linking::sign_in_email_assigns_existing_user_to_verified_sso_domain_organization ... ok
[INFO] [stdout] test endpoints::oidc_callback::id_token_linking::oidc_callback_does_not_implicitly_link_on_idp_email_verified_only ... ok
[INFO] [stdout] test endpoints::oidc_callback::id_token_linking::oidc_callback_implicitly_links_when_trust_email_verified_is_enabled ... ok
[INFO] [stdout] test endpoints::oidc_callback::discovery::oidc_callback_uses_default_sso_provider_from_state ... ok
[INFO] [stdout] test endpoints::oidc_callback::errors::oidc_callback_rejects_provider_id_mismatch_between_path_and_state ... ok
[INFO] [stdout] test endpoints::oidc_callback::errors::oidc_callback_exchanges_code_creates_session_and_redirects ... ok
[INFO] [stdout] test endpoints::oidc_callback::id_token_linking::oidc_callback_does_not_mark_new_user_email_verified_from_idp_claim_by_default ... ok
[INFO] [stdout] test endpoints::oidc_callback::id_token_linking::oidc_callback_rejects_id_token_without_subject ... ok
[INFO] [stdout] test endpoints::oidc_callback::id_token_linking::oidc_callback_rejects_id_token_without_expiration ... ok
[INFO] [stdout] test endpoints::oidc_callback::discovery::oidc_callback_path_uses_default_sso_provider_by_provider_id ... ok
[INFO] [stdout] test endpoints::oidc_callback::id_token_linking::oidc_callback_uses_id_token_claims_when_userinfo_endpoint_is_absent ... ok
[INFO] [stdout] test endpoints::oidc_callback::discovery::oidc_callback_redirects_stable_discovery_error_code ... ok
[INFO] [stdout] test endpoints::oidc_callback::id_token_linking::oidc_callback_rejects_userinfo_without_stable_subject ... ok
[INFO] [stdout] test endpoints::oidc_callback::id_token_linking::oidc_callback_accepts_valid_id_token_from_provider_jwks ... ok
[INFO] [stdout] test endpoints::oidc_callback::provider_fixtures::oidc_callback_maps_azure_userinfo_fixture_with_custom_claims ... ok
[INFO] [stdout] test endpoints::oidc_callback::mapping_signup::oidc_callback_exposes_mapped_extra_fields_to_provision_user ... ok
[INFO] [stdout] test endpoints::oidc_callback::discovery::oidc_callback_discovers_default_sso_oidc_endpoints_at_runtime ... ok
[INFO] [stdout] test endpoints::oidc_callback::provider_fixtures::oidc_callback_maps_azure_id_token_fixture_when_userinfo_is_absent ... ok
[INFO] [stdout] test endpoints::oidc_callback::mapping_signup::oidc_callback_rejects_new_user_when_implicit_sign_up_is_disabled ... ok
[INFO] [stdout] test endpoints::oidc_callback::id_token_linking::oidc_callback_rejects_invalid_id_token_before_creating_session ... ok
[INFO] [stdout] test endpoints::oidc_callback::mapping_signup::oidc_callback_normalizes_mixed_case_email_to_single_user ... ok
[INFO] [stdout] test endpoints::oidc_callback::discovery::oidc_callback_discovers_stored_oidc_provider_endpoints_at_runtime ... ok
[INFO] [stdout] test endpoints::oidc_callback::provider_fixtures::oidc_callback_accepts_multi_audience_id_token_with_matching_azp ... ok
[INFO] [stdout] test endpoints::oidc_callback::id_token_linking::oidc_callback_uses_userinfo_when_id_token_is_present_without_jwks ... ok
[INFO] [stdout] test endpoints::oidc_callback::mapping_signup::oidc_callback_applies_custom_userinfo_mapping ... ok
[INFO] [stdout] test endpoints::oidc_callback::mapping_signup::oidc_callback_allows_explicit_request_sign_up_when_implicit_sign_up_is_disabled ... ok
[INFO] [stdout] test endpoints::oidc_callback::id_token_linking::oidc_callback_redirects_new_user_to_new_user_callback_url ... ok
[INFO] [stdout] test endpoints::oidc_callback::provider_fixtures::oidc_callback_provider_fixture_flow_persists_with_sqlite_adapter ... ok
[INFO] [stdout] test endpoints::oidc_callback::provider_fixtures::oidc_callback_maps_google_userinfo_fixture_claims ... ok
[INFO] [stdout] test endpoints::provider_update::update_provider_applies_owner_scope_and_resets_domain_verification ... ok
[INFO] [stdout] test endpoints::provider_update::update_provider_merges_partial_oidc_config_and_keeps_secret ... ok
[INFO] [stdout] test endpoints::provider_update::update_provider_rejects_empty_update_body ... ok
[INFO] [stdout] test endpoints::provider_update::update_provider_rejects_invalid_oidc_endpoint_url ... ok
[INFO] [stdout] test endpoints::provider_update::update_provider_rejects_organization_id_without_membership ... ok
[INFO] [stdout] test endpoints::provider_update::update_provider_rejects_public_suffix_domain ... ok
[INFO] [stdout] test endpoints::provider_update::update_provider_rejects_untrusted_manual_oidc_endpoint_when_strict_policy_is_enabled ... ok
[INFO] [stdout] test endpoints::providers::get_and_delete_provider_apply_authenticated_user_scope ... ok
[INFO] [stdout] test endpoints::providers::get_provider_accepts_provider_id_query_parameter ... ok
[INFO] [stdout] test endpoints::oidc_callback::provider_fixtures::oidc_callback_rejects_azure_fixture_missing_mapped_email ... ok
[INFO] [stdout] test endpoints::providers::organization_admin_can_list_get_update_and_delete_org_provider ... ok
[INFO] [stdout] test endpoints::providers::register_requires_authenticated_session ... ok
[INFO] [stdout] test endpoints::providers::list_providers_returns_only_session_user_providers ... ok
[INFO] [stdout] test endpoints::registration::basics::register_accepts_form_urlencoded_body ... ok
[INFO] [stdout] test endpoints::registration::basics::register_persists_and_sanitizes_oidc_config ... ok
[INFO] [stdout] test endpoints::registration::basics::register_returns_shared_oidc_redirect_uri_when_configured ... ok
[INFO] [stdout] test endpoints::registration::discovery::register_accepts_strict_manual_oidc_matrix_for_common_idps ... ok
[INFO] [stdout] test endpoints::oidc_callback::provider_fixtures::oidc_callback_maps_okta_userinfo_fixture_groups ... ok
[INFO] [stdout] test endpoints::registration::discovery::register_rejects_untrusted_manual_oidc_endpoint_when_strict_policy_is_enabled ... ok
[INFO] [stdout] test endpoints::oidc_callback::provider_fixtures::oidc_callback_rejects_multi_audience_id_token_with_wrong_azp ... ok
[INFO] [stdout] test endpoints::oidc_callback::token_auth::oidc_callback_uses_client_secret_basic_token_auth ... ok
[INFO] [stdout] test endpoints::registration::limits::register_dynamic_provider_limit_zero_disables_registration ... ok
[INFO] [stdout] test endpoints::registration::limits::register_uses_dynamic_provider_limit_callback ... ok
[INFO] [stdout] test endpoints::registration::persistence::register_persists_provider_for_session_user ... ok
[INFO] [stdout] test endpoints::registration::persistence::register_uses_custom_sso_provider_model_name ... ok
[INFO] [stdout] test endpoints::registration::validation::register_rejects_empty_comma_separated_domain_segment ... ok
[INFO] [stdout] test endpoints::registration::validation::register_rejects_invalid_oidc_endpoint_url_when_discovery_is_skipped ... ok
[INFO] [stdout] test endpoints::registration::validation::register_rejects_provider_id_that_cannot_be_used_in_paths ... ok
[INFO] [stdout] test endpoints::registration::validation::register_rejects_public_suffix_domain ... ok
[INFO] [stdout] test endpoints::oidc_callback::provider_fixtures::oidc_callback_rejects_multi_audience_id_token_without_azp ... ok
[INFO] [stdout] test endpoints::oidc_callback::token_auth::oidc_callback_uses_client_secret_post_token_auth ... ok
[INFO] [stdout] test endpoints::sign_in::defaults_discovery::sign_in_sso_rejects_untrusted_default_sso_manual_oidc_endpoint_when_strict_policy_is_enabled ... ok
[INFO] [stdout] test endpoints::oidc_callback::provider_fixtures::oidc_callback_rejects_azure_id_token_fixture_with_wrong_tenant_issuer ... ok
[INFO] [stdout] test endpoints::oidc_callback::token_auth::oidc_callback_defaults_missing_token_auth_to_client_secret_basic ... ok
[INFO] [stdout] test endpoints::oidc_callback::provisioning::oidc_callback_calls_provision_user_for_new_user ... ok
[INFO] [stdout] test endpoints::sign_in::oidc_basic::sign_in_sso_accepts_form_urlencoded_body ... ok
[INFO] [stdout] test endpoints::sign_in::oidc_basic::sign_in_sso_rejects_unknown_provider_type ... ok
[INFO] [stdout] test endpoints::sign_in::oidc_basic::sign_in_sso_request_scopes_override_provider_scopes ... ok
[INFO] [stdout] test endpoints::sign_in::oidc_basic::sign_in_sso_uses_provider_for_organization_slug ... ok
[INFO] [stdout] test endpoints::sign_in::oidc_basic::sign_in_sso_with_oidc_provider_returns_authorization_url ... ok
[INFO] [stdout] test endpoints::sign_in::redirect_validation::sign_in_sso_rejects_callback_url_loop_to_sso_callback ... ok
[INFO] [stdout] test endpoints::sign_in::redirect_validation::sign_in_sso_rejects_protocol_relative_error_callback_url ... ok
[INFO] [stdout] test endpoints::sign_in::redirect_validation::sign_in_sso_rejects_untrusted_absolute_callback_url ... ok
[INFO] [stdout] test errors::sso_error_categories_distinguish_setup_runtime_and_attack_paths ... ok
[INFO] [stdout] test errors::sso_error_descriptors_keep_stable_public_codes ... ok
[INFO] [stdout] test linking::assign_organization_by_domain_allows_unverified_provider_when_verification_disabled ... ok
[INFO] [stdout] test linking::assign_organization_by_domain_prefers_verified_duplicate_provider ... ok
[INFO] [stdout] test linking::assign_organization_by_domain_skips_unverified_provider_when_required ... ok
[INFO] [stdout] test linking::assign_organization_from_provider_skips_when_disabled_or_already_member ... ok
[INFO] [stdout] test linking::assign_organization_from_provider_skips_without_org_plugin_or_provider_org ... ok
[INFO] [stdout] test linking::assign_organization_from_provider_uses_configured_default_role ... ok
[INFO] [stdout] test linking::assign_organization_from_provider_uses_configured_role_callback ... ok
[INFO] [stdout] test linking::assign_organization_from_provider_uses_default_member_role ... ok
[INFO] [stdout] test linking::provider_domain_matching_accepts_exact_and_subdomain_matches ... ok
[INFO] [stdout] test linking::provider_domain_matching_normalizes_url_case_and_trailing_dot ... ok
[INFO] [stdout] test linking::provider_domain_matching_rejects_invalid_email_or_empty_segments ... ok
[INFO] [stdout] test linking::provider_domain_matching_rejects_public_suffix_catchalls ... ok
[INFO] [stdout] test linking::validate_provider_domains_rejects_empty_segments_and_public_suffixes ... ok
[INFO] [stdout] test oidc::discovery_url_trims_trailing_slash ... ok
[INFO] [stdout] test oidc::normalize_url_rejects_relative_values ... ok
[INFO] [stdout] test oidc::shared_redirect_uri_accepts_path_or_absolute_url ... ok
[INFO] [stdout] test openapi::sso_openapi_exposes_public_route_metadata ... ok
[INFO] [stdout] test openapi::sso_openapi_hides_idp_post_callback_routes ... ok
[INFO] [stdout] test schema::domain_verification_adds_domain_verified_field ... ok
[INFO] [stdout] test schema::sso_plugin_can_disable_rate_limit_rule_contributions ... ok
[INFO] [stdout] test schema::sso_plugin_registers_expected_endpoint_surface ... ok
[INFO] [stdout] test schema::sso_plugin_registers_rate_limit_rules_for_expensive_entrypoints ... ok
[INFO] [stdout] test schema::sso_plugin_registers_snake_case_plural_schema ... ok
[INFO] [stdout] test schema::sso_plugin_uses_custom_model_name_for_schema ... ok
[INFO] [stdout] test schema::sso_public_constants_match_plugin_metadata ... ok
[INFO] [stdout] test store::provider_store_accepts_json_config_values_from_adapters ... ok
[INFO] [stdout] test store::provider_store_masks_short_oidc_client_id ... ok
[INFO] [stdout] test store::provider_store_sanitizes_oidc_secret ... ok
[INFO] [stdout] test store::sqlite_schema_migration_creates_sso_provider_table_and_columns ... ok
[INFO] [stdout] test store::typed_sso_secrets_redact_debug_output ... ok
[INFO] [stdout] test endpoints::oidc_callback::provider_fixtures::oidc_callback_rejects_google_unverified_email_fixture_for_implicit_link ... ok
[INFO] [stdout] test endpoints::oidc_callback::provisioning::oidc_callback_skips_provision_user_for_existing_user_by_default ... ok
[INFO] [stdout] test endpoints::oidc_callback::provisioning::oidc_callback_assigns_user_to_provider_organization ... ok
[INFO] [stdout] test endpoints::oidc_callback::provider_fixtures::oidc_callback_rejects_okta_fixture_missing_subject ... ok
[INFO] [stdout] test endpoints::oidc_callback::provisioning::oidc_callback_calls_provision_user_for_existing_user_when_enabled ... ok
[INFO] [stdout] test endpoints::registration::discovery::register_discovers_oidc_endpoints_when_skip_discovery_is_false ... ok
[INFO] [stdout] test endpoints::registration::discovery::register_allows_skip_discovery_partial_config_for_runtime_discovery ... ok
[INFO] [stdout] test endpoints::registration::discovery::register_returns_stable_oidc_discovery_error_code ... ok
[INFO] [stdout] test endpoints::registration::discovery::register_rejects_untrusted_oidc_discovery_origin ... ok
[INFO] [stdout] test endpoints::sign_in::defaults_discovery::sign_in_sso_uses_default_sso_oidc_by_provider_id ... ok
[INFO] [stdout] test endpoints::sign_in::defaults_discovery::sign_in_sso_discovers_default_sso_oidc_endpoints_at_runtime ... ok
[INFO] [stdout] test endpoints::sign_in::defaults_discovery::sign_in_sso_uses_default_sso_oidc_by_email_domain ... ok
[INFO] [stdout] test endpoints::sign_in::defaults_discovery::sign_in_sso_discovers_stored_oidc_provider_endpoints_at_runtime ... ok
[INFO] [stdout] test endpoints::oidc_callback::token_auth::oidc_callback_uses_discovered_client_secret_basic_token_auth ... ok
[INFO] [stdout] test endpoints::sign_in::defaults_discovery::sign_in_sso_returns_stable_discovery_error_code ... ok
[INFO] [stdout] 
[INFO] [stdout] failures:
[INFO] [stdout] 
[INFO] [stdout] ---- docs::sso_spec_docs_are_checked_in stdout ----
[INFO] [stdout] 
[INFO] [stdout] thread 'docs::sso_spec_docs_are_checked_in' (3767) panicked at tests/sso/docs.rs:7:5:
[INFO] [stdout] assertion failed: root.join("requirements.md").is_file()
[INFO] [stdout] stack backtrace:
[INFO] [stdout]    0:     0x5b60fd486c51 - <<std[617be2ca0a6fd877]::sys::backtrace::BacktraceLock>::print::DisplayBacktrace as core[a373ad73a504971]::fmt::Display>::fmt
[INFO] [stdout]    1:     0x5b60fd49fb9a - core[a373ad73a504971]::fmt::write
[INFO] [stdout]    2:     0x5b60fd48bd2c - <alloc[2e1b2a31b91974c5]::vec::Vec<u8> as core[a373ad73a504971]::io::write::Write>::write_fmt
[INFO] [stdout]    3:     0x5b60fd460d06 - std[617be2ca0a6fd877]::panicking::default_hook::{closure#0}
[INFO] [stdout]    4:     0x5b60fd47e579 - std[617be2ca0a6fd877]::panicking::default_hook
[INFO] [stdout]    5:     0x5b60fca83a70 - test[aada8e7e76ba119b]::test_main_inner::{closure#0}
[INFO] [stdout]    6:     0x5b60fd47e8a2 - std[617be2ca0a6fd877]::panicking::panic_with_hook
[INFO] [stdout]    7:     0x5b60fd460de4 - std[617be2ca0a6fd877]::panicking::panic_handler::{closure#0}
[INFO] [stdout]    8:     0x5b60fd4592c9 - std[617be2ca0a6fd877]::sys::backtrace::__rust_end_short_backtrace::<std[617be2ca0a6fd877]::panicking::panic_handler::{closure#0}, !>
[INFO] [stdout]    9:     0x5b60fd461cbd - __rustc[ea4f61d10b84890b]::rust_begin_unwind
[INFO] [stdout]   10:     0x5b60fd4a037c - core[a373ad73a504971]::panicking::panic_fmt
[INFO] [stdout]   11:     0x5b60fd4a0342 - core[a373ad73a504971]::panicking::panic
[INFO] [stdout]   12:     0x5b60fca0d517 - <sso[5f35aa0309dea780]::docs::sso_spec_docs_are_checked_in::{closure#0} as core[a373ad73a504971]::ops::function::FnOnce<()>>::call_once
[INFO] [stdout]   13:     0x5b60fca76ebb - test[aada8e7e76ba119b]::__rust_begin_short_backtrace::<core[a373ad73a504971]::result::Result<(), alloc[2e1b2a31b91974c5]::string::String>, fn() -> core[a373ad73a504971]::result::Result<(), alloc[2e1b2a31b91974c5]::string::String>>
[INFO] [stdout]   14:     0x5b60fca84095 - test[aada8e7e76ba119b]::run_test::{closure#0}
[INFO] [stdout]   15:     0x5b60fca7d984 - std[617be2ca0a6fd877]::sys::backtrace::__rust_begin_short_backtrace::<test[aada8e7e76ba119b]::run_test::{closure#1}, ()>
[INFO] [stdout]   16:     0x5b60fca87122 - <std[617be2ca0a6fd877]::thread::lifecycle::spawn_unchecked<test[aada8e7e76ba119b]::run_test::{closure#1}, ()>::{closure#1} as core[a373ad73a504971]::ops::function::FnOnce<()>>::call_once::{shim:vtable#0}
[INFO] [stdout]   17:     0x5b60fd485def - <std[617be2ca0a6fd877]::sys::thread::unix::Thread>::new::thread_start
[INFO] [stdout]   18:     0x797fcda65dfa - <unknown>
[INFO] [stdout]   19:     0x797fcdaf93d4 - clone
[INFO] [stdout]   20:                0x0 - <unknown>
[INFO] [stdout] 
[INFO] [stdout] 
[INFO] [stdout] failures:
[INFO] [stdout]     docs::sso_spec_docs_are_checked_in
[INFO] [stdout] 
[INFO] [stdout] test result: FAILED. 142 passed; 1 failed; 0 ignored; 0 measured; 0 filtered out; finished in 4.83s
[INFO] [stdout] 
[INFO] [stderr] error: test failed, to rerun pass `--test sso`
[INFO] running `Command { std: "docker" "inspect" "9a36688e1b613de896336bc4ce22635bbcaa80cfeaaf92ce1a154618477e7064", kill_on_drop: false }`
[INFO] running `Command { std: "docker" "rm" "-f" "9a36688e1b613de896336bc4ce22635bbcaa80cfeaaf92ce1a154618477e7064", kill_on_drop: false }`
[INFO] [stdout] 9a36688e1b613de896336bc4ce22635bbcaa80cfeaaf92ce1a154618477e7064
